000
CDUS41 KRLX 230716
CLIHTS


CLIMATE REPORT
NATIONAL WEATHER SERVICE CHARLESTON WV
315 AM EDT SAT SEP 23 2017


...................................

...THE HUNTINGTON WV CLIMATE SUMMARY FOR SEPTEMBER 22 2017...

CLIMATE NORMAL PERIOD 1981 TO 2010
CLIMATE RECORD PERIOD 1897 TO 2017


WEATHER ITEM   OBSERVED TIME   RECORD YEAR NORMAL DEPARTURE LAST
                VALUE   (LST)  VALUE       VALUE  FROM      YEAR
                                                  NORMAL
..................................................................
TEMPERATURE (F)
 YESTERDAY
  MAXIMUM         86    340 PM  96    1936  76     10       91
                                      1931
  MINIMUM         63    636 AM  38    1983  54      9       59
  AVERAGE         75                        65     10       75

PRECIPITATION (IN)
  YESTERDAY        0.00          1.36 1906   0.09  -0.09     0.00
  MONTH TO DATE    2.72                      2.09   0.63     0.34
  SINCE JAN 1     36.13                     32.34   3.79    36.43

SNOWFALL (IN)
  YESTERDAY        0.0           0.0  2016   0.0    0.0      0.0
  MONTH TO DATE    0.0                       0.0    0.0      0.0
  SINCE SEP 1      0.0                       0.0    0.0      0.0
  SNOW DEPTH       0

DEGREE DAYS
 HEATING
  YESTERDAY        0                         3     -3        0
  MONTH TO DATE   26                        23      3        0
  SINCE SEP 1     26                        23      3        0
  SINCE JUL 1     26                        25      1        0

 COOLING
  YESTERDAY       10                         3      7       10
  MONTH TO DATE   79                       115    -36      232
  SINCE SEP 1     79                       115    -36      232
  SINCE JAN 1   1081                      1092    -11     1482
..................................................................


WIND (MPH)
  HIGHEST WIND SPEED     9   HIGHEST WIND DIRECTION     N (360)
  HIGHEST GUST SPEED    13   HIGHEST GUST DIRECTION     N (20)
  AVERAGE WIND SPEED     2.2


SKY COVER
  POSSIBLE SUNSHINE  MM
  AVERAGE SKY COVER 0.2


WEATHER CONDITIONS
 THE FOLLOWING WEATHER WAS RECORDED YESTERDAY.
  FOG
  FOG W/VISIBILITY <= 1/4 MILE
  HAZE


RELATIVE HUMIDITY (PERCENT)
 HIGHEST   100           500 AM
 LOWEST     48           300 PM
 AVERAGE    74

..........................................................


THE HUNTINGTON WV CLIMATE NORMALS FOR TODAY
                         NORMAL    RECORD    YEAR
 MAXIMUM TEMPERATURE (F)   76        96      1930
 MINIMUM TEMPERATURE (F)   53        36      1947


SUNRISE AND SUNSET
SEPTEMBER 23 2017.....SUNRISE   719 AM EDT   SUNSET   725 PM EDT
SEPTEMBER 24 2017.....SUNRISE   720 AM EDT   SUNSET   724 PM EDT


-  INDICATES NEGATIVE NUMBERS.
R  INDICATES RECORD WAS SET OR TIED.
MM INDICATES DATA IS MISSING.
T  INDICATES TRACE AMOUNT.




$$
