000
CDUS41 KRLX 220824
CLIHTS


CLIMATE REPORT
NATIONAL WEATHER SERVICE CHARLESTON WV
321 AM EST WED FEB 22 2017


...................................

...THE HUNTINGTON WV CLIMATE SUMMARY FOR FEBRUARY 21 2017...

CLIMATE NORMAL PERIOD 1981 TO 2010
CLIMATE RECORD PERIOD 1897 TO 2017


WEATHER ITEM   OBSERVED TIME   RECORD YEAR NORMAL DEPARTURE LAST
                VALUE   (LST)  VALUE       VALUE  FROM      YEAR
                                                  NORMAL
..................................................................
TEMPERATURE (F)
 YESTERDAY
  MAXIMUM         75R   319 PM  74    1997  48     27       58
  MINIMUM         44    627 AM   2    1963  29     15       45
  AVERAGE         60                        39     21       52

PRECIPITATION (IN)
  YESTERDAY        0.00          1.55 1993   0.11  -0.11     1.04
  MONTH TO DATE    0.93                      2.26  -1.33     4.95
  SINCE JAN 1      4.91                      5.23  -0.32     6.94

SNOWFALL (IN)
  YESTERDAY        0.0
  MONTH TO DATE    T
  SINCE SEP 1      5.9
  SNOW DEPTH       0

DEGREE DAYS
 HEATING
  YESTERDAY        5                        26    -21       13
  MONTH TO DATE  426                       600   -174      599
  SINCE DEC 1   1953                      2437   -484     2158
  SINCE JUL 1   2551                      3324   -773     2878

 COOLING
  YESTERDAY        0                         0      0        0
  MONTH TO DATE    0                         0      0        0
  SINCE DEC 1      0                         1     -1        0
  SINCE JAN 1      0                         0      0        0
..................................................................


WIND (MPH)
  HIGHEST WIND SPEED    13   HIGHEST WIND DIRECTION    SW (210)
  HIGHEST GUST SPEED    17   HIGHEST GUST DIRECTION    SW (210)
  AVERAGE WIND SPEED     3.2


SKY COVER
  POSSIBLE SUNSHINE  MM


WEATHER CONDITIONS
 THE FOLLOWING WEATHER WAS RECORDED YESTERDAY.
  NO SIGNIFICANT WEATHER WAS OBSERVED.


RELATIVE HUMIDITY (PERCENT)
 HIGHEST    83           400 AM
 LOWEST     29           100 PM
 AVERAGE    56

..........................................................


THE HUNTINGTON WV CLIMATE NORMALS FOR TODAY
                         NORMAL    RECORD    YEAR
 MAXIMUM TEMPERATURE (F)   49        75      1930
 MINIMUM TEMPERATURE (F)   29        -5      1968


SUNRISE AND SUNSET
FEBRUARY 22 2017......SUNRISE   711 AM EST   SUNSET   616 PM EST
FEBRUARY 23 2017......SUNRISE   710 AM EST   SUNSET   617 PM EST


-  INDICATES NEGATIVE NUMBERS.
R  INDICATES RECORD WAS SET OR TIED.
MM INDICATES DATA IS MISSING.
T  INDICATES TRACE AMOUNT.




$$
