000
CDUS41 KRLX 230820
CLIHTS


CLIMATE REPORT
NATIONAL WEATHER SERVICE CHARLESTON WV
315 AM EST SUN NOV 23 2014


...................................

...THE HUNTINGTON WV CLIMATE SUMMARY FOR NOVEMBER 22 2014...

CLIMATE NORMAL PERIOD 1981 TO 2010
CLIMATE RECORD PERIOD 1897 TO 2014


WEATHER ITEM   OBSERVED TIME   RECORD YEAR NORMAL DEPARTURE LAST
                VALUE   (LST)  VALUE       VALUE  FROM      YEAR
                                                  NORMAL
..................................................................
TEMPERATURE (F)
 YESTERDAY
  MAXIMUM         61    400 PM  79    1931  54      7       59
  MINIMUM         19    506 AM   8    1964  35    -16       43
  AVERAGE         40                        44     -4       51

PRECIPITATION (IN)
  YESTERDAY        0.00          2.28 2011   0.12  -0.12     0.29
  MONTH TO DATE    1.89                      2.50  -0.61     2.12
  SINCE JAN 1     44.78                     38.34   6.44    38.36

SNOWFALL (IN)
  YESTERDAY        0.0
  MONTH TO DATE    T
  SINCE SEP 1      T
  SNOW DEPTH       0

DEGREE DAYS
 HEATING
  YESTERDAY       25                        21      4       14
  MONTH TO DATE  560                       371    189      376
  SINCE SEP 1    917                       708    209      675
  SINCE JUL 1    920                       710    210      679

 COOLING
  YESTERDAY        0                         0      0        0
  MONTH TO DATE    0                         0      0        1
  SINCE SEP 1    130                       155    -25      183
  SINCE JAN 1    971                      1132   -161     1215
..................................................................


WIND (MPH)
  HIGHEST WIND SPEED    14   HIGHEST WIND DIRECTION     S (190)
  HIGHEST GUST SPEED    22   HIGHEST GUST DIRECTION    SW (220)
  AVERAGE WIND SPEED     5.8


SKY COVER
  POSSIBLE SUNSHINE  MM


WEATHER CONDITIONS
 THE FOLLOWING WEATHER WAS RECORDED YESTERDAY.
  NO SIGNIFICANT WEATHER WAS OBSERVED.


RELATIVE HUMIDITY (PERCENT)
 HIGHEST    84           300 AM
 LOWEST     29           400 PM
 AVERAGE    57

..........................................................


THE HUNTINGTON WV CLIMATE NORMALS FOR TODAY
                         NORMAL    RECORD    YEAR
 MAXIMUM TEMPERATURE (F)   53        78      1931
 MINIMUM TEMPERATURE (F)   35        12      1956


SUNRISE AND SUNSET
NOVEMBER 23 2014......SUNRISE   720 AM EST   SUNSET   513 PM EST
NOVEMBER 24 2014......SUNRISE   721 AM EST   SUNSET   512 PM EST


-  INDICATES NEGATIVE NUMBERS.
R  INDICATES RECORD WAS SET OR TIED.
MM INDICATES DATA IS MISSING.
T  INDICATES TRACE AMOUNT.




$$
