000
CDUS41 KRLX 230732
CLIHTS


CLIMATE REPORT
NATIONAL WEATHER SERVICE CHARLESTON WV
329 AM EDT SAT MAY 23 2015


...................................

...THE HUNTINGTON WV CLIMATE SUMMARY FOR MAY 22 2015...

CLIMATE NORMAL PERIOD 1981 TO 2010
CLIMATE RECORD PERIOD 1897 TO 2015


WEATHER ITEM   OBSERVED TIME   RECORD YEAR NORMAL DEPARTURE LAST
                VALUE   (LST)  VALUE       VALUE  FROM      YEAR
                                                  NORMAL
..................................................................
TEMPERATURE (F)
 YESTERDAY
  MAXIMUM         73    322 PM  96    1941  77     -4       83
  MINIMUM         40    553 AM  30    2002  54    -14       61
  AVERAGE         57                        65     -8       72

PRECIPITATION (IN)
  YESTERDAY        0.00          1.34 1913   0.15  -0.15     0.00
  MONTH TO DATE    0.71                      3.27  -2.56     1.83
  SINCE JAN 1     20.05                     16.65   3.40    18.81

SNOWFALL (IN)
  YESTERDAY        0.0
  MONTH TO DATE    0.0
  SINCE SEP 1     36.6
  SNOW DEPTH       0

DEGREE DAYS
 HEATING
  YESTERDAY        8                         3      5        0
  MONTH TO DATE   61                        94    -33      102
  SINCE MAR 1    963                       981    -18     1052
  SINCE JUL 1   4979                      4482    497     4813

 COOLING
  YESTERDAY        0                         3     -3        7
  MONTH TO DATE   90                        46     44       59
  SINCE MAR 1     99                        78     21       73
  SINCE JAN 1     99                        78     21       73
..................................................................


WIND (MPH)
  HIGHEST WIND SPEED    14   HIGHEST WIND DIRECTION     W (250)
  HIGHEST GUST SPEED    18   HIGHEST GUST DIRECTION     W (250)
  AVERAGE WIND SPEED     5.3


SKY COVER
  POSSIBLE SUNSHINE  MM


WEATHER CONDITIONS
 THE FOLLOWING WEATHER WAS RECORDED YESTERDAY.
  FOG
  FOG W/VISIBILITY <= 1/4 MILE


RELATIVE HUMIDITY (PERCENT)
 HIGHEST   100          1200 AM
 LOWEST     34           400 PM
 AVERAGE    67

..........................................................


THE HUNTINGTON WV CLIMATE NORMALS FOR TODAY
                         NORMAL    RECORD    YEAR
 MAXIMUM TEMPERATURE (F)   77        93      1921
 MINIMUM TEMPERATURE (F)   55        32      1897


SUNRISE AND SUNSET
MAY 23 2015...........SUNRISE   613 AM EDT   SUNSET   841 PM EDT
MAY 24 2015...........SUNRISE   612 AM EDT   SUNSET   842 PM EDT


-  INDICATES NEGATIVE NUMBERS.
R  INDICATES RECORD WAS SET OR TIED.
MM INDICATES DATA IS MISSING.
T  INDICATES TRACE AMOUNT.




$$
