000
CDUS43 KIND 160541
CLIHUF


CLIMATE REPORT
NATIONAL WEATHER SERVICE INDIANAPOLIS IN
138 AM EDT TUE SEP 16 2014


...................................

...THE TERRE HAUTE IN CLIMATE SUMMARY FOR SEPTEMBER 15 2014...

CLIMATE NORMAL PERIOD 1981 TO 2010
CLIMATE RECORD PERIOD 9999 TO 9999


WEATHER ITEM   OBSERVED TIME   NORMAL DEPARTURE LAST
                VALUE   (LST)  VALUE  FROM      YEAR
                                      NORMAL
......................................................
TEMPERATURE (F)
 YESTERDAY
  MAXIMUM         64   1136 AM  79    -15       77
  MINIMUM         44    615 AM  54    -10       44
  AVERAGE         54            66    -12       61

PRECIPITATION (IN)
  YESTERDAY        0.74          0.12   0.62     0.00
  MONTH TO DATE    2.81          1.91   0.90     0.05
  SINCE SEP 1      2.81          1.91   0.90     0.05
  SINCE JAN 1     30.94         33.19  -2.25    33.08

DEGREE DAYS
 HEATING
  YESTERDAY       11             2      9        4
  MONTH TO DATE   44            12     32       18
  SINCE SEP 1     44            12     32       18
  SINCE JUL 1     55            17     38       28

 COOLING
  YESTERDAY        0             3     -3        0
  MONTH TO DATE   67            68     -1      118
  SINCE SEP 1     67            68     -1      118
  SINCE JAN 1    918           947    -29      993
......................................................


WIND (MPH)
  HIGHEST WIND SPEED    16   HIGHEST WIND DIRECTION    SE (150)
  HIGHEST GUST SPEED    21   HIGHEST GUST DIRECTION    SE (150)
  AVERAGE WIND SPEED     3.8


SKY COVER
  AVERAGE SKY COVER 0.7


WEATHER CONDITIONS
 THE FOLLOWING WEATHER WAS RECORDED YESTERDAY.
  THUNDERSTORM
  HEAVY RAIN
  RAIN
  LIGHT RAIN
  FOG


RELATIVE HUMIDITY (PERCENT)
 HIGHEST   100           400 AM
 LOWEST     72          1100 AM
 AVERAGE    86

..........................................................


THE TERRE HAUTE IN CLIMATE NORMALS FOR TODAY
                         NORMAL
 MAXIMUM TEMPERATURE (F)   78
 MINIMUM TEMPERATURE (F)   54


SUNRISE AND SUNSET
SEPTEMBER 16 2014.....SUNRISE   731 AM EDT   SUNSET   756 PM EDT
SEPTEMBER 17 2014.....SUNRISE   732 AM EDT   SUNSET   754 PM EDT


-  INDICATES NEGATIVE NUMBERS.
R  INDICATES RECORD WAS SET OR TIED.
MM INDICATES DATA IS MISSING.
T  INDICATES TRACE AMOUNT.




$$
