331
CDUS43 KIND 260534
CLIHUF


CLIMATE REPORT
NATIONAL WEATHER SERVICE INDIANAPOLIS IN
132 AM EDT FRI AUG 26 2016


...................................

...THE TERRE HAUTE IN CLIMATE SUMMARY FOR AUGUST 25 2016...

CLIMATE NORMAL PERIOD 1981 TO 2010
CLIMATE RECORD PERIOD 9999 TO 9999


WEATHER ITEM   OBSERVED TIME   NORMAL DEPARTURE LAST
                VALUE   (LST)  VALUE  FROM      YEAR
                                      NORMAL
......................................................
TEMPERATURE (F)
 YESTERDAY
  MAXIMUM         90    326 PM  83      7       76
  MINIMUM         74   1159 PM  61     13       47
  AVERAGE         82            72     10       62

PRECIPITATION (IN)
  YESTERDAY        0.00          0.15  -0.15     0.00
  MONTH TO DATE    1.25          2.70  -1.45     0.65
  SINCE JUN 1     13.06         11.93   1.13    10.75
  SINCE JAN 1     26.84         30.37  -3.53    25.38

DEGREE DAYS
 HEATING
  YESTERDAY        0             0      0        3
  MONTH TO DATE    0             0      0        3
  SINCE JUN 1      5            14     -9       16
  SINCE JUL 1      4             1      3        3

 COOLING
  YESTERDAY       17             7     10        0
  MONTH TO DATE  301           207     94      186
  SINCE JUN 1    973           753    220      754
  SINCE JAN 1   1061           839    222      898
......................................................


WIND (MPH)
  HIGHEST WIND SPEED    14   HIGHEST WIND DIRECTION    SW (240)
  HIGHEST GUST SPEED    18   HIGHEST GUST DIRECTION    SW (240)
  AVERAGE WIND SPEED     5.7


SKY COVER
  AVERAGE SKY COVER 0.3


WEATHER CONDITIONS
 THE FOLLOWING WEATHER WAS RECORDED YESTERDAY.
  THUNDERSTORM


RELATIVE HUMIDITY (PERCENT)
 HIGHEST    88           100 AM
 LOWEST     56           300 PM
 AVERAGE    72

..........................................................


THE TERRE HAUTE IN CLIMATE NORMALS FOR TODAY
                         NORMAL
 MAXIMUM TEMPERATURE (F)   83
 MINIMUM TEMPERATURE (F)   61


SUNRISE AND SUNSET
AUGUST 26 2016........SUNRISE   712 AM EDT   SUNSET   828 PM EDT
AUGUST 27 2016........SUNRISE   713 AM EDT   SUNSET   827 PM EDT


-  INDICATES NEGATIVE NUMBERS.
R  INDICATES RECORD WAS SET OR TIED.
MM INDICATES DATA IS MISSING.
T  INDICATES TRACE AMOUNT.




$$
