000
CDUS43 KIND 260534
CLIHUF


CLIMATE REPORT
NATIONAL WEATHER SERVICE INDIANAPOLIS IN
133 AM EDT MON SEP 26 2016


...................................

...THE TERRE HAUTE IN CLIMATE SUMMARY FOR SEPTEMBER 25 2016...

CLIMATE NORMAL PERIOD 1981 TO 2010
CLIMATE RECORD PERIOD 9999 TO 9999


WEATHER ITEM   OBSERVED TIME   NORMAL DEPARTURE LAST
                VALUE   (LST)  VALUE  FROM      YEAR
                                      NORMAL
......................................................
TEMPERATURE (F)
 YESTERDAY
  MAXIMUM         88    215 PM  75     13       86
  MINIMUM         64    652 AM  50     14       52
  AVERAGE         76            62     14       69

PRECIPITATION (IN)
  YESTERDAY        0.15          0.09   0.06     0.00
  MONTH TO DATE    3.15          2.91   0.24     1.61
  SINCE SEP 1      3.15          2.91   0.24     1.61
  SINCE JAN 1     30.11         34.19  -4.08    26.99

DEGREE DAYS
 HEATING
  YESTERDAY        0             5     -5        0
  MONTH TO DATE    0            44    -44       32
  SINCE SEP 1      0            44    -44       32
  SINCE JUL 1      4            49    -45       36

 COOLING
  YESTERDAY       11             2      9        4
  MONTH TO DATE  191            91    100      140
  SINCE SEP 1    191            91    100      140
  SINCE JAN 1   1339           970    369     1069
......................................................


WIND (MPH)
  HIGHEST WIND SPEED    13   HIGHEST WIND DIRECTION     S (170)
  HIGHEST GUST SPEED    16   HIGHEST GUST DIRECTION     S (190)
  AVERAGE WIND SPEED     4.5


SKY COVER
  AVERAGE SKY COVER 0.2


WEATHER CONDITIONS
 THE FOLLOWING WEATHER WAS RECORDED YESTERDAY.
  THUNDERSTORM
  HEAVY RAIN
  LIGHT RAIN
  FOG


RELATIVE HUMIDITY (PERCENT)
 HIGHEST    93           100 AM
 LOWEST     50           200 PM
 AVERAGE    72

..........................................................


THE TERRE HAUTE IN CLIMATE NORMALS FOR TODAY
                         NORMAL
 MAXIMUM TEMPERATURE (F)   74
 MINIMUM TEMPERATURE (F)   49


SUNRISE AND SUNSET
SEPTEMBER 26 2016.....SUNRISE   741 AM EDT   SUNSET   739 PM EDT
SEPTEMBER 27 2016.....SUNRISE   742 AM EDT   SUNSET   737 PM EDT


-  INDICATES NEGATIVE NUMBERS.
R  INDICATES RECORD WAS SET OR TIED.
MM INDICATES DATA IS MISSING.
T  INDICATES TRACE AMOUNT.




$$
