000
CDUS41 KCAR 040527
CLIHUL


CLIMATE REPORT
NATIONAL WEATHER SERVICE CARIBOU, ME
127 AM EDT TUE AUG 4 2015


...................................

...THE HOULTON ME CLIMATE SUMMARY FOR AUGUST 3 2015...

CLIMATE NORMAL PERIOD 1981 TO 2010
CLIMATE RECORD PERIOD 1948 TO 2015


WEATHER ITEM   OBSERVED TIME   RECORD YEAR NORMAL DEPARTURE LAST
                VALUE   (LST)  VALUE       VALUE  FROM      YEAR
                                                  NORMAL
..................................................................
TEMPERATURE (F)
 YESTERDAY
  MAXIMUM         86    203 PM  94    1944  78      8       79
  MINIMUM         58    445 AM  39    1982  54      4       57
  AVERAGE         72                        66      6       68

PRECIPITATION (IN)
  YESTERDAY        0.00          1.83 1970   0.13  -0.13     0.00
  MONTH TO DATE    0.03                      0.40  -0.37     0.00
  SINCE JUN 1      5.65                      7.71  -2.06    10.69
  SINCE JAN 1     15.00                     22.34  -7.34    25.39

SNOWFALL (IN)
  YESTERDAY       MM             0.0  2003   0.0   MM       MM
  MONTH TO DATE   MM                         0.0   MM       MM
  SINCE JUN 1     MM                         0.0   MM       MM
  SINCE JUL 1     MM                         0.0   MM       MM
  SNOW DEPTH      MM

DEGREE DAYS
 HEATING
  YESTERDAY        0                         2     -2        0
  MONTH TO DATE    0                         6     -6        0
  SINCE JUN 1    300                       247     53      166
  SINCE JUL 1     63                        66     -3       37

 COOLING
  YESTERDAY        7                         2      5        3
  MONTH TO DATE   10                         8      2       10
  SINCE JUN 1     63                       124    -61      165
  SINCE JAN 1     88                       128    -40      166
..................................................................


WIND (MPH)
  HIGHEST WIND SPEED    21   HIGHEST WIND DIRECTION     S (200)
  HIGHEST GUST SPEED    33   HIGHEST GUST DIRECTION     S (190)
  AVERAGE WIND SPEED     8.5


SKY COVER
  POSSIBLE SUNSHINE  MM
  AVERAGE SKY COVER 0.2


WEATHER CONDITIONS
 THE FOLLOWING WEATHER WAS RECORDED YESTERDAY.
  NO SIGNIFICANT WEATHER WAS OBSERVED.


RELATIVE HUMIDITY (PERCENT)
 HIGHEST    84           300 AM
 LOWEST     40           100 PM
 AVERAGE    62

..........................................................


THE HOULTON ME CLIMATE NORMALS FOR TODAY
                         NORMAL    RECORD    YEAR
 MAXIMUM TEMPERATURE (F)   78        93      1944
 MINIMUM TEMPERATURE (F)   53        38      1987


SUNRISE AND SUNSET
AUGUST  4 2015........SUNRISE   516 AM EDT   SUNSET   757 PM EDT
AUGUST  5 2015........SUNRISE   518 AM EDT   SUNSET   756 PM EDT


-  INDICATES NEGATIVE NUMBERS.
R  INDICATES RECORD WAS SET OR TIED.
MM INDICATES DATA IS MISSING.
T  INDICATES TRACE AMOUNT.




$$
