519
CDUS41 KCAR 292032
CLIHUL


CLIMATE REPORT
NATIONAL WEATHER SERVICE CARIBOU, ME
432 PM EDT WED MAR 29 2017


...................................

...THE HOULTON ME CLIMATE SUMMARY FOR MARCH 29 2017...
VALID TODAY AS OF 0400 PM LOCAL TIME.

CLIMATE NORMAL PERIOD 1981 TO 2010
CLIMATE RECORD PERIOD 1948 TO 2017


WEATHER ITEM   OBSERVED TIME   RECORD YEAR NORMAL DEPARTURE LAST
                VALUE   (LST)  VALUE       VALUE  FROM      YEAR
                                                  NORMAL
..................................................................
TEMPERATURE (F)
 TODAY
  MAXIMUM         34    248 PM  68    1945  41     -7       36
  MINIMUM         30    815 AM   0    1987  21      9       26
  AVERAGE         32                        31      1       31

PRECIPITATION (IN)
  TODAY            T             1.40 2010   0.08  -0.08     0.91
  MONTH TO DATE    1.53                      2.42  -0.89     3.98
  SINCE MAR 1      1.53                      2.42  -0.89     3.98
  SINCE JAN 1      5.98                      7.28  -1.30     8.94

SNOWFALL (IN)
  TODAY           MM             2.0  1964   0.4   MM       MM
  MONTH TO DATE   MM                        17.1   MM       MM
  SINCE MAR 1     MM                        17.1   MM       MM
  SINCE JUL 1     MM                        82.7   MM       MM
  SNOW DEPTH      MM

DEGREE DAYS
 HEATING
  TODAY           33                        34     -1       34
  MONTH TO DATE 1257                      1157    100     1124
  SINCE MAR 1   1257                      1157    100     1124
  SINCE JUL 1   7218                      7730   -512     6742

 COOLING
  TODAY            0                         0      0        0
  MONTH TO DATE    0                         0      0        0
  SINCE MAR 1      0                         0      0        0
  SINCE JAN 1      0                         0      0        0
..................................................................


WIND (MPH)
  HIGHEST WIND SPEED    20   HIGHEST WIND DIRECTION     N (360)
  HIGHEST GUST SPEED    23   HIGHEST GUST DIRECTION     N (10)
  AVERAGE WIND SPEED     8.5


SKY COVER
  POSSIBLE SUNSHINE  MM
  AVERAGE SKY COVER 1.0


WEATHER CONDITIONS
 THE FOLLOWING WEATHER WAS RECORDED TODAY.
  LIGHT SNOW
  FOG


RELATIVE HUMIDITY (PERCENT)
 HIGHEST   100          1200 AM
 LOWEST     75           300 PM
 AVERAGE    88

..........................................................


THE HOULTON ME CLIMATE NORMALS FOR TOMORROW
                         NORMAL    RECORD    YEAR
 MAXIMUM TEMPERATURE (F)   41        72      1962
 MINIMUM TEMPERATURE (F)   21        -3      1954


SUNRISE AND SUNSET
MARCH 29 2017.........SUNRISE   616 AM EDT   SUNSET   656 PM EDT
MARCH 30 2017.........SUNRISE   614 AM EDT   SUNSET   657 PM EDT


-  INDICATES NEGATIVE NUMBERS.
R  INDICATES RECORD WAS SET OR TIED.
MM INDICATES DATA IS MISSING.
T  INDICATES TRACE AMOUNT.




$$
