000
CDUS41 KCAR 192027
CLIHUL


CLIMATE REPORT
NATIONAL WEATHER SERVICE CARIBOU, ME
427 PM EDT FRI SEP 19 2014


...................................

...THE HOULTON ME CLIMATE SUMMARY FOR SEPTEMBER 19 2014...
VALID TODAY AS OF 0400 PM LOCAL TIME.

CLIMATE NORMAL PERIOD 1981 TO 2010
CLIMATE RECORD PERIOD 1948 TO 2014


WEATHER ITEM   OBSERVED TIME   RECORD YEAR NORMAL DEPARTURE LAST
                VALUE   (LST)  VALUE       VALUE  FROM      YEAR
                                                  NORMAL
..................................................................
TEMPERATURE (F)
 TODAY
  MAXIMUM         54    259 PM  85    1946  66    -12       74
  MINIMUM         25R   454 AM  25    1978  42    -17       36
  AVERAGE         40                        54    -14       55

PRECIPITATION (IN)
  TODAY            0.00          2.16 1981   0.11  -0.11     0.00
  MONTH TO DATE    1.25                      2.06  -0.81     4.86
  SINCE SEP 1      1.25                      2.06  -0.81     4.86
  SINCE JAN 1     28.91                     27.68   1.23    32.39

SNOWFALL (IN)
  TODAY           MM             0.0  2003   0.0   MM       MM
  MONTH TO DATE   MM                         0.0   MM       MM
  SINCE SEP 1     MM                         0.0   MM       MM
  SINCE JUL 1     MM                         0.0   MM       MM
  SNOW DEPTH      MM

DEGREE DAYS
 HEATING
  TODAY           25                        11     14       10
  MONTH TO DATE  192                       159     33      161
  SINCE SEP 1    192                       159     33      161
  SINCE JUL 1    277                       315    -38      294

 COOLING
  TODAY            0                         0      0        0
  MONTH TO DATE   27                        12     15       19
  SINCE SEP 1     27                        12     15       19
  SINCE JAN 1    230                       190     40      198
..................................................................


WIND (MPH)
  HIGHEST WIND SPEED    16   HIGHEST WIND DIRECTION     N (10)
  HIGHEST GUST SPEED    22   HIGHEST GUST DIRECTION    NW (320)
  AVERAGE WIND SPEED     5.3


SKY COVER
  POSSIBLE SUNSHINE  MM
  AVERAGE SKY COVER 0.0


WEATHER CONDITIONS
 THE FOLLOWING WEATHER WAS RECORDED TODAY.
  NO SIGNIFICANT WEATHER WAS OBSERVED.


RELATIVE HUMIDITY (PERCENT)
 HIGHEST    92          1200 AM
 LOWEST     26           300 PM
 AVERAGE    59

..........................................................


THE HOULTON ME CLIMATE NORMALS FOR TOMORROW
                         NORMAL    RECORD    YEAR
 MAXIMUM TEMPERATURE (F)   65        84      1985
 MINIMUM TEMPERATURE (F)   42        25      1950


SUNRISE AND SUNSET
SEPTEMBER 19 2014.....SUNRISE   614 AM EDT   SUNSET   635 PM EDT
SEPTEMBER 20 2014.....SUNRISE   615 AM EDT   SUNSET   633 PM EDT


-  INDICATES NEGATIVE NUMBERS.
R  INDICATES RECORD WAS SET OR TIED.
MM INDICATES DATA IS MISSING.
T  INDICATES TRACE AMOUNT.




$$
