000
CDUS41 KCAR 220527
CLIHUL


CLIMATE REPORT
NATIONAL WEATHER SERVICE CARIBOU, ME
1226 AM EST MON DEC 22 2014


...................................

...THE HOULTON ME CLIMATE SUMMARY FOR DECEMBER 21 2014...

CLIMATE NORMAL PERIOD 1981 TO 2010
CLIMATE RECORD PERIOD 1948 TO 2014


WEATHER ITEM   OBSERVED TIME   RECORD YEAR NORMAL DEPARTURE LAST
                VALUE   (LST)  VALUE       VALUE  FROM      YEAR
                                                  NORMAL
..................................................................
TEMPERATURE (F)
 YESTERDAY
  MAXIMUM         27    327 PM  56    1973  27      0       23
  MINIMUM         18    307 AM -21    2008   8     10       15
  AVERAGE         23                        17      6       19

PRECIPITATION (IN)
  YESTERDAY       MM             0.72 1973   0.10  MM        0.10
  MONTH TO DATE    4.31                      2.36   1.95     1.27
  SINCE DEC 1      4.31                      2.36   1.95     1.27
  SINCE JAN 1     41.15                     39.05   2.10    41.22

SNOWFALL (IN)
  YESTERDAY       MM             6.0  1954   0.5   MM       MM
  MONTH TO DATE   MM                        10.4   MM       MM
  SINCE DEC 1     MM                        10.4   MM       MM
  SINCE JUL 1     MM                        18.5   MM       MM
  SNOW DEPTH      MM

DEGREE DAYS
 HEATING
  YESTERDAY       42                        48     -6       46
  MONTH TO DATE  863                       916    -53     1017
  SINCE DEC 1    863                       916    -53     1017
  SINCE JUL 1   2760                      3024   -264     3018

 COOLING
  YESTERDAY        0                         0      0        0
  MONTH TO DATE    0                         0      0        0
  SINCE DEC 1      0                         0      0        0
  SINCE JAN 1    233                       191     42      198
..................................................................


WIND (MPH)
  HIGHEST WIND SPEED     8   HIGHEST WIND DIRECTION     E (110)
  HIGHEST GUST SPEED    11   HIGHEST GUST DIRECTION     E (110)
  AVERAGE WIND SPEED     2.3


SKY COVER
  POSSIBLE SUNSHINE  MM
  AVERAGE SKY COVER 1.0


WEATHER CONDITIONS
 THE FOLLOWING WEATHER WAS RECORDED YESTERDAY.
  NO SIGNIFICANT WEATHER WAS OBSERVED.


RELATIVE HUMIDITY (PERCENT)
 HIGHEST    92          1200 AM
 LOWEST     81          1000 AM
 AVERAGE    87

..........................................................


THE HOULTON ME CLIMATE NORMALS FOR TODAY
                         NORMAL    RECORD    YEAR
 MAXIMUM TEMPERATURE (F)   27        52      1973
 MINIMUM TEMPERATURE (F)    7       -30      1980


SUNRISE AND SUNSET
DECEMBER 22 2014......SUNRISE   711 AM EST   SUNSET   349 PM EST
DECEMBER 23 2014......SUNRISE   711 AM EST   SUNSET   349 PM EST


-  INDICATES NEGATIVE NUMBERS.
R  INDICATES RECORD WAS SET OR TIED.
MM INDICATES DATA IS MISSING.
T  INDICATES TRACE AMOUNT.




$$
