000
CDUS41 KCAR 060539
CLIHUL


CLIMATE REPORT
NATIONAL WEATHER SERVICE CARIBOU, ME
1236 AM EST FRI MAR 6 2015


...................................

...THE HOULTON ME CLIMATE SUMMARY FOR MARCH 5 2015...

CLIMATE NORMAL PERIOD 1981 TO 2010
CLIMATE RECORD PERIOD 1948 TO 2015


WEATHER ITEM   OBSERVED TIME   RECORD YEAR NORMAL DEPARTURE LAST
                VALUE   (LST)  VALUE       VALUE  FROM      YEAR
                                                  NORMAL
..................................................................
TEMPERATURE (F)
 YESTERDAY
  MAXIMUM         30    130 AM  51    1979  32     -2       11
  MINIMUM        -14   1145 PM -19    1967  10    -24      -12
  AVERAGE          8                        21    -13        0

PRECIPITATION (IN)
  YESTERDAY        T             0.63 2011   0.08  -0.08     0.00
  MONTH TO DATE    0.17                      0.41  -0.24      T
  SINCE MAR 1      0.17                      0.41  -0.24      T
  SINCE JAN 1      2.27                      5.27  -3.00     5.58

SNOWFALL (IN)
  YESTERDAY       MM             7.3  1977   0.7   MM       MM
  MONTH TO DATE   MM                         3.5   MM       MM
  SINCE MAR 1     MM                         3.5   MM       MM
  SINCE JUL 1     MM                        69.1   MM       MM
  SNOW DEPTH      MM

DEGREE DAYS
 HEATING
  YESTERDAY       57                        44     13       65
  MONTH TO DATE  249                       223     26      310
  SINCE MAR 1    249                       223     26      310
  SINCE JUL 1   6817                      6796     21     6900

 COOLING
  YESTERDAY        0                         0      0        0
  MONTH TO DATE    0                         0      0        0
  SINCE MAR 1      0                         0      0        0
  SINCE JAN 1      0                         0      0        0
..................................................................


WIND (MPH)
  HIGHEST WIND SPEED    20   HIGHEST WIND DIRECTION     N (340)
  HIGHEST GUST SPEED    26   HIGHEST GUST DIRECTION     W (290)
  AVERAGE WIND SPEED     9.8


SKY COVER
  POSSIBLE SUNSHINE  MM
  AVERAGE SKY COVER 0.1


WEATHER CONDITIONS
 THE FOLLOWING WEATHER WAS RECORDED YESTERDAY.
  LIGHT SNOW


RELATIVE HUMIDITY (PERCENT)
 HIGHEST    64          1100 PM
 LOWEST     26           300 PM
 AVERAGE    45

..........................................................


THE HOULTON ME CLIMATE NORMALS FOR TODAY
                         NORMAL    RECORD    YEAR
 MAXIMUM TEMPERATURE (F)   33        51      1974
 MINIMUM TEMPERATURE (F)   11       -22      1990


SUNRISE AND SUNSET
MARCH  6 2015.........SUNRISE   601 AM EST   SUNSET   524 PM EST
MARCH  7 2015.........SUNRISE   600 AM EST   SUNSET   526 PM EST


-  INDICATES NEGATIVE NUMBERS.
R  INDICATES RECORD WAS SET OR TIED.
MM INDICATES DATA IS MISSING.
T  INDICATES TRACE AMOUNT.




$$
