000
CDUS41 KCAR 010529
CLIHUL


CLIMATE REPORT
NATIONAL WEATHER SERVICE CARIBOU, ME
129 AM EDT WED OCT 1 2014


...................................

...THE HOULTON ME CLIMATE SUMMARY FOR SEPTEMBER 30 2014...

CLIMATE NORMAL PERIOD 1981 TO 2010
CLIMATE RECORD PERIOD 1948 TO 2014


WEATHER ITEM   OBSERVED TIME   RECORD YEAR NORMAL DEPARTURE LAST
                VALUE   (LST)  VALUE       VALUE  FROM      YEAR
                                                  NORMAL
..................................................................
TEMPERATURE (F)
 YESTERDAY
  MAXIMUM         59    243 PM  78    1948  61     -2       71
  MINIMUM         43    541 AM  23    1965  38      5       36
  AVERAGE         51                        49      2       54

PRECIPITATION (IN)
  YESTERDAY        0.00          1.96 2012   0.12  -0.12     0.00
  MONTH TO DATE    1.30                      3.40  -2.10     6.06
  SINCE SEP 1      1.30                      3.40  -2.10     6.06
  SINCE JAN 1     28.96                     29.02  -0.06    33.59

SNOWFALL (IN)
  YESTERDAY       MM             0.1  1991   0.0   MM       MM
  MONTH TO DATE   MM                         0.1   MM       MM
  SINCE SEP 1     MM                         0.1   MM       MM
  SINCE JUL 1     MM                         0.1   MM       MM
  SNOW DEPTH      MM

DEGREE DAYS
 HEATING
  YESTERDAY       14                        16     -2       11
  MONTH TO DATE  291                       312    -21      277
  SINCE SEP 1    291                       312    -21      277
  SINCE JUL 1    376                       468    -92      410

 COOLING
  YESTERDAY        0                         0      0        0
  MONTH TO DATE   27                        13     14       19
  SINCE SEP 1     27                        13     14       19
  SINCE JAN 1    230                       191     39      198
..................................................................


WIND (MPH)
  HIGHEST WIND SPEED    10   HIGHEST WIND DIRECTION     N (10)
  HIGHEST GUST SPEED    13   HIGHEST GUST DIRECTION     E (70)
  AVERAGE WIND SPEED     4.3


SKY COVER
  POSSIBLE SUNSHINE  MM
  AVERAGE SKY COVER 0.9


WEATHER CONDITIONS
 THE FOLLOWING WEATHER WAS RECORDED YESTERDAY.
  FOG


RELATIVE HUMIDITY (PERCENT)
 HIGHEST    89          1200 AM
 LOWEST     67           100 PM
 AVERAGE    78

..........................................................


THE HOULTON ME CLIMATE NORMALS FOR TODAY
                         NORMAL    RECORD    YEAR
 MAXIMUM TEMPERATURE (F)   60        78      1988
 MINIMUM TEMPERATURE (F)   37        22      1993


SUNRISE AND SUNSET
OCTOBER  1 2014.......SUNRISE   630 AM EDT   SUNSET   611 PM EDT
OCTOBER  2 2014.......SUNRISE   631 AM EDT   SUNSET   609 PM EDT


-  INDICATES NEGATIVE NUMBERS.
R  INDICATES RECORD WAS SET OR TIED.
MM INDICATES DATA IS MISSING.
T  INDICATES TRACE AMOUNT.




$$
