000
CDUS41 KCAR 210556
CLIHUL


CLIMATE REPORT
NATIONAL WEATHER SERVICE CARIBOU, ME
1251 AM EST SUN JAN 21 2018


...................................

...THE HOULTON ME CLIMATE SUMMARY FOR JANUARY 20 2018...

CLIMATE NORMAL PERIOD 1981 TO 2010
CLIMATE RECORD PERIOD 1948 TO 2018


WEATHER ITEM   OBSERVED TIME   RECORD YEAR NORMAL DEPARTURE LAST
                VALUE   (LST)  VALUE       VALUE  FROM      YEAR
                                                  NORMAL
..................................................................
TEMPERATURE (F)
 YESTERDAY
  MAXIMUM         39    802 PM  52    1996  22     17       31
  MINIMUM         26    643 AM -30    1994   0     26       12
  AVERAGE         33                        11     22       22

PRECIPITATION (IN)
  YESTERDAY        T             1.21 1973   0.09  -0.09      T
                                      2002
  MONTH TO DATE    2.04                      1.85   0.19     1.53
  SINCE DEC 1      5.28                      5.14   0.14     4.45
  SINCE JAN 1      2.04                      1.85   0.19     1.53

SNOWFALL (IN)
  YESTERDAY       MM             8.0  2005   0.8   MM       MM
  MONTH TO DATE   MM                        15.2   MM       MM
  SINCE DEC 1     MM                        31.6   MM       MM
  SINCE JUL 1     MM                        39.7   MM       MM
  SNOW DEPTH      MM

DEGREE DAYS
 HEATING
  YESTERDAY       32                        54    -22       43
  MONTH TO DATE 1026                      1062    -36      987
  SINCE DEC 1   2584                      2474    110     2431
  SINCE JUL 1   4290                      4582   -292     4174

 COOLING
  YESTERDAY        0                         0      0        0
  MONTH TO DATE    0                         0      0        0
  SINCE DEC 1      0                         0      0        0
  SINCE JAN 1      0                         0      0        0
..................................................................


WIND (MPH)
  HIGHEST WIND SPEED    25   HIGHEST WIND DIRECTION     W (290)
  HIGHEST GUST SPEED    37   HIGHEST GUST DIRECTION    NW (320)
  AVERAGE WIND SPEED    11.0


SKY COVER
  POSSIBLE SUNSHINE  MM
  AVERAGE SKY COVER 0.9


WEATHER CONDITIONS
 THE FOLLOWING WEATHER WAS RECORDED YESTERDAY.
  LIGHT SNOW
  FOG


RELATIVE HUMIDITY (PERCENT)
 HIGHEST    84           700 AM
 LOWEST     56          1000 PM
 AVERAGE    70

..........................................................


THE HOULTON ME CLIMATE NORMALS FOR TODAY
                         NORMAL    RECORD    YEAR
 MAXIMUM TEMPERATURE (F)   22        49      2006
 MINIMUM TEMPERATURE (F)    0       -25      1970


SUNRISE AND SUNSET
JANUARY 21 2018.......SUNRISE   705 AM EST   SUNSET   420 PM EST
JANUARY 22 2018.......SUNRISE   704 AM EST   SUNSET   422 PM EST


-  INDICATES NEGATIVE NUMBERS.
R  INDICATES RECORD WAS SET OR TIED.
MM INDICATES DATA IS MISSING.
T  INDICATES TRACE AMOUNT.




$$
