000
CDUS45 KTFX 252229
CLIHVR


CLIMATE REPORT
NATIONAL WEATHER SERVICE GREAT FALLS MT
428 PM MDT SAT OCT 25 2014


...................................

...THE HAVRE MT CLIMATE SUMMARY FOR OCTOBER 25 2014...
VALID TODAY AS OF 0400 PM LOCAL TIME.

CLIMATE NORMAL PERIOD 1981 TO 2010
CLIMATE RECORD PERIOD 1880 TO 2014


WEATHER ITEM   OBSERVED TIME   RECORD YEAR NORMAL DEPARTURE LAST
                VALUE   (LST)  VALUE       VALUE  FROM      YEAR
                                                  NORMAL
..................................................................
TEMPERATURE (F)
 TODAY
  MAXIMUM         70    121 PM  82    1924  54     16       65
  MINIMUM         38    508 AM  -7    1919  27     11       30
  AVERAGE         54                        40     14       48

PRECIPITATION (IN)
  TODAY            0.00          0.31 1946   0.02  -0.02     0.00
  MONTH TO DATE    0.61                      0.49   0.12     0.16
  SINCE OCT 1      0.61                      0.49   0.12     0.16
  SINCE JAN 1     11.77                     10.28   1.49    17.31

SNOWFALL (IN)
  TODAY            0.0           2.3  1939   0.0    0.0      0.0
  MONTH TO DATE    T                         1.4   -1.4      0.0
  SINCE SEP 1      T                         1.7   -1.7      0.0
  SINCE JUL 1      T                         1.7   -1.7      0.0
  SNOW DEPTH       0

DEGREE DAYS
 HEATING
  TODAY           11                        25    -14       17
  MONTH TO DATE  311                       485   -174      480
  SINCE SEP 1    552                       759   -207      630
  SINCE JUL 1    596                       842   -246      648

 COOLING
  TODAY            0                         0      0        0
  MONTH TO DATE    0                         0      0        0
  SINCE SEP 1     12                        19     -7       70
  SINCE JAN 1    402                       386     16      445
..................................................................


WIND (MPH)
  HIGHEST WIND SPEED    21   HIGHEST WIND DIRECTION     E (70)
  HIGHEST GUST SPEED    23   HIGHEST GUST DIRECTION     E (70)
  AVERAGE WIND SPEED    10.2


SKY COVER
  AVERAGE SKY COVER 0.2


WEATHER CONDITIONS
 THE FOLLOWING WEATHER WAS RECORDED TODAY.
  NO SIGNIFICANT WEATHER WAS OBSERVED.


RELATIVE HUMIDITY (PERCENT)
 HIGHEST    76           200 AM
 LOWEST     31           200 PM
 AVERAGE    54

..........................................................


THE HAVRE MT CLIMATE NORMALS FOR TOMORROW
                         NORMAL    RECORD    YEAR
 MAXIMUM TEMPERATURE (F)   53        79      1983
 MINIMUM TEMPERATURE (F)   27         3      1919


SUNRISE AND SUNSET
OCTOBER 25 2014.......SUNRISE   754 AM MDT   SUNSET   611 PM MDT
OCTOBER 26 2014.......SUNRISE   756 AM MDT   SUNSET   609 PM MDT


-  INDICATES NEGATIVE NUMBERS.
R  INDICATES RECORD WAS SET OR TIED.
MM INDICATES DATA IS MISSING.
T  INDICATES TRACE AMOUNT.




$$
