000
CDUS45 KTFX 251025
CLIHVR


CLIMATE REPORT
NATIONAL WEATHER SERVICE GREAT FALLS MT
424 AM MDT MON MAY 25 2015


...................................

...THE HAVRE MT CLIMATE SUMMARY FOR MAY 24 2015...

CLIMATE NORMAL PERIOD 1981 TO 2010
CLIMATE RECORD PERIOD 1880 TO 2015


WEATHER ITEM   OBSERVED TIME   RECORD YEAR NORMAL DEPARTURE LAST
                VALUE   (LST)  VALUE       VALUE  FROM      YEAR
                                                  NORMAL
..................................................................
TEMPERATURE (F)
 YESTERDAY
  MAXIMUM         76    144 PM  96    2001  70      6       79
  MINIMUM         40    344 AM  30    2000  44     -4       48
  AVERAGE         58                        57      1       64

PRECIPITATION (IN)
  YESTERDAY        T             1.31 1953   0.07  -0.07     0.02
  MONTH TO DATE    1.04                      1.26  -0.22     0.80
  SINCE OCT 1      5.10                      4.66   0.44     5.53
  SINCE JAN 1      3.53                      3.25   0.28     3.52

SNOWFALL (IN)
  YESTERDAY        0.0           6.0  1904   0.0    0.0      0.0
  MONTH TO DATE    0.0                       1.4   -1.4      0.0
  SINCE MAR 1      0.2                      10.7  -10.5      7.0
  SINCE JUL 1     20.8                      38.6  -17.8     44.4
  SNOW DEPTH       0

DEGREE DAYS
 HEATING
  YESTERDAY        7                         9     -2        1
  MONTH TO DATE  352                       296     56      338
  SINCE MAR 1   1692                      1913   -221     2110
  SINCE JUL 1   7360                      8033   -673     8351

 COOLING
  YESTERDAY        0                         0      0        0
  MONTH TO DATE    0                         0      0        3
  SINCE MAR 1      0                         1     -1        3
  SINCE JAN 1      0                         1     -1        3
..................................................................


WIND (MPH)
  HIGHEST WIND SPEED    24   HIGHEST WIND DIRECTION     E (70)
  HIGHEST GUST SPEED    31   HIGHEST GUST DIRECTION     E (70)
  AVERAGE WIND SPEED     6.1


SKY COVER
  AVERAGE SKY COVER 0.3


WEATHER CONDITIONS
 THE FOLLOWING WEATHER WAS RECORDED YESTERDAY.
  LIGHT RAIN


RELATIVE HUMIDITY (PERCENT)
 HIGHEST    89           600 AM
 LOWEST     27           200 PM
 AVERAGE    58

..........................................................


THE HAVRE MT CLIMATE NORMALS FOR TODAY
                         NORMAL    RECORD    YEAR
 MAXIMUM TEMPERATURE (F)   70        94      1928
 MINIMUM TEMPERATURE (F)   44        29      1918
                                             1893


SUNRISE AND SUNSET
MAY 25 2015...........SUNRISE   527 AM MDT   SUNSET   905 PM MDT
MAY 26 2015...........SUNRISE   526 AM MDT   SUNSET   907 PM MDT


-  INDICATES NEGATIVE NUMBERS.
R  INDICATES RECORD WAS SET OR TIED.
MM INDICATES DATA IS MISSING.
T  INDICATES TRACE AMOUNT.




$$
