000
CDUS45 KTFX 200916
CLIHVR


CLIMATE REPORT
NATIONAL WEATHER SERVICE GREAT FALLS MT
315 AM MDT WED AUG 20 2014


...................................

...THE HAVRE MT CLIMATE SUMMARY FOR AUGUST 19 2014...

CLIMATE NORMAL PERIOD 1981 TO 2010
CLIMATE RECORD PERIOD 1880 TO 2014


WEATHER ITEM   OBSERVED TIME   RECORD YEAR NORMAL DEPARTURE LAST
                VALUE   (LST)  VALUE       VALUE  FROM      YEAR
                                                  NORMAL
..................................................................
TEMPERATURE (F)
 YESTERDAY
  MAXIMUM         93    232 PM  98    2008  84      9       94
                                      1942
  MINIMUM         57    439 AM  33    1907  52      5       53
  AVERAGE         75                        68      7       74

PRECIPITATION (IN)
  YESTERDAY        T             1.05 1975   0.04  -0.04     0.00
  MONTH TO DATE    0.53                      0.67  -0.14     0.93
  SINCE OCT 1      9.18                      9.64  -0.46    17.37
  SINCE JAN 1      7.17                      8.23  -1.06    14.89

SNOWFALL (IN)
  YESTERDAY        0.0           0.0  1999   0.0    0.0      0.0
                                      1998
  MONTH TO DATE    0.0                       0.0    0.0      0.0
  SINCE JUN 1      0.0                       0.0    0.0      0.0
  SINCE JUL 1      0.0                       0.0    0.0      0.0
  SNOW DEPTH       0

DEGREE DAYS
 HEATING
  YESTERDAY        0                         2     -2        0
  MONTH TO DATE    0                        19    -19        8
  SINCE JUN 1    175                       182     -7      129
  SINCE JUL 1      0                        49    -49       16

 COOLING
  YESTERDAY       10                         4      6        9
  MONTH TO DATE  160                       112     48       89
  SINCE JUN 1    367                       322     45      278
  SINCE JAN 1    374                       333     41      285
..................................................................


WIND (MPH)
  HIGHEST WIND SPEED    25   HIGHEST WIND DIRECTION    NW (320)
  HIGHEST GUST SPEED    34   HIGHEST GUST DIRECTION     W (250)
  AVERAGE WIND SPEED    10.6


SKY COVER
  AVERAGE SKY COVER 0.0


WEATHER CONDITIONS
 THE FOLLOWING WEATHER WAS RECORDED YESTERDAY.
  THUNDERSTORM
  LIGHT RAIN


RELATIVE HUMIDITY (PERCENT)
 HIGHEST    80           400 AM
 LOWEST     18           300 PM
 AVERAGE    49

..........................................................


THE HAVRE MT CLIMATE NORMALS FOR TODAY
                         NORMAL    RECORD    YEAR
 MAXIMUM TEMPERATURE (F)   83       102      1971
 MINIMUM TEMPERATURE (F)   51        38      1907


SUNRISE AND SUNSET
AUGUST 20 2014........SUNRISE   620 AM MDT   SUNSET   824 PM MDT
AUGUST 21 2014........SUNRISE   621 AM MDT   SUNSET   822 PM MDT


-  INDICATES NEGATIVE NUMBERS.
R  INDICATES RECORD WAS SET OR TIED.
MM INDICATES DATA IS MISSING.
T  INDICATES TRACE AMOUNT.




$$
