000
CDUS45 KTFX 271057
CLIHVR


CLIMATE REPORT
NATIONAL WEATHER SERVICE GREAT FALLS MT
455 AM MDT TUE SEP 27 2016


...................................

...THE HAVRE MT CLIMATE SUMMARY FOR SEPTEMBER 26 2016...

CLIMATE NORMAL PERIOD 1981 TO 2010
CLIMATE RECORD PERIOD 1880 TO 2016


WEATHER ITEM   OBSERVED TIME   RECORD YEAR NORMAL DEPARTURE LAST
                VALUE   (LST)  VALUE       VALUE  FROM      YEAR
                                                  NORMAL
..................................................................
TEMPERATURE (F)
 YESTERDAY
  MAXIMUM         77    432 PM  92    1952  67     10       78
  MINIMUM         41    127 AM  19    1900  38      3       43
  AVERAGE         59                        52      7       61

PRECIPITATION (IN)
  YESTERDAY        0.00          0.37 1881   0.03  -0.03     0.00
  MONTH TO DATE    1.80                      0.98   0.82     1.67
  SINCE OCT 1     17.22                     11.06   6.16    11.81
  SINCE JAN 1     15.29                      9.65   5.64    10.24

SNOWFALL (IN)
  YESTERDAY        0.0           0.1  1965   0.0    0.0      0.0
  MONTH TO DATE    0.0                       0.2   -0.2      0.0
  SINCE SEP 1      0.0                       0.2   -0.2      0.0
  SINCE JUL 1      0.0                       0.2   -0.2       T
  SNOW DEPTH       0

DEGREE DAYS
 HEATING
  YESTERDAY        6                        13     -7        4
  MONTH TO DATE  235                       221     14      193
  SINCE SEP 1    235                       221     14      193
  SINCE JUL 1    296                       304     -8      268

 COOLING
  YESTERDAY        0                         0      0        0
  MONTH TO DATE   17                        17      0        6
  SINCE SEP 1     17                        17      0        6
  SINCE JAN 1    341                       384    -43      416
..................................................................


WIND (MPH)
  HIGHEST WIND SPEED    18   HIGHEST WIND DIRECTION    SW (230)
  HIGHEST GUST SPEED    23   HIGHEST GUST DIRECTION    SW (230)
  AVERAGE WIND SPEED    10.6


SKY COVER
  AVERAGE SKY COVER 0.0


WEATHER CONDITIONS
 THE FOLLOWING WEATHER WAS RECORDED YESTERDAY.
  NO SIGNIFICANT WEATHER WAS OBSERVED.


RELATIVE HUMIDITY (PERCENT)
 HIGHEST    93           100 AM
 LOWEST     35           200 PM
 AVERAGE    64

..........................................................


THE HAVRE MT CLIMATE NORMALS FOR TODAY
                         NORMAL    RECORD    YEAR
 MAXIMUM TEMPERATURE (F)   67        92      1922
 MINIMUM TEMPERATURE (F)   37        18      1928


SUNRISE AND SUNSET
SEPTEMBER 27 2016.....SUNRISE   714 AM MDT   SUNSET   705 PM MDT
SEPTEMBER 28 2016.....SUNRISE   715 AM MDT   SUNSET   703 PM MDT


-  INDICATES NEGATIVE NUMBERS.
R  INDICATES RECORD WAS SET OR TIED.
MM INDICATES DATA IS MISSING.
T  INDICATES TRACE AMOUNT.




$$
