000
CDUS45 KTFX 312230
CLIHVR


CLIMATE REPORT
NATIONAL WEATHER SERVICE GREAT FALLS MT
430 PM MDT TUE MAY 31 2016


...................................

...THE HAVRE MT CLIMATE SUMMARY FOR MAY 31 2016...
VALID TODAY AS OF 0400 PM LOCAL TIME.

CLIMATE NORMAL PERIOD 1981 TO 2010
CLIMATE RECORD PERIOD 1880 TO 2016


WEATHER ITEM   OBSERVED TIME   RECORD YEAR NORMAL DEPARTURE LAST
                VALUE   (LST)  VALUE       VALUE  FROM      YEAR
                                                  NORMAL
..................................................................
TEMPERATURE (F)
 TODAY
  MAXIMUM         63    247 PM  94    1972  72     -9       82
  MINIMUM         47    648 AM  27    1982  46      1       44
                                      1917
  AVERAGE         55                        58     -3       63

PRECIPITATION (IN)
  TODAY            T             1.77 2013   0.07  -0.07      T
  MONTH TO DATE    3.48                      1.74   1.74     1.58
  SINCE OCT 1      9.82                      5.14   4.68     5.64
  SINCE JAN 1      7.89                      3.73   4.16     4.07

SNOWFALL (IN)
  TODAY           MM             0.1  1927   0.0   MM        0.0
  MONTH TO DATE    0.0                       1.8   -1.8      0.0
  SINCE MAR 1      3.0                      11.1   -8.1      0.2
  SINCE JUL 1     17.3                      39.0  -21.7     20.8

DEGREE DAYS
 HEATING
  TODAY           10                         7      3        2
  MONTH TO DATE  361                       351     10      396
  SINCE MAR 1   1655                      1968   -313     1736
  SINCE JUL 1   7080                      8088  -1008     7404

 COOLING
  TODAY            0                         1     -1        0
  MONTH TO DATE    1                        10     -9        0
  SINCE MAR 1      1                        11    -10        0
  SINCE JAN 1      1                        11    -10        0
..................................................................


WIND (MPH)
  HIGHEST WIND SPEED    25   HIGHEST WIND DIRECTION    NW (300)
  HIGHEST GUST SPEED    32   HIGHEST GUST DIRECTION    NW (300)
  AVERAGE WIND SPEED    16.1


SKY COVER
  AVERAGE SKY COVER 1.0


WEATHER CONDITIONS
 THE FOLLOWING WEATHER WAS RECORDED TODAY.
  LIGHT RAIN


RELATIVE HUMIDITY (PERCENT)
 HIGHEST    93           300 AM
 LOWEST     56           300 PM
 AVERAGE    75

..........................................................


THE HAVRE MT CLIMATE NORMALS FOR TOMORROW
                         NORMAL    RECORD    YEAR
 MAXIMUM TEMPERATURE (F)   72        97      1977
 MINIMUM TEMPERATURE (F)   46        31      1979
                                             1883


SUNRISE AND SUNSET
MAY 31 2016...........SUNRISE   522 AM MDT   SUNSET   913 PM MDT
JUNE  1 2016..........SUNRISE   521 AM MDT   SUNSET   913 PM MDT


-  INDICATES NEGATIVE NUMBERS.
R  INDICATES RECORD WAS SET OR TIED.
MM INDICATES DATA IS MISSING.
T  INDICATES TRACE AMOUNT.




$$
