000
CDUS45 KTFX 282230
CLIHVR


CLIMATE REPORT
NATIONAL WEATHER SERVICE GREAT FALLS MT
430 PM MDT FRI APR 28 2017


...................................

...THE HAVRE MT CLIMATE SUMMARY FOR APRIL 28 2017...
VALID TODAY AS OF 0400 PM LOCAL TIME.

CLIMATE NORMAL PERIOD 1981 TO 2010
CLIMATE RECORD PERIOD 1880 TO 2017


WEATHER ITEM   OBSERVED TIME   RECORD YEAR NORMAL DEPARTURE LAST
                VALUE   (LST)  VALUE       VALUE  FROM      YEAR
                                                  NORMAL
..................................................................
TEMPERATURE (F)
 TODAY
  MAXIMUM         51        MM  91    2001  63    -12       54
  MINIMUM         28    500 AM  16    2005  34     -6       36
                                      1966
                                      1893
  AVERAGE         40                        48     -8       45

PRECIPITATION (IN)
  TODAY            T             0.90 1920   0.04  -0.04     0.00
  MONTH TO DATE    0.64                      0.76  -0.12     3.55
  SINCE OCT 1      6.16                      3.32   2.84     6.34
  SINCE JAN 1      2.17                      1.91   0.26     4.41

SNOWFALL (IN)
  TODAY           MM             4.4  1970   0.1   MM        0.0
  MONTH TO DATE    T                         2.9   -2.9      3.0
  SINCE MAR 1      1.0                       9.2   -8.2      3.0
  SINCE JUL 1     31.9                      37.1   -5.2     17.3

DEGREE DAYS
 HEATING
  TODAY           25                        17      8       20
  MONTH TO DATE  550                       586    -36      483
  SINCE MAR 1   1462                      1584   -122     1262
  SINCE JUL 1   7461                      7704   -243     6687

 COOLING
  TODAY            0                         0      0        0
  MONTH TO DATE    0                         0      0        0
  SINCE MAR 1      0                         0      0        0
  SINCE JAN 1      0                         0      0        0
..................................................................


WIND (MPH)
  HIGHEST WIND SPEED    18   HIGHEST WIND DIRECTION    NW (320)
  HIGHEST GUST SPEED    24   HIGHEST GUST DIRECTION    NW (320)
  AVERAGE WIND SPEED     4.6


SKY COVER
  AVERAGE SKY COVER 0.6


WEATHER CONDITIONS
 THE FOLLOWING WEATHER WAS RECORDED TODAY.
  FOG


RELATIVE HUMIDITY (PERCENT)
 HIGHEST   100           100 AM
 LOWEST     52           300 PM
 AVERAGE    76

..........................................................


THE HAVRE MT CLIMATE NORMALS FOR TOMORROW
                         NORMAL    RECORD    YEAR
 MAXIMUM TEMPERATURE (F)   63        95      1939
 MINIMUM TEMPERATURE (F)   34        12      1966


SUNRISE AND SUNSET
APRIL 28 2017.........SUNRISE   604 AM MDT   SUNSET   830 PM MDT
APRIL 29 2017.........SUNRISE   602 AM MDT   SUNSET   831 PM MDT


-  INDICATES NEGATIVE NUMBERS.
R  INDICATES RECORD WAS SET OR TIED.
MM INDICATES DATA IS MISSING.
T  INDICATES TRACE AMOUNT.




$$
