677
CDUS45 KTFX 051000
CLIHVR


CLIMATE REPORT
NATIONAL WEATHER SERVICE GREAT FALLS MT
300 AM MST FRI FEB 5 2016


...................................

...THE HAVRE MT CLIMATE SUMMARY FOR FEBRUARY 4 2016...

CLIMATE NORMAL PERIOD 1981 TO 2010
CLIMATE RECORD PERIOD 1880 TO 2016


WEATHER ITEM   OBSERVED TIME   RECORD YEAR NORMAL DEPARTURE LAST
                VALUE   (LST)  VALUE       VALUE  FROM      YEAR
                                                  NORMAL
..................................................................
TEMPERATURE (F)
 YESTERDAY
  MAXIMUM         43    209 PM  61    1991  31     12        4
  MINIMUM         19    452 AM -45    1907   9     10      -19
  AVERAGE         31                        20     11       -7

PRECIPITATION (IN)
  YESTERDAY        T             0.12 1952   0.00   0.00     0.00
                                      1915
  MONTH TO DATE    T                         0.03  -0.03     0.22
  SINCE OCT 1      2.29                      1.77   0.52     3.09
  SINCE JAN 1      0.36                      0.36   0.00     1.52

SNOWFALL (IN)
  YESTERDAY        T             2.2  1915   0.2   -0.2      0.0
  MONTH TO DATE    T                         0.8   -0.8      5.0
  SINCE DEC 1     10.8                      15.3   -4.5     15.8
  SINCE JUL 1     13.8                      22.9   -9.1     20.4
  SNOW DEPTH       0

DEGREE DAYS
 HEATING
  YESTERDAY       34                        45    -11       72
  MONTH TO DATE  147                       180    -33      250
  SINCE DEC 1   2854                      3060   -206     2862
  SINCE JUL 1   4707                      5103   -396     4799

 COOLING
  YESTERDAY        0                         0      0        0
  MONTH TO DATE    0                         0      0        0
  SINCE DEC 1      0                         0      0        0
  SINCE JAN 1      0                         0      0        0
..................................................................


WIND (MPH)
  HIGHEST WIND SPEED    31   HIGHEST WIND DIRECTION    NW (320)
  HIGHEST GUST SPEED    40   HIGHEST GUST DIRECTION    NW (320)
  AVERAGE WIND SPEED    13.0


SKY COVER
  AVERAGE SKY COVER 0.6


WEATHER CONDITIONS
 THE FOLLOWING WEATHER WAS RECORDED YESTERDAY.
  LIGHT SNOW
  FOG


RELATIVE HUMIDITY (PERCENT)
 HIGHEST    92           800 PM
 LOWEST     39           300 PM
 AVERAGE    66

..........................................................


THE HAVRE MT CLIMATE NORMALS FOR TODAY
                         NORMAL    RECORD    YEAR
 MAXIMUM TEMPERATURE (F)   31        58      1987
 MINIMUM TEMPERATURE (F)    9       -35      1914


SUNRISE AND SUNSET
FEBRUARY  5 2016......SUNRISE   743 AM MST   SUNSET   524 PM MST
FEBRUARY  6 2016......SUNRISE   742 AM MST   SUNSET   525 PM MST


-  INDICATES NEGATIVE NUMBERS.
R  INDICATES RECORD WAS SET OR TIED.
MM INDICATES DATA IS MISSING.
T  INDICATES TRACE AMOUNT.




$$
