000
CDUS43 KUNR 280836
CLIICR


CLIMATE REPORT
NATIONAL WEATHER SERVICE RAPID CITY SD
236 AM MDT SUN MAY 28 2017


...................................

...THE WINNER REGIONAL AIRPORT SD CLIMATE SUMMARY FOR MAY 27 2017...

CLIMATE NORMAL PERIOD 1981 TO 2010
CLIMATE RECORD PERIOD 9999 TO 9999


WEATHER ITEM   OBSERVED TIME   NORMAL DEPARTURE LAST
                VALUE   (LST)  VALUE  FROM      YEAR
                                      NORMAL
......................................................
TEMPERATURE (F)
 YESTERDAY
  MAXIMUM         73    416 PM  73      0       71
  MINIMUM         54    411 AM  50      4       57
  AVERAGE         64            62      2       64

PRECIPITATION (IN)
  YESTERDAY        0.06          0.12  -0.06     0.44
  MONTH TO DATE    3.03          2.90   0.13     2.80
  SINCE MAR 1      5.45          6.77  -1.32     8.94
  SINCE JAN 1      7.09          7.53  -0.44     9.33

DEGREE DAYS
 HEATING
  YESTERDAY        1             5     -4        1
  MONTH TO DATE  185           224    -39      176
  SINCE MAR 1   1376          1619   -243     1275
  SINCE JUL 1   5528          6628  -1100     5568

 COOLING
  YESTERDAY        0             1     -1        0
  MONTH TO DATE   26            22      4       29
  SINCE MAR 1     28            24      4       38
  SINCE JAN 1     28            24      4       38
......................................................


WIND (MPH)
  HIGHEST WIND SPEED    15   HIGHEST WIND DIRECTION     W (260)
  HIGHEST GUST SPEED    18   HIGHEST GUST DIRECTION     W (250)
  AVERAGE WIND SPEED     7.9


SKY COVER
  AVERAGE SKY COVER 0.7


WEATHER CONDITIONS
 THE FOLLOWING WEATHER WAS RECORDED YESTERDAY.
  LIGHT RAIN
  FOG


RELATIVE HUMIDITY (PERCENT)
 HIGHEST    86           400 AM
 LOWEST     41           600 PM
 AVERAGE    64

..........................................................




SUNRISE AND SUNSET
MAY 28 2017...........SUNRISE   604 AM CDT   SUNSET   910 PM CDT
MAY 29 2017...........SUNRISE   603 AM CDT   SUNSET   911 PM CDT


-  INDICATES NEGATIVE NUMBERS.
R  INDICATES RECORD WAS SET OR TIED.
MM INDICATES DATA IS MISSING.
T  INDICATES TRACE AMOUNT.




$$
