000
CDUS43 KUNR 070831
CLIICR


CLIMATE REPORT
NATIONAL WEATHER SERVICE RAPID CITY SD
130 AM MST WED DEC 7 2016


...................................

...THE WINNER REGIONAL AIRPORT SD CLIMATE SUMMARY FOR DECEMBER 6 2016...

CLIMATE NORMAL PERIOD 1981 TO 2010
CLIMATE RECORD PERIOD 9999 TO 9999


WEATHER ITEM   OBSERVED TIME   NORMAL DEPARTURE LAST
                VALUE   (LST)  VALUE  FROM      YEAR
                                      NORMAL
......................................................
TEMPERATURE (F)
 YESTERDAY
  MAXIMUM         23    241 PM  36    -13       54
  MINIMUM          9   1159 PM  17     -8       30
  AVERAGE         16            26    -10       42

PRECIPITATION (IN)
  YESTERDAY        0.00          0.02  -0.02     0.00
  MONTH TO DATE    T             0.12  -0.12     0.53
  SINCE DEC 1      T             0.12  -0.12     0.53
  SINCE JAN 1     18.47         21.37  -2.90    17.93

DEGREE DAYS
 HEATING
  YESTERDAY       49            39     10       23
  MONTH TO DATE  207           227    -20      190
  SINCE DEC 1    207           227    -20      190
  SINCE JUL 1   1077          1698   -621     1285

 COOLING
  YESTERDAY        0             0      0        0
  MONTH TO DATE    0             0      0        0
  SINCE DEC 1      0             0      0        0
  SINCE JAN 1   1193           916    277     1145
......................................................


WIND (MPH)
  HIGHEST WIND SPEED    31   HIGHEST WIND DIRECTION    NW (310)
  HIGHEST GUST SPEED    40   HIGHEST GUST DIRECTION     W (290)
  AVERAGE WIND SPEED    18.3


SKY COVER
  AVERAGE SKY COVER 0.0


WEATHER CONDITIONS
 THE FOLLOWING WEATHER WAS RECORDED YESTERDAY.
  NO SIGNIFICANT WEATHER WAS OBSERVED.


RELATIVE HUMIDITY (PERCENT)
 HIGHEST    73           200 AM
 LOWEST     52           200 PM
 AVERAGE    63

..........................................................




SUNRISE AND SUNSET
DECEMBER  7 2016......SUNRISE   759 AM CST   SUNSET   503 PM CST
DECEMBER  8 2016......SUNRISE   800 AM CST   SUNSET   503 PM CST


-  INDICATES NEGATIVE NUMBERS.
R  INDICATES RECORD WAS SET OR TIED.
MM INDICATES DATA IS MISSING.
T  INDICATES TRACE AMOUNT.




$$
