000
CDUS43 KUNR 280838
CLIICR


CLIMATE REPORT
NATIONAL WEATHER SERVICE RAPID CITY SD
237 AM MDT FRI AUG 28 2015


...................................

...THE WINNER REGIONAL AIRPORT SD CLIMATE SUMMARY FOR AUGUST 27 2015...

CLIMATE NORMAL PERIOD 1981 TO 2010
CLIMATE RECORD PERIOD 9999 TO 9999


WEATHER ITEM   OBSERVED TIME   NORMAL DEPARTURE LAST
                VALUE   (LST)  VALUE  FROM      YEAR
                                      NORMAL
......................................................
TEMPERATURE (F)
 YESTERDAY
  MAXIMUM         86   1259 PM  85      1       77
  MINIMUM         67    340 AM  59      8       63
  AVERAGE         77            72      5       70

PRECIPITATION (IN)
  YESTERDAY        0.10          0.06   0.04     0.29
  MONTH TO DATE    2.59          2.10   0.49     3.44
  SINCE JUN 1      8.63          8.71  -0.08     7.85
  SINCE JAN 1     12.30         16.78  -4.48    12.64

DEGREE DAYS
 HEATING
  YESTERDAY        0             1     -1        0
  MONTH TO DATE   14             1     13        1
  SINCE JUN 1     17            60    -43       50
  SINCE JUL 1     14             6      8       13

 COOLING
  YESTERDAY       12             8      4        5
  MONTH TO DATE  261           271    -10      224
  SINCE JUN 1    854           747    107      627
  SINCE JAN 1    889           777    112      708
......................................................


WIND (MPH)
  HIGHEST WIND SPEED    29   HIGHEST WIND DIRECTION    NE (40)
  HIGHEST GUST SPEED    34   HIGHEST GUST DIRECTION    NE (40)
  AVERAGE WIND SPEED     9.8


SKY COVER
  AVERAGE SKY COVER 0.5


WEATHER CONDITIONS
 THE FOLLOWING WEATHER WAS RECORDED YESTERDAY.
  THUNDERSTORM
  RAIN
  LIGHT RAIN
  FOG


RELATIVE HUMIDITY (PERCENT)
 HIGHEST    97          1100 PM
 LOWEST     51           100 PM
 AVERAGE    74

..........................................................




SUNRISE AND SUNSET
AUGUST 28 2015........SUNRISE   659 AM CDT   SUNSET   822 PM CDT
AUGUST 29 2015........SUNRISE   700 AM CDT   SUNSET   820 PM CDT


-  INDICATES NEGATIVE NUMBERS.
R  INDICATES RECORD WAS SET OR TIED.
MM INDICATES DATA IS MISSING.
T  INDICATES TRACE AMOUNT.




$$
