000
CDUS43 KUNR 160832
CLIICR


CLIMATE REPORT
NATIONAL WEATHER SERVICE RAPID CITY SD
131 AM MST MON JAN 16 2017


...................................

...THE WINNER REGIONAL AIRPORT SD CLIMATE SUMMARY FOR JANUARY 15 2017...

CLIMATE NORMAL PERIOD 1981 TO 2010
CLIMATE RECORD PERIOD 9999 TO 9999


WEATHER ITEM   OBSERVED TIME   NORMAL DEPARTURE LAST
                VALUE   (LST)  VALUE  FROM      YEAR
                                      NORMAL
......................................................
TEMPERATURE (F)
 YESTERDAY
  MAXIMUM         42    336 PM  36      6       24
  MINIMUM         15    822 AM  14      1       18
  AVERAGE         29            25      4       21

PRECIPITATION (IN)
  YESTERDAY        0.00          0.00   0.00      T
  MONTH TO DATE    0.01          0.10  -0.09      T
  SINCE DEC 1      0.56          0.44   0.12     1.45
  SINCE JAN 1      0.01          0.10  -0.09      T

DEGREE DAYS
 HEATING
  YESTERDAY       36            40     -4       44
  MONTH TO DATE  746           605    141      634
  SINCE DEC 1   1930          1840     90     1758
  SINCE JUL 1   2800          3311   -511     2853

 COOLING
  YESTERDAY        0             0      0        0
  MONTH TO DATE    0             0      0        0
  SINCE DEC 1      0             0      0        0
  SINCE JAN 1      0             0      0        0
......................................................


WIND (MPH)
  HIGHEST WIND SPEED    13   HIGHEST WIND DIRECTION    SW (230)
  HIGHEST GUST SPEED    15   HIGHEST GUST DIRECTION     S (170)
  AVERAGE WIND SPEED     3.8


SKY COVER
  AVERAGE SKY COVER 0.0


WEATHER CONDITIONS
 THE FOLLOWING WEATHER WAS RECORDED YESTERDAY.
  NO SIGNIFICANT WEATHER WAS OBSERVED.


RELATIVE HUMIDITY (PERCENT)
 HIGHEST    92           700 AM
 LOWEST     51           300 PM
 AVERAGE    72

..........................................................




SUNRISE AND SUNSET
JANUARY 16 2017.......SUNRISE   808 AM CST   SUNSET   531 PM CST
JANUARY 17 2017.......SUNRISE   808 AM CST   SUNSET   532 PM CST


-  INDICATES NEGATIVE NUMBERS.
R  INDICATES RECORD WAS SET OR TIED.
MM INDICATES DATA IS MISSING.
T  INDICATES TRACE AMOUNT.




$$
