000
CDUS43 KUNR 020832
CLIICR


CLIMATE REPORT
NATIONAL WEATHER SERVICE RAPID CITY SD
231 AM MDT SUN AUG 2 2015


...................................

...THE WINNER REGIONAL AIRPORT SD CLIMATE SUMMARY FOR AUGUST 1 2015...

CLIMATE NORMAL PERIOD 1981 TO 2010
CLIMATE RECORD PERIOD 9999 TO 9999


WEATHER ITEM   OBSERVED TIME   NORMAL DEPARTURE LAST
                VALUE   (LST)  VALUE  FROM      YEAR
                                      NORMAL
......................................................
TEMPERATURE (F)
 YESTERDAY
  MAXIMUM         92    438 PM  89      3       94
  MINIMUM         69    914 AM  64      5       62
  AVERAGE         81            76      5       78

PRECIPITATION (IN)
  YESTERDAY        0.02          0.08  -0.06     0.16
  MONTH TO DATE    0.02          0.08  -0.06     0.16
  SINCE JUN 1      6.06          6.69  -0.63     4.57
  SINCE JAN 1      9.73         14.76  -5.03     9.36

DEGREE DAYS
 HEATING
  YESTERDAY        0             0      0        0
  MONTH TO DATE    0             0      0        0
  SINCE JUN 1      3            59    -56       49
  SINCE JUL 1      0             5     -5       12

 COOLING
  YESTERDAY       16            12      4       13
  MONTH TO DATE   16            12      4       13
  SINCE JUN 1    609           488    121      416
  SINCE JAN 1    644           518    126      497
......................................................


WIND (MPH)
  HIGHEST WIND SPEED    33   HIGHEST WIND DIRECTION     W (290)
  HIGHEST GUST SPEED    43   HIGHEST GUST DIRECTION    SW (220)
  AVERAGE WIND SPEED    17.1


SKY COVER
  AVERAGE SKY COVER 0.1


WEATHER CONDITIONS
 THE FOLLOWING WEATHER WAS RECORDED YESTERDAY.
  THUNDERSTORM
  LIGHT RAIN


RELATIVE HUMIDITY (PERCENT)
 HIGHEST    68          1200 AM
 LOWEST     32           400 PM
 AVERAGE    50

..........................................................




SUNRISE AND SUNSET
AUGUST  2 2015........SUNRISE   630 AM CDT   SUNSET   901 PM CDT
AUGUST  3 2015........SUNRISE   631 AM CDT   SUNSET   859 PM CDT


-  INDICATES NEGATIVE NUMBERS.
R  INDICATES RECORD WAS SET OR TIED.
MM INDICATES DATA IS MISSING.
T  INDICATES TRACE AMOUNT.




$$
