000
CDUS43 KUNR 010832
CLIICR


CLIMATE REPORT
NATIONAL WEATHER SERVICE RAPID CITY SD
231 AM MDT MON SEP 1 2014


...................................

...THE WINNER REGIONAL AIRPORT SD CLIMATE SUMMARY FOR AUGUST 31 2014...

CLIMATE NORMAL PERIOD 1981 TO 2010
CLIMATE RECORD PERIOD 9999 TO 9999


WEATHER ITEM   OBSERVED TIME   NORMAL DEPARTURE LAST
                VALUE   (LST)  VALUE  FROM      YEAR
                                      NORMAL
......................................................
TEMPERATURE (F)
 YESTERDAY
  MAXIMUM         77    138 AM  84     -7       97
  MINIMUM         60    816 PM  58      2       62
  AVERAGE         69            71     -2       80

PRECIPITATION (IN)
  YESTERDAY        0.43          0.06   0.37     0.00
  MONTH TO DATE    3.87          2.32   1.55     2.49
  SINCE JUN 1      8.28          8.93  -0.65     8.60
  SINCE JAN 1     13.07         17.00  -3.93    15.99

DEGREE DAYS
 HEATING
  YESTERDAY        0             1     -1        0
  MONTH TO DATE    1             5     -4        0
  SINCE JUN 1     50            68    -18       60
  SINCE JUL 1     13            14     -1        7

 COOLING
  YESTERDAY        4             7     -3       15
  MONTH TO DATE  246           300    -54      332
  SINCE JUN 1    649           776   -127      752
  SINCE JAN 1    730           806    -76      791
......................................................


WIND (MPH)
  HIGHEST WIND SPEED    44   HIGHEST WIND DIRECTION    NW (300)
  HIGHEST GUST SPEED    67   HIGHEST GUST DIRECTION     W (280)
  AVERAGE WIND SPEED     8.2


SKY COVER
  AVERAGE SKY COVER 0.3


WEATHER CONDITIONS
 THE FOLLOWING WEATHER WAS RECORDED YESTERDAY.
  THUNDERSTORM
  HEAVY RAIN
  RAIN
  LIGHT RAIN
  FOG


RELATIVE HUMIDITY (PERCENT)
 HIGHEST    87           100 PM
 LOWEST     57           900 AM
 AVERAGE    72

..........................................................




SUNRISE AND SUNSET
SEPTEMBER  1 2014.....SUNRISE   703 AM CDT   SUNSET   814 PM CDT
SEPTEMBER  2 2014.....SUNRISE   704 AM CDT   SUNSET   813 PM CDT


-  INDICATES NEGATIVE NUMBERS.
R  INDICATES RECORD WAS SET OR TIED.
MM INDICATES DATA IS MISSING.
T  INDICATES TRACE AMOUNT.




$$
