000
CDUS43 KUNR 280850
CLIICR


CLIMATE REPORT
NATIONAL WEATHER SERVICE RAPID CITY SD
247 AM MDT TUE MAR 28 2017


...................................

...THE WINNER REGIONAL AIRPORT SD CLIMATE SUMMARY FOR MARCH 27 2017...

CLIMATE NORMAL PERIOD 1981 TO 2010
CLIMATE RECORD PERIOD 9999 TO 9999


WEATHER ITEM   OBSERVED TIME   NORMAL DEPARTURE LAST
                VALUE   (LST)  VALUE  FROM      YEAR
                                      NORMAL
......................................................
TEMPERATURE (F)
 YESTERDAY
  MAXIMUM         64    504 PM  53     11       58
  MINIMUM         28    713 AM  29     -1       18
  AVERAGE         46            41      5       38

PRECIPITATION (IN)
  YESTERDAY        T             0.07  -0.07     0.00
  MONTH TO DATE    0.07          1.04  -0.97     0.37
  SINCE MAR 1      0.07          1.04  -0.97     0.37
  SINCE JAN 1      1.71          1.80  -0.09     0.76

DEGREE DAYS
 HEATING
  YESTERDAY       19            24     -5       27
  MONTH TO DATE  665           782   -117      567
  SINCE MAR 1    665           782   -117      567
  SINCE JUL 1   4817          5791   -974     4860

 COOLING
  YESTERDAY        0             0      0        0
  MONTH TO DATE    0             0      0        1
  SINCE MAR 1      0             0      0        1
  SINCE JAN 1      0             0      0        1
......................................................


WIND (MPH)
  HIGHEST WIND SPEED    14   HIGHEST WIND DIRECTION    SE (120)
  HIGHEST GUST SPEED    17   HIGHEST GUST DIRECTION    SE (120)
  AVERAGE WIND SPEED     5.7


SKY COVER
  AVERAGE SKY COVER 0.4


WEATHER CONDITIONS
 THE FOLLOWING WEATHER WAS RECORDED YESTERDAY.
  LIGHT SNOW
  FOG
  FOG W/VISIBILITY <= 1/4 MILE


RELATIVE HUMIDITY (PERCENT)
 HIGHEST    96           400 AM
 LOWEST     37           400 PM
 AVERAGE    67

..........................................................




SUNRISE AND SUNSET
MARCH 28 2017.........SUNRISE   728 AM CDT   SUNSET   802 PM CDT
MARCH 29 2017.........SUNRISE   726 AM CDT   SUNSET   803 PM CDT


-  INDICATES NEGATIVE NUMBERS.
R  INDICATES RECORD WAS SET OR TIED.
MM INDICATES DATA IS MISSING.
T  INDICATES TRACE AMOUNT.




$$
