000
CDUS43 KUNR 050831
CLIICR


CLIMATE REPORT
NATIONAL WEATHER SERVICE RAPID CITY SD
230 AM MDT THU MAY 5 2016


...................................

...THE WINNER REGIONAL AIRPORT SD CLIMATE SUMMARY FOR MAY 4 2016...

CLIMATE NORMAL PERIOD 1981 TO 2010
CLIMATE RECORD PERIOD 9999 TO 9999


WEATHER ITEM   OBSERVED TIME   NORMAL DEPARTURE LAST
                VALUE   (LST)  VALUE  FROM      YEAR
                                      NORMAL
......................................................
TEMPERATURE (F)
 YESTERDAY
  MAXIMUM         74    550 PM  66      8       72
  MINIMUM         40    512 AM  43     -3       43
  AVERAGE         57            54      3       58

PRECIPITATION (IN)
  YESTERDAY        0.00          0.12  -0.12      T
  MONTH TO DATE    T             0.49  -0.49     0.01
  SINCE MAR 1      6.14          4.36   1.78     0.86
  SINCE JAN 1      6.53          5.12   1.41     0.95

DEGREE DAYS
 HEATING
  YESTERDAY        8            11     -3        7
  MONTH TO DATE   46            46      0       15
  SINCE MAR 1   1145          1441   -296     1028
  SINCE JUL 1   5438          6450  -1012     5788

 COOLING
  YESTERDAY        0             0      0        0
  MONTH TO DATE    0             0      0        6
  SINCE MAR 1      9             2      7       18
  SINCE JAN 1      9             2      7       18
......................................................


WIND (MPH)
  HIGHEST WIND SPEED    12   HIGHEST WIND DIRECTION    SE (150)
  HIGHEST GUST SPEED    17   HIGHEST GUST DIRECTION    NW (320)
  AVERAGE WIND SPEED     5.5


SKY COVER
  AVERAGE SKY COVER 0.0


WEATHER CONDITIONS
 THE FOLLOWING WEATHER WAS RECORDED YESTERDAY.
  NO SIGNIFICANT WEATHER WAS OBSERVED.


RELATIVE HUMIDITY (PERCENT)
 HIGHEST    85           500 AM
 LOWEST     27           100 PM
 AVERAGE    56

..........................................................




SUNRISE AND SUNSET
MAY  5 2016...........SUNRISE   626 AM CDT   SUNSET   846 PM CDT
MAY  6 2016...........SUNRISE   625 AM CDT   SUNSET   848 PM CDT


-  INDICATES NEGATIVE NUMBERS.
R  INDICATES RECORD WAS SET OR TIED.
MM INDICATES DATA IS MISSING.
T  INDICATES TRACE AMOUNT.




$$
