000
CDUS43 KICT 230652
CLIICT


CLIMATE REPORT
NATIONAL WEATHER SERVICE WICHITA KS
151 AM CDT SUN JUL 23 2017


...................................

...THE WICHITA EISENHOWER NATIONAL CLIMATE SUMMARY FOR JULY 22 2017...

CLIMATE NORMAL PERIOD 1981 TO 2010
CLIMATE RECORD PERIOD 1888 TO 2017


WEATHER ITEM   OBSERVED TIME   RECORD YEAR NORMAL DEPARTURE LAST
                VALUE   (LST)  VALUE       VALUE  FROM      YEAR
                                                  NORMAL
..................................................................
TEMPERATURE (F)
 YESTERDAY
  MAXIMUM        107R   252 PM 107    2001  93     14      105
                                      1981
                                      1954
  MINIMUM         73   1020 PM  53    1970  70      3       75
  AVERAGE         90                        81      9       90

PRECIPITATION (IN)
  YESTERDAY        0.23          0.94 1973   0.10   0.13     0.00
  MONTH TO DATE    1.34                      2.48  -1.14     8.40
  SINCE JUN 1      5.92                      7.68  -1.76    11.23
  SINCE JAN 1     24.76                     19.54   5.22    26.79

SNOWFALL (IN)
  YESTERDAY        0.0           0.0  2007   0.0    0.0      0.0
  MONTH TO DATE    0.0                       0.0    0.0      0.0
  SINCE JUN 1      0.0                       0.0    0.0      0.0
  SINCE JUL 1      0.0                       0.0    0.0      0.0
  SNOW DEPTH       0

DEGREE DAYS
 HEATING
  YESTERDAY        0                         0      0        0
  MONTH TO DATE    0                         0      0        0
  SINCE JUN 1      0                         6     -6        0
  SINCE JUL 1      0                         0      0        0

 COOLING
  YESTERDAY       25                        16      9       25
  MONTH TO DATE  397                       347     50      418
  SINCE JUN 1    767                       676     91      904
  SINCE JAN 1    923                       812    111     1034
..................................................................


WIND (MPH)
  HIGHEST WIND SPEED    37   HIGHEST WIND DIRECTION     N (20)
  HIGHEST GUST SPEED    46   HIGHEST GUST DIRECTION    NE (30)
  AVERAGE WIND SPEED    11.2


SKY COVER
  POSSIBLE SUNSHINE  MM
  AVERAGE SKY COVER 0.2


WEATHER CONDITIONS
 THE FOLLOWING WEATHER WAS RECORDED YESTERDAY.
  THUNDERSTORM
  RAIN
  FOG


RELATIVE HUMIDITY (PERCENT)
 HIGHEST    74           500 AM
 LOWEST     24           500 PM
 AVERAGE    49

..........................................................


THE WICHITA EISENHOWER NATIONAL CLIMATE NORMALS FOR TODAY
                         NORMAL    RECORD    YEAR
 MAXIMUM TEMPERATURE (F)   93       109      1936
 MINIMUM TEMPERATURE (F)   70        55      1970


SUNRISE AND SUNSET
JULY 23 2017..........SUNRISE   626 AM CDT   SUNSET   846 PM CDT
JULY 24 2017..........SUNRISE   627 AM CDT   SUNSET   845 PM CDT


-  INDICATES NEGATIVE NUMBERS.
R  INDICATES RECORD WAS SET OR TIED.
MM INDICATES DATA IS MISSING.
T  INDICATES TRACE AMOUNT.




$$
