000
CDUS43 KICT 200637
CLIICT


CLIMATE REPORT
NATIONAL WEATHER SERVICE WICHITA KS
1237 AM CST SAT JAN 20 2018


...................................

...THE WICHITA EISENHOWER NATIONAL CLIMATE SUMMARY FOR JANUARY 19 2018...

CLIMATE NORMAL PERIOD 1981 TO 2010
CLIMATE RECORD PERIOD 1888 TO 2018


WEATHER ITEM   OBSERVED TIME   RECORD YEAR NORMAL DEPARTURE LAST
                VALUE   (LST)  VALUE       VALUE  FROM      YEAR
                                                  NORMAL
..................................................................
TEMPERATURE (F)
 YESTERDAY
  MAXIMUM         58    359 PM  73    2015  43     15       52
  MINIMUM         27    743 AM -14    1892  22      5       40
  AVERAGE         43                        32     11       46

PRECIPITATION (IN)
  YESTERDAY        0.00          1.08 1980   0.03  -0.03      T
  MONTH TO DATE    0.20                      0.46  -0.26     2.55
  SINCE DEC 1      0.23                      1.66  -1.43     3.21
  SINCE JAN 1      0.20                      0.46  -0.26     2.55

SNOWFALL (IN)
  YESTERDAY        0.0           2.4  1983   0.1   -0.1      0.0
  MONTH TO DATE    0.3                       2.0   -1.7       T
  SINCE DEC 1      0.3                       6.2   -5.9      2.0
  SINCE JUL 1      0.3                       7.6   -7.3      2.0
  SNOW DEPTH       0

DEGREE DAYS
 HEATING
  YESTERDAY       22                        33    -11       19
  MONTH TO DATE  689                       627     62      597
  SINCE DEC 1   1555                      1594    -39     1584
  SINCE JUL 1   2285                      2470   -185     2037

 COOLING
  YESTERDAY        0                         0      0        0
  MONTH TO DATE    0                         0      0        0
  SINCE DEC 1      0                         0      0        0
  SINCE JAN 1      0                         0      0        0
..................................................................


WIND (MPH)
  HIGHEST WIND SPEED    26   HIGHEST WIND DIRECTION     S (180)
  HIGHEST GUST SPEED    30   HIGHEST GUST DIRECTION     S (180)
  AVERAGE WIND SPEED    16.1


SKY COVER
  POSSIBLE SUNSHINE  MM
  AVERAGE SKY COVER 0.7


WEATHER CONDITIONS
 THE FOLLOWING WEATHER WAS RECORDED YESTERDAY.
  NO SIGNIFICANT WEATHER WAS OBSERVED.


RELATIVE HUMIDITY (PERCENT)
 HIGHEST    63           700 AM
 LOWEST     24           400 PM
 AVERAGE    44

..........................................................


THE WICHITA EISENHOWER NATIONAL CLIMATE NORMALS FOR TODAY
                         NORMAL    RECORD    YEAR
 MAXIMUM TEMPERATURE (F)   43        71      1906
 MINIMUM TEMPERATURE (F)   22       -12      1962


SUNRISE AND SUNSET
JANUARY 20 2018.......SUNRISE   741 AM CST   SUNSET   540 PM CST
JANUARY 21 2018.......SUNRISE   741 AM CST   SUNSET   541 PM CST


-  INDICATES NEGATIVE NUMBERS.
R  INDICATES RECORD WAS SET OR TIED.
MM INDICATES DATA IS MISSING.
T  INDICATES TRACE AMOUNT.




$$
