000
CDUS43 KICT 050621
CLIICT

CLIMATE REPORT
NATIONAL WEATHER SERVICE WICHITA KS
120 AM CDT WED AUG 5 2015


...................................

...THE WICHITA EISENHOWER NATIONAL CLIMATE SUMMARY FOR AUGUST 4 2015...

CLIMATE NORMAL PERIOD 1981 TO 2010
CLIMATE RECORD PERIOD 1888 TO 2015


WEATHER ITEM   OBSERVED TIME   RECORD YEAR NORMAL DEPARTURE LAST
                VALUE   (LST)  VALUE       VALUE  FROM      YEAR
                                                  NORMAL
..................................................................
TEMPERATURE (F)
 YESTERDAY
  MAXIMUM         83    438 PM 105    1930  92     -9       94
  MINIMUM         73    524 AM  51    1974  70      3       66
  AVERAGE         78                        81     -3       80

PRECIPITATION (IN)
  YESTERDAY        T             2.38 2013   0.11  -0.11     0.00
  MONTH TO DATE    T                         0.44  -0.44     0.00
  SINCE JUN 1      9.60                      8.96   0.64    13.53
  SINCE JAN 1     26.04                     20.82   5.22    19.60

SNOWFALL (IN)
  YESTERDAY        0.0           0.0  2007   0.0    0.0      0.0
  MONTH TO DATE    0.0                       0.0    0.0      0.0
  SINCE JUN 1      0.0                       0.0    0.0      0.0
  SINCE JUL 1      0.0                       0.0    0.0      0.0
  SNOW DEPTH       0

DEGREE DAYS
 HEATING
  YESTERDAY        0                         0      0        0
  MONTH TO DATE    0                         0      0        0
  SINCE JUN 1      0                         6     -6        1
  SINCE JUL 1      0                         0      0        1

 COOLING
  YESTERDAY       13                        16     -3       15
  MONTH TO DATE   62                        64     -2       54
  SINCE JUN 1   1064                       890    174      779
  SINCE JAN 1   1177                      1026    151     1046
..................................................................


WIND (MPH)
  HIGHEST WIND SPEED    21   HIGHEST WIND DIRECTION    SE (150)
  HIGHEST GUST SPEED    24   HIGHEST GUST DIRECTION     S (170)
  AVERAGE WIND SPEED     9.5


SKY COVER
  POSSIBLE SUNSHINE  MM
  AVERAGE SKY COVER 0.8


WEATHER CONDITIONS
 THE FOLLOWING WEATHER WAS RECORDED YESTERDAY.
  LIGHT RAIN


RELATIVE HUMIDITY (PERCENT)
 HIGHEST    87           700 AM
 LOWEST     58           400 PM
 AVERAGE    73

..........................................................


THE WICHITA EISENHOWER NATIONAL CLIMATE NORMALS FOR TODAY
                         NORMAL    RECORD    YEAR
 MAXIMUM TEMPERATURE (F)   92       106      1956
 MINIMUM TEMPERATURE (F)   70        55      1894


SUNRISE AND SUNSET
AUGUST  5 2015........SUNRISE   637 AM CDT   SUNSET   834 PM CDT
AUGUST  6 2015........SUNRISE   638 AM CDT   SUNSET   833 PM CDT


-  INDICATES NEGATIVE NUMBERS.
R  INDICATES RECORD WAS SET OR TIED.
MM INDICATES DATA IS MISSING.
T  INDICATES TRACE AMOUNT.




$$
