000
CDUS43 KICT 230703
CLIICT

CLIMATE REPORT
NATIONAL WEATHER SERVICE WICHITA KS
202 AM CDT THU OCT 23 2014

...................................

...THE WICHITA MID CONTINENT KS CLIMATE SUMMARY FOR OCTOBER 22 2014...

CLIMATE NORMAL PERIOD 1981 TO 2010
CLIMATE RECORD PERIOD 1888 TO 2014


WEATHER ITEM   OBSERVED TIME   RECORD YEAR NORMAL DEPARTURE LAST
                VALUE   (LST)  VALUE       VALUE  FROM      YEAR
                                                  NORMAL
..................................................................
TEMPERATURE (F)
 YESTERDAY
  MAXIMUM         80    220 PM  87    1899  68     12       71
  MINIMUM         57    630 AM  26    2006  45     12       42
  AVERAGE         69                        56     13       57

PRECIPITATION (IN)
  YESTERDAY        T             1.16 2000   0.09  -0.09     0.00
  MONTH TO DATE    1.38                      2.12  -0.74     1.01
  SINCE SEP 1      1.85                      5.26  -3.41     3.04
  SINCE JAN 1     23.83                     29.35  -5.52    37.21

SNOWFALL (IN)
  YESTERDAY        0.0           0.2  1996   0.0    0.0      0.0
  MONTH TO DATE    0.0                       0.0    0.0       T
  SINCE SEP 1      0.0                       0.0    0.0       T
  SINCE JUL 1      0.0                       0.0    0.0       T
  SNOW DEPTH       0

DEGREE DAYS
 HEATING
  YESTERDAY        0                         9     -9        8
  MONTH TO DATE   91                       143    -52      149
  SINCE SEP 1    111                       185    -74      153
  SINCE JUL 1    112                       186    -74      154

 COOLING
  YESTERDAY        4                         1      3        0
  MONTH TO DATE   52                        35     17       51
  SINCE SEP 1    327                       257     70      365
  SINCE JAN 1   1823                      1684    139     1778
..................................................................


WIND (MPH)
  HIGHEST WIND SPEED    29   HIGHEST WIND DIRECTION     S (170)
  HIGHEST GUST SPEED    36   HIGHEST GUST DIRECTION     S (170)
  AVERAGE WIND SPEED    12.1


SKY COVER
  POSSIBLE SUNSHINE  MM
  AVERAGE SKY COVER 0.5


WEATHER CONDITIONS
 THE FOLLOWING WEATHER WAS RECORDED YESTERDAY.
  LIGHT RAIN
  FOG
  HAZE


RELATIVE HUMIDITY (PERCENT)
 HIGHEST    93           600 AM
 LOWEST     42          1200 PM
 AVERAGE    68

..........................................................


THE WICHITA MID CONTINENT KS CLIMATE NORMALS FOR TODAY
                         NORMAL    RECORD    YEAR
 MAXIMUM TEMPERATURE (F)   67        91      2012
 MINIMUM TEMPERATURE (F)   45        25      1938
                                             1917


SUNRISE AND SUNSET
OCTOBER 23 2014.......SUNRISE   746 AM CDT   SUNSET   642 PM CDT
OCTOBER 24 2014.......SUNRISE   747 AM CDT   SUNSET   640 PM CDT


-  INDICATES NEGATIVE NUMBERS.
R  INDICATES RECORD WAS SET OR TIED.
MM INDICATES DATA IS MISSING.
T  INDICATES TRACE AMOUNT.

$$
