000
CDUS43 KICT 142304
CLIICT


CLIMATE REPORT
NATIONAL WEATHER SERVICE WICHITA KS
504 PM CST SUN FEB 14 2016


...................................

...THE WICHITA EISENHOWER NATIONAL CLIMATE SUMMARY FOR FEBRUARY 14 2016...
VALID TODAY AS OF 0500 PM LOCAL TIME.

CLIMATE NORMAL PERIOD 1981 TO 2010
CLIMATE RECORD PERIOD 1888 TO 2016


WEATHER ITEM   OBSERVED TIME   RECORD YEAR NORMAL DEPARTURE LAST
                VALUE   (LST)  VALUE       VALUE  FROM      YEAR
                                                  NORMAL
..................................................................
TEMPERATURE (F)
 TODAY
  MAXIMUM         55    404 PM  80    1954  48      7       61
  MINIMUM         24    743 AM  -4    1936  26     -2       26
  AVERAGE         40                        37      3       44

PRECIPITATION (IN)
  TODAY            0.00          0.68 1969   0.04  -0.04     0.00
  MONTH TO DATE    0.55                      0.54   0.01     0.03
  SINCE DEC 1      2.96                      2.57   0.39     2.43
  SINCE JAN 1      0.74                      1.37  -0.63     1.14

SNOWFALL (IN)
  TODAY            0.0           4.6  1969   0.1   -0.1      0.0
  MONTH TO DATE    0.0                       1.9   -1.9      0.1
  SINCE DEC 1      0.5                       9.7   -9.2      8.3
  SINCE JUL 1      0.8                      11.1  -10.3     10.1
  SNOW DEPTH       0

DEGREE DAYS
 HEATING
  TODAY           25                        28     -3       21
  MONTH TO DATE  366                       417    -51      387
  SINCE DEC 1   2048                      2401   -353     2161
  SINCE JUL 1   2617                      3277   -660     3041

 COOLING
  TODAY            0                         0      0        0
  MONTH TO DATE    0                         0      0        0
  SINCE DEC 1      0                         0      0        0
  SINCE JAN 1      0                         0      0        0
..................................................................


WIND (MPH)
  HIGHEST WIND SPEED    18   HIGHEST WIND DIRECTION     N (350)
  HIGHEST GUST SPEED    23   HIGHEST GUST DIRECTION     N (350)
  AVERAGE WIND SPEED     6.8


SKY COVER
  POSSIBLE SUNSHINE  MM
  AVERAGE SKY COVER 0.6


WEATHER CONDITIONS
 THE FOLLOWING WEATHER WAS RECORDED TODAY.
  NO SIGNIFICANT WEATHER WAS OBSERVED.


RELATIVE HUMIDITY (PERCENT)
 HIGHEST    55           600 AM
 LOWEST     35           200 PM
 AVERAGE    45

..........................................................


THE WICHITA EISENHOWER NATIONAL CLIMATE NORMALS FOR TOMORROW
                         NORMAL    RECORD    YEAR
 MAXIMUM TEMPERATURE (F)   48        72      1947
                                             1927
 MINIMUM TEMPERATURE (F)   26        -5      1936


SUNRISE AND SUNSET
FEBRUARY 14 2016......SUNRISE   721 AM CST   SUNSET   607 PM CST
FEBRUARY 15 2016......SUNRISE   720 AM CST   SUNSET   608 PM CST


-  INDICATES NEGATIVE NUMBERS.
R  INDICATES RECORD WAS SET OR TIED.
MM INDICATES DATA IS MISSING.
T  INDICATES TRACE AMOUNT.




$$
