000
CDUS45 KPIH 200742
CLIIDA


CLIMATE REPORT
NATIONAL WEATHER SERVICE POCATELLO ID
139 AM MDT WED AUG 20 2014


...................................

...THE IDAHO FALLS ID CLIMATE SUMMARY FOR AUGUST 19 2014...

CLIMATE NORMAL PERIOD 1981 TO 2010
CLIMATE RECORD PERIOD 1948 TO 2014


WEATHER ITEM   OBSERVED TIME   RECORD YEAR NORMAL DEPARTURE LAST
                VALUE   (LST)  VALUE       VALUE  FROM      YEAR
                                                  NORMAL
..................................................................
TEMPERATURE (F)
 YESTERDAY
  MAXIMUM         85    421 PM  97    1992  85      0       93
  MINIMUM         50    452 AM  37    1978  48      2       50
  AVERAGE         68                        67      1       72

PRECIPITATION (IN)
  YESTERDAY        0.15          0.31 1980   0.02   0.13     0.00
  MONTH TO DATE    1.69                      0.29   1.40     0.01
  SINCE OCT 1      6.94                      9.30  -2.36     5.13
  SINCE JAN 1      5.64                      6.73  -1.09     2.44

SNOWFALL (IN)
  YESTERDAY       MM
  MONTH TO DATE   MM
  SINCE JUN 1     MM
  SINCE JUL 1     MM
  SNOW DEPTH      MM

DEGREE DAYS
 HEATING
  YESTERDAY        0                         1     -1        0
  MONTH TO DATE    0                        11    -11        0
  SINCE JUN 1    130                       191    -61      100
  SINCE JUL 1      2                        38    -36        0

 COOLING
  YESTERDAY        3                         3      0        7
  MONTH TO DATE   75                        70      5       95
  SINCE JUN 1    277                       223     54      382
  SINCE JAN 1    278                       225     53      386
..................................................................


WIND (MPH)
  HIGHEST WIND SPEED    29   HIGHEST WIND DIRECTION     N (360)
  HIGHEST GUST SPEED    37   HIGHEST GUST DIRECTION     N (20)
  AVERAGE WIND SPEED     8.7


SKY COVER
  POSSIBLE SUNSHINE  MM
  AVERAGE SKY COVER 0.5


WEATHER CONDITIONS
 THE FOLLOWING WEATHER WAS RECORDED YESTERDAY.
  THUNDERSTORM
  RAIN
  LIGHT RAIN


RELATIVE HUMIDITY (PERCENT)
 HIGHEST    89           200 AM
 LOWEST     29           300 PM
 AVERAGE    59

..........................................................


THE IDAHO FALLS ID CLIMATE NORMALS FOR TODAY
                         NORMAL    RECORD    YEAR
 MAXIMUM TEMPERATURE (F)   85        94      2013
 MINIMUM TEMPERATURE (F)   48        34      1964


SUNRISE AND SUNSET
AUGUST 20 2014........SUNRISE   639 AM MDT   SUNSET   824 PM MDT
AUGUST 21 2014........SUNRISE   640 AM MDT   SUNSET   822 PM MDT


-  INDICATES NEGATIVE NUMBERS.
R  INDICATES RECORD WAS SET OR TIED.
MM INDICATES DATA IS MISSING.
T  INDICATES TRACE AMOUNT.




$$
