000
CDUS45 KPIH 250747
CLIIDA


CLIMATE REPORT
NATIONAL WEATHER SERVICE POCATELLO ID
1240 AM MST SUN JAN 25 2015


...................................

...THE IDAHO FALLS ID CLIMATE SUMMARY FOR JANUARY 24 2015...

CLIMATE NORMAL PERIOD 1981 TO 2010
CLIMATE RECORD PERIOD 1948 TO 2015


WEATHER ITEM   OBSERVED TIME   RECORD YEAR NORMAL DEPARTURE LAST
                VALUE   (LST)  VALUE       VALUE  FROM      YEAR
                                                  NORMAL
..................................................................
TEMPERATURE (F)
 YESTERDAY
  MAXIMUM         29    627 PM  46    1992  29      0       34
  MINIMUM         24   1046 AM -18    1949  12     12        9
  AVERAGE         27                        20      7       22

PRECIPITATION (IN)
  YESTERDAY        0.00          0.26 2009   0.01  -0.01     0.00
  MONTH TO DATE    0.22                      0.55  -0.33     0.19
  SINCE OCT 1      1.68                      3.12  -1.44     1.49
  SINCE JAN 1      0.22                      0.55  -0.33     0.19

SNOWFALL (IN)
  YESTERDAY       MM
  MONTH TO DATE   MM
  SINCE DEC 1     MM
  SINCE JUL 1     MM
  SNOW DEPTH      MM

DEGREE DAYS
 HEATING
  YESTERDAY       38                        45     -7       43
  MONTH TO DATE 1000                      1080    -80      974
  SINCE DEC 1   2121                      2450   -329     2515
  SINCE JUL 1   3810                      4353   -543     4239

 COOLING
  YESTERDAY        0                         0      0        0
  MONTH TO DATE    0                         0      0        0
  SINCE DEC 1      0                         0      0        0
  SINCE JAN 1      0                         0      0        0
..................................................................


WIND (MPH)
  HIGHEST WIND SPEED    10   HIGHEST WIND DIRECTION     N (10)
  HIGHEST GUST SPEED    15   HIGHEST GUST DIRECTION     N (350)
  AVERAGE WIND SPEED     4.6


SKY COVER
  POSSIBLE SUNSHINE  MM
  AVERAGE SKY COVER 1.0


WEATHER CONDITIONS
 THE FOLLOWING WEATHER WAS RECORDED YESTERDAY.
  FOG


RELATIVE HUMIDITY (PERCENT)
 HIGHEST   100           400 AM
 LOWEST     81           200 AM
 AVERAGE    91

..........................................................


THE IDAHO FALLS ID CLIMATE NORMALS FOR TODAY
                         NORMAL    RECORD    YEAR
 MAXIMUM TEMPERATURE (F)   29        53      1953
 MINIMUM TEMPERATURE (F)   12       -25      1949


SUNRISE AND SUNSET
JANUARY 25 2015.......SUNRISE   751 AM MST   SUNSET   530 PM MST
JANUARY 26 2015.......SUNRISE   751 AM MST   SUNSET   531 PM MST


-  INDICATES NEGATIVE NUMBERS.
R  INDICATES RECORD WAS SET OR TIED.
MM INDICATES DATA IS MISSING.
T  INDICATES TRACE AMOUNT.




$$
