000
CDUS45 KPIH 300733
CLIIDA


CLIMATE REPORT
NATIONAL WEATHER SERVICE POCATELLO ID
128 AM MDT SAT APR 30 2016


...................................

...THE IDAHO FALLS ID CLIMATE SUMMARY FOR APRIL 29 2016...

CLIMATE NORMAL PERIOD 1981 TO 2010
CLIMATE RECORD PERIOD 1948 TO 2016


WEATHER ITEM   OBSERVED TIME   RECORD YEAR NORMAL DEPARTURE LAST
                VALUE   (LST)  VALUE       VALUE  FROM      YEAR
                                                  NORMAL
..................................................................
TEMPERATURE (F)
 YESTERDAY
  MAXIMUM         55    256 PM  85    1992  62     -7       78
  MINIMUM         34   1109 PM  17    2011  34      0       36
  AVERAGE         45                        48     -3       57

PRECIPITATION (IN)
  YESTERDAY        0.02          0.50 1999   0.05  -0.03     0.00
  MONTH TO DATE    0.60                      1.09  -0.49     0.38
  SINCE OCT 1      5.59                      5.87  -0.28     2.36
  SINCE JAN 1      3.27                      3.30  -0.03     0.90

SNOWFALL (IN)
  YESTERDAY       MM
  MONTH TO DATE   MM
  SINCE MAR 1     MM
  SINCE JUL 1     MM
  SNOW DEPTH      MM

DEGREE DAYS
 HEATING
  YESTERDAY       20                        17      3        8
  MONTH TO DATE  477                       593   -116      567
  SINCE MAR 1   1272                      1495   -223     1259
  SINCE JUL 1   6854                      7297   -443     6077

 COOLING
  YESTERDAY        0                         0      0        0
  MONTH TO DATE    0                         0      0        0
  SINCE MAR 1      0                         0      0        0
  SINCE JAN 1      0                         0      0        0
..................................................................


WIND (MPH)
  HIGHEST WIND SPEED    22   HIGHEST WIND DIRECTION     S (180)
  HIGHEST GUST SPEED    26   HIGHEST GUST DIRECTION     S (170)
  AVERAGE WIND SPEED     6.2


SKY COVER
  POSSIBLE SUNSHINE  MM
  AVERAGE SKY COVER 0.7


WEATHER CONDITIONS
 THE FOLLOWING WEATHER WAS RECORDED YESTERDAY.
  LIGHT RAIN


RELATIVE HUMIDITY (PERCENT)
 HIGHEST    85          1000 PM
 LOWEST     43           300 PM
 AVERAGE    64

..........................................................


THE IDAHO FALLS ID CLIMATE NORMALS FOR TODAY
                         NORMAL    RECORD    YEAR
 MAXIMUM TEMPERATURE (F)   62        78      1977
 MINIMUM TEMPERATURE (F)   35        18      1967


SUNRISE AND SUNSET
APRIL 30 2016.........SUNRISE   622 AM MDT   SUNSET   830 PM MDT
MAY  1 2016...........SUNRISE   620 AM MDT   SUNSET   831 PM MDT


-  INDICATES NEGATIVE NUMBERS.
R  INDICATES RECORD WAS SET OR TIED.
MM INDICATES DATA IS MISSING.
T  INDICATES TRACE AMOUNT.




$$
