000
CDUS45 KPIH 202327
CLIIDA


CLIMATE REPORT
NATIONAL WEATHER SERVICE POCATELLO ID
425 PM MST SAT DEC 20 2014


...................................

...THE IDAHO FALLS ID CLIMATE SUMMARY FOR DECEMBER 20 2014...
VALID TODAY AS OF 0400 PM LOCAL TIME.

CLIMATE NORMAL PERIOD 1981 TO 2010
CLIMATE RECORD PERIOD 1948 TO 2014


WEATHER ITEM   OBSERVED TIME   RECORD YEAR NORMAL DEPARTURE LAST
                VALUE   (LST)  VALUE       VALUE  FROM      YEAR
                                                  NORMAL
..................................................................
TEMPERATURE (F)
 TODAY
  MAXIMUM         37    359 PM  44    1961  28      9       24
  MINIMUM         33   1100 AM -15    1983  11     22       13
  AVERAGE         35                        20     15       19

PRECIPITATION (IN)
  TODAY            0.04          0.40 1952   0.02   0.02     0.01
  MONTH TO DATE    0.27                      0.58  -0.31     0.10
  SINCE OCT 1      0.83                      2.28  -1.45     1.25
  SINCE JAN 1      9.66                     10.10  -0.44     6.27

SNOWFALL (IN)
  TODAY           MM
  MONTH TO DATE   MM
  SINCE DEC 1     MM
  SINCE JUL 1     MM
  SNOW DEPTH      MM

DEGREE DAYS
 HEATING
  TODAY           30                        45    -15       46
  MONTH TO DATE  608                       868   -260     1045
  SINCE DEC 1    608                       868   -260     1045
  SINCE JUL 1   2297                      2771   -474     2769

 COOLING
  TODAY            0                         0      0        0
  MONTH TO DATE    0                         0      0        0
  SINCE DEC 1      0                         0      0        0
  SINCE JAN 1    303                       264     39      510
..................................................................


WIND (MPH)
  HIGHEST WIND SPEED    15   HIGHEST WIND DIRECTION    SW (230)
  HIGHEST GUST SPEED    19   HIGHEST GUST DIRECTION    SW (220)
  AVERAGE WIND SPEED     8.3


SKY COVER
  POSSIBLE SUNSHINE  MM
  AVERAGE SKY COVER 1.0


WEATHER CONDITIONS
 THE FOLLOWING WEATHER WAS RECORDED TODAY.
  LIGHT SNOW
  FOG


RELATIVE HUMIDITY (PERCENT)
 HIGHEST   100           100 AM
 LOWEST     85           300 PM
 AVERAGE    93

..........................................................


THE IDAHO FALLS ID CLIMATE NORMALS FOR TOMORROW
                         NORMAL    RECORD    YEAR
 MAXIMUM TEMPERATURE (F)   28        50      1969
 MINIMUM TEMPERATURE (F)   11       -24      1983


SUNRISE AND SUNSET
DECEMBER 20 2014......SUNRISE   758 AM MST   SUNSET   454 PM MST
DECEMBER 21 2014......SUNRISE   758 AM MST   SUNSET   455 PM MST


-  INDICATES NEGATIVE NUMBERS.
R  INDICATES RECORD WAS SET OR TIED.
MM INDICATES DATA IS MISSING.
T  INDICATES TRACE AMOUNT.




$$
