506
CDUS45 KPIH 240729
CLIIDA


CLIMATE REPORT
NATIONAL WEATHER SERVICE POCATELLO ID
129 AM MDT MON APR 24 2017


...................................

...THE IDAHO FALLS ID CLIMATE SUMMARY FOR APRIL 23 2017...

CLIMATE NORMAL PERIOD 1981 TO 2010
CLIMATE RECORD PERIOD 1948 TO 2017


WEATHER ITEM   OBSERVED TIME   RECORD YEAR NORMAL DEPARTURE LAST
                VALUE   (LST)  VALUE       VALUE  FROM      YEAR
                                                  NORMAL
..................................................................
TEMPERATURE (F)
 YESTERDAY
  MAXIMUM         60    417 PM  86    2012  60      0       61
  MINIMUM         40    605 AM  13    1968  33      7       44
  AVERAGE         50                        46      4       53

PRECIPITATION (IN)
  YESTERDAY        T             0.31 2007   0.04  -0.04     0.05
  MONTH TO DATE    0.23                      0.80  -0.57     0.53
  SINCE OCT 1      6.99                      5.58   1.41     5.52
  SINCE JAN 1      2.71                      3.01  -0.30     3.20

SNOWFALL (IN)
  YESTERDAY       MM
  MONTH TO DATE   MM
  SINCE MAR 1     MM
  SINCE JUL 1     MM
  SNOW DEPTH      MM

DEGREE DAYS
 HEATING
  YESTERDAY       15                        18     -3       12
  MONTH TO DATE  482                       488     -6      365
  SINCE MAR 1   1216                      1390   -174     1160
  SINCE JUL 1   7013                      7192   -179     6742

 COOLING
  YESTERDAY        0                         0      0        0
  MONTH TO DATE    0                         0      0        0
  SINCE MAR 1      0                         0      0        0
  SINCE JAN 1      0                         0      0        0
..................................................................


WIND (MPH)
  HIGHEST WIND SPEED    28   HIGHEST WIND DIRECTION    SW (210)
  HIGHEST GUST SPEED    36   HIGHEST GUST DIRECTION     S (200)
  AVERAGE WIND SPEED     9.0


SKY COVER
  POSSIBLE SUNSHINE  MM
  AVERAGE SKY COVER 0.6


WEATHER CONDITIONS
 THE FOLLOWING WEATHER WAS RECORDED YESTERDAY.
  NO SIGNIFICANT WEATHER WAS OBSERVED.


RELATIVE HUMIDITY (PERCENT)
 HIGHEST    86           600 AM
 LOWEST     39           600 PM
 AVERAGE    63

..........................................................


THE IDAHO FALLS ID CLIMATE NORMALS FOR TODAY
                         NORMAL    RECORD    YEAR
 MAXIMUM TEMPERATURE (F)   61        81      1977
 MINIMUM TEMPERATURE (F)   33        19      2002
                                             1950


SUNRISE AND SUNSET
APRIL 24 2017.........SUNRISE   631 AM MDT   SUNSET   823 PM MDT
APRIL 25 2017.........SUNRISE   629 AM MDT   SUNSET   824 PM MDT


-  INDICATES NEGATIVE NUMBERS.
R  INDICATES RECORD WAS SET OR TIED.
MM INDICATES DATA IS MISSING.
T  INDICATES TRACE AMOUNT.




$$
