000
CDUS45 KPIH 290729
CLIIDA


CLIMATE REPORT
NATIONAL WEATHER SERVICE POCATELLO ID
128 AM MDT SUN MAY 29 2016


...................................

...THE IDAHO FALLS ID CLIMATE SUMMARY FOR MAY 28 2016...

CLIMATE NORMAL PERIOD 1981 TO 2010
CLIMATE RECORD PERIOD 1948 TO 2016


WEATHER ITEM   OBSERVED TIME   RECORD YEAR NORMAL DEPARTURE LAST
                VALUE   (LST)  VALUE       VALUE  FROM      YEAR
                                                  NORMAL
..................................................................
TEMPERATURE (F)
 YESTERDAY
  MAXIMUM         66    200 PM  94    2003  70     -4       65
  MINIMUM         40   1155 PM  30    1991  42     -2       47
  AVERAGE         53                        56     -3       56

PRECIPITATION (IN)
  YESTERDAY        0.00          0.57 1982   0.05  -0.05     0.26
  MONTH TO DATE    1.84                      1.35   0.49     4.02
  SINCE OCT 1      7.43                      7.27   0.16     6.41
  SINCE JAN 1      5.11                      4.70   0.41     4.95

SNOWFALL (IN)
  YESTERDAY       MM
  MONTH TO DATE   MM
  SINCE MAR 1     MM
  SINCE JUL 1     MM
  SNOW DEPTH      MM

DEGREE DAYS
 HEATING
  YESTERDAY       12                         9      3        9
  MONTH TO DATE  334                       352    -18      294
  SINCE MAR 1   1626                      1863   -237     1561
  SINCE JUL 1   7208                      7665   -457     6379

 COOLING
  YESTERDAY        0                         0      0        0
  MONTH TO DATE    0                         0      0        0
  SINCE MAR 1      0                         0      0        0
  SINCE JAN 1      0                         0      0        0
..................................................................


WIND (MPH)
  HIGHEST WIND SPEED    23   HIGHEST WIND DIRECTION    SW (210)
  HIGHEST GUST SPEED    31   HIGHEST GUST DIRECTION     S (200)
  AVERAGE WIND SPEED    11.9


SKY COVER
  POSSIBLE SUNSHINE  MM
  AVERAGE SKY COVER 0.1


WEATHER CONDITIONS
 THE FOLLOWING WEATHER WAS RECORDED YESTERDAY.
  NO SIGNIFICANT WEATHER WAS OBSERVED.


RELATIVE HUMIDITY (PERCENT)
 HIGHEST    70           100 AM
 LOWEST     24           200 PM
 AVERAGE    47

..........................................................


THE IDAHO FALLS ID CLIMATE NORMALS FOR TODAY
                         NORMAL    RECORD    YEAR
 MAXIMUM TEMPERATURE (F)   70        94      2003
 MINIMUM TEMPERATURE (F)   42        31      2007
                                             1979


SUNRISE AND SUNSET
MAY 29 2016...........SUNRISE   551 AM MDT   SUNSET   901 PM MDT
MAY 30 2016...........SUNRISE   551 AM MDT   SUNSET   901 PM MDT


-  INDICATES NEGATIVE NUMBERS.
R  INDICATES RECORD WAS SET OR TIED.
MM INDICATES DATA IS MISSING.
T  INDICATES TRACE AMOUNT.




$$
