000
CDUS45 KPIH 120732
CLIIDA


CLIMATE REPORT
NATIONAL WEATHER SERVICE POCATELLO ID
1230 AM MST TUE DEC 12 2017


...................................

...THE IDAHO FALLS ID CLIMATE SUMMARY FOR DECEMBER 11 2017...

CLIMATE NORMAL PERIOD 1981 TO 2010
CLIMATE RECORD PERIOD 1948 TO 2017


WEATHER ITEM   OBSERVED TIME   RECORD YEAR NORMAL DEPARTURE LAST
                VALUE   (LST)  VALUE       VALUE  FROM      YEAR
                                                  NORMAL
..................................................................
TEMPERATURE (F)
 YESTERDAY
  MAXIMUM         33    249 PM  58    2014  30      3       32
  MINIMUM          5    539 AM -26    1972  13     -8       23
  AVERAGE         19                        21     -2       28

PRECIPITATION (IN)
  YESTERDAY        0.00          0.35 1958   0.03  -0.03     0.00
  MONTH TO DATE    0.14                      0.34  -0.20     0.38
  SINCE OCT 1      1.75                      2.04  -0.29     3.33
  SINCE JAN 1     10.74                      9.86   0.88    10.55

SNOWFALL (IN)
  YESTERDAY       MM
  MONTH TO DATE   MM
  SINCE DEC 1     MM
  SINCE JUL 1     MM
  SNOW DEPTH      MM

DEGREE DAYS
 HEATING
  YESTERDAY       46                        44      2       37
  MONTH TO DATE  484                       465     19      474
  SINCE DEC 1    484                       465     19      474
  SINCE JUL 1   2308                      2368    -60     2092

 COOLING
  YESTERDAY        0                         0      0        0
  MONTH TO DATE    0                         0      0        0
  SINCE DEC 1      0                         0      0        0
  SINCE JAN 1    362                       264     98      260
..................................................................


WIND (MPH)
  HIGHEST WIND SPEED    10   HIGHEST WIND DIRECTION     N (360)
  HIGHEST GUST SPEED    13   HIGHEST GUST DIRECTION    NW (330)
  AVERAGE WIND SPEED     3.5


SKY COVER
  POSSIBLE SUNSHINE  MM
  AVERAGE SKY COVER 0.0


WEATHER CONDITIONS
 THE FOLLOWING WEATHER WAS RECORDED YESTERDAY.
  FOG
  FOG W/VISIBILITY <= 1/4 MILE


RELATIVE HUMIDITY (PERCENT)
 HIGHEST    92          1200 AM
 LOWEST     66           300 PM
 AVERAGE    79

..........................................................


THE IDAHO FALLS ID CLIMATE NORMALS FOR TODAY
                         NORMAL    RECORD    YEAR
 MAXIMUM TEMPERATURE (F)   29        58      2014
 MINIMUM TEMPERATURE (F)   12       -14      1967


SUNRISE AND SUNSET
DECEMBER 12 2017......SUNRISE   752 AM MST   SUNSET   452 PM MST
DECEMBER 13 2017......SUNRISE   753 AM MST   SUNSET   452 PM MST


-  INDICATES NEGATIVE NUMBERS.
R  INDICATES RECORD WAS SET OR TIED.
MM INDICATES DATA IS MISSING.
T  INDICATES TRACE AMOUNT.




$$
