000
CDUS45 KPIH 030736
CLIIDA


CLIMATE REPORT
NATIONAL WEATHER SERVICE POCATELLO ID
1235 AM MST TUE MAR 3 2015


...................................

...THE IDAHO FALLS ID CLIMATE SUMMARY FOR MARCH 2 2015...

CLIMATE NORMAL PERIOD 1981 TO 2010
CLIMATE RECORD PERIOD 1948 TO 2015


WEATHER ITEM   OBSERVED TIME   RECORD YEAR NORMAL DEPARTURE LAST
                VALUE   (LST)  VALUE       VALUE  FROM      YEAR
                                                  NORMAL
..................................................................
TEMPERATURE (F)
 YESTERDAY
  MAXIMUM         43    305 PM  60    1992  40      3       39
  MINIMUM         13    720 AM -16    1960  20     -7       16
  AVERAGE         28                        30     -2       28

PRECIPITATION (IN)
  YESTERDAY        0.00          0.65 1985   0.03  -0.03     0.07
  MONTH TO DATE    0.00                      0.06  -0.06     0.22
  SINCE OCT 1      1.91                      3.98  -2.07     2.41
  SINCE JAN 1      0.45                      1.41  -0.96     1.11

SNOWFALL (IN)
  YESTERDAY       MM
  MONTH TO DATE   MM
  SINCE MAR 1     MM
  SINCE JUL 1     MM
  SNOW DEPTH      MM

DEGREE DAYS
 HEATING
  YESTERDAY       37                        35      2       37
  MONTH TO DATE   75                        70      5       73
  SINCE MAR 1     75                        70      5       73
  SINCE JUL 1   4893                      5872   -979     5590

 COOLING
  YESTERDAY        0                         0      0        0
  MONTH TO DATE    0                         0      0        0
  SINCE MAR 1      0                         0      0        0
  SINCE JAN 1      0                         0      0        0
..................................................................


WIND (MPH)
  HIGHEST WIND SPEED    18   HIGHEST WIND DIRECTION     S (200)
  HIGHEST GUST SPEED    23   HIGHEST GUST DIRECTION     S (200)
  AVERAGE WIND SPEED     6.9


SKY COVER
  POSSIBLE SUNSHINE  MM
  AVERAGE SKY COVER 0.4


WEATHER CONDITIONS
 THE FOLLOWING WEATHER WAS RECORDED YESTERDAY.
  NO SIGNIFICANT WEATHER WAS OBSERVED.


RELATIVE HUMIDITY (PERCENT)
 HIGHEST    78           800 PM
 LOWEST     36           300 PM
 AVERAGE    57

..........................................................


THE IDAHO FALLS ID CLIMATE NORMALS FOR TODAY
                         NORMAL    RECORD    YEAR
 MAXIMUM TEMPERATURE (F)   41        64      1992
 MINIMUM TEMPERATURE (F)   21        -2      1964


SUNRISE AND SUNSET
MARCH  3 2015.........SUNRISE   702 AM MST   SUNSET   619 PM MST
MARCH  4 2015.........SUNRISE   700 AM MST   SUNSET   621 PM MST


-  INDICATES NEGATIVE NUMBERS.
R  INDICATES RECORD WAS SET OR TIED.
MM INDICATES DATA IS MISSING.
T  INDICATES TRACE AMOUNT.




$$
