000
CDUS45 KPIH 300738
CLIIDA


CLIMATE REPORT
NATIONAL WEATHER SERVICE POCATELLO ID
136 AM MDT TUE JUN 30 2015


...................................

...THE IDAHO FALLS ID CLIMATE SUMMARY FOR JUNE 29 2015...

CLIMATE NORMAL PERIOD 1981 TO 2010
CLIMATE RECORD PERIOD 1948 TO 2015


WEATHER ITEM   OBSERVED TIME   RECORD YEAR NORMAL DEPARTURE LAST
                VALUE   (LST)  VALUE       VALUE  FROM      YEAR
                                                  NORMAL
..................................................................
TEMPERATURE (F)
 YESTERDAY
  MAXIMUM        101R   327 PM  99    2013  82     19       81
  MINIMUM         57    536 AM  36    1954  48      9       39
  AVERAGE         79                        65     14       60

PRECIPITATION (IN)
  YESTERDAY        T             0.39 1959   0.01  -0.01     0.00
  MONTH TO DATE    0.13                      1.07  -0.94     0.41
  SINCE OCT 1      6.81                      8.49  -1.68     5.14
  SINCE JAN 1      5.35                      5.92  -0.57     3.84

SNOWFALL (IN)
  YESTERDAY       MM
  MONTH TO DATE   MM
  SINCE JUN 1     MM
  SINCE JUL 1     MM
  SNOW DEPTH      MM

DEGREE DAYS
 HEATING
  YESTERDAY        0                         2     -2        5
  MONTH TO DATE   46                       151   -105      122
  SINCE JUN 1     46                       151   -105      122
  SINCE JUL 1   6437                      7842  -1405     7332

 COOLING
  YESTERDAY       14                         2     12        0
  MONTH TO DATE   88                        26     62        9
  SINCE JUN 1     88                        26     62        9
  SINCE JAN 1     89                        28     61       10
..................................................................


WIND (MPH)
  HIGHEST WIND SPEED    28   HIGHEST WIND DIRECTION     N (340)
  HIGHEST GUST SPEED    34   HIGHEST GUST DIRECTION    NW (330)
  AVERAGE WIND SPEED     8.7


SKY COVER
  POSSIBLE SUNSHINE  MM
  AVERAGE SKY COVER 0.1


WEATHER CONDITIONS
 THE FOLLOWING WEATHER WAS RECORDED YESTERDAY.
  THUNDERSTORM
  SANDSTORM


RELATIVE HUMIDITY (PERCENT)
 HIGHEST    86           400 AM
 LOWEST     15           400 PM
 AVERAGE    51

..........................................................


THE IDAHO FALLS ID CLIMATE NORMALS FOR TODAY
                         NORMAL    RECORD    YEAR
 MAXIMUM TEMPERATURE (F)   82        97      2013
 MINIMUM TEMPERATURE (F)   48        34      1968


SUNRISE AND SUNSET
JUNE 30 2015..........SUNRISE   550 AM MDT   SUNSET   913 PM MDT
JULY  1 2015..........SUNRISE   551 AM MDT   SUNSET   913 PM MDT


-  INDICATES NEGATIVE NUMBERS.
R  INDICATES RECORD WAS SET OR TIED.
MM INDICATES DATA IS MISSING.
T  INDICATES TRACE AMOUNT.




$$
