000
CDUS43 KUNR 220833
CLIIEN


CLIMATE REPORT
NATIONAL WEATHER SERVICE RAPID CITY SD
232 AM MDT THU JUN 22 2017


...................................

...THE PINE RIDGE SD CLIMATE SUMMARY FOR JUNE 21 2017...

CLIMATE NORMAL PERIOD 1981 TO 2010
CLIMATE RECORD PERIOD 9999 TO 9999


WEATHER ITEM   OBSERVED TIME   NORMAL DEPARTURE LAST
                VALUE   (LST)  VALUE  FROM      YEAR
                                      NORMAL
......................................................
TEMPERATURE (F)
 YESTERDAY
  MAXIMUM         94    354 PM  82     12      102
  MINIMUM         58    343 AM  53      5       59
  AVERAGE         76            68      8       81

PRECIPITATION (IN)
  YESTERDAY        0.00          0.12  -0.12     0.00
  MONTH TO DATE    1.08          2.56  -1.48     1.39
  SINCE JUN 1      1.08          2.56  -1.48     1.39
  SINCE JAN 1     10.54          8.80   1.74     7.47

DEGREE DAYS
 HEATING
  YESTERDAY        0             2     -2        0
  MONTH TO DATE    6            75    -69       26
  SINCE JUN 1      6            75    -69       26
  SINCE JUL 1   6690          7202   -512     6507

 COOLING
  YESTERDAY       11             5      6       16
  MONTH TO DATE   81            60     21      155
  SINCE JUN 1     81            60     21      155
  SINCE JAN 1     97            77     20      163
......................................................


WIND (MPH)
  HIGHEST WIND SPEED    16   HIGHEST WIND DIRECTION     E (70)
  HIGHEST GUST SPEED    20   HIGHEST GUST DIRECTION     E (80)
  AVERAGE WIND SPEED     5.8


SKY COVER
  AVERAGE SKY COVER 0.0


WEATHER CONDITIONS
 THE FOLLOWING WEATHER WAS RECORDED YESTERDAY.
  NO SIGNIFICANT WEATHER WAS OBSERVED.


RELATIVE HUMIDITY (PERCENT)
 HIGHEST    81           900 PM
 LOWEST     28           200 PM
 AVERAGE    55

..........................................................




SUNRISE AND SUNSET
JUNE 22 2017..........SUNRISE   511 AM MDT   SUNSET   833 PM MDT
JUNE 23 2017..........SUNRISE   511 AM MDT   SUNSET   833 PM MDT


-  INDICATES NEGATIVE NUMBERS.
R  INDICATES RECORD WAS SET OR TIED.
MM INDICATES DATA IS MISSING.
T  INDICATES TRACE AMOUNT.




$$
