000
CDUS43 KUNR 300841
CLIIEN


CLIMATE REPORT
NATIONAL WEATHER SERVICE RAPID CITY SD
138 AM MST FRI JAN 30 2015


...................................

...THE PINE RIDGE SD CLIMATE SUMMARY FOR JANUARY 29 2015...

CLIMATE NORMAL PERIOD 1981 TO 2010
CLIMATE RECORD PERIOD 9999 TO 9999


WEATHER ITEM   OBSERVED TIME   NORMAL DEPARTURE LAST
                VALUE   (LST)  VALUE  FROM      YEAR
                                      NORMAL
......................................................
TEMPERATURE (F)
 YESTERDAY
  MAXIMUM         45    350 PM  38      7       52
  MINIMUM         19    622 AM  11      8        1
  AVERAGE         32            24      8       27

PRECIPITATION (IN)
  YESTERDAY        0.00          0.01  -0.01     0.02
  MONTH TO DATE    0.17          0.29  -0.12     0.08
  SINCE DEC 1      0.72          0.64   0.08     0.31
  SINCE JAN 1      0.17          0.29  -0.12     0.08

DEGREE DAYS
 HEATING
  YESTERDAY       33            41     -8       38
  MONTH TO DATE 1142          1204    -62     1112
  SINCE DEC 1   2328          2504   -176     2388
  SINCE JUL 1   4127          4194    -67     4103

 COOLING
  YESTERDAY        0             0      0        0
  MONTH TO DATE    0             0      0        0
  SINCE DEC 1      0             0      0        0
  SINCE JAN 1      0             0      0        0
......................................................


WIND (MPH)
  HIGHEST WIND SPEED    22   HIGHEST WIND DIRECTION     N (20)
  HIGHEST GUST SPEED    27   HIGHEST GUST DIRECTION     N (10)
  AVERAGE WIND SPEED     4.9


SKY COVER
  AVERAGE SKY COVER 0.0


WEATHER CONDITIONS
 THE FOLLOWING WEATHER WAS RECORDED YESTERDAY.
  FOG
  HAZE


RELATIVE HUMIDITY (PERCENT)
 HIGHEST    92           500 AM
 LOWEST     16           400 PM
 AVERAGE    54

..........................................................




SUNRISE AND SUNSET
JANUARY 30 2015.......SUNRISE   707 AM MST   SUNSET   500 PM MST
JANUARY 31 2015.......SUNRISE   706 AM MST   SUNSET   501 PM MST


-  INDICATES NEGATIVE NUMBERS.
R  INDICATES RECORD WAS SET OR TIED.
MM INDICATES DATA IS MISSING.
T  INDICATES TRACE AMOUNT.




$$
