000
CDUS43 KUNR 280832
CLIIEN


CLIMATE REPORT
NATIONAL WEATHER SERVICE RAPID CITY SD
232 AM MDT THU AUG 28 2014


...................................

...THE PINE RIDGE SD CLIMATE SUMMARY FOR AUGUST 27 2014...

CLIMATE NORMAL PERIOD 1981 TO 2010
CLIMATE RECORD PERIOD 9999 TO 9999


WEATHER ITEM   OBSERVED TIME   NORMAL DEPARTURE LAST
                VALUE   (LST)  VALUE  FROM      YEAR
                                      NORMAL
......................................................
TEMPERATURE (F)
 YESTERDAY
  MAXIMUM         77   1139 AM  86     -9      100
  MINIMUM         51   1207 AM  53     -2       60
  AVERAGE         64            69     -5       80

PRECIPITATION (IN)
  YESTERDAY        0.27          0.05   0.22     0.00
  MONTH TO DATE    3.30          1.66   1.64     2.30
  SINCE JUN 1     10.40          7.36   3.04     6.23
  SINCE JAN 1     18.00         13.60   4.40    13.99

DEGREE DAYS
 HEATING
  YESTERDAY        1             1      0        0
  MONTH TO DATE    7            15     -8        0
  SINCE JUN 1    143           114     29       80
  SINCE JUL 1     35            27      8        2

 COOLING
  YESTERDAY        0             6     -6       15
  MONTH TO DATE  157           221    -64      219
  SINCE JUN 1    390           612   -222      586
  SINCE JAN 1    415           629   -214      603
......................................................


WIND (MPH)
  HIGHEST WIND SPEED    18   HIGHEST WIND DIRECTION     N (10)
  HIGHEST GUST SPEED    22   HIGHEST GUST DIRECTION     N (10)
  AVERAGE WIND SPEED     8.1


SKY COVER
  AVERAGE SKY COVER 0.7


WEATHER CONDITIONS
 THE FOLLOWING WEATHER WAS RECORDED YESTERDAY.
  THUNDERSTORM
  HEAVY RAIN
  RAIN
  LIGHT RAIN
  FOG
  FOG W/VISIBILITY <= 1/4 MILE


RELATIVE HUMIDITY (PERCENT)
 HIGHEST   100          1200 AM
 LOWEST     60          1100 AM
 AVERAGE    80

..........................................................




SUNRISE AND SUNSET
AUGUST 28 2014........SUNRISE   610 AM MDT   SUNSET   732 PM MDT
AUGUST 29 2014........SUNRISE   611 AM MDT   SUNSET   730 PM MDT


-  INDICATES NEGATIVE NUMBERS.
R  INDICATES RECORD WAS SET OR TIED.
MM INDICATES DATA IS MISSING.
T  INDICATES TRACE AMOUNT.




$$
