000
CDUS43 KUNR 290832
CLIIEN


CLIMATE REPORT
NATIONAL WEATHER SERVICE RAPID CITY SD
231 AM MDT FRI JUL 29 2016


...................................

...THE PINE RIDGE SD CLIMATE SUMMARY FOR JULY 28 2016...

CLIMATE NORMAL PERIOD 1981 TO 2010
CLIMATE RECORD PERIOD 9999 TO 9999


WEATHER ITEM   OBSERVED TIME   NORMAL DEPARTURE LAST
                VALUE   (LST)  VALUE  FROM      YEAR
                                      NORMAL
......................................................
TEMPERATURE (F)
 YESTERDAY
  MAXIMUM         80    355 PM  91    -11       81
  MINIMUM         58   1159 PM  59     -1       45
  AVERAGE         69            75     -6       63

PRECIPITATION (IN)
  YESTERDAY        0.08          0.08   0.00     0.00
  MONTH TO DATE    2.49          1.99   0.50     2.64
  SINCE JUN 1      3.99          5.42  -1.43     6.41
  SINCE JAN 1     10.07         11.66  -1.59    16.09

DEGREE DAYS
 HEATING
  YESTERDAY        0             0      0        2
  MONTH TO DATE    2             4     -2        5
  SINCE JUN 1     28            91    -63       15
  SINCE JUL 1      2             4     -2        5

 COOLING
  YESTERDAY        4            10     -6        0
  MONTH TO DATE  265           249     16      185
  SINCE JUN 1    482           359    123      306
  SINCE JAN 1    490           376    114      306
......................................................


WIND (MPH)
  HIGHEST WIND SPEED    30   HIGHEST WIND DIRECTION     S (170)
  HIGHEST GUST SPEED    43   HIGHEST GUST DIRECTION     S (170)
  AVERAGE WIND SPEED     8.0


SKY COVER
  AVERAGE SKY COVER 0.3


WEATHER CONDITIONS
 THE FOLLOWING WEATHER WAS RECORDED YESTERDAY.
  THUNDERSTORM
  RAIN
  LIGHT RAIN


RELATIVE HUMIDITY (PERCENT)
 HIGHEST   100           200 AM
 LOWEST     47           200 PM
 AVERAGE    74

..........................................................




SUNRISE AND SUNSET
JULY 29 2016..........SUNRISE   538 AM MDT   SUNSET   814 PM MDT
JULY 30 2016..........SUNRISE   539 AM MDT   SUNSET   813 PM MDT


-  INDICATES NEGATIVE NUMBERS.
R  INDICATES RECORD WAS SET OR TIED.
MM INDICATES DATA IS MISSING.
T  INDICATES TRACE AMOUNT.




$$
