000
CDUS43 KUNR 010853
CLIIEN


CLIMATE REPORT
NATIONAL WEATHER SERVICE RAPID CITY SD
151 AM MST WED MAR 1 2017


...................................

...THE PINE RIDGE SD CLIMATE SUMMARY FOR FEBRUARY 28 2017...

CLIMATE NORMAL PERIOD 1981 TO 2010
CLIMATE RECORD PERIOD 9999 TO 9999


WEATHER ITEM   OBSERVED TIME   NORMAL DEPARTURE LAST
                VALUE   (LST)  VALUE  FROM      YEAR
                                      NORMAL
......................................................
TEMPERATURE (F)
 YESTERDAY
  MAXIMUM         33    415 PM  44    -11       56
  MINIMUM         13   1150 PM  17     -4       36
  AVERAGE         23            30     -7       46

PRECIPITATION (IN)
  YESTERDAY        0.00          0.02  -0.02     0.01
  MONTH TO DATE    0.73          0.47   0.26     0.29
  SINCE DEC 1      1.97          1.14   0.83     1.52
  SINCE JAN 1      1.14          0.79   0.35     0.50

DEGREE DAYS
 HEATING
  YESTERDAY       42            35      7       19
  MONTH TO DATE  966          1074   -108      814
  SINCE DEC 1   3993          3660    333     3357
  SINCE JUL 1   5166          5350   -184     4845

 COOLING
  YESTERDAY        0             0      0        0
  MONTH TO DATE    0             0      0        0
  SINCE DEC 1      0             0      0        0
  SINCE JAN 1      0             0      0        0
......................................................


WIND (MPH)
  HIGHEST WIND SPEED    20   HIGHEST WIND DIRECTION     W (270)
  HIGHEST GUST SPEED    24   HIGHEST GUST DIRECTION     W (280)
  AVERAGE WIND SPEED     6.9


SKY COVER
  AVERAGE SKY COVER 0.4


WEATHER CONDITIONS
 THE FOLLOWING WEATHER WAS RECORDED YESTERDAY.
  FOG


RELATIVE HUMIDITY (PERCENT)
 HIGHEST   100          1200 AM
 LOWEST     60           800 AM
 AVERAGE    80

..........................................................




SUNRISE AND SUNSET
MARCH  1 2017.........SUNRISE   626 AM MST   SUNSET   540 PM MST
MARCH  2 2017.........SUNRISE   624 AM MST   SUNSET   541 PM MST


-  INDICATES NEGATIVE NUMBERS.
R  INDICATES RECORD WAS SET OR TIED.
MM INDICATES DATA IS MISSING.
T  INDICATES TRACE AMOUNT.




$$
