000
CDUS43 KUNR 300831
CLIIEN


CLIMATE REPORT
NATIONAL WEATHER SERVICE RAPID CITY SD
231 AM MDT THU JUL 30 2015


...................................

...THE PINE RIDGE SD CLIMATE SUMMARY FOR JULY 29 2015...

CLIMATE NORMAL PERIOD 1981 TO 2010
CLIMATE RECORD PERIOD 9999 TO 9999


WEATHER ITEM   OBSERVED TIME   NORMAL DEPARTURE LAST
                VALUE   (LST)  VALUE  FROM      YEAR
                                      NORMAL
......................................................
TEMPERATURE (F)
 YESTERDAY
  MAXIMUM         84    500 PM  91     -7       72
  MINIMUM         39    404 AM  59    -20       51
  AVERAGE         62            75    -13       62

PRECIPITATION (IN)
  YESTERDAY        0.00          0.09  -0.09      T
  MONTH TO DATE    2.64          2.08   0.56     2.56
  SINCE JUN 1      6.41          5.51   0.90     7.10
  SINCE JAN 1     16.09         11.75   4.34    14.70

DEGREE DAYS
 HEATING
  YESTERDAY        3             0      3        3
  MONTH TO DATE    8             4      4       28
  SINCE JUN 1     18            91    -73      136
  SINCE JUL 1      8             4      4       28

 COOLING
  YESTERDAY        0            10    -10        0
  MONTH TO DATE  185           259    -74      174
  SINCE JUN 1    306           369    -63      231
  SINCE JAN 1    306           386    -80      256
......................................................


WIND (MPH)
  HIGHEST WIND SPEED    13   HIGHEST WIND DIRECTION    SW (220)
  HIGHEST GUST SPEED    19   HIGHEST GUST DIRECTION     W (250)
  AVERAGE WIND SPEED     3.8


SKY COVER
  AVERAGE SKY COVER 0.0


WEATHER CONDITIONS
 THE FOLLOWING WEATHER WAS RECORDED YESTERDAY.
  NO SIGNIFICANT WEATHER WAS OBSERVED.


RELATIVE HUMIDITY (PERCENT)
 HIGHEST    89           200 AM
 LOWEST     25          1100 AM
 AVERAGE    57

..........................................................




SUNRISE AND SUNSET
JULY 30 2015..........SUNRISE   539 AM MDT   SUNSET   814 PM MDT
JULY 31 2015..........SUNRISE   540 AM MDT   SUNSET   813 PM MDT


-  INDICATES NEGATIVE NUMBERS.
R  INDICATES RECORD WAS SET OR TIED.
MM INDICATES DATA IS MISSING.
T  INDICATES TRACE AMOUNT.




$$
