000
CDUS43 KUNR 230843
CLIIEN


CLIMATE REPORT
NATIONAL WEATHER SERVICE RAPID CITY SD
239 AM MDT SAT MAY 23 2015


...................................

...THE PINE RIDGE SD CLIMATE SUMMARY FOR MAY 22 2015...

CLIMATE NORMAL PERIOD 1981 TO 2010
CLIMATE RECORD PERIOD 9999 TO 9999


WEATHER ITEM   OBSERVED TIME   NORMAL DEPARTURE LAST
                VALUE   (LST)  VALUE  FROM      YEAR
                                      NORMAL
......................................................
TEMPERATURE (F)
 YESTERDAY
  MAXIMUM         58   1140 AM  72    -14       78
  MINIMUM         47   1159 PM  44      3       49
  AVERAGE         53            58     -5       64

PRECIPITATION (IN)
  YESTERDAY        0.00          0.08  -0.08     0.00
  MONTH TO DATE    5.94          1.80   4.14     2.69
  SINCE MAR 1      8.00          4.58   3.42     6.19
  SINCE JAN 1      8.46          5.37   3.09     6.46

DEGREE DAYS
 HEATING
  YESTERDAY       12             8      4        1
  MONTH TO DATE  328           246     82      322
  SINCE MAR 1   1588          1716   -128     1877
  SINCE JUL 1   6798          7066   -268     7359

 COOLING
  YESTERDAY        0             1     -1        0
  MONTH TO DATE    0             5     -5        0
  SINCE MAR 1      0             5     -5        1
  SINCE JAN 1      0             5     -5        1
......................................................


WIND (MPH)
  HIGHEST WIND SPEED    24   HIGHEST WIND DIRECTION    SE (150)
  HIGHEST GUST SPEED    30   HIGHEST GUST DIRECTION    SE (150)
  AVERAGE WIND SPEED    13.0


SKY COVER
  AVERAGE SKY COVER 1.0


WEATHER CONDITIONS
 THE FOLLOWING WEATHER WAS RECORDED YESTERDAY.
  NO SIGNIFICANT WEATHER WAS OBSERVED.


RELATIVE HUMIDITY (PERCENT)
 HIGHEST    86           800 PM
 LOWEST     47          1000 AM
 AVERAGE    67

..........................................................




SUNRISE AND SUNSET
MAY 23 2015...........SUNRISE   520 AM MDT   SUNSET   815 PM MDT
MAY 24 2015...........SUNRISE   519 AM MDT   SUNSET   816 PM MDT


-  INDICATES NEGATIVE NUMBERS.
R  INDICATES RECORD WAS SET OR TIED.
MM INDICATES DATA IS MISSING.
T  INDICATES TRACE AMOUNT.




$$
