254
CDUS43 KUNR 230848
CLIIEN


CLIMATE REPORT
NATIONAL WEATHER SERVICE RAPID CITY SD
245 AM MDT MON MAY 23 2016


...................................

...THE PINE RIDGE SD CLIMATE SUMMARY FOR MAY 22 2016...

CLIMATE NORMAL PERIOD 1981 TO 2010
CLIMATE RECORD PERIOD 9999 TO 9999


WEATHER ITEM   OBSERVED TIME   NORMAL DEPARTURE LAST
                VALUE   (LST)  VALUE  FROM      YEAR
                                      NORMAL
......................................................
TEMPERATURE (F)
 YESTERDAY
  MAXIMUM         79    304 PM  72      7       58
  MINIMUM         51   1159 PM  44      7       47
  AVERAGE         65            58      7       53

PRECIPITATION (IN)
  YESTERDAY        T             0.08  -0.08     0.00
  MONTH TO DATE    0.44          1.80  -1.36     5.94
  SINCE MAR 1      5.29          4.58   0.71     8.00
  SINCE JAN 1      5.79          5.37   0.42     8.46

DEGREE DAYS
 HEATING
  YESTERDAY        0             8     -8       12
  MONTH TO DATE  283           246     37      328
  SINCE MAR 1   1546          1716   -170     1588
  SINCE JUL 1   6415          7066   -651     6798

 COOLING
  YESTERDAY        0             1     -1        0
  MONTH TO DATE    6             5      1        0
  SINCE MAR 1      7             5      2        0
  SINCE JAN 1      7             5      2        0
......................................................


WIND (MPH)
  HIGHEST WIND SPEED    37   HIGHEST WIND DIRECTION     W (290)
  HIGHEST GUST SPEED    49   HIGHEST GUST DIRECTION     W (290)
  AVERAGE WIND SPEED    11.9


SKY COVER
  AVERAGE SKY COVER 0.5


WEATHER CONDITIONS
 THE FOLLOWING WEATHER WAS RECORDED YESTERDAY.
  THUNDERSTORM
  LIGHT RAIN


RELATIVE HUMIDITY (PERCENT)
 HIGHEST    78          1200 AM
 LOWEST     27           500 PM
 AVERAGE    53

..........................................................




SUNRISE AND SUNSET
MAY 23 2016...........SUNRISE   519 AM MDT   SUNSET   815 PM MDT
MAY 24 2016...........SUNRISE   518 AM MDT   SUNSET   816 PM MDT


-  INDICATES NEGATIVE NUMBERS.
R  INDICATES RECORD WAS SET OR TIED.
MM INDICATES DATA IS MISSING.
T  INDICATES TRACE AMOUNT.




$$
