000
CDUS43 KUNR 230848
CLIIEN


CLIMATE REPORT
NATIONAL WEATHER SERVICE RAPID CITY SD
148 AM MST SUN NOV 23 2014


...................................

...THE PINE RIDGE SD CLIMATE SUMMARY FOR NOVEMBER 22 2014...

CLIMATE NORMAL PERIOD 1981 TO 2010
CLIMATE RECORD PERIOD 9999 TO 9999


WEATHER ITEM   OBSERVED TIME   NORMAL DEPARTURE LAST
                VALUE   (LST)  VALUE  FROM      YEAR
                                      NORMAL
......................................................
TEMPERATURE (F)
 YESTERDAY
  MAXIMUM         54   1200 PM  44     10       29
  MINIMUM         15    325 AM  17     -2       -3
  AVERAGE         35            30      5       13

PRECIPITATION (IN)
  YESTERDAY        0.00          0.01  -0.01     0.00
  MONTH TO DATE    0.66          0.49   0.17     0.83
  SINCE SEP 1      3.83          3.30   0.53     5.69
  SINCE JAN 1     22.06         17.09   4.97    19.96

DEGREE DAYS
 HEATING
  YESTERDAY       30            35     -5       52
  MONTH TO DATE  839           641    198      661
  SINCE SEP 1   1484          1359    125     1436
  SINCE JUL 1   1528          1396    132     1438

 COOLING
  YESTERDAY        0             0      0        0
  MONTH TO DATE    0             0      0        0
  SINCE SEP 1     64            69     -5      152
  SINCE JAN 1    482           717   -235      804
......................................................


WIND (MPH)
  HIGHEST WIND SPEED    20   HIGHEST WIND DIRECTION     S (190)
  HIGHEST GUST SPEED    25   HIGHEST GUST DIRECTION     S (190)
  AVERAGE WIND SPEED     7.3


SKY COVER
  AVERAGE SKY COVER 0.2


WEATHER CONDITIONS
 THE FOLLOWING WEATHER WAS RECORDED YESTERDAY.
  NO SIGNIFICANT WEATHER WAS OBSERVED.


RELATIVE HUMIDITY (PERCENT)
 HIGHEST    92          1200 AM
 LOWEST     38          1200 PM
 AVERAGE    65

..........................................................




SUNRISE AND SUNSET
NOVEMBER 23 2014......SUNRISE   652 AM MST   SUNSET   420 PM MST
NOVEMBER 24 2014......SUNRISE   654 AM MST   SUNSET   420 PM MST


-  INDICATES NEGATIVE NUMBERS.
R  INDICATES RECORD WAS SET OR TIED.
MM INDICATES DATA IS MISSING.
T  INDICATES TRACE AMOUNT.




$$
