000
CDUS43 KUNR 190832
CLIIEN


CLIMATE REPORT
NATIONAL WEATHER SERVICE RAPID CITY SD
231 AM MDT SAT AUG 19 2017


...................................

...THE PINE RIDGE SD CLIMATE SUMMARY FOR AUGUST 18 2017...

CLIMATE NORMAL PERIOD 1981 TO 2010
CLIMATE RECORD PERIOD 9999 TO 9999


WEATHER ITEM   OBSERVED TIME   NORMAL DEPARTURE LAST
                VALUE   (LST)  VALUE  FROM      YEAR
                                      NORMAL
......................................................
TEMPERATURE (F)
 YESTERDAY
  MAXIMUM         89    307 PM  88      1       86
  MINIMUM         52    349 AM  56     -4       54
  AVERAGE         71            72     -1       70

PRECIPITATION (IN)
  YESTERDAY        0.00          0.06  -0.06     0.00
  MONTH TO DATE    1.05          1.19  -0.14     1.85
  SINCE JUN 1      3.65          6.89  -3.24     5.92
  SINCE JAN 1     13.11         13.13  -0.02    12.00

DEGREE DAYS
 HEATING
  YESTERDAY        0             1     -1        0
  MONTH TO DATE   11             6      5        0
  SINCE JUN 1     46           105    -59       28
  SINCE JUL 1     11            18     -7        2

 COOLING
  YESTERDAY        6             8     -2        5
  MONTH TO DATE   61           163   -102      149
  SINCE JUN 1    547           554     -7      658
  SINCE JAN 1    563           571     -8      666
......................................................


WIND (MPH)
  HIGHEST WIND SPEED    20   HIGHEST WIND DIRECTION     S (160)
  HIGHEST GUST SPEED    30   HIGHEST GUST DIRECTION    SE (150)
  AVERAGE WIND SPEED     6.5


SKY COVER
  AVERAGE SKY COVER 0.0


WEATHER CONDITIONS
 THE FOLLOWING WEATHER WAS RECORDED YESTERDAY.
  NO SIGNIFICANT WEATHER WAS OBSERVED.


RELATIVE HUMIDITY (PERCENT)
 HIGHEST   100          1200 AM
 LOWEST     22           300 PM
 AVERAGE    61

..........................................................




SUNRISE AND SUNSET
AUGUST 19 2017........SUNRISE   601 AM MDT   SUNSET   746 PM MDT
AUGUST 20 2017........SUNRISE   602 AM MDT   SUNSET   744 PM MDT


-  INDICATES NEGATIVE NUMBERS.
R  INDICATES RECORD WAS SET OR TIED.
MM INDICATES DATA IS MISSING.
T  INDICATES TRACE AMOUNT.




$$
