000
CDUS45 KVEF 280030
CLIIGM


CLIMATE REPORT
NATIONAL WEATHER SERVICE LAS VEGAS, NV
530 PM PDT THU JUL 27 2017


...................................

...THE KINGMAN AZ CLIMATE SUMMARY FOR JULY 27 2017...
VALID TODAY AS OF 0500 PM LOCAL TIME.

CLIMATE NORMAL PERIOD 1981 TO 2010
CLIMATE RECORD PERIOD 1901 TO 2017


WEATHER ITEM   OBSERVED TIME   RECORD YEAR NORMAL DEPARTURE LAST
                VALUE   (LST)  VALUE       VALUE  FROM      YEAR
                                                  NORMAL
..................................................................
TEMPERATURE (F)
 TODAY
  MAXIMUM        100    459 PM 108    1934  97      3      107
  MINIMUM         70    544 AM  49    1907  71     -1       78
  AVERAGE         85                        84      1       93

PRECIPITATION (IN)
  TODAY            0.00          1.10 2013   0.03  -0.03      T
  MONTH TO DATE    2.06                      0.64   1.42     0.32
  SINCE OCT 1      8.51                      6.29   2.22     5.48
  SINCE JAN 1      4.95                      4.19   0.76     3.96

DEGREE DAYS
 HEATING
  TODAY            0                         0      0        0
  MONTH TO DATE    0                         0      0        0
  SINCE JUN 1      0                         3     -3        0
  SINCE JUL 1      0                         0      0        0

 COOLING
  TODAY           20                        19      1       28
  MONTH TO DATE  566                       499     67      571
  SINCE JUN 1   1081                       884    197     1133
  SINCE JAN 1   1241                      1082    159     1273
..................................................................


WIND (MPH)
  RESULTANT WIND SPEED   0   RESULTANT WIND DIRECTION  SW (230)
  HIGHEST WIND SPEED    15   HIGHEST WIND DIRECTION     W (270)
  HIGHEST GUST SPEED    21   HIGHEST GUST DIRECTION     W (260)
  AVERAGE WIND SPEED     2.5


SKY COVER
  POSSIBLE SUNSHINE  MM
  AVERAGE SKY COVER 0.0


WEATHER CONDITIONS
 THE FOLLOWING WEATHER WAS RECORDED TODAY.
  NO SIGNIFICANT WEATHER WAS OBSERVED.


RELATIVE HUMIDITY (PERCENT)
 HIGHEST    87           100 AM
 LOWEST     17           400 PM
 AVERAGE    52

..........................................................


THE KINGMAN AZ CLIMATE NORMALS FOR TOMORROW
                         NORMAL    RECORD    YEAR
 MAXIMUM TEMPERATURE (F)   97       108      2016
 MINIMUM TEMPERATURE (F)   71        54      1907


SUNRISE AND SUNSET
JULY 27 2017..........SUNRISE   541 AM MST   SUNSET   743 PM MST
JULY 28 2017..........SUNRISE   542 AM MST   SUNSET   742 PM MST


-  INDICATES NEGATIVE NUMBERS.
R  INDICATES RECORD WAS SET OR TIED.
MM INDICATES DATA IS MISSING.
T  INDICATES TRACE AMOUNT.




$$
