000
CDUS45 KVEF 280826
CLIIGM


CLIMATE REPORT
NATIONAL WEATHER SERVICE LAS VEGAS, NV
125 AM PDT SUN MAY 28 2017


...................................

...THE KINGMAN AZ CLIMATE SUMMARY FOR MAY 27 2017...

CLIMATE NORMAL PERIOD 1981 TO 2010
CLIMATE RECORD PERIOD 1901 TO 2017


WEATHER ITEM   OBSERVED TIME   RECORD YEAR NORMAL DEPARTURE LAST
                VALUE   (LST)  VALUE       VALUE  FROM      YEAR
                                                  NORMAL
..................................................................
TEMPERATURE (F)
 YESTERDAY
  MAXIMUM         87    506 PM 105    2003  88     -1       85
  MINIMUM         51    416 AM  36    1942  56     -5       51
  AVERAGE         69                        72     -3       68

PRECIPITATION (IN)
  YESTERDAY        0.00          0.28 1907   0.00   0.00     0.00
  MONTH TO DATE    0.19                      0.12   0.07     0.38
  SINCE OCT 1      6.45                      5.55   0.90     4.61
  SINCE JAN 1      2.89                      3.45  -0.56     3.09

DEGREE DAYS
 HEATING
  YESTERDAY        0                         1     -1        0
  MONTH TO DATE   85                        52     33       47
  SINCE MAR 1    494                       685   -191      476
  SINCE JUL 1   2491                      3098   -607     2828

 COOLING
  YESTERDAY        4                         8     -4        3
  MONTH TO DATE  104                       135    -31       86
  SINCE MAR 1    119                       166    -47      106
  SINCE JAN 1    119                       166    -47      106
..................................................................


WIND (MPH)
  RESULTANT WIND SPEED   4   RESULTANT WIND DIRECTION   S (190)
  HIGHEST WIND SPEED    15   HIGHEST WIND DIRECTION    SW (240)
  HIGHEST GUST SPEED    22   HIGHEST GUST DIRECTION    SW (230)
  AVERAGE WIND SPEED     7.8


SKY COVER
  POSSIBLE SUNSHINE  MM
  AVERAGE SKY COVER 0.0


WEATHER CONDITIONS
 THE FOLLOWING WEATHER WAS RECORDED YESTERDAY.
  NO SIGNIFICANT WEATHER WAS OBSERVED.


RELATIVE HUMIDITY (PERCENT)
 HIGHEST    35           400 AM
 LOWEST     11           400 PM
 AVERAGE    23

..........................................................


THE KINGMAN AZ CLIMATE NORMALS FOR TODAY
                         NORMAL    RECORD    YEAR
 MAXIMUM TEMPERATURE (F)   89       104      2003
 MINIMUM TEMPERATURE (F)   56        35      1918


SUNRISE AND SUNSET
MAY 28 2017...........SUNRISE   524 AM MST   SUNSET   743 PM MST
MAY 29 2017...........SUNRISE   523 AM MST   SUNSET   744 PM MST


-  INDICATES NEGATIVE NUMBERS.
R  INDICATES RECORD WAS SET OR TIED.
MM INDICATES DATA IS MISSING.
T  INDICATES TRACE AMOUNT.




$$
