000
CDUS45 KIGM 180828
CLIIGM


CLIMATE REPORT
NATIONAL WEATHER SERVICE LAS VEGAS, NV
128 AM PDT THU SEP 18 2014


...................................

...THE KINGMAN AZ CLIMATE SUMMARY FOR SEPTEMBER 17 2014...

CLIMATE NORMAL PERIOD 1981 TO 2010
CLIMATE RECORD PERIOD 1901 TO 2014


WEATHER ITEM   OBSERVED TIME   RECORD YEAR NORMAL DEPARTURE LAST
                VALUE   (LST)  VALUE       VALUE  FROM      YEAR
                                                  NORMAL
..................................................................
TEMPERATURE (F)
 YESTERDAY
  MAXIMUM         85    522 PM 107    1922  90     -5       93
  MINIMUM         63    631 AM  41    1908  61      2       64
  AVERAGE         74                        75     -1       79

PRECIPITATION (IN)
  YESTERDAY        T             1.32 1940   0.04  -0.04     0.00
  MONTH TO DATE    1.52                      0.75   0.77     1.80
  SINCE OCT 1      6.49                      8.12  -1.63     7.01
  SINCE JAN 1      5.61                      6.02  -0.41     5.84

DEGREE DAYS
 HEATING
  YESTERDAY        0                         0      0        0
  MONTH TO DATE    0                         0      0        0
  SINCE SEP 1      0                         0      0        0
  SINCE JUL 1      0                         0      0        0

 COOLING
  YESTERDAY        9                        11     -2       14
  MONTH TO DATE  231                       223      8      186
  SINCE SEP 1    231                       223      8      186
  SINCE JAN 1   1913                      1924    -11     2060
..................................................................


WIND (MPH)
  RESULTANT WIND SPEED   4   RESULTANT WIND DIRECTION  SE (130)
  HIGHEST WIND SPEED    15   HIGHEST WIND DIRECTION    SE (130)
  HIGHEST GUST SPEED    17   HIGHEST GUST DIRECTION    SE (120)
  AVERAGE WIND SPEED     4.5


SKY COVER
  POSSIBLE SUNSHINE  MM
  AVERAGE SKY COVER 0.2


WEATHER CONDITIONS
 THE FOLLOWING WEATHER WAS RECORDED YESTERDAY.
  LIGHT RAIN


RELATIVE HUMIDITY (PERCENT)
 HIGHEST    84           600 AM
 LOWEST     40           600 PM
 AVERAGE    62

..........................................................


THE KINGMAN AZ CLIMATE NORMALS FOR TODAY
                         NORMAL    RECORD    YEAR
 MAXIMUM TEMPERATURE (F)   89       105      1922
 MINIMUM TEMPERATURE (F)   61        42      1908


SUNRISE AND SUNSET
SEPTEMBER 18 2014.....SUNRISE   621 AM MST   SUNSET   638 PM MST
SEPTEMBER 19 2014.....SUNRISE   622 AM MST   SUNSET   637 PM MST


-  INDICATES NEGATIVE NUMBERS.
R  INDICATES RECORD WAS SET OR TIED.
MM INDICATES DATA IS MISSING.
T  INDICATES TRACE AMOUNT.




$$
