000
CDUS41 KPHI 300627
CLIILG


CLIMATE REPORT
NATIONAL WEATHER SERVICE MOUNT HOLLY NJ
227 AM EDT TUE MAY 30 2017


...................................

...THE WILMINGTON DE CLIMATE SUMMARY FOR MAY 29 2017...

CLIMATE NORMAL PERIOD 1981 TO 2010
CLIMATE RECORD PERIOD 1894 TO 2017


WEATHER ITEM   OBSERVED TIME   RECORD YEAR NORMAL DEPARTURE LAST
                VALUE   (LST)  VALUE       VALUE  FROM      YEAR
                                                  NORMAL
..................................................................
TEMPERATURE (F)
 YESTERDAY
  MAXIMUM         66    506 PM  93    1991  77    -11       83
                                      1955
                                      1941
  MINIMUM         58   1159 PM  40    1936  57      1       64
  AVERAGE         62                        67     -5       74

PRECIPITATION (IN)
  YESTERDAY        0.02          2.72 1990   0.13  -0.11     0.69
  MONTH TO DATE    5.82                      3.67   2.15     6.24
  SINCE MAR 1     13.12                     11.09   2.03     9.88
  SINCE JAN 1     17.14                     16.78   0.36    16.61

SNOWFALL (IN)
  YESTERDAY        0.0           0.0  1894   0.0    0.0      0.0
  MONTH TO DATE    0.0                       0.0    0.0      0.0
  SINCE MAR 1      3.4                       2.2    1.2      2.7
  SINCE JUL 1      9.0                      20.2  -11.2     25.4
  SNOW DEPTH       0

DEGREE DAYS
 HEATING
  YESTERDAY        3                         2      1        0
  MONTH TO DATE  143                       130     13      171
  SINCE MAR 1   1070                      1176   -106     1052
  SINCE JUL 1   4072                      4799   -727     4060

 COOLING
  YESTERDAY        0                         4     -4        9
  MONTH TO DATE   55                        59     -4       54
  SINCE MAR 1     85                        71     14       68
  SINCE JAN 1     85                        71     14       68
..................................................................


WIND (MPH)
  HIGHEST WIND SPEED    14   HIGHEST WIND DIRECTION    SE (130)
  HIGHEST GUST SPEED    17   HIGHEST GUST DIRECTION    SE (140)
  AVERAGE WIND SPEED     7.7


SKY COVER
  POSSIBLE SUNSHINE  MM
  AVERAGE SKY COVER 1.0


WEATHER CONDITIONS
 THE FOLLOWING WEATHER WAS RECORDED YESTERDAY.
  LIGHT RAIN
  FOG


RELATIVE HUMIDITY (PERCENT)
 HIGHEST   100          1200 PM
 LOWEST     81           500 PM
 AVERAGE    91

..........................................................


THE WILMINGTON DE CLIMATE NORMALS FOR TODAY
                         NORMAL    RECORD    YEAR
 MAXIMUM TEMPERATURE (F)   77        98      1895
 MINIMUM TEMPERATURE (F)   57        41      1961


SUNRISE AND SUNSET
MAY 30 2017...........SUNRISE   537 AM EDT   SUNSET   823 PM EDT
MAY 31 2017...........SUNRISE   537 AM EDT   SUNSET   824 PM EDT


-  INDICATES NEGATIVE NUMBERS.
R  INDICATES RECORD WAS SET OR TIED.
MM INDICATES DATA IS MISSING.
T  INDICATES TRACE AMOUNT.




$$
