000
CDUS41 KPHI 010634
CLIILG


CLIMATE REPORT
NATIONAL WEATHER SERVICE MOUNT HOLLY NJ
233 AM EDT WED JUN 1 2016


...................................

...THE WILMINGTON DE CLIMATE SUMMARY FOR MAY 31 2016...

CLIMATE NORMAL PERIOD 1981 TO 2010
CLIMATE RECORD PERIOD 1894 TO 2016


WEATHER ITEM   OBSERVED TIME   RECORD YEAR NORMAL DEPARTURE LAST
                VALUE   (LST)  VALUE       VALUE  FROM      YEAR
                                                  NORMAL
..................................................................
TEMPERATURE (F)
 YESTERDAY
  MAXIMUM         89    344 PM  96    2011  77     12       89
                                      1895
  MINIMUM         69   1159 PM  41    1938  58     11       68
  AVERAGE         79                        68     11       79

PRECIPITATION (IN)
  YESTERDAY        0.00          2.58 1993   0.14  -0.14     0.00
  MONTH TO DATE    7.30                      3.95   3.35     2.39
  SINCE MAR 1     10.94                     11.37  -0.43    12.07
  SINCE JAN 1     17.67                     17.06   0.61    18.68

SNOWFALL (IN)
  YESTERDAY        0.0           0.0  1894   0.0    0.0      0.0
  MONTH TO DATE    0.0                       0.0    0.0      0.0
  SINCE MAR 1      2.7                       2.2    0.5      8.6
  SINCE JUL 1     25.4                      20.2    5.2     23.4
  SNOW DEPTH       0

DEGREE DAYS
 HEATING
  YESTERDAY        0                         2     -2        0
  MONTH TO DATE  171                       134     37       56
  SINCE MAR 1   1052                      1181   -129     1218
  SINCE JUL 1   4060                      4804   -744     5057

 COOLING
  YESTERDAY       14                         4     10       14
  MONTH TO DATE   78                        67     11      164
  SINCE MAR 1     92                        79     13      168
  SINCE JAN 1     92                        79     13      168
..................................................................


WIND (MPH)
  HIGHEST WIND SPEED    12   HIGHEST WIND DIRECTION     E (70)
  HIGHEST GUST SPEED    15   HIGHEST GUST DIRECTION    NW (330)
  AVERAGE WIND SPEED     3.7


SKY COVER
  POSSIBLE SUNSHINE  MM
  AVERAGE SKY COVER 0.4


WEATHER CONDITIONS
 THE FOLLOWING WEATHER WAS RECORDED YESTERDAY.
  NO SIGNIFICANT WEATHER WAS OBSERVED.


RELATIVE HUMIDITY (PERCENT)
 HIGHEST    97           200 AM
 LOWEST     34           200 PM
 AVERAGE    66

..........................................................


THE WILMINGTON DE CLIMATE NORMALS FOR TODAY
                         NORMAL    RECORD    YEAR
 MAXIMUM TEMPERATURE (F)   78       100      1895
 MINIMUM TEMPERATURE (F)   58        40      1945


SUNRISE AND SUNSET
JUNE  1 2016..........SUNRISE   536 AM EDT   SUNSET   825 PM EDT
JUNE  2 2016..........SUNRISE   536 AM EDT   SUNSET   825 PM EDT


-  INDICATES NEGATIVE NUMBERS.
R  INDICATES RECORD WAS SET OR TIED.
MM INDICATES DATA IS MISSING.
T  INDICATES TRACE AMOUNT.




$$
