000
CDUS41 KPHI 312134
CLIILG


CLIMATE REPORT
NATIONAL WEATHER SERVICE MOUNT HOLLY NJ
532 PM EDT FRI JUL 31 2015


...................................

...THE WILMINGTON DE CLIMATE SUMMARY FOR JULY 31 2015...
VALID TODAY AS OF 0500 PM LOCAL TIME.

CLIMATE NORMAL PERIOD 1981 TO 2010
CLIMATE RECORD PERIOD 1894 TO 2015


WEATHER ITEM   OBSERVED TIME   RECORD YEAR NORMAL DEPARTURE LAST
                VALUE   (LST)  VALUE       VALUE  FROM      YEAR
                                                  NORMAL
..................................................................
TEMPERATURE (F)
 TODAY
  MAXIMUM         89   1211 PM 102    1954  86      3       84
                                      1940
  MINIMUM         66    540 AM  55    1928  68     -2       62
  AVERAGE         78                        77      1       73

PRECIPITATION (IN)
  TODAY            0.00          3.02 1985   0.14  -0.14     0.00
  MONTH TO DATE    2.32                      4.57  -2.25     5.94
  SINCE JUN 1     14.84                      8.45   6.39    10.97
  SINCE JAN 1     33.52                     25.51   8.01    33.30

SNOWFALL (IN)
  TODAY            0.0           0.0  1894   0.0    0.0      0.0
  MONTH TO DATE    0.0                       0.0    0.0      0.0
  SINCE JUN 1      0.0                       0.0    0.0      0.0
  SINCE JUL 1      0.0                       0.0    0.0      0.0
  SNOW DEPTH       0

DEGREE DAYS
 HEATING
  TODAY            0                         0      0        0
  MONTH TO DATE    0                         0      0        0
  SINCE JUN 1     18                        15      3        2
  SINCE JUL 1      0                         0      0        0

 COOLING
  TODAY           13                        12      1        8
  MONTH TO DATE  373                       367      6      352
  SINCE JUN 1    641                       598     43      592
  SINCE JAN 1    809                       677    132      659
..................................................................


WIND (MPH)
  HIGHEST WIND SPEED    14   HIGHEST WIND DIRECTION    NW (300)
  HIGHEST GUST SPEED    20   HIGHEST GUST DIRECTION    NW (310)
  AVERAGE WIND SPEED     6.6


SKY COVER
  POSSIBLE SUNSHINE  MM
  AVERAGE SKY COVER 0.1


WEATHER CONDITIONS
 THE FOLLOWING WEATHER WAS RECORDED TODAY.
  FOG


RELATIVE HUMIDITY (PERCENT)
 HIGHEST    94          1200 AM
 LOWEST     36           200 PM
 AVERAGE    65

..........................................................


THE WILMINGTON DE CLIMATE NORMALS FOR TOMORROW
                         NORMAL    RECORD    YEAR
 MAXIMUM TEMPERATURE (F)   86        98      2002
                                             1917
 MINIMUM TEMPERATURE (F)   68        56      1921


SUNRISE AND SUNSET
JULY 31 2015..........SUNRISE   600 AM EDT   SUNSET   817 PM EDT
AUGUST  1 2015........SUNRISE   601 AM EDT   SUNSET   816 PM EDT


-  INDICATES NEGATIVE NUMBERS.
R  INDICATES RECORD WAS SET OR TIED.
MM INDICATES DATA IS MISSING.
T  INDICATES TRACE AMOUNT.




$$
