000
CDUS41 KPHI 182133
CLIILG


CLIMATE REPORT
NATIONAL WEATHER SERVICE MOUNT HOLLY NJ
432 PM EST SUN FEB 18 2018


...................................

...THE WILMINGTON DE CLIMATE SUMMARY FOR FEBRUARY 18 2018...
VALID TODAY AS OF 0400 PM LOCAL TIME.

CLIMATE NORMAL PERIOD 1981 TO 2010
CLIMATE RECORD PERIOD 1894 TO 2018


WEATHER ITEM   OBSERVED TIME   RECORD YEAR NORMAL DEPARTURE LAST
                VALUE   (LST)  VALUE       VALUE  FROM      YEAR
                                                  NORMAL
..................................................................
TEMPERATURE (F)
 TODAY
  MAXIMUM         46    359 PM  72    2008  44      2       69
  MINIMUM         30    643 AM  -6    1979  27      3       25
  AVERAGE         38                        36      2       47

PRECIPITATION (IN)
  TODAY            0.00          1.08 1956   0.10  -0.10     0.00
  MONTH TO DATE    4.89                      1.71   3.18     0.86
  SINCE DEC 1      8.56                      8.20   0.36     6.12
  SINCE JAN 1      7.33                      4.72   2.61     3.53

SNOWFALL (IN)
  TODAY            0.0           2.5  1964   0.3   -0.3      0.0
                                      2000
  MONTH TO DATE    2.5                       5.8   -3.3      1.1
  SINCE DEC 1     13.8                      15.1   -1.3      5.6
  SINCE JUL 1     13.8                      15.5   -1.7      5.6
  SNOW DEPTH       2

DEGREE DAYS
 HEATING
  TODAY           27                        29     -2       18
  MONTH TO DATE  506                       556    -50      467
  SINCE DEC 1   2467                      2445     22     2139
  SINCE JUL 1   3195                      3343   -148     2863

 COOLING
  TODAY            0                         0      0        0
  MONTH TO DATE    0                         0      0        0
  SINCE DEC 1      0                         0      0        0
  SINCE JAN 1      0                         0      0        0
..................................................................


WIND (MPH)
  HIGHEST WIND SPEED    17   HIGHEST WIND DIRECTION    NW (310)
  HIGHEST GUST SPEED    22   HIGHEST GUST DIRECTION    NW (310)
  AVERAGE WIND SPEED     9.4


SKY COVER
  POSSIBLE SUNSHINE  MM
  AVERAGE SKY COVER 0.4


WEATHER CONDITIONS
 THE FOLLOWING WEATHER WAS RECORDED TODAY.
  FOG


RELATIVE HUMIDITY (PERCENT)
 HIGHEST   100          1200 AM
 LOWEST     49           400 PM
 AVERAGE    75

..........................................................


THE WILMINGTON DE CLIMATE NORMALS FOR TOMORROW
                         NORMAL    RECORD    YEAR
 MAXIMUM TEMPERATURE (F)   44        71      2017
 MINIMUM TEMPERATURE (F)   27         2      1936


SUNRISE AND SUNSET
FEBRUARY 18 2018......SUNRISE   651 AM EST   SUNSET   542 PM EST
FEBRUARY 19 2018......SUNRISE   650 AM EST   SUNSET   543 PM EST


-  INDICATES NEGATIVE NUMBERS.
R  INDICATES RECORD WAS SET OR TIED.
MM INDICATES DATA IS MISSING.
T  INDICATES TRACE AMOUNT.




$$
