000
CDUS42 KILM 262141
CLIILM


CLIMATE REPORT
NATIONAL WEATHER SERVICE WILMINGTON NC
441 PM EST FRI DEC 26 2014


...................................

...THE WILMINGTON NC CLIMATE SUMMARY FOR DECEMBER 26 2014...
VALID TODAY AS OF 0400 PM LOCAL TIME.

CLIMATE NORMAL PERIOD 1981 TO 2010
CLIMATE RECORD PERIOD 1871 TO 2014


WEATHER ITEM   OBSERVED TIME   RECORD YEAR NORMAL DEPARTURE LAST
                VALUE   (LST)  VALUE       VALUE  FROM      YEAR
                                                  NORMAL
..................................................................
TEMPERATURE (F)
 TODAY
  MAXIMUM         63    308 PM  78    1964  57      6       46
  MINIMUM         35    721 AM  10    1983  36     -1       37
  AVERAGE         49                        46      3       42

PRECIPITATION (IN)
  TODAY            0.00          1.83 2012   0.12  -0.12      T
  MONTH TO DATE    4.72                      3.07   1.65     1.51
  SINCE DEC 1      4.72                      3.07   1.65     1.51
  SINCE JAN 1     59.50                     57.06   2.44    50.92

SNOWFALL (IN)
  TODAY            0.0           1.5  1892   0.0    0.0      0.0
  MONTH TO DATE    0.0                       0.6   -0.6      0.0
  SINCE DEC 1      0.0                       0.6   -0.6      0.0
  SINCE JUL 1      0.0                       0.6   -0.6       T
  SNOW DEPTH       0

DEGREE DAYS
 HEATING
  TODAY           16                        19     -3       23
  MONTH TO DATE  387                       418    -31      325
  SINCE DEC 1    387                       418    -31      325
  SINCE JUL 1    840                       787     53      727

 COOLING
  TODAY            0                         0      0        0
  MONTH TO DATE    0                         0      0       22
  SINCE DEC 1      0                         0      0       22
  SINCE JAN 1   2190                      2037    153     1914
..................................................................


WIND (MPH)
  HIGHEST WIND SPEED     8   HIGHEST WIND DIRECTION    NW (310)
  HIGHEST GUST SPEED    10   HIGHEST GUST DIRECTION    SW (240)
  AVERAGE WIND SPEED     1.6


SKY COVER
  POSSIBLE SUNSHINE  MM
  AVERAGE SKY COVER 0.0


WEATHER CONDITIONS
 THE FOLLOWING WEATHER WAS RECORDED TODAY.
  FOG


RELATIVE HUMIDITY (PERCENT)
 HIGHEST   100          1200 AM
 LOWEST     46           100 PM
 AVERAGE    73

..........................................................


THE WILMINGTON NC CLIMATE NORMALS FOR TOMORROW
                         NORMAL    RECORD    YEAR
 MAXIMUM TEMPERATURE (F)   57        77      1875
 MINIMUM TEMPERATURE (F)   36        17      1935


SUNRISE AND SUNSET
DECEMBER 26 2014......SUNRISE   716 AM EST   SUNSET   509 PM EST
DECEMBER 27 2014......SUNRISE   716 AM EST   SUNSET   509 PM EST


-  INDICATES NEGATIVE NUMBERS.
R  INDICATES RECORD WAS SET OR TIED.
MM INDICATES DATA IS MISSING.
T  INDICATES TRACE AMOUNT.




$$
