000
CDUS42 KILM 252041
CLIILM


CLIMATE REPORT
NATIONAL WEATHER SERVICE WILMINGTON NC
440 PM EDT THU AUG 25 2016


...................................

...THE WILMINGTON NC CLIMATE SUMMARY FOR AUGUST 25 2016...
VALID TODAY AS OF 0400 PM LOCAL TIME.

CLIMATE NORMAL PERIOD 1981 TO 2010
CLIMATE RECORD PERIOD 1871 TO 2016


WEATHER ITEM   OBSERVED TIME   RECORD YEAR NORMAL DEPARTURE LAST
                VALUE   (LST)  VALUE       VALUE  FROM      YEAR
                                                  NORMAL
..................................................................
TEMPERATURE (F)
 TODAY
  MAXIMUM         87    145 PM  96    1968  87      0       88
                                      1903
  MINIMUM         69    606 AM  58    1952  71     -2       72
                                      1921
  AVERAGE         78                        79     -1       80

PRECIPITATION (IN)
  TODAY            0.00          3.40 1883   0.24  -0.24     0.63
  MONTH TO DATE    6.62                      5.97   0.65     7.41
  SINCE JUN 1     17.96                     18.63  -0.67    17.83
  SINCE JAN 1     40.65                     37.53   3.12    38.40

DEGREE DAYS
 HEATING
  TODAY            0                         0      0        0
  MONTH TO DATE    0                         0      0        0
  SINCE JUN 1      0                         2     -2        0
  SINCE JUL 1      0                         0      0        0

 COOLING
  TODAY           13                        14     -1       15
  MONTH TO DATE  439                       375     64      373
  SINCE JUN 1   1444                      1261    183     1418
  SINCE JAN 1   1779                      1542    237     1711
..................................................................


WIND (MPH)
  HIGHEST WIND SPEED    13   HIGHEST WIND DIRECTION     E (110)
  HIGHEST GUST SPEED    17   HIGHEST GUST DIRECTION     E (110)
  AVERAGE WIND SPEED     4.5


SKY COVER
  POSSIBLE SUNSHINE  MM
  AVERAGE SKY COVER 0.4


WEATHER CONDITIONS
 THE FOLLOWING WEATHER WAS RECORDED TODAY.
  NO SIGNIFICANT WEATHER WAS OBSERVED.


RELATIVE HUMIDITY (PERCENT)
 HIGHEST    97           500 AM
 LOWEST     57           200 PM
 AVERAGE    77

..........................................................


THE WILMINGTON NC CLIMATE NORMALS FOR TOMORROW
                         NORMAL    RECORD    YEAR
 MAXIMUM TEMPERATURE (F)   87        96      1954
                                             1903
 MINIMUM TEMPERATURE (F)   70        58      1921


SUNRISE AND SUNSET
AUGUST 25 2016........SUNRISE   640 AM EDT   SUNSET   746 PM EDT
AUGUST 26 2016........SUNRISE   641 AM EDT   SUNSET   745 PM EDT


-  INDICATES NEGATIVE NUMBERS.
R  INDICATES RECORD WAS SET OR TIED.
MM INDICATES DATA IS MISSING.
T  INDICATES TRACE AMOUNT.




$$
