000
CDUS42 KILM 042054
CLIILM


CLIMATE REPORT
NATIONAL WEATHER SERVICE WILMINGTON NC
454 PM EDT SAT JUL 4 2015


...................................

...THE WILMINGTON NC CLIMATE SUMMARY FOR JULY 4 2015...
VALID TODAY AS OF 0400 PM LOCAL TIME.

CLIMATE NORMAL PERIOD 1981 TO 2010
CLIMATE RECORD PERIOD 1871 TO 2015


WEATHER ITEM   OBSERVED TIME   RECORD YEAR NORMAL DEPARTURE LAST
                VALUE   (LST)  VALUE       VALUE  FROM      YEAR
                                                  NORMAL
..................................................................
TEMPERATURE (F)
 TODAY
  MAXIMUM         93    250 PM 100    1993  90      3       89
  MINIMUM         74    210 AM  59    2007  72      2       74
                                      1933
  AVERAGE         84                        81      3       82

PRECIPITATION (IN)
  TODAY            0.00          2.88 1887   0.21  -0.21     0.01
  MONTH TO DATE    0.20                      0.85  -0.65     3.76
  SINCE JUN 1      7.31                      6.03   1.28     6.24
  SINCE JAN 1     27.88                     24.93   2.95    25.48

DEGREE DAYS
 HEATING
  TODAY            0                         0      0        0
  MONTH TO DATE    0                         0      0        0
  SINCE JUN 1      0                         2     -2        0
  SINCE JUL 1      0                         0      0        0

 COOLING
  TODAY           19                        16      3       17
  MONTH TO DATE   66                        64      2       65
  SINCE JUN 1    560                       449    111      505
  SINCE JAN 1    853                       730    123      912
..................................................................


WIND (MPH)
  HIGHEST WIND SPEED    26   HIGHEST WIND DIRECTION    SW (240)
  HIGHEST GUST SPEED    33   HIGHEST GUST DIRECTION    SW (240)
  AVERAGE WIND SPEED    14.2


SKY COVER
  POSSIBLE SUNSHINE  MM
  AVERAGE SKY COVER 0.0


WEATHER CONDITIONS
 THE FOLLOWING WEATHER WAS RECORDED TODAY.
  NO SIGNIFICANT WEATHER WAS OBSERVED.


RELATIVE HUMIDITY (PERCENT)
 HIGHEST    82          1200 AM
 LOWEST     44           200 PM
 AVERAGE    63

..........................................................


THE WILMINGTON NC CLIMATE NORMALS FOR TOMORROW
                         NORMAL    RECORD    YEAR
 MAXIMUM TEMPERATURE (F)   90       100      1902
 MINIMUM TEMPERATURE (F)   72        58      1933


SUNRISE AND SUNSET
JULY  4 2015..........SUNRISE   605 AM EDT   SUNSET   827 PM EDT
JULY  5 2015..........SUNRISE   605 AM EDT   SUNSET   827 PM EDT


-  INDICATES NEGATIVE NUMBERS.
R  INDICATES RECORD WAS SET OR TIED.
MM INDICATES DATA IS MISSING.
T  INDICATES TRACE AMOUNT.




$$
