000
CDUS42 KILM 292041
CLIILM


CLIMATE REPORT
NATIONAL WEATHER SERVICE WILMINGTON NC
441 PM EDT SUN MAR 29 2015


...................................

...THE WILMINGTON NC CLIMATE SUMMARY FOR MARCH 29 2015...
VALID TODAY AS OF 0400 PM LOCAL TIME.

CLIMATE NORMAL PERIOD 1981 TO 2010
CLIMATE RECORD PERIOD 1871 TO 2015


WEATHER ITEM   OBSERVED TIME   RECORD YEAR NORMAL DEPARTURE LAST
                VALUE   (LST)  VALUE       VALUE  FROM      YEAR
                                                  NORMAL
..................................................................
TEMPERATURE (F)
 TODAY
  MAXIMUM         51    259 PM  92    1907  70    -19       71
  MINIMUM         29R   606 AM  31    2011  47    -18       62
  AVERAGE         40                        58    -18       67

PRECIPITATION (IN)
  TODAY            0.00          2.66 1990   0.13  -0.13     1.73
  MONTH TO DATE    3.43                      3.96  -0.53     6.39
  SINCE MAR 1      3.43                      3.96  -0.53     6.39
  SINCE JAN 1     12.75                     11.34   1.41    11.85

SNOWFALL (IN)
  TODAY            0.0          MM      MM   0.0    0.0      0.0
  MONTH TO DATE    0.0                       0.2   -0.2      0.0
  SINCE MAR 1      0.0                       0.2   -0.2      0.0
  SINCE JUL 1      0.3                       1.7   -1.4      1.0
  SNOW DEPTH       0

DEGREE DAYS
 HEATING
  TODAY           25                         7     18        0
  MONTH TO DATE  292                       308    -16      399
  SINCE MAR 1    292                       308    -16      399
  SINCE JUL 1   2475                      2237    238     2333

 COOLING
  TODAY            0                         1     -1        2
  MONTH TO DATE   20                        14      6        2
  SINCE MAR 1     20                        14      6        2
  SINCE JAN 1     26                        19      7        7
..................................................................


WIND (MPH)
  HIGHEST WIND SPEED    17   HIGHEST WIND DIRECTION     N (10)
  HIGHEST GUST SPEED    24   HIGHEST GUST DIRECTION     N (360)
  AVERAGE WIND SPEED     7.5


SKY COVER
  POSSIBLE SUNSHINE  MM
  AVERAGE SKY COVER 0.0


WEATHER CONDITIONS
 THE FOLLOWING WEATHER WAS RECORDED TODAY.
  NO SIGNIFICANT WEATHER WAS OBSERVED.


RELATIVE HUMIDITY (PERCENT)
 HIGHEST    69           500 AM
 LOWEST     21           300 PM
 AVERAGE    45

..........................................................


THE WILMINGTON NC CLIMATE NORMALS FOR TOMORROW
                         NORMAL    RECORD    YEAR
 MAXIMUM TEMPERATURE (F)   70        88      1985
 MINIMUM TEMPERATURE (F)   47        28      1887


SUNRISE AND SUNSET
MARCH 29 2015.........SUNRISE   703 AM EDT   SUNSET   730 PM EDT
MARCH 30 2015.........SUNRISE   702 AM EDT   SUNSET   731 PM EDT


-  INDICATES NEGATIVE NUMBERS.
R  INDICATES RECORD WAS SET OR TIED.
MM INDICATES DATA IS MISSING.
T  INDICATES TRACE AMOUNT.




$$
