000
CDUS42 KILM 240842
CLIILM


CLIMATE REPORT
NATIONAL WEATHER SERVICE WILMINGTON NC
442 AM EDT SAT JUN 24 2017


...................................

...THE WILMINGTON NC CLIMATE SUMMARY FOR JUNE 23 2017...

CLIMATE NORMAL PERIOD 1981 TO 2010
CLIMATE RECORD PERIOD 1871 TO 2017


WEATHER ITEM   OBSERVED TIME   RECORD YEAR NORMAL DEPARTURE LAST
                VALUE   (LST)  VALUE       VALUE  FROM      YEAR
                                                  NORMAL
..................................................................
TEMPERATURE (F)
 YESTERDAY
  MAXIMUM         89    248 PM 100    2011  88      1       94
                                      1954
  MINIMUM         77    422 AM  56    1947  71      6       78
  AVERAGE         83                        80      3       86

PRECIPITATION (IN)
  YESTERDAY        0.00          1.95 1976   0.19  -0.19     0.00
  MONTH TO DATE    3.00                      3.89  -0.89     4.38
  SINCE JUN 1      3.00                      3.89  -0.89     4.38
  SINCE JAN 1     23.50                     22.79   0.71    27.07

DEGREE DAYS
 HEATING
  YESTERDAY        0                         0      0        0
  MONTH TO DATE    2                         0      2        0
  SINCE JUN 1      2                         0      2        0
  SINCE JUL 1   1946                      2409   -463     1806

 COOLING
  YESTERDAY       18                        14      4       21
  MONTH TO DATE  296                       280     16      318
  SINCE JUN 1    296                       280     16      318
  SINCE JAN 1    733                       561    172      653
..................................................................


WIND (MPH)
  HIGHEST WIND SPEED    22   HIGHEST WIND DIRECTION     S (200)
  HIGHEST GUST SPEED    31   HIGHEST GUST DIRECTION     S (200)
  AVERAGE WIND SPEED    12.5


SKY COVER
  POSSIBLE SUNSHINE  MM
  AVERAGE SKY COVER 0.3


WEATHER CONDITIONS
 THE FOLLOWING WEATHER WAS RECORDED YESTERDAY.
  NO SIGNIFICANT WEATHER WAS OBSERVED.


RELATIVE HUMIDITY (PERCENT)
 HIGHEST    97          1200 AM
 LOWEST     65           600 PM
 AVERAGE    81

..........................................................


THE WILMINGTON NC CLIMATE NORMALS FOR TODAY
                         NORMAL    RECORD    YEAR
 MAXIMUM TEMPERATURE (F)   89        98      2010
                                             1950
 MINIMUM TEMPERATURE (F)   71        56      1972


SUNRISE AND SUNSET
JUNE 24 2017..........SUNRISE   601 AM EDT   SUNSET   827 PM EDT
JUNE 25 2017..........SUNRISE   601 AM EDT   SUNSET   827 PM EDT


-  INDICATES NEGATIVE NUMBERS.
R  INDICATES RECORD WAS SET OR TIED.
MM INDICATES DATA IS MISSING.
T  INDICATES TRACE AMOUNT.




$$
