000
CDUS42 KILM 302047
CLIILM


CLIMATE REPORT
NATIONAL WEATHER SERVICE WILMINGTON NC
446 PM EDT SAT JUL 30 2016


...................................

...THE WILMINGTON NC CLIMATE SUMMARY FOR JULY 30 2016...
VALID TODAY AS OF 0400 PM LOCAL TIME.

CLIMATE NORMAL PERIOD 1981 TO 2010
CLIMATE RECORD PERIOD 1871 TO 2016


WEATHER ITEM   OBSERVED TIME   RECORD YEAR NORMAL DEPARTURE LAST
                VALUE   (LST)  VALUE       VALUE  FROM      YEAR
                                                  NORMAL
..................................................................
TEMPERATURE (F)
 TODAY
  MAXIMUM         97   1219 PM 101    2011  89      8       92
  MINIMUM         78    241 AM  61    1914  73      5       71
  AVERAGE         88                        81      7       82

PRECIPITATION (IN)
  TODAY            0.02          3.82 1966   0.25  -0.23     0.00
  MONTH TO DATE    4.62                      7.23  -2.61     3.00
  SINCE JUN 1     11.25                     12.41  -1.16    10.11
  SINCE JAN 1     33.94                     31.31   2.63    30.68

DEGREE DAYS
 HEATING
  TODAY            0                         0      0        0
  MONTH TO DATE    0                         0      0        0
  SINCE JUN 1      0                         2     -2        0
  SINCE JUL 1      0                         0      0        0

 COOLING
  TODAY           23                        16      7       17
  MONTH TO DATE  566                       480     86      532
  SINCE JUN 1    984                       865    119     1026
  SINCE JAN 1   1319                      1146    173     1319
..................................................................


WIND (MPH)
  HIGHEST WIND SPEED    17   HIGHEST WIND DIRECTION     S (200)
  HIGHEST GUST SPEED    24   HIGHEST GUST DIRECTION     S (180)
  AVERAGE WIND SPEED     6.8


SKY COVER
  POSSIBLE SUNSHINE  MM
  AVERAGE SKY COVER 0.3


WEATHER CONDITIONS
 THE FOLLOWING WEATHER WAS RECORDED TODAY.
  THUNDERSTORM
  LIGHT RAIN


RELATIVE HUMIDITY (PERCENT)
 HIGHEST    94           600 AM
 LOWEST     49          1100 AM
 AVERAGE    72

..........................................................


THE WILMINGTON NC CLIMATE NORMALS FOR TOMORROW
                         NORMAL    RECORD    YEAR
 MAXIMUM TEMPERATURE (F)   89        99      1999
 MINIMUM TEMPERATURE (F)   73        60      1914


SUNRISE AND SUNSET
JULY 30 2016..........SUNRISE   621 AM EDT   SUNSET   814 PM EDT
JULY 31 2016..........SUNRISE   622 AM EDT   SUNSET   813 PM EDT


-  INDICATES NEGATIVE NUMBERS.
R  INDICATES RECORD WAS SET OR TIED.
MM INDICATES DATA IS MISSING.
T  INDICATES TRACE AMOUNT.




$$
