000
CDUS42 KILM 180850
CLIILM


CLIMATE REPORT
NATIONAL WEATHER SERVICE WILMINGTON NC
450 AM EDT FRI AUG 18 2017


...................................

...THE WILMINGTON NC CLIMATE SUMMARY FOR AUGUST 17 2017...

CLIMATE NORMAL PERIOD 1981 TO 2010
CLIMATE RECORD PERIOD 1871 TO 2017


WEATHER ITEM   OBSERVED TIME   RECORD YEAR NORMAL DEPARTURE LAST
                VALUE   (LST)  VALUE       VALUE  FROM      YEAR
                                                  NORMAL
..................................................................
TEMPERATURE (F)
 YESTERDAY
  MAXIMUM         89   1113 AM  99    1954  88      1       92
  MINIMUM         75    554 AM  59    1979  71      4       74
  AVERAGE         82                        80      2       83

PRECIPITATION (IN)
  YESTERDAY        0.93          3.58 1992   0.24   0.69     0.00
  MONTH TO DATE    7.13                      4.10   3.03     4.84
  SINCE JUN 1     23.83                     16.76   7.07    16.18
  SINCE JAN 1     44.33                     35.66   8.67    38.87

DEGREE DAYS
 HEATING
  YESTERDAY        0                         0      0        0
  MONTH TO DATE    0                         0      0        0
  SINCE JUN 1      2                         2      0        0
  SINCE JUL 1      0                         0      0        0

 COOLING
  YESTERDAY       17                        15      2       18
  MONTH TO DATE  244                       261    -17      310
  SINCE JUN 1   1169                      1147     22     1315
  SINCE JAN 1   1606                      1428    178     1650
..................................................................


WIND (MPH)
  HIGHEST WIND SPEED    17   HIGHEST WIND DIRECTION    SW (240)
  HIGHEST GUST SPEED    22   HIGHEST GUST DIRECTION     S (160)
  AVERAGE WIND SPEED     2.7


SKY COVER
  POSSIBLE SUNSHINE  MM
  AVERAGE SKY COVER 0.4


WEATHER CONDITIONS
 THE FOLLOWING WEATHER WAS RECORDED YESTERDAY.
  THUNDERSTORM
  HEAVY RAIN
  RAIN
  LIGHT RAIN
  FOG


RELATIVE HUMIDITY (PERCENT)
 HIGHEST   100           900 PM
 LOWEST     75          1100 AM
 AVERAGE    88

..........................................................


THE WILMINGTON NC CLIMATE NORMALS FOR TODAY
                         NORMAL    RECORD    YEAR
 MAXIMUM TEMPERATURE (F)   88        99      1988
                                             1968
 MINIMUM TEMPERATURE (F)   71        60      1979
                                             1880


SUNRISE AND SUNSET
AUGUST 18 2017........SUNRISE   635 AM EDT   SUNSET   755 PM EDT
AUGUST 19 2017........SUNRISE   636 AM EDT   SUNSET   754 PM EDT


-  INDICATES NEGATIVE NUMBERS.
R  INDICATES RECORD WAS SET OR TIED.
MM INDICATES DATA IS MISSING.
T  INDICATES TRACE AMOUNT.




$$
