000
CDUS42 KILM 170845
CLIILM


CLIMATE REPORT
NATIONAL WEATHER SERVICE WILMINGTON NC
444 AM EDT THU APR 17 2014


...................................

...THE WILMINGTON NC CLIMATE SUMMARY FOR APRIL 16 2014...

CLIMATE NORMAL PERIOD 1981 TO 2010
CLIMATE RECORD PERIOD 1871 TO 2014


WEATHER ITEM   OBSERVED TIME   RECORD YEAR NORMAL DEPARTURE LAST
                VALUE   (LST)  VALUE       VALUE  FROM      YEAR
                                                  NORMAL
..................................................................
TEMPERATURE (F)
 YESTERDAY
  MAXIMUM         59    350 PM  90    2006  74    -15       76
  MINIMUM         39   1159 PM  33    1963  52    -13       57
  AVERAGE         49                        63    -14       67

PRECIPITATION (IN)
  YESTERDAY        T             2.68 1958   0.08  -0.08     0.00
  MONTH TO DATE    0.67                      1.51  -0.84     2.88
  SINCE MAR 1      7.06                      5.72   1.34     5.32
  SINCE JAN 1     12.52                     13.10  -0.58    12.59

SNOWFALL (IN)
  YESTERDAY        0.0          MM      MM   0.0    0.0      0.0
  MONTH TO DATE    0.0                       0.0    0.0      0.0
  SINCE MAR 1      0.0                       0.2   -0.2      0.0
  SINCE JUL 1      1.0                       1.7   -0.7       T
  SNOW DEPTH       0

DEGREE DAYS
 HEATING
  YESTERDAY       16                         4     12        0
  MONTH TO DATE   38                        89    -51       84
  SINCE MAR 1    451                       412     39      554
  SINCE JUL 1   2385                      2341     44     2361

 COOLING
  YESTERDAY        0                         2     -2        2
  MONTH TO DATE   58                        26     32       30
  SINCE MAR 1     60                        42     18       32
  SINCE JAN 1     65                        47     18       44
..................................................................


WIND (MPH)
  HIGHEST WIND SPEED    25   HIGHEST WIND DIRECTION     N (10)
  HIGHEST GUST SPEED    31   HIGHEST GUST DIRECTION    NE (30)
  AVERAGE WIND SPEED    12.7


SKY COVER
  POSSIBLE SUNSHINE  MM
  AVERAGE SKY COVER 0.2


WEATHER CONDITIONS
 THE FOLLOWING WEATHER WAS RECORDED YESTERDAY.
  LIGHT RAIN


RELATIVE HUMIDITY (PERCENT)
 HIGHEST    82          1200 AM
 LOWEST     30           200 PM
 AVERAGE    56

..........................................................


THE WILMINGTON NC CLIMATE NORMALS FOR TODAY
                         NORMAL    RECORD    YEAR
 MAXIMUM TEMPERATURE (F)   75        89      2006
 MINIMUM TEMPERATURE (F)   52        34      2009


SUNRISE AND SUNSET
APRIL 17 2014.........SUNRISE   638 AM EDT   SUNSET   745 PM EDT
APRIL 18 2014.........SUNRISE   637 AM EDT   SUNSET   746 PM EDT


-  INDICATES NEGATIVE NUMBERS.
R  INDICATES RECORD WAS SET OR TIED.
MM INDICATES DATA IS MISSING.
T  INDICATES TRACE AMOUNT.




$$
