000
CDUS42 KILM 090946
CLIILM


CLIMATE REPORT
NATIONAL WEATHER SERVICE WILMINGTON NC
446 AM EST TUE FEB 9 2016


...................................

...THE WILMINGTON NC CLIMATE SUMMARY FOR FEBRUARY 8 2016...

CLIMATE NORMAL PERIOD 1981 TO 2010
CLIMATE RECORD PERIOD 1871 TO 2016


WEATHER ITEM   OBSERVED TIME   RECORD YEAR NORMAL DEPARTURE LAST
                VALUE   (LST)  VALUE       VALUE  FROM      YEAR
                                                  NORMAL
..................................................................
TEMPERATURE (F)
 YESTERDAY
  MAXIMUM         56    331 PM  77    1932  59     -3       69
  MINIMUM         32    717 AM  10    1895  37     -5       48
  AVERAGE         44                        48     -4       59

PRECIPITATION (IN)
  YESTERDAY        0.01          1.54 1896   0.12  -0.11     0.00
  MONTH TO DATE    6.15                      1.01   5.14     1.10
  SINCE DEC 1     16.10                      8.39   7.71    11.07
  SINCE JAN 1     10.60                      4.77   5.83     6.08

SNOWFALL (IN)
  YESTERDAY       MM             T    1899   0.0   MM        0.0
  MONTH TO DATE    0.0                       0.1   -0.1      0.0
  SINCE DEC 1      T                         1.3   -1.3      0.0
  SINCE JUL 1      T                         1.3   -1.3      0.0
  SNOW DEPTH       0

DEGREE DAYS
 HEATING
  YESTERDAY       21                        17      4        6
  MONTH TO DATE  101                       141    -40      167
  SINCE DEC 1    904                      1247   -343     1225
  SINCE JUL 1   1134                      1616   -482     1678

 COOLING
  YESTERDAY        0                         0      0        0
  MONTH TO DATE    0                         0      0        0
  SINCE DEC 1     76                         7     69        6
  SINCE JAN 1      0                         2     -2        6
..................................................................


WIND (MPH)
  HIGHEST WIND SPEED    28   HIGHEST WIND DIRECTION     W (280)
  HIGHEST GUST SPEED    34   HIGHEST GUST DIRECTION     W (280)
  AVERAGE WIND SPEED     9.3


SKY COVER
  POSSIBLE SUNSHINE  MM
  AVERAGE SKY COVER 0.2


WEATHER CONDITIONS
 THE FOLLOWING WEATHER WAS RECORDED YESTERDAY.
  LIGHT RAIN


RELATIVE HUMIDITY (PERCENT)
 HIGHEST    82           700 AM
 LOWEST     41          1200 PM
 AVERAGE    62

..........................................................


THE WILMINGTON NC CLIMATE NORMALS FOR TODAY
                         NORMAL    RECORD    YEAR
 MAXIMUM TEMPERATURE (F)   59        77      1994
                                             1921
 MINIMUM TEMPERATURE (F)   37        13      1934


SUNRISE AND SUNSET
FEBRUARY  9 2016......SUNRISE   703 AM EST   SUNSET   549 PM EST
FEBRUARY 10 2016......SUNRISE   702 AM EST   SUNSET   550 PM EST


-  INDICATES NEGATIVE NUMBERS.
R  INDICATES RECORD WAS SET OR TIED.
MM INDICATES DATA IS MISSING.
T  INDICATES TRACE AMOUNT.




$$
