000
CDUS42 KILM 212108
CLIILM


CLIMATE REPORT
NATIONAL WEATHER SERVICE WILMINGTON NC
508 PM EDT SAT OCT 21 2017


...................................

...THE WILMINGTON NC CLIMATE SUMMARY FOR OCTOBER 21 2017...
VALID TODAY AS OF 0400 PM LOCAL TIME.

CLIMATE NORMAL PERIOD 1981 TO 2010
CLIMATE RECORD PERIOD 1871 TO 2017


WEATHER ITEM   OBSERVED TIME   RECORD YEAR NORMAL DEPARTURE LAST
                VALUE   (LST)  VALUE       VALUE  FROM      YEAR
                                                  NORMAL
..................................................................
TEMPERATURE (F)
 TODAY
  MAXIMUM         78    225 PM  85    2005  74      4       82
                                      1993
  MINIMUM         51    648 AM  34    1974  53     -2       58
  AVERAGE         65                        64      1       70

PRECIPITATION (IN)
  TODAY            0.00          4.10 1929   0.12  -0.12     0.10
  MONTH TO DATE    1.83                      2.96  -1.13     6.78
  SINCE SEP 1      5.65                     10.80  -5.15    22.64
  SINCE JAN 1     53.03                     49.77   3.26    64.18

DEGREE DAYS
 HEATING
  TODAY            0                         4     -4        0
  MONTH TO DATE   13                        45    -32       10
  SINCE SEP 1     13                        50    -37       10
  SINCE JUL 1     13                        50    -37       10

 COOLING
  TODAY            0                         2     -2        5
  MONTH TO DATE  153                        79     74      114
  SINCE SEP 1    498                       373    125      493
  SINCE JAN 1   2312                      1996    316     2363
..................................................................


WIND (MPH)
  HIGHEST WIND SPEED    10   HIGHEST WIND DIRECTION    NE (50)
  HIGHEST GUST SPEED    13   HIGHEST GUST DIRECTION    NE (50)
  AVERAGE WIND SPEED     2.9


SKY COVER
  POSSIBLE SUNSHINE  MM
  AVERAGE SKY COVER 0.0


WEATHER CONDITIONS
 THE FOLLOWING WEATHER WAS RECORDED TODAY.
  NO SIGNIFICANT WEATHER WAS OBSERVED.


RELATIVE HUMIDITY (PERCENT)
 HIGHEST   100           100 AM
 LOWEST     50          1200 PM
 AVERAGE    75

..........................................................


THE WILMINGTON NC CLIMATE NORMALS FOR TOMORROW
                         NORMAL    RECORD    YEAR
 MAXIMUM TEMPERATURE (F)   74        86      1919
 MINIMUM TEMPERATURE (F)   52        32      1974


SUNRISE AND SUNSET
OCTOBER 21 2017.......SUNRISE   722 AM EDT   SUNSET   630 PM EDT
OCTOBER 22 2017.......SUNRISE   723 AM EDT   SUNSET   629 PM EDT


-  INDICATES NEGATIVE NUMBERS.
R  INDICATES RECORD WAS SET OR TIED.
MM INDICATES DATA IS MISSING.
T  INDICATES TRACE AMOUNT.




$$
