000
CDUS42 KILM 180843
CLIILM


CLIMATE REPORT
NATIONAL WEATHER SERVICE WILMINGTON NC
442 AM EDT THU SEP 18 2014


...................................

...THE WILMINGTON NC CLIMATE SUMMARY FOR SEPTEMBER 17 2014...

CLIMATE NORMAL PERIOD 1981 TO 2010
CLIMATE RECORD PERIOD 1871 TO 2014


WEATHER ITEM   OBSERVED TIME   RECORD YEAR NORMAL DEPARTURE LAST
                VALUE   (LST)  VALUE       VALUE  FROM      YEAR
                                                  NORMAL
..................................................................
TEMPERATURE (F)
 YESTERDAY
  MAXIMUM         83    105 PM  95    1931  84     -1       80
  MINIMUM         64    547 AM  53    2001  65     -1       60
                                      1961
  AVERAGE         74                        74      0       70

PRECIPITATION (IN)
  YESTERDAY        0.16          3.64 1876   0.27  -0.11     0.00
  MONTH TO DATE    5.23                      4.64   0.59     0.23
  SINCE SEP 1      5.23                      4.64   0.59     0.23
  SINCE JAN 1     47.74                     43.61   4.13    42.72

DEGREE DAYS
 HEATING
  YESTERDAY        0                         0      0        0
  MONTH TO DATE    0                         0      0        0
  SINCE SEP 1      0                         0      0        0
  SINCE JUL 1      0                         0      0        0

 COOLING
  YESTERDAY        9                        10     -1        5
  MONTH TO DATE  228                       196     32      222
  SINCE SEP 1    228                       196     32      222
  SINCE JAN 1   1985                      1819    166     1712
..................................................................


WIND (MPH)
  HIGHEST WIND SPEED    28   HIGHEST WIND DIRECTION    NW (330)
  HIGHEST GUST SPEED    34   HIGHEST GUST DIRECTION    NW (330)
  AVERAGE WIND SPEED     6.6


SKY COVER
  POSSIBLE SUNSHINE  MM
  AVERAGE SKY COVER 0.3


WEATHER CONDITIONS
 THE FOLLOWING WEATHER WAS RECORDED YESTERDAY.
  HEAVY RAIN
  RAIN
  LIGHT RAIN
  FOG


RELATIVE HUMIDITY (PERCENT)
 HIGHEST   100           600 AM
 LOWEST     69          1100 AM
 AVERAGE    85

..........................................................


THE WILMINGTON NC CLIMATE NORMALS FOR TODAY
                         NORMAL    RECORD    YEAR
 MAXIMUM TEMPERATURE (F)   83        98      1931
 MINIMUM TEMPERATURE (F)   65        51      1990


SUNRISE AND SUNSET
SEPTEMBER 18 2014.....SUNRISE   657 AM EDT   SUNSET   714 PM EDT
SEPTEMBER 19 2014.....SUNRISE   658 AM EDT   SUNSET   713 PM EDT


-  INDICATES NEGATIVE NUMBERS.
R  INDICATES RECORD WAS SET OR TIED.
MM INDICATES DATA IS MISSING.
T  INDICATES TRACE AMOUNT.




$$
