000
CDUS42 KILM 050950
CLIILM


CLIMATE REPORT
NATIONAL WEATHER SERVICE WILMINGTON NC
450 AM EST MON DEC 5 2016


...................................

...THE WILMINGTON NC CLIMATE SUMMARY FOR DECEMBER 4 2016...

CLIMATE NORMAL PERIOD 1981 TO 2010
CLIMATE RECORD PERIOD 1871 TO 2016


WEATHER ITEM   OBSERVED TIME   RECORD YEAR NORMAL DEPARTURE LAST
                VALUE   (LST)  VALUE       VALUE  FROM      YEAR
                                                  NORMAL
..................................................................
TEMPERATURE (F)
 YESTERDAY
  MAXIMUM         54   1151 PM  80    1978  63     -9       57
  MINIMUM         44    438 AM  21    1876  40      4       39
  AVERAGE         49                        51     -2       48

PRECIPITATION (IN)
  YESTERDAY        0.11          2.20 1945   0.12  -0.01     0.00
  MONTH TO DATE    0.33                      0.47  -0.14     0.18
  SINCE DEC 1      0.33                      0.47  -0.14     0.18
  SINCE JAN 1     66.61                     54.46  12.15    68.15

SNOWFALL (IN)
  YESTERDAY        0.0           0.3  1907   0.0    0.0      0.0
  MONTH TO DATE    0.0                       0.0    0.0      0.0
  SINCE DEC 1      0.0                       0.0    0.0      0.0
  SINCE JUL 1      0.0                       0.0    0.0      0.0
  SNOW DEPTH       0

DEGREE DAYS
 HEATING
  YESTERDAY       16                        14      2       17
  MONTH TO DATE   51                        54     -3       31
  SINCE DEC 1     51                        54     -3       31
  SINCE JUL 1    410                       423    -13      261

 COOLING
  YESTERDAY        0                         0      0        0
  MONTH TO DATE    0                         0      0        5
  SINCE DEC 1      0                         0      0        5
  SINCE JAN 1   2394                      2037    357     2278
..................................................................


WIND (MPH)
  HIGHEST WIND SPEED    13   HIGHEST WIND DIRECTION    NE (30)
  HIGHEST GUST SPEED    15   HIGHEST GUST DIRECTION     N (20)
  AVERAGE WIND SPEED     5.7


SKY COVER
  POSSIBLE SUNSHINE  MM
  AVERAGE SKY COVER 1.0


WEATHER CONDITIONS
 THE FOLLOWING WEATHER WAS RECORDED YESTERDAY.
  RAIN
  LIGHT RAIN
  FOG


RELATIVE HUMIDITY (PERCENT)
 HIGHEST   100          1100 PM
 LOWEST     65           400 AM
 AVERAGE    83

..........................................................


THE WILMINGTON NC CLIMATE NORMALS FOR TODAY
                         NORMAL    RECORD    YEAR
 MAXIMUM TEMPERATURE (F)   62        80      1998
 MINIMUM TEMPERATURE (F)   40        23      1969


SUNRISE AND SUNSET
DECEMBER  5 2016......SUNRISE   703 AM EST   SUNSET   502 PM EST
DECEMBER  6 2016......SUNRISE   704 AM EST   SUNSET   502 PM EST


-  INDICATES NEGATIVE NUMBERS.
R  INDICATES RECORD WAS SET OR TIED.
MM INDICATES DATA IS MISSING.
T  INDICATES TRACE AMOUNT.




$$
