000
CDUS42 KILM 300841
CLIILM


CLIMATE REPORT
NATIONAL WEATHER SERVICE WILMINGTON NC
440 AM EDT FRI SEP 30 2016


...................................

...THE WILMINGTON NC CLIMATE SUMMARY FOR SEPTEMBER 29 2016...

CLIMATE NORMAL PERIOD 1981 TO 2010
CLIMATE RECORD PERIOD 1871 TO 2016


WEATHER ITEM   OBSERVED TIME   RECORD YEAR NORMAL DEPARTURE LAST
                VALUE   (LST)  VALUE       VALUE  FROM      YEAR
                                                  NORMAL
..................................................................
TEMPERATURE (F)
 YESTERDAY
  MAXIMUM         82    401 PM  91    1941  80      2       86
  MINIMUM         71   1127 AM  46    1942  61     10       74
  AVERAGE         77                        71      6       80

PRECIPITATION (IN)
  YESTERDAY        0.19          9.52 1938   0.24  -0.05     0.00
  MONTH TO DATE   14.53                      7.63   6.90     4.88
  SINCE SEP 1     14.53                      7.63   6.90     4.88
  SINCE JAN 1     56.07                     46.60   9.47    44.82

DEGREE DAYS
 HEATING
  YESTERDAY        0                         1     -1        0
  MONTH TO DATE    0                         2     -2        0
  SINCE SEP 1      0                         2     -2        0
  SINCE JUL 1      0                         2     -2        0

 COOLING
  YESTERDAY       12                         6      6       15
  MONTH TO DATE  369                       289     80      343
  SINCE SEP 1    369                       289     80      343
  SINCE JAN 1   2239                      1912    327     2128
..................................................................


WIND (MPH)
  HIGHEST WIND SPEED    13   HIGHEST WIND DIRECTION    NE (30)
  HIGHEST GUST SPEED    16   HIGHEST GUST DIRECTION    NE (30)
  AVERAGE WIND SPEED     5.1


SKY COVER
  POSSIBLE SUNSHINE  MM
  AVERAGE SKY COVER 0.2


WEATHER CONDITIONS
 THE FOLLOWING WEATHER WAS RECORDED YESTERDAY.
  THUNDERSTORM
  HEAVY RAIN
  RAIN
  LIGHT RAIN
  FOG


RELATIVE HUMIDITY (PERCENT)
 HIGHEST    93           400 AM
 LOWEST     74           300 PM
 AVERAGE    84

..........................................................


THE WILMINGTON NC CLIMATE NORMALS FOR TODAY
                         NORMAL    RECORD    YEAR
 MAXIMUM TEMPERATURE (F)   80        91      1986
 MINIMUM TEMPERATURE (F)   61        44      1888


SUNRISE AND SUNSET
SEPTEMBER 30 2016.....SUNRISE   706 AM EDT   SUNSET   657 PM EDT
OCTOBER  1 2016.......SUNRISE   707 AM EDT   SUNSET   655 PM EDT


-  INDICATES NEGATIVE NUMBERS.
R  INDICATES RECORD WAS SET OR TIED.
MM INDICATES DATA IS MISSING.
T  INDICATES TRACE AMOUNT.




$$
