000
CDUS43 KILX 110626
CLIILX


CLIMATE REPORT
NATIONAL WEATHER SERVICE LINCOLN IL
126 AM CDT FRI JUL 11 2014


...................................

...THE LINCOLN IL CLIMATE SUMMARY FOR JULY 10 2014...

CLIMATE NORMAL PERIOD 1981 TO 2010
CLIMATE RECORD PERIOD 1905 TO 2014


WEATHER ITEM   OBSERVED TIME   RECORD YEAR NORMAL DEPARTURE LAST
                VALUE   (LST)  VALUE       VALUE  FROM      YEAR
                                                  NORMAL
..................................................................
TEMPERATURE (F)
 YESTERDAY
  MAXIMUM         79        MM 107    1936  86     -7       86
  MINIMUM         54        MM  48    1963  65    -11       66
  AVERAGE         67                        76     -9       76

PRECIPITATION (IN)
  YESTERDAY        0.00          2.22 1942   0.18  -0.18     1.66
  MONTH TO DATE    1.63                      1.67  -0.04     1.70
  SINCE JUN 1      8.05                      5.99   2.06     4.95
  SINCE JAN 1     19.37                     20.11  -0.74    26.11

SNOWFALL (IN)
  YESTERDAY        0.0           T    2013   0.0    0.0       T
  MONTH TO DATE    0.0                       0.0    0.0       T
  SINCE JUN 1      0.0                       0.0    0.0       T
  SINCE JUL 1      0.0                       0.0    0.0       T
  SNOW DEPTH       0

DEGREE DAYS
 HEATING
  YESTERDAY        0                         0      0        0
  MONTH TO DATE    0                         0      0        0
  SINCE JUN 1      7                        17    -10       17
  SINCE JUL 1      0                         0      0        0

 COOLING
  YESTERDAY        2                        11     -9       11
  MONTH TO DATE   52                       106    -54       91
  SINCE JUN 1    289                       338    -49      315
  SINCE JAN 1    418                       429    -11      417
..................................................................


WIND (MPH)
  HIGHEST WIND SPEED    MM   HIGHEST WIND DIRECTION    MM
  HIGHEST GUST SPEED     0   HIGHEST GUST DIRECTION     N (0)
  AVERAGE WIND SPEED    MM


SKY COVER
  POSSIBLE SUNSHINE   0 PERCENT


WEATHER CONDITIONS
 THE FOLLOWING WEATHER WAS RECORDED YESTERDAY.
  NO SIGNIFICANT WEATHER WAS OBSERVED.


..........................................................


THE LINCOLN IL CLIMATE NORMALS FOR TODAY
                         NORMAL    RECORD    YEAR
 MAXIMUM TEMPERATURE (F)   86       109      1936
 MINIMUM TEMPERATURE (F)   65        50      1926


SUNRISE AND SUNSET
JULY 11 2014..........SUNRISE   538 AM CDT   SUNSET   828 PM CDT
JULY 12 2014..........SUNRISE   538 AM CDT   SUNSET   827 PM CDT


-  INDICATES NEGATIVE NUMBERS.
R  INDICATES RECORD WAS SET OR TIED.
MM INDICATES DATA IS MISSING.
T  INDICATES TRACE AMOUNT.




$$
