732
CDUS43 KILX 080637
CLIILX


CLIMATE REPORT
NATIONAL WEATHER SERVICE LINCOLN IL
1237 AM CST MON FEB 8 2016


...................................

...THE LINCOLN IL CLIMATE SUMMARY FOR FEBRUARY 7 2016...

CLIMATE NORMAL PERIOD 1981 TO 2010
CLIMATE RECORD PERIOD 1905 TO 2016


WEATHER ITEM   OBSERVED TIME   RECORD YEAR NORMAL DEPARTURE LAST
                VALUE   (LST)  VALUE       VALUE  FROM      YEAR
                                                  NORMAL
..................................................................
TEMPERATURE (F)
 YESTERDAY
  MAXIMUM         48        MM  66    2009  36     12       51
                                      1925
  MINIMUM         33        MM -16    2014  20     13       30
  AVERAGE         41                        28     13       41

PRECIPITATION (IN)
  YESTERDAY        0.00          0.68 1999   0.06  -0.06     0.00
  MONTH TO DATE    0.67                      0.40   0.27     0.80
  SINCE DEC 1      8.47                      4.97   3.50     3.64
  SINCE JAN 1      1.66                      2.33  -0.67     2.19

SNOWFALL (IN)
  YESTERDAY        0.0           6.0  1933   0.2   -0.2      0.0
  MONTH TO DATE    T                         1.6   -1.6      5.0
  SINCE DEC 1      5.6                      13.7   -8.1     10.0
  SINCE JUL 1      6.6                      14.3   -7.7     11.0
  SNOW DEPTH       0

DEGREE DAYS
 HEATING
  YESTERDAY       24                        37    -13       24
  MONTH TO DATE  202                       263    -61      302
  SINCE DEC 1   2162                      2574   -412     2548
  SINCE JUL 1   3089                      3717   -628     3946

 COOLING
  YESTERDAY        0                         0      0        0
  MONTH TO DATE    0                         0      0        0
  SINCE DEC 1      0                         0      0        0
  SINCE JAN 1      0                         0      0        0
..................................................................


WIND (MPH)
  HIGHEST WIND SPEED    MM   HIGHEST WIND DIRECTION    MM
  HIGHEST GUST SPEED    MM   HIGHEST GUST DIRECTION    MM
  AVERAGE WIND SPEED    MM


SKY COVER
  POSSIBLE SUNSHINE  MM


WEATHER CONDITIONS
 THE FOLLOWING WEATHER WAS RECORDED YESTERDAY.
  NO SIGNIFICANT WEATHER WAS OBSERVED.


..........................................................


THE LINCOLN IL CLIMATE NORMALS FOR TODAY
                         NORMAL    RECORD    YEAR
 MAXIMUM TEMPERATURE (F)   37        63      1925
 MINIMUM TEMPERATURE (F)   20       -12      1916


SUNRISE AND SUNSET
FEBRUARY  8 2016......SUNRISE   659 AM CST   SUNSET   524 PM CST
FEBRUARY  9 2016......SUNRISE   658 AM CST   SUNSET   525 PM CST


-  INDICATES NEGATIVE NUMBERS.
R  INDICATES RECORD WAS SET OR TIED.
MM INDICATES DATA IS MISSING.
T  INDICATES TRACE AMOUNT.




$$
