527
CDUS43 KILX 180655
CLIILX


CLIMATE REPORT
NATIONAL WEATHER SERVICE LINCOLN IL
1249 AM CST SUN FEB 18 2018


...................................

...THE LINCOLN IL CLIMATE SUMMARY FOR FEBRUARY 17 2018...

CLIMATE NORMAL PERIOD 1981 TO 2010
CLIMATE RECORD PERIOD 1905 TO 2018


WEATHER ITEM   OBSERVED TIME   RECORD YEAR NORMAL DEPARTURE LAST
                VALUE   (LST)  VALUE       VALUE  FROM      YEAR
                                                  NORMAL
..................................................................
TEMPERATURE (F)
 YESTERDAY
  MAXIMUM         36        MM  72    2017  39     -3       72
  MINIMUM         20        MM -10    1958  23     -3       32
  AVERAGE         28                        31     -3       52

PRECIPITATION (IN)
  YESTERDAY        0.18          0.84 2008   0.06   0.12     0.00
  MONTH TO DATE    0.59                      1.04  -0.45     0.33
  SINCE DEC 1      1.78                      5.61  -3.83     3.45
  SINCE JAN 1      1.32                      2.97  -1.65     2.09

SNOWFALL (IN)
  YESTERDAY        0.5           2.4  2007   0.2    0.3      0.0
  MONTH TO DATE    2.8                       3.8   -1.0      3.4
  SINCE DEC 1      9.9                      15.9   -6.0      7.2
  SINCE JUL 1      9.9                      16.5   -6.6      7.2
  SNOW DEPTH       0

DEGREE DAYS
 HEATING
  YESTERDAY       37                        34      3       13
  MONTH TO DATE  699                       617     82      516
  SINCE DEC 1   3100                      2928    172     2654
  SINCE JUL 1   4153                      4071     82     3431

 COOLING
  YESTERDAY        0                         0      0        0
  MONTH TO DATE    0                         0      0        0
  SINCE DEC 1      0                         0      0        0
  SINCE JAN 1      0                         0      0        0
..................................................................


WIND (MPH)
  HIGHEST WIND SPEED    MM   HIGHEST WIND DIRECTION    MM
  HIGHEST GUST SPEED    MM   HIGHEST GUST DIRECTION    MM
  AVERAGE WIND SPEED    MM


SKY COVER
  POSSIBLE SUNSHINE  MM


WEATHER CONDITIONS
 THE FOLLOWING WEATHER WAS RECORDED YESTERDAY.
  LIGHT RAIN
  LIGHT SNOW
  FOG


..........................................................


THE LINCOLN IL CLIMATE NORMALS FOR TODAY
                         NORMAL    RECORD    YEAR
 MAXIMUM TEMPERATURE (F)   40        67      2017
 MINIMUM TEMPERATURE (F)   23       -14      1936


SUNRISE AND SUNSET
FEBRUARY 18 2018......SUNRISE   646 AM CST   SUNSET   537 PM CST
FEBRUARY 19 2018......SUNRISE   645 AM CST   SUNSET   538 PM CST


-  INDICATES NEGATIVE NUMBERS.
R  INDICATES RECORD WAS SET OR TIED.
MM INDICATES DATA IS MISSING.
T  INDICATES TRACE AMOUNT.




$$
