429
CDUS43 KILX 270644
CLIILX


CLIMATE REPORT
NATIONAL WEATHER SERVICE LINCOLN IL
134 AM CDT THU JUL 27 2017


...................................

...THE LINCOLN IL CLIMATE SUMMARY FOR JULY 26 2017...

CLIMATE NORMAL PERIOD 1981 TO 2010
CLIMATE RECORD PERIOD 1905 TO 2017


WEATHER ITEM   OBSERVED TIME   RECORD YEAR NORMAL DEPARTURE LAST
                VALUE   (LST)  VALUE       VALUE  FROM      YEAR
                                                  NORMAL
..................................................................
TEMPERATURE (F)
 YESTERDAY
  MAXIMUM         88        MM 104    1930  85      3       85
  MINIMUM         64        MM  44    1911  64      0       67
  AVERAGE         76                        74      2       76

PRECIPITATION (IN)
  YESTERDAY        1.42          3.51 1992   0.15   1.27     0.00
  MONTH TO DATE    5.81                      4.35   1.46     7.81
  SINCE JUN 1      6.79                      8.67  -1.88    10.17
  SINCE JAN 1     22.92                     22.79   0.13    22.12

SNOWFALL (IN)
  YESTERDAY        0.0           0.0    MM   0.0    0.0      0.0
  MONTH TO DATE    T                         0.0    0.0      0.0
  SINCE JUN 1      T                         0.0    0.0      0.0
  SINCE JUL 1      T                         0.0    0.0      0.0
  SNOW DEPTH       0

DEGREE DAYS
 HEATING
  YESTERDAY        0                         0      0        0
  MONTH TO DATE    0                         0      0        9
  SINCE JUN 1      7                        17    -10       11
  SINCE JUL 1      0                         0      0        9

 COOLING
  YESTERDAY       11                         9      2       11
  MONTH TO DATE  299                       266     33      265
  SINCE JUN 1    571                       498     73      547
  SINCE JAN 1    661                       589     72      634
..................................................................


WIND (MPH)
  HIGHEST WIND SPEED    MM   HIGHEST WIND DIRECTION    MM
  HIGHEST GUST SPEED    MM   HIGHEST GUST DIRECTION    MM
  AVERAGE WIND SPEED    MM


SKY COVER
  POSSIBLE SUNSHINE  MM


WEATHER CONDITIONS
 THE FOLLOWING WEATHER WAS RECORDED YESTERDAY.
  THUNDERSTORM
  HEAVY RAIN
  RAIN
  LIGHT RAIN
  FOG


..........................................................


THE LINCOLN IL CLIMATE NORMALS FOR TODAY
                         NORMAL    RECORD    YEAR
 MAXIMUM TEMPERATURE (F)   85       107      1930
 MINIMUM TEMPERATURE (F)   64        48      1962


SUNRISE AND SUNSET
JULY 27 2017..........SUNRISE   551 AM CDT   SUNSET   816 PM CDT
JULY 28 2017..........SUNRISE   552 AM CDT   SUNSET   815 PM CDT


-  INDICATES NEGATIVE NUMBERS.
R  INDICATES RECORD WAS SET OR TIED.
MM INDICATES DATA IS MISSING.
T  INDICATES TRACE AMOUNT.




$$
