211
CDUS43 KILX 080631
CLIILX


CLIMATE REPORT
NATIONAL WEATHER SERVICE LINCOLN IL
1230 AM CST THU DEC 8 2016


...................................

...THE LINCOLN IL CLIMATE SUMMARY FOR DECEMBER 7 2016...

CLIMATE NORMAL PERIOD 1981 TO 2010
CLIMATE RECORD PERIOD 1905 TO 2016


WEATHER ITEM   OBSERVED TIME   RECORD YEAR NORMAL DEPARTURE LAST
                VALUE   (LST)  VALUE       VALUE  FROM      YEAR
                                                  NORMAL
..................................................................
TEMPERATURE (F)
 YESTERDAY
  MAXIMUM         34        MM  68    1916  40     -6       41
  MINIMUM         23        MM  -3    2005  24     -1       31
  AVERAGE         29                        32     -3       36

PRECIPITATION (IN)
  YESTERDAY        0.00          1.43 1994   0.09  -0.09     0.00
  MONTH TO DATE    0.41                      0.67  -0.26     0.11
  SINCE DEC 1      0.41                      0.67  -0.26     0.11
  SINCE JAN 1     38.83                     37.63   1.20    41.92

SNOWFALL (IN)
  YESTERDAY        0.0           5.0  1909   0.1   -0.1      0.0
  MONTH TO DATE    2.7                       0.9    1.8       T
  SINCE DEC 1      2.7                       0.9    1.8       T
  SINCE JUL 1      2.7                       1.5    1.2      1.0
  SNOW DEPTH       0

DEGREE DAYS
 HEATING
  YESTERDAY       36                        33      3       29
  MONTH TO DATE  212                       222    -10      207
  SINCE DEC 1    212                       222    -10      207
  SINCE JUL 1    989                      1365   -376     1134

 COOLING
  YESTERDAY        0                         0      0        0
  MONTH TO DATE    0                         0      0        0
  SINCE DEC 1      0                         0      0        0
  SINCE JAN 1   1241                      1017    224      998
..................................................................


WIND (MPH)
  HIGHEST WIND SPEED    MM   HIGHEST WIND DIRECTION    MM
  HIGHEST GUST SPEED    MM   HIGHEST GUST DIRECTION    MM
  AVERAGE WIND SPEED    MM


SKY COVER
  POSSIBLE SUNSHINE  MM


WEATHER CONDITIONS
 THE FOLLOWING WEATHER WAS RECORDED YESTERDAY.
  NO SIGNIFICANT WEATHER WAS OBSERVED.


..........................................................


THE LINCOLN IL CLIMATE NORMALS FOR TODAY
                         NORMAL    RECORD    YEAR
 MAXIMUM TEMPERATURE (F)   39        65      1946
 MINIMUM TEMPERATURE (F)   24        -3      1909


SUNRISE AND SUNSET
DECEMBER  8 2016......SUNRISE   707 AM CST   SUNSET   431 PM CST
DECEMBER  9 2016......SUNRISE   708 AM CST   SUNSET   432 PM CST


-  INDICATES NEGATIVE NUMBERS.
R  INDICATES RECORD WAS SET OR TIED.
MM INDICATES DATA IS MISSING.
T  INDICATES TRACE AMOUNT.




$$
