000
CDUS43 KILX 310642
CLIILX


CLIMATE REPORT
NATIONAL WEATHER SERVICE LINCOLN IL
142 AM CDT MON AUG 31 2015


...................................

...THE LINCOLN IL CLIMATE SUMMARY FOR AUGUST 30 2015...

CLIMATE NORMAL PERIOD 1981 TO 2010
CLIMATE RECORD PERIOD 1905 TO 2015


WEATHER ITEM   OBSERVED TIME   RECORD YEAR NORMAL DEPARTURE LAST
                VALUE   (LST)  VALUE       VALUE  FROM      YEAR
                                                  NORMAL
..................................................................
TEMPERATURE (F)
 YESTERDAY
  MAXIMUM         85        MM  98    1951  83      2       85
  MINIMUM         65        MM  43    1986  60      5       70
  AVERAGE         75                        72      3       78

PRECIPITATION (IN)
  YESTERDAY        0.00          3.51 1959   0.12  -0.12     0.00
  MONTH TO DATE    1.08                      3.81  -2.73     6.13
  SINCE JUN 1     16.68                     13.19   3.49    17.33
  SINCE JAN 1     31.07                     27.31   3.76    28.65

SNOWFALL (IN)
  YESTERDAY        0.0           0.0    MM   0.0    0.0      0.0
  MONTH TO DATE    0.0                       0.0    0.0      0.0
  SINCE JUN 1      0.0                       0.0    0.0      0.0
  SINCE JUL 1      0.0                       0.0    0.0      0.0
  SNOW DEPTH       0

DEGREE DAYS
 HEATING
  YESTERDAY        0                         0      0        0
  MONTH TO DATE    3                         0      3        1
  SINCE JUN 1     17                        19     -2       17
  SINCE JUL 1      9                         2      7       10

 COOLING
  YESTERDAY       10                         7      3       13
  MONTH TO DATE  196                       249    -53      246
  SINCE JUN 1    682                       792   -110      612
  SINCE JAN 1    793                       883    -90      741
..................................................................


WIND (MPH)
  HIGHEST WIND SPEED    MM   HIGHEST WIND DIRECTION    MM
  HIGHEST GUST SPEED    MM   HIGHEST GUST DIRECTION    MM
  AVERAGE WIND SPEED    MM


SKY COVER
  POSSIBLE SUNSHINE  MM


WEATHER CONDITIONS
 THE FOLLOWING WEATHER WAS RECORDED YESTERDAY.
  NO SIGNIFICANT WEATHER WAS OBSERVED.


..........................................................


THE LINCOLN IL CLIMATE NORMALS FOR TODAY
                         NORMAL    RECORD    YEAR
 MAXIMUM TEMPERATURE (F)   83       101      1953
 MINIMUM TEMPERATURE (F)   60        36      1915


SUNRISE AND SUNSET
AUGUST 31 2015........SUNRISE   624 AM CDT   SUNSET   731 PM CDT
SEPTEMBER  1 2015.....SUNRISE   625 AM CDT   SUNSET   729 PM CDT


-  INDICATES NEGATIVE NUMBERS.
R  INDICATES RECORD WAS SET OR TIED.
MM INDICATES DATA IS MISSING.
T  INDICATES TRACE AMOUNT.




$$
