000
CDUS43 KILX 020630
CLIILX


CLIMATE REPORT
NATIONAL WEATHER SERVICE LINCOLN IL
129 AM CDT THU JUL 2 2015


...................................

...THE LINCOLN IL CLIMATE SUMMARY FOR JULY 1 2015...

CLIMATE NORMAL PERIOD 1981 TO 2010
CLIMATE RECORD PERIOD 1905 TO 2015


WEATHER ITEM   OBSERVED TIME   RECORD YEAR NORMAL DEPARTURE LAST
                VALUE   (LST)  VALUE       VALUE  FROM      YEAR
                                                  NORMAL
..................................................................
TEMPERATURE (F)
 YESTERDAY
  MAXIMUM         77        MM 101    1934  86     -9       83
  MINIMUM         63        MM  47    1924  65     -2       67
  AVERAGE         70                        75     -5       75

PRECIPITATION (IN)
  YESTERDAY        0.04          1.86 1922   0.16  -0.12      T
  MONTH TO DATE    0.04                      0.16  -0.12      T
  SINCE JUN 1      9.71                      4.48   5.23     6.42
  SINCE JAN 1     24.10                     18.60   5.50    17.74

SNOWFALL (IN)
  YESTERDAY        0.0           0.0    MM   0.0    0.0      0.0
  MONTH TO DATE    0.0                       0.0    0.0      0.0
  SINCE JUN 1      0.0                       0.0    0.0      0.0
  SINCE JUL 1      0.0                       0.0    0.0      0.0
  SNOW DEPTH       0

DEGREE DAYS
 HEATING
  YESTERDAY        0                         0      0        0
  MONTH TO DATE    0                         0      0        0
  SINCE JUN 1      8                        17     -9        7
  SINCE JUL 1      0                         0      0        0

 COOLING
  YESTERDAY        5                        10     -5       10
  MONTH TO DATE    5                        10     -5       10
  SINCE JUN 1    231                       242    -11      247
  SINCE JAN 1    342                       333      9      376
..................................................................


WIND (MPH)
  HIGHEST WIND SPEED    MM   HIGHEST WIND DIRECTION    MM
  HIGHEST GUST SPEED    MM   HIGHEST GUST DIRECTION    MM
  AVERAGE WIND SPEED    MM


SKY COVER
  POSSIBLE SUNSHINE  MM


WEATHER CONDITIONS
 THE FOLLOWING WEATHER WAS RECORDED YESTERDAY.
  LIGHT RAIN


..........................................................


THE LINCOLN IL CLIMATE NORMALS FOR TODAY
                         NORMAL    RECORD    YEAR
 MAXIMUM TEMPERATURE (F)   86       101      1925
 MINIMUM TEMPERATURE (F)   65        46      1930


SUNRISE AND SUNSET
JULY  2 2015..........SUNRISE   532 AM CDT   SUNSET   830 PM CDT
JULY  3 2015..........SUNRISE   533 AM CDT   SUNSET   830 PM CDT


-  INDICATES NEGATIVE NUMBERS.
R  INDICATES RECORD WAS SET OR TIED.
MM INDICATES DATA IS MISSING.
T  INDICATES TRACE AMOUNT.




$$
