000
CDUS43 KILX 160658
CLIILX


CLIMATE REPORT
NATIONAL WEATHER SERVICE LINCOLN IL
1256 AM CST MON JAN 16 2017


...................................

...THE LINCOLN IL CLIMATE SUMMARY FOR JANUARY 15 2017...

CLIMATE NORMAL PERIOD 1981 TO 2010
CLIMATE RECORD PERIOD 1905 TO 2017


WEATHER ITEM   OBSERVED TIME   RECORD YEAR NORMAL DEPARTURE LAST
                VALUE   (LST)  VALUE       VALUE  FROM      YEAR
                                                  NORMAL
..................................................................
TEMPERATURE (F)
 YESTERDAY
  MAXIMUM         33        MM  65    1949  34     -1       43
  MINIMUM         28        MM -34    1927  18     10       26
  AVERAGE         31                        26      5       35

PRECIPITATION (IN)
  YESTERDAY        0.03          1.00 1907   0.06  -0.03     0.09
  MONTH TO DATE    0.80                      1.05  -0.25     0.70
  SINCE DEC 1      2.16                      3.69  -1.53     7.51
  SINCE JAN 1      0.80                      1.05  -0.25     0.70

SNOWFALL (IN)
  YESTERDAY        0.0           4.4  1962   0.1   -0.1      0.0
  MONTH TO DATE    0.5                       2.9   -2.4      1.3
  SINCE DEC 1      3.7                       9.1   -5.4      1.4
  SINCE JUL 1      3.7                       9.7   -6.0      2.4
  SNOW DEPTH       T

DEGREE DAYS
 HEATING
  YESTERDAY       34                        39     -5       30
  MONTH TO DATE  596                       585     11      554
  SINCE DEC 1   1711                      1684     27     1314
  SINCE JUL 1   2488                      2827   -339     2241

 COOLING
  YESTERDAY        0                         0      0        0
  MONTH TO DATE    0                         0      0        0
  SINCE DEC 1      0                         0      0        0
  SINCE JAN 1      0                         0      0        0
..................................................................


WIND (MPH)
  HIGHEST WIND SPEED    MM   HIGHEST WIND DIRECTION    MM
  HIGHEST GUST SPEED    MM   HIGHEST GUST DIRECTION    MM
  AVERAGE WIND SPEED    MM


SKY COVER
  POSSIBLE SUNSHINE  MM


WEATHER CONDITIONS
 THE FOLLOWING WEATHER WAS RECORDED YESTERDAY.
  LIGHT RAIN
  FOG


..........................................................


THE LINCOLN IL CLIMATE NORMALS FOR TODAY
                         NORMAL    RECORD    YEAR
 MAXIMUM TEMPERATURE (F)   34        60      2012
                                             1933
 MINIMUM TEMPERATURE (F)   18       -19      1977


SUNRISE AND SUNSET
JANUARY 16 2017.......SUNRISE   717 AM CST   SUNSET   458 PM CST
JANUARY 17 2017.......SUNRISE   717 AM CST   SUNSET   459 PM CST


-  INDICATES NEGATIVE NUMBERS.
R  INDICATES RECORD WAS SET OR TIED.
MM INDICATES DATA IS MISSING.
T  INDICATES TRACE AMOUNT.




$$
