000
CDUS43 KILX 042129
CLIILX


CLIMATE REPORT
NATIONAL WEATHER SERVICE LINCOLN IL
428 PM CDT WED MAY 4 2016


...................................

...THE LINCOLN IL CLIMATE SUMMARY FOR MAY 4 2016...
VALID TODAY AS OF 0400 PM LOCAL TIME.

CLIMATE NORMAL PERIOD 1981 TO 2010
CLIMATE RECORD PERIOD 1905 TO 2016


WEATHER ITEM   OBSERVED TIME   RECORD YEAR NORMAL DEPARTURE LAST
                VALUE   (LST)  VALUE       VALUE  FROM      YEAR
                                                  NORMAL
..................................................................
TEMPERATURE (F)
 TODAY
  MAXIMUM         59        MM  92    1952  71    -12       80
  MINIMUM         49        MM  26    2005  48      1       60
  AVERAGE         54                        59     -5       70

PRECIPITATION (IN)
  TODAY            0.12          1.75 1908   0.14  -0.02     0.59
  MONTH TO DATE    0.22                      0.53  -0.31     0.59
  SINCE MAR 1      6.68                      6.74  -0.06     4.38
  SINCE JAN 1      8.92                     10.49  -1.57     7.14

SNOWFALL (IN)
  TODAY           MM             T    1917   0.0   MM        0.0
  MONTH TO DATE    0.0                       0.0    0.0      0.0
  SINCE MAR 1      T                         2.0   -2.0      3.7
  SINCE JUL 1     12.3                      20.5   -8.2     21.9
  SNOW DEPTH      MM

DEGREE DAYS
 HEATING
  TODAY           11                         7      4        0
  MONTH TO DATE   46                        29     17       18
  SINCE MAR 1    969                      1161   -192     1170
  SINCE JUL 1   4764                      5584   -820     6107

 COOLING
  TODAY            0                         1     -1        5
  MONTH TO DATE    0                         4     -4        9
  SINCE MAR 1      8                        19    -11       10
  SINCE JAN 1      8                        19    -11       10
..................................................................







THE LINCOLN IL CLIMATE NORMALS FOR TOMORROW
                         NORMAL    RECORD    YEAR
 MAXIMUM TEMPERATURE (F)   71        94      1952
 MINIMUM TEMPERATURE (F)   48        31      1925


SUNRISE AND SUNSET
MAY  4 2016...........SUNRISE   553 AM CDT   SUNSET   756 PM CDT
MAY  5 2016...........SUNRISE   552 AM CDT   SUNSET   757 PM CDT


-  INDICATES NEGATIVE NUMBERS.
R  INDICATES RECORD WAS SET OR TIED.
MM INDICATES DATA IS MISSING.
T  INDICATES TRACE AMOUNT.




$$
