000
CDUS43 KIND 250530
CLIIND


CLIMATE REPORT
NATIONAL WEATHER SERVICE INDIANAPOLIS IN
130 AM EDT THU MAY 25 2017


...................................

...THE INDIANAPOLIS IN CLIMATE SUMMARY FOR MAY 24 2017...

CLIMATE NORMAL PERIOD 1981 TO 2010
CLIMATE RECORD PERIOD 1871 TO 2017


WEATHER ITEM   OBSERVED TIME   RECORD YEAR NORMAL DEPARTURE LAST
                VALUE   (LST)  VALUE       VALUE  FROM      YEAR
                                                  NORMAL
..................................................................
TEMPERATURE (F)
 YESTERDAY
  MAXIMUM         64    121 AM  90    1965  75    -11       82
                                      1921
  MINIMUM         58    715 AM  37    1925  55      3       54
  AVERAGE         61                        65     -4       68

PRECIPITATION (IN)
  YESTERDAY        0.23          1.55 1981   0.17   0.06     0.00
  MONTH TO DATE    6.58                      3.95   2.63     3.51
  SINCE MAR 1     16.90                     11.32   5.58    13.57
  SINCE JAN 1     22.35                     16.30   6.05    17.28

SNOWFALL (IN)
  YESTERDAY        0.0           0.0    MM   0.0    0.0      0.0
  MONTH TO DATE    0.0                       0.0    0.0       T
  SINCE MAR 1      1.0                       2.8   -1.8      1.2
  SINCE JUL 1      9.7                      25.9  -16.2     13.3
  SNOW DEPTH       0

DEGREE DAYS
 HEATING
  YESTERDAY        4                         3      1        0
  MONTH TO DATE  141                       124     17      159
  SINCE MAR 1    982                      1203   -221      991
  SINCE JUL 1   4266                      5346  -1080     4444

 COOLING
  YESTERDAY        0                         3     -3        3
  MONTH TO DATE   53                        43     10       13
  SINCE MAR 1     85                        58     27       31
  SINCE JAN 1     85                        58     27       31
..................................................................


WIND (MPH)
  HIGHEST WIND SPEED    17   HIGHEST WIND DIRECTION     N (340)
  HIGHEST GUST SPEED    22   HIGHEST GUST DIRECTION     N (340)
  AVERAGE WIND SPEED     8.3


SKY COVER
  AVERAGE SKY COVER 1.0


WEATHER CONDITIONS
 THE FOLLOWING WEATHER WAS RECORDED YESTERDAY.
  LIGHT RAIN
  FOG


RELATIVE HUMIDITY (PERCENT)
 HIGHEST    93           500 AM
 LOWEST     67          1200 AM
 AVERAGE    80

..........................................................


THE INDIANAPOLIS IN CLIMATE NORMALS FOR TODAY
                         NORMAL    RECORD    YEAR
 MAXIMUM TEMPERATURE (F)   76        93      1965
 MINIMUM TEMPERATURE (F)   56        34      1925


SUNRISE AND SUNSET
MAY 25 2017...........SUNRISE   623 AM EDT   SUNSET   902 PM EDT
MAY 26 2017...........SUNRISE   622 AM EDT   SUNSET   903 PM EDT


-  INDICATES NEGATIVE NUMBERS.
R  INDICATES RECORD WAS SET OR TIED.
MM INDICATES DATA IS MISSING.
T  INDICATES TRACE AMOUNT.




$$
