000
CDUS43 KIND 090043
CLIIND


CLIMATE REPORT
NATIONAL WEATHER SERVICE INDIANAPOLIS IN
743 PM EST THU DEC 8 2016


...................................

...THE INDIANAPOLIS IN CLIMATE SUMMARY FOR DECEMBER 8 2016...
VALID AS OF 0700 PM LOCAL TIME.

CLIMATE NORMAL PERIOD 1981 TO 2010
CLIMATE RECORD PERIOD 1871 TO 2016


WEATHER ITEM   OBSERVED TIME   RECORD YEAR NORMAL DEPARTURE LAST
                VALUE   (LST)  VALUE       VALUE  FROM      YEAR
                                                  NORMAL
..................................................................
TEMPERATURE (F)
 TODAY
  MAXIMUM         27    224 AM  66    1966  41    -14       55
  MINIMUM         20    822 AM -10    1882  26     -6       34
  AVERAGE         24                        34    -10       45

PRECIPITATION (IN)
  TODAY            T             1.58 1966   0.11  -0.11     0.00
  MONTH TO DATE    0.41                      0.83  -0.42     0.24
  SINCE DEC 1      0.41                      0.83  -0.42     0.24
  SINCE JAN 1     44.83                     40.10   4.73    42.80

SNOWFALL (IN)
  TODAY            0.0           7.7  2005   0.1   -0.1      0.0
  MONTH TO DATE    0.0                       1.1   -1.1      0.6
  SINCE DEC 1      0.0                       1.1   -1.1      0.6
  SINCE JUL 1      T                         2.2   -2.2      1.9
  SNOW DEPTH       0

..................................................................


WIND (MPH)
  HIGHEST WIND SPEED    25   HIGHEST WIND DIRECTION     W (270)
  HIGHEST GUST SPEED    30   HIGHEST GUST DIRECTION     W (280)
  AVERAGE WIND SPEED    16.8


SKY COVER
  AVERAGE SKY COVER 0.8


WEATHER CONDITIONS
 THE FOLLOWING WEATHER WAS RECORDED TODAY.
  LIGHT SNOW


RELATIVE HUMIDITY (PERCENT)
 HIGHEST    81          1200 AM
 LOWEST     60           300 PM

..........................................................


THE INDIANAPOLIS IN CLIMATE NORMALS FOR TOMORROW
                         NORMAL    RECORD    YEAR
 MAXIMUM TEMPERATURE (F)   41        65      1952
 MINIMUM TEMPERATURE (F)   26       -15      1876


SUNRISE AND SUNSET
DECEMBER  8 2016......SUNRISE   754 AM EST   SUNSET   521 PM EST
DECEMBER  9 2016......SUNRISE   755 AM EST   SUNSET   521 PM EST


-  INDICATES NEGATIVE NUMBERS.
R  INDICATES RECORD WAS SET OR TIED.
MM INDICATES DATA IS MISSING.
T  INDICATES TRACE AMOUNT.




$$
