000
CDUS43 KIND 250534
CLIIND


CLIMATE REPORT
NATIONAL WEATHER SERVICE INDIANAPOLIS IN
132 AM EDT SAT MAR 25 2017


...................................

...THE INDIANAPOLIS IN CLIMATE SUMMARY FOR MARCH 24 2017...

CLIMATE NORMAL PERIOD 1981 TO 2010
CLIMATE RECORD PERIOD 1871 TO 2017


WEATHER ITEM   OBSERVED TIME   RECORD YEAR NORMAL DEPARTURE LAST
                VALUE   (LST)  VALUE       VALUE  FROM      YEAR
                                                  NORMAL
..................................................................
TEMPERATURE (F)
 YESTERDAY
  MAXIMUM         75    356 PM  84    1910  55     20       64
  MINIMUM         50   1217 AM   2    1974  35     15       38
  AVERAGE         63                        45     18       51

PRECIPITATION (IN)
  YESTERDAY        0.00          2.76 1913   0.13  -0.13     0.95
  MONTH TO DATE    2.14                      2.67  -0.53     2.85
  SINCE MAR 1      2.14                      2.67  -0.53     2.85
  SINCE JAN 1      7.59                      7.65  -0.06     6.56

SNOWFALL (IN)
  YESTERDAY        0.0           6.2  2013   0.0    0.0      0.0
  MONTH TO DATE    1.0                       2.3   -1.3      1.2
  SINCE MAR 1      1.0                       2.3   -1.3      1.2
  SINCE JUL 1      9.7                      25.4  -15.7     13.3
  SNOW DEPTH       0

DEGREE DAYS
 HEATING
  YESTERDAY        2                        20    -18       14
  MONTH TO DATE  590                       578     12      382
  SINCE MAR 1    590                       578     12      382
  SINCE JUL 1   3874                      4721   -847     3835

 COOLING
  YESTERDAY        0                         0      0        0
  MONTH TO DATE    0                         0      0        0
  SINCE MAR 1      0                         0      0        0
  SINCE JAN 1      0                         0      0        0
..................................................................


WIND (MPH)
  HIGHEST WIND SPEED    30   HIGHEST WIND DIRECTION    SW (220)
  HIGHEST GUST SPEED    38   HIGHEST GUST DIRECTION    SW (230)
  AVERAGE WIND SPEED    16.1


SKY COVER
  AVERAGE SKY COVER 0.6


WEATHER CONDITIONS
 THE FOLLOWING WEATHER WAS RECORDED YESTERDAY.
  NO SIGNIFICANT WEATHER WAS OBSERVED.


RELATIVE HUMIDITY (PERCENT)
 HIGHEST    72           800 AM
 LOWEST     46           400 PM
 AVERAGE    59

..........................................................


THE INDIANAPOLIS IN CLIMATE NORMALS FOR TODAY
                         NORMAL    RECORD    YEAR
 MAXIMUM TEMPERATURE (F)   56        81      2007
 MINIMUM TEMPERATURE (F)   36         5      1974


SUNRISE AND SUNSET
MARCH 25 2017.........SUNRISE   740 AM EDT   SUNSET   803 PM EDT
MARCH 26 2017.........SUNRISE   739 AM EDT   SUNSET   804 PM EDT


-  INDICATES NEGATIVE NUMBERS.
R  INDICATES RECORD WAS SET OR TIED.
MM INDICATES DATA IS MISSING.
T  INDICATES TRACE AMOUNT.




$$
