000
CDUS43 KIND 020531
CLIIND


CLIMATE REPORT
NATIONAL WEATHER SERVICE INDIANAPOLIS IN
131 AM EDT SUN AUG 2 2015


...................................

...THE INDIANAPOLIS IN CLIMATE SUMMARY FOR AUGUST 1 2015...

CLIMATE NORMAL PERIOD 1981 TO 2010
CLIMATE RECORD PERIOD 1871 TO 2015


WEATHER ITEM   OBSERVED TIME   RECORD YEAR NORMAL DEPARTURE LAST
                VALUE   (LST)  VALUE       VALUE  FROM      YEAR
                                                  NORMAL
..................................................................
TEMPERATURE (F)
 YESTERDAY
  MAXIMUM         84    217 PM  97    1887  84      0       82
  MINIMUM         63    630 AM  53    1992  65     -2       61
                                      1971
                                      1895
  AVERAGE         74                        75     -1       72

PRECIPITATION (IN)
  YESTERDAY        0.00          2.86 1875   0.11  -0.11     0.01
  MONTH TO DATE    0.00                      0.11  -0.11     0.01
  SINCE JUN 1     21.50                      8.91  12.59    10.15
  SINCE JAN 1     34.63                     26.31   8.32    27.58

SNOWFALL (IN)
  YESTERDAY        0.0           0.0    MM   0.0    0.0      0.0
  MONTH TO DATE    0.0                       0.0    0.0      0.0
  SINCE JUN 1      T                         0.0    0.0      0.0
  SINCE JUL 1      0.0                       0.0    0.0      0.0
  SNOW DEPTH       0

DEGREE DAYS
 HEATING
  YESTERDAY        0                         0      0        0
  MONTH TO DATE    0                         0      0        0
  SINCE JUN 1     16                        17     -1        6
  SINCE JUL 1      0                         1     -1        4

 COOLING
  YESTERDAY        9                        10     -1        7
  MONTH TO DATE    9                        10     -1        7
  SINCE JUN 1    564                       559      5      417
  SINCE JAN 1    712                       643     69      521
..................................................................


WIND (MPH)
  HIGHEST WIND SPEED    15   HIGHEST WIND DIRECTION     W (290)
  HIGHEST GUST SPEED    19   HIGHEST GUST DIRECTION     W (290)
  AVERAGE WIND SPEED     8.1


SKY COVER
  AVERAGE SKY COVER 0.3


WEATHER CONDITIONS
 THE FOLLOWING WEATHER WAS RECORDED YESTERDAY.
  NO SIGNIFICANT WEATHER WAS OBSERVED.


RELATIVE HUMIDITY (PERCENT)
 HIGHEST    84           500 AM
 LOWEST     34           100 PM
 AVERAGE    59

..........................................................


THE INDIANAPOLIS IN CLIMATE NORMALS FOR TODAY
                         NORMAL    RECORD    YEAR
 MAXIMUM TEMPERATURE (F)   84        98      1888
 MINIMUM TEMPERATURE (F)   65        52      1927
                                             1920


SUNRISE AND SUNSET
AUGUST  2 2015........SUNRISE   645 AM EDT   SUNSET   857 PM EDT
AUGUST  3 2015........SUNRISE   646 AM EDT   SUNSET   856 PM EDT


-  INDICATES NEGATIVE NUMBERS.
R  INDICATES RECORD WAS SET OR TIED.
MM INDICATES DATA IS MISSING.
T  INDICATES TRACE AMOUNT.




$$
