000
CDUS43 KIND 240032
CLIIND


CLIMATE REPORT
NATIONAL WEATHER SERVICE INDIANAPOLIS IN
732 PM EST SUN NOV 23 2014


...................................

...THE INDIANAPOLIS IN CLIMATE SUMMARY FOR NOVEMBER 23 2014...
VALID AS OF 0700 PM LOCAL TIME.

CLIMATE NORMAL PERIOD 1981 TO 2010
CLIMATE RECORD PERIOD 1871 TO 2014


WEATHER ITEM   OBSERVED TIME   RECORD YEAR NORMAL DEPARTURE LAST
                VALUE   (LST)  VALUE       VALUE  FROM      YEAR
                                                  NORMAL
..................................................................
TEMPERATURE (F)
 TODAY
  MAXIMUM         55   1124 AM  73    1999  48      7       32
  MINIMUM         44    617 AM   1    1880  32     12       19
  AVERAGE         50                        40     10       26

PRECIPITATION (IN)
  TODAY            0.94          1.31 1873   0.13   0.81      T
  MONTH TO DATE    1.63                      2.85  -1.22     3.23
  SINCE SEP 1      7.33                      9.09  -1.76    11.55
  SINCE JAN 1     37.85                     38.42  -0.57    41.48

SNOWFALL (IN)
  TODAY            0.0           4.0  1938   0.1   -0.1       T
  MONTH TO DATE    2.5                       0.4    2.1      0.1
  SINCE SEP 1      2.6                       0.8    1.8      0.1
  SINCE JUL 1      2.6                       0.8    1.8      0.1
  SNOW DEPTH       0

..................................................................


WIND (MPH)
  HIGHEST WIND SPEED    21   HIGHEST WIND DIRECTION    SE (140)
  HIGHEST GUST SPEED    28   HIGHEST GUST DIRECTION    SE (130)
  AVERAGE WIND SPEED    11.9


SKY COVER
  AVERAGE SKY COVER 0.9


WEATHER CONDITIONS
 THE FOLLOWING WEATHER WAS RECORDED TODAY.
  RAIN
  LIGHT RAIN
  FOG


RELATIVE HUMIDITY (PERCENT)
 HIGHEST    96           400 PM
 LOWEST     61           300 AM

..........................................................


THE INDIANAPOLIS IN CLIMATE NORMALS FOR TOMORROW
                         NORMAL    RECORD    YEAR
 MAXIMUM TEMPERATURE (F)   48        65      1973
 MINIMUM TEMPERATURE (F)   32        -1      1950


SUNRISE AND SUNSET
NOVEMBER 23 2014......SUNRISE   739 AM EST   SUNSET   524 PM EST
NOVEMBER 24 2014......SUNRISE   740 AM EST   SUNSET   524 PM EST


-  INDICATES NEGATIVE NUMBERS.
R  INDICATES RECORD WAS SET OR TIED.
MM INDICATES DATA IS MISSING.
T  INDICATES TRACE AMOUNT.




$$
