000
CDUS43 KIND 180536
CLIIND


CLIMATE REPORT
NATIONAL WEATHER SERVICE INDIANAPOLIS IN
1236 AM EST THU DEC 18 2014


...................................

...THE INDIANAPOLIS IN CLIMATE SUMMARY FOR DECEMBER 17 2014...

CLIMATE NORMAL PERIOD 1981 TO 2010
CLIMATE RECORD PERIOD 1871 TO 2014


WEATHER ITEM   OBSERVED TIME   RECORD YEAR NORMAL DEPARTURE LAST
                VALUE   (LST)  VALUE       VALUE  FROM      YEAR
                                                  NORMAL
..................................................................
TEMPERATURE (F)
 YESTERDAY
  MAXIMUM         31   1232 AM  64    1984  38     -7       27
                                      1924
  MINIMUM         23    930 PM -10    1989  24     -1       20
  AVERAGE         27                        31     -4       24

PRECIPITATION (IN)
  YESTERDAY        T             1.64 1937   0.10  -0.10      T
  MONTH TO DATE    1.61                      1.73  -0.12     1.01
  SINCE DEC 1      1.61                      1.73  -0.12     1.01
  SINCE JAN 1     40.63                     41.00  -0.37    42.49

SNOWFALL (IN)
  YESTERDAY        T             6.4  1981   0.2   -0.2       T
  MONTH TO DATE    0.1                       3.1   -3.0      8.8
  SINCE DEC 1      0.1                       3.1   -3.0      8.8
  SINCE JUL 1      2.8                       4.2   -1.4      8.9
  SNOW DEPTH       0

DEGREE DAYS
 HEATING
  YESTERDAY       38                        34      4       41
  MONTH TO DATE  510                       536    -26      620
  SINCE DEC 1    510                       536    -26      620
  SINCE JUL 1   1789                      1578    211     1764

 COOLING
  YESTERDAY        0                         0      0        0
  MONTH TO DATE    0                         0      0        0
  SINCE DEC 1      0                         0      0        0
  SINCE JAN 1    900                      1066   -166     1160
..................................................................


WIND (MPH)
  HIGHEST WIND SPEED    23   HIGHEST WIND DIRECTION     W (280)
  HIGHEST GUST SPEED    27   HIGHEST GUST DIRECTION     W (280)
  AVERAGE WIND SPEED    11.2


SKY COVER
  AVERAGE SKY COVER 1.0


WEATHER CONDITIONS
 THE FOLLOWING WEATHER WAS RECORDED YESTERDAY.
  MIXED PRECIP
  LT FREEZING RAIN
  SNOW
  LIGHT SNOW
  FOG


RELATIVE HUMIDITY (PERCENT)
 HIGHEST    92          1200 AM
 LOWEST     74          1100 PM
 AVERAGE    83

..........................................................


THE INDIANAPOLIS IN CLIMATE NORMALS FOR TODAY
                         NORMAL    RECORD    YEAR
 MAXIMUM TEMPERATURE (F)   38        65      1877
 MINIMUM TEMPERATURE (F)   24       -10      1884


SUNRISE AND SUNSET
DECEMBER 18 2014......SUNRISE   801 AM EST   SUNSET   523 PM EST
DECEMBER 19 2014......SUNRISE   801 AM EST   SUNSET   523 PM EST


-  INDICATES NEGATIVE NUMBERS.
R  INDICATES RECORD WAS SET OR TIED.
MM INDICATES DATA IS MISSING.
T  INDICATES TRACE AMOUNT.




$$
