000
CDUS43 KIND 182343
CLIIND


CLIMATE REPORT
NATIONAL WEATHER SERVICE INDIANAPOLIS IN
743 PM EDT WED OCT 18 2017


...................................

...THE INDIANAPOLIS IN CLIMATE SUMMARY FOR OCTOBER 18 2017...
VALID AS OF 0700 PM LOCAL TIME.

CLIMATE NORMAL PERIOD 1981 TO 2010
CLIMATE RECORD PERIOD 1871 TO 2017


WEATHER ITEM   OBSERVED TIME   RECORD YEAR NORMAL DEPARTURE LAST
                VALUE   (LST)  VALUE       VALUE  FROM      YEAR
                                                  NORMAL
..................................................................
TEMPERATURE (F)
 TODAY
  MAXIMUM         69    419 PM  84    1953  65      4       76
                                      1938
  MINIMUM         43    718 AM  22    1948  44     -1       68
  AVERAGE         56                        54      2       72

PRECIPITATION (IN)
  TODAY            0.00          2.15 1923   0.10  -0.10      T
  MONTH TO DATE    2.10                      1.85   0.25     0.29
  SINCE SEP 1      2.76                      4.97  -2.21     4.96
  SINCE JAN 1     41.52                     34.30   7.22    39.98

SNOWFALL (IN)
  TODAY            0.0           0.2  1989   0.0    0.0      0.0
  MONTH TO DATE    0.0                       0.2   -0.2      0.0
  SINCE SEP 1      0.0                       0.2   -0.2       T
  SINCE JUL 1      0.0                       0.2   -0.2       T
  SNOW DEPTH       0

..................................................................


WIND (MPH)
  HIGHEST WIND SPEED    17   HIGHEST WIND DIRECTION     S (170)
  HIGHEST GUST SPEED    22   HIGHEST GUST DIRECTION     S (170)
  AVERAGE WIND SPEED     7.6


SKY COVER
  AVERAGE SKY COVER 0.1


WEATHER CONDITIONS
 THE FOLLOWING WEATHER WAS RECORDED TODAY.
  NO SIGNIFICANT WEATHER WAS OBSERVED.


RELATIVE HUMIDITY (PERCENT)
 HIGHEST    86           800 AM
 LOWEST     37           400 PM

..........................................................


THE INDIANAPOLIS IN CLIMATE NORMALS FOR TOMORROW
                         NORMAL    RECORD    YEAR
 MAXIMUM TEMPERATURE (F)   64        85      1953
 MINIMUM TEMPERATURE (F)   44        25      1992


SUNRISE AND SUNSET
OCTOBER 18 2017.......SUNRISE   759 AM EDT   SUNSET   701 PM EDT
OCTOBER 19 2017.......SUNRISE   800 AM EDT   SUNSET   700 PM EDT


-  INDICATES NEGATIVE NUMBERS.
R  INDICATES RECORD WAS SET OR TIED.
MM INDICATES DATA IS MISSING.
T  INDICATES TRACE AMOUNT.




$$
