000
CDUS43 KIND 240532
CLIIND


CLIMATE REPORT
NATIONAL WEATHER SERVICE INDIANAPOLIS IN
131 AM EDT MON APR 24 2017


...................................

...THE INDIANAPOLIS IN CLIMATE SUMMARY FOR APRIL 23 2017...

CLIMATE NORMAL PERIOD 1981 TO 2010
CLIMATE RECORD PERIOD 1871 TO 2017


WEATHER ITEM   OBSERVED TIME   RECORD YEAR NORMAL DEPARTURE LAST
                VALUE   (LST)  VALUE       VALUE  FROM      YEAR
                                                  NORMAL
..................................................................
TEMPERATURE (F)
 YESTERDAY
  MAXIMUM         71    439 PM  88    1925  66      5       66
  MINIMUM         40    615 AM  26    1986  45     -5       49
  AVERAGE         56                        56      0       58

PRECIPITATION (IN)
  YESTERDAY        0.00          1.46 1944   0.13  -0.13     0.00
  MONTH TO DATE    1.47                      2.86  -1.39     3.70
  SINCE MAR 1      6.19                      6.42  -0.23     7.90
  SINCE JAN 1     11.64                     11.40   0.24    11.61

SNOWFALL (IN)
  YESTERDAY        0.0           T    2005   0.0    0.0      0.0
  MONTH TO DATE    0.0                       0.2   -0.2       T
  SINCE MAR 1      1.0                       2.8   -1.8      1.2
  SINCE JUL 1      9.7                      25.9  -16.2     13.3
  SNOW DEPTH       0

DEGREE DAYS
 HEATING
  YESTERDAY        9                        10     -1        7
  MONTH TO DATE  168                       309   -141      318
  SINCE MAR 1    819                      1016   -197      800
  SINCE JUL 1   4103                      5159  -1056     4253

 COOLING
  YESTERDAY        0                         1     -1        0
  MONTH TO DATE   22                         6     16        9
  SINCE MAR 1     24                         8     16        9
  SINCE JAN 1     24                         8     16        9
..................................................................


WIND (MPH)
  HIGHEST WIND SPEED    21   HIGHEST WIND DIRECTION    NE (50)
  HIGHEST GUST SPEED    27   HIGHEST GUST DIRECTION    NE (60)
  AVERAGE WIND SPEED    12.3


SKY COVER
  AVERAGE SKY COVER 0.2


WEATHER CONDITIONS
 THE FOLLOWING WEATHER WAS RECORDED YESTERDAY.
  NO SIGNIFICANT WEATHER WAS OBSERVED.


RELATIVE HUMIDITY (PERCENT)
 HIGHEST    70           600 AM
 LOWEST     23           600 PM
 AVERAGE    47

..........................................................


THE INDIANAPOLIS IN CLIMATE NORMALS FOR TODAY
                         NORMAL    RECORD    YEAR
 MAXIMUM TEMPERATURE (F)   66        90      1925
 MINIMUM TEMPERATURE (F)   46        28      1910


SUNRISE AND SUNSET
APRIL 24 2017.........SUNRISE   654 AM EDT   SUNSET   833 PM EDT
APRIL 25 2017.........SUNRISE   653 AM EDT   SUNSET   834 PM EDT


-  INDICATES NEGATIVE NUMBERS.
R  INDICATES RECORD WAS SET OR TIED.
MM INDICATES DATA IS MISSING.
T  INDICATES TRACE AMOUNT.




$$
