000
CDUS43 KDLH 260627
CLIINL


CLIMATE REPORT
NATIONAL WEATHER SERVICE DULUTH MN
127 AM CDT TUE MAY 26 2015


...................................

...THE INTERNATIONAL FALLS MN CLIMATE SUMMARY FOR MAY 25 2015...

CLIMATE NORMAL PERIOD 1981 TO 2010
CLIMATE RECORD PERIOD 1895 TO 2015


WEATHER ITEM   OBSERVED TIME   RECORD YEAR NORMAL DEPARTURE LAST
                VALUE   (LST)  VALUE       VALUE  FROM      YEAR
                                                  NORMAL
..................................................................
TEMPERATURE (F)
 YESTERDAY
  MAXIMUM         66    119 PM  88    1919  68     -2       87
  MINIMUM         51   1159 PM  27    1983  42      9       55
                                      1969
  AVERAGE         59                        55      4       71

PRECIPITATION (IN)
  YESTERDAY        0.01          2.21 2005   0.10  -0.09     0.17
  MONTH TO DATE    4.09                      2.22   1.87     2.52
  SINCE MAR 1      5.45                      4.70   0.75     5.51
  SINCE JAN 1      7.47                      5.89   1.58     7.26

SNOWFALL (IN)
  YESTERDAY        0.0           0.3  1970   0.0    0.0      0.0
  MONTH TO DATE    T                         0.2   -0.2       T
  SINCE MAR 1      7.8                      14.2   -6.4     24.8
  SINCE JUL 1     64.5                      71.0   -6.5    101.2
  SNOW DEPTH       0

DEGREE DAYS
 HEATING
  YESTERDAY        6                        11     -5        0
  MONTH TO DATE  380                       361     19      437
  SINCE MAR 1   2308                      2416   -108     2950
  SINCE JUL 1  10062                      9999     63    11381

 COOLING
  YESTERDAY        0                         0      0        6
  MONTH TO DATE    0                         0      0       13
  SINCE MAR 1      0                         1     -1       13
  SINCE JAN 1      0                         1     -1       13
..................................................................


WIND (MPH)
  HIGHEST WIND SPEED    10   HIGHEST WIND DIRECTION    SE (130)
  HIGHEST GUST SPEED    13   HIGHEST GUST DIRECTION    SE (130)
  AVERAGE WIND SPEED     2.0


SKY COVER
  AVERAGE SKY COVER 0.6


WEATHER CONDITIONS
 THE FOLLOWING WEATHER WAS RECORDED YESTERDAY.
  LIGHT RAIN


RELATIVE HUMIDITY (PERCENT)
 HIGHEST   100          1000 PM
 LOWEST     63          1100 AM
 AVERAGE    82

..........................................................


THE INTERNATIONAL FALLS MN CLIMATE NORMALS FOR TODAY
                         NORMAL    RECORD    YEAR
 MAXIMUM TEMPERATURE (F)   68        88      1919
 MINIMUM TEMPERATURE (F)   42        28      2011
                                             1961
                                             1947


SUNRISE AND SUNSET
MAY 26 2015...........SUNRISE   521 AM CDT   SUNSET   901 PM CDT
MAY 27 2015...........SUNRISE   520 AM CDT   SUNSET   902 PM CDT


-  INDICATES NEGATIVE NUMBERS.
R  INDICATES RECORD WAS SET OR TIED.
MM INDICATES DATA IS MISSING.
T  INDICATES TRACE AMOUNT.




$$
