000
CDUS43 KDLH 252307
CLIINL


CLIMATE REPORT
NATIONAL WEATHER SERVICE DULUTH MN
504 PM CST SUN FEB 25 2018


...................................

...THE INTERNATIONAL FALLS MN CLIMATE SUMMARY FOR FEBRUARY 25 2018...
VALID TODAY AS OF 0500 PM LOCAL TIME.

CLIMATE NORMAL PERIOD 1981 TO 2010
CLIMATE RECORD PERIOD 1895 TO 2018


WEATHER ITEM   OBSERVED TIME   RECORD YEAR NORMAL DEPARTURE LAST
                VALUE   (LST)  VALUE       VALUE  FROM      YEAR
                                                  NORMAL
..................................................................
TEMPERATURE (F)
 TODAY
  MAXIMUM         27    156 PM  52    1958  26      1       22
  MINIMUM         21    840 AM -38    1909   3     18        1
  AVERAGE         24                        14     10       12

PRECIPITATION (IN)
  TODAY            0.14                      0.02   0.12      T
  MONTH TO DATE    0.98                      0.49   0.49     1.44
  SINCE DEC 1      2.85                      1.92   0.93     4.90
  SINCE JAN 1      1.69                      1.11   0.58     2.71

SNOWFALL (IN)
  TODAY            2.5                       0.4    2.1      0.3
  MONTH TO DATE   14.5                       9.6    4.9     12.0
  SINCE JUL 1     54.2                      55.6   -1.4     62.8
  SNOW DEPTH      19

DEGREE DAYS
 HEATING
  TODAY           41                        51    -10       53
  MONTH TO DATE 1584                      1381    203     1185
  SINCE DEC 1   5251                      4973    278     4523
  SINCE JUL 1   7645                      7434    211     6329

 COOLING
  TODAY            0                         0      0        0
  MONTH TO DATE    0                         0      0        0
  SINCE DEC 1      0                         0      0        0
  SINCE JAN 1      0                         0      0        0
..................................................................


WIND (MPH)
  HIGHEST WIND SPEED    21   HIGHEST WIND DIRECTION     W (280)
  HIGHEST GUST SPEED    27   HIGHEST GUST DIRECTION     W (280)


SKY COVER
  AVERAGE SKY COVER 1.0


WEATHER CONDITIONS
 THE FOLLOWING WEATHER WAS RECORDED TODAY.
  SNOW
  LIGHT SNOW
  FOG
  HAZE


RELATIVE HUMIDITY (PERCENT)
 HIGHEST   100          1200 AM
 LOWEST     75           100 PM
 AVERAGE    88

..........................................................


THE INTERNATIONAL FALLS MN CLIMATE NORMALS FOR TOMORROW
                         NORMAL    RECORD    YEAR
 MAXIMUM TEMPERATURE (F)   26        53      1958
 MINIMUM TEMPERATURE (F)    3       -32      2015
                                             2011


SUNRISE AND SUNSET
FEBRUARY 25 2018......SUNRISE   703 AM CST   SUNSET   551 PM CST
FEBRUARY 26 2018......SUNRISE   701 AM CST   SUNSET   553 PM CST


-  INDICATES NEGATIVE NUMBERS.
R  INDICATES RECORD WAS SET OR TIED.
MM INDICATES DATA IS MISSING.
T  INDICATES TRACE AMOUNT.




$$
