000
CDUS43 KDLH 280622
CLIINL


CLIMATE REPORT
NATIONAL WEATHER SERVICE DULUTH MN
1221 AM CST SUN DEC 28 2014


...................................

...THE INTERNATIONAL FALLS MN CLIMATE SUMMARY FOR DECEMBER 27 2014...

CLIMATE NORMAL PERIOD 1981 TO 2010
CLIMATE RECORD PERIOD 1895 TO 2014


WEATHER ITEM   OBSERVED TIME   RECORD YEAR NORMAL DEPARTURE LAST
                VALUE   (LST)  VALUE       VALUE  FROM      YEAR
                                                  NORMAL
..................................................................
TEMPERATURE (F)
 YESTERDAY
  MAXIMUM         16    309 PM  40    1922  16      0       34
  MINIMUM          7   1159 PM -32    1924  -4     11        6
  AVERAGE         12                         6      6       20

PRECIPITATION (IN)
  YESTERDAY        T             0.30 1923   0.02  -0.02     0.00
  MONTH TO DATE    0.85                      0.71   0.14     1.26
  SINCE DEC 1      0.85                      0.71   0.14     1.26
  SINCE JAN 1     30.22                     24.12   6.10    31.66

SNOWFALL (IN)
  YESTERDAY        0.4           4.2  1988   0.5   -0.1      0.0
  MONTH TO DATE   10.4                      13.0   -2.6     23.8
  SINCE DEC 1     10.4                      13.0   -2.6     23.8
  SINCE JUL 1     19.7                      29.0   -9.3     34.7
  SNOW DEPTH       4

DEGREE DAYS
 HEATING
  YESTERDAY       53                        59     -6       45
  MONTH TO DATE 1187                      1475   -288     1820
  SINCE DEC 1   1187                      1475   -288     1820
  SINCE JUL 1   3798                      3936   -138     4178

 COOLING
  YESTERDAY        0                         0      0        0
  MONTH TO DATE    0                         0      0        0
  SINCE DEC 1      0                         0      0        0
  SINCE JAN 1    121                       192    -71      224
..................................................................


WIND (MPH)
  HIGHEST WIND SPEED    13   HIGHEST WIND DIRECTION    NW (310)
  HIGHEST GUST SPEED    19   HIGHEST GUST DIRECTION    NW (320)
  AVERAGE WIND SPEED     6.5


SKY COVER
  AVERAGE SKY COVER 0.9


WEATHER CONDITIONS
 THE FOLLOWING WEATHER WAS RECORDED YESTERDAY.
  LIGHT SNOW
  FOG
  HAZE


RELATIVE HUMIDITY (PERCENT)
 HIGHEST    84           900 PM
 LOWEST     61           200 PM
 AVERAGE    73

..........................................................


THE INTERNATIONAL FALLS MN CLIMATE NORMALS FOR TODAY
                         NORMAL    RECORD    YEAR
 MAXIMUM TEMPERATURE (F)   16        40      1912
 MINIMUM TEMPERATURE (F)   -4       -40      1917


SUNRISE AND SUNSET
DECEMBER 28 2014......SUNRISE   805 AM CST   SUNSET   425 PM CST
DECEMBER 29 2014......SUNRISE   806 AM CST   SUNSET   426 PM CST


-  INDICATES NEGATIVE NUMBERS.
R  INDICATES RECORD WAS SET OR TIED.
MM INDICATES DATA IS MISSING.
T  INDICATES TRACE AMOUNT.




$$
