483
CDUS45 KFGZ 250748
CLIINW
CLIMATE REPORT
NATIONAL WEATHER SERVICE FLAGSTAFF, AZ
1247 AM MST MON JUL 25 2016


...................................

...THE WINSLOW AZ AIRPORT CLIMATE SUMMARY FOR JULY 24 2016...

CLIMATE NORMAL PERIOD 1981 TO 2010
CLIMATE RECORD PERIOD 1915 TO 2016


WEATHER ITEM   OBSERVED TIME   RECORD YEAR NORMAL DEPARTURE LAST
                VALUE   (LST)  VALUE       VALUE  FROM      YEAR
                                                  NORMAL
..................................................................
TEMPERATURE (F)
 YESTERDAY
  MAXIMUM         99    320 PM 105    1996  94      5       87
  MINIMUM         61    459 AM  49    1973  63     -2       65
  AVERAGE         80                        78      2       76

PRECIPITATION (IN)
  YESTERDAY        0.00          0.94 1992   0.04  -0.04      T
  MONTH TO DATE    0.36                      0.75  -0.39     1.32
  SINCE SEP 1      5.99                      5.52   0.47     8.48
  SINCE JAN 1      1.97                      3.04  -1.07     5.63

DEGREE DAYS
 HEATING
  YESTERDAY        0                         0      0        0
  MONTH TO DATE    0                         0      0        0
  SINCE JUL 1      0                         0      0        0

 COOLING
  YESTERDAY       15                        13      2       11
  MONTH TO DATE  325                       319      6      269
  SINCE JAN 1    731                       627    104      622
..................................................................


WIND (MPH)
  HIGHEST WIND SPEED    24   HIGHEST WIND DIRECTION    NW (320)
  HIGHEST GUST SPEED    32   HIGHEST GUST DIRECTION    NW (310)
  AVERAGE WIND SPEED     7.9


SKY COVER
  POSSIBLE SUNSHINE  MM
  AVERAGE SKY COVER 0.0


WEATHER CONDITIONS
 THE FOLLOWING WEATHER WAS RECORDED YESTERDAY.
  THUNDERSTORM


RELATIVE HUMIDITY (PERCENT)
 HIGHEST    55           500 AM
 LOWEST     16           400 PM
 AVERAGE    36

..........................................................


THE WINSLOW AZ AIRPORT CLIMATE NORMALS FOR TODAY
                         NORMAL    RECORD    YEAR
 MAXIMUM TEMPERATURE (F)   94       104      1963
                                             1936
 MINIMUM TEMPERATURE (F)   63        48      1973


SUNRISE AND SUNSET
JULY 25 2016..........SUNRISE   528 AM MST   SUNSET   731 PM MST
JULY 26 2016..........SUNRISE   528 AM MST   SUNSET   730 PM MST


-  INDICATES NEGATIVE NUMBERS.
R  INDICATES RECORD WAS SET OR TIED.
MM INDICATES DATA IS MISSING.
T  INDICATES TRACE AMOUNT.




$$
