000
CDUS45 KFGZ 280830
CLIINW
CLIMATE REPORT
NATIONAL WEATHER SERVICE FLAGSTAFF, AZ
121 AM MST SUN DEC 28 2014


...................................

...THE WINSLOW AZ AIRPORT CLIMATE SUMMARY FOR DECEMBER 27 2014...

CLIMATE NORMAL PERIOD 1981 TO 2010
CLIMATE RECORD PERIOD 1915 TO 2014


WEATHER ITEM   OBSERVED TIME   RECORD YEAR NORMAL DEPARTURE LAST
                VALUE   (LST)  VALUE       VALUE  FROM      YEAR
                                                  NORMAL
..................................................................
TEMPERATURE (F)
 YESTERDAY
  MAXIMUM         38    405 PM  63    2006  47     -9       50
  MINIMUM         16   1028 PM  -8    1932  20     -4       15
  AVERAGE         27                        33     -6       33

PRECIPITATION (IN)
  YESTERDAY        0.00          0.60 1916   0.02  -0.02     0.00
  MONTH TO DATE    1.03                      0.49   0.54     0.05
  SINCE SEP 1      2.76                      2.41   0.35     3.81
  SINCE JAN 1      6.94                      6.94   0.00     9.51

DEGREE DAYS
 HEATING
  YESTERDAY       38                        32      6       32
  MONTH TO DATE  696                       817   -121      868
  SINCE JUL 1   1448                      1753   -305     1840

 COOLING
  YESTERDAY        0                         0      0        0
  MONTH TO DATE    0                         0      0        0
  SINCE JAN 1   1327                      1208    119     1380
..................................................................


WIND (MPH)
  HIGHEST WIND SPEED     8   HIGHEST WIND DIRECTION    SW (230)
  HIGHEST GUST SPEED    11   HIGHEST GUST DIRECTION    NW (320)
  AVERAGE WIND SPEED     3.9


SKY COVER
  POSSIBLE SUNSHINE  MM
  AVERAGE SKY COVER 0.2


WEATHER CONDITIONS
 THE FOLLOWING WEATHER WAS RECORDED YESTERDAY.
  NO SIGNIFICANT WEATHER WAS OBSERVED.


RELATIVE HUMIDITY (PERCENT)
 HIGHEST    74           300 AM
 LOWEST     35           200 PM
 AVERAGE    55

..........................................................


THE WINSLOW AZ AIRPORT CLIMATE NORMALS FOR TODAY
                         NORMAL    RECORD    YEAR
 MAXIMUM TEMPERATURE (F)   47        64      1922
 MINIMUM TEMPERATURE (F)   20        -5      1961


SUNRISE AND SUNSET
DECEMBER 28 2014......SUNRISE   730 AM MST   SUNSET   519 PM MST
DECEMBER 29 2014......SUNRISE   730 AM MST   SUNSET   520 PM MST


-  INDICATES NEGATIVE NUMBERS.
R  INDICATES RECORD WAS SET OR TIED.
MM INDICATES DATA IS MISSING.
T  INDICATES TRACE AMOUNT.




$$
