000
CDUS45 KFGZ 190910
CLIINW
CLIMATE REPORT
NATIONAL WEATHER SERVICE FLAGSTAFF, AZ
209 AM MST THU OCT 19 2017


...................................

...THE WINSLOW AZ AIRPORT CLIMATE SUMMARY FOR OCTOBER 18 2017...

CLIMATE NORMAL PERIOD 1981 TO 2010
CLIMATE RECORD PERIOD 1915 TO 2017


WEATHER ITEM   OBSERVED TIME   RECORD YEAR NORMAL DEPARTURE LAST
                VALUE   (LST)  VALUE       VALUE  FROM      YEAR
                                                  NORMAL
..................................................................
TEMPERATURE (F)
 YESTERDAY
  MAXIMUM         83    315 PM  88    2009  73     10       83
  MINIMUM         37    635 AM  22    1938  38     -1       38
  AVERAGE         60                        56      4       61

PRECIPITATION (IN)
  YESTERDAY        0.00          0.48 1962   0.02  -0.02     0.00
  MONTH TO DATE    0.00                      0.32  -0.32      T
  SINCE SEP 1      0.21                      1.20  -0.99     0.85
  SINCE JAN 1      4.24                      5.73  -1.49     4.47

DEGREE DAYS
 HEATING
  YESTERDAY        5                        10     -5        4
  MONTH TO DATE  111                       117     -6       62
  SINCE JUL 1    162                       148     14       92

 COOLING
  YESTERDAY        0                         0      0        0
  MONTH TO DATE   10                         6      4        6
  SINCE JAN 1   1443                      1207    236     1275
..................................................................


WIND (MPH)
  HIGHEST WIND SPEED    12   HIGHEST WIND DIRECTION     W (250)
  HIGHEST GUST SPEED    13   HIGHEST GUST DIRECTION    SW (240)
  AVERAGE WIND SPEED     4.7


SKY COVER
  POSSIBLE SUNSHINE  MM
  AVERAGE SKY COVER 0.0


WEATHER CONDITIONS
 THE FOLLOWING WEATHER WAS RECORDED YESTERDAY.
  NO SIGNIFICANT WEATHER WAS OBSERVED.


RELATIVE HUMIDITY (PERCENT)
 HIGHEST    59           700 AM
 LOWEST     12           300 PM
 AVERAGE    36

..........................................................


THE WINSLOW AZ AIRPORT CLIMATE NORMALS FOR TODAY
                         NORMAL    RECORD    YEAR
 MAXIMUM TEMPERATURE (F)   72        85      2003
                                             1952
                                             1921
 MINIMUM TEMPERATURE (F)   38        19      1917


SUNRISE AND SUNSET
OCTOBER 19 2017.......SUNRISE   633 AM MST   SUNSET   543 PM MST
OCTOBER 20 2017.......SUNRISE   633 AM MST   SUNSET   541 PM MST


-  INDICATES NEGATIVE NUMBERS.
R  INDICATES RECORD WAS SET OR TIED.
MM INDICATES DATA IS MISSING.
T  INDICATES TRACE AMOUNT.




$$
