941
CDUS45 KFGZ 230053
CLIINW
CLIMATE REPORT
NATIONAL WEATHER SERVICE FLAGSTAFF, AZ
552 PM MST THU JUN 22 2017


...................................

...THE WINSLOW AZ AIRPORT CLIMATE SUMMARY FOR JUNE 22 2017...
VALID TODAY AS OF 0500 PM LOCAL TIME.

CLIMATE NORMAL PERIOD 1981 TO 2010
CLIMATE RECORD PERIOD 1915 TO 2017


WEATHER ITEM   OBSERVED TIME   RECORD YEAR NORMAL DEPARTURE LAST
                VALUE   (LST)  VALUE       VALUE  FROM      YEAR
                                                  NORMAL
..................................................................
TEMPERATURE (F)
 TODAY
  MAXIMUM        107R   320 PM 105    1961  94     13      103
  MINIMUM         74    545 AM  45    1991  56     18       67
                                      1989
                                      1928
  AVERAGE         91                        75     16       85

PRECIPITATION (IN)
  TODAY            0.00          0.36 1972   0.01  -0.01     0.00
  MONTH TO DATE    0.00                      0.11  -0.11      T
  SINCE SEP 1      5.22                      4.70   0.52     5.62
  SINCE JAN 1      2.14                      2.22  -0.08     1.60

DEGREE DAYS
 HEATING
  TODAY            0                         0      0        0
  MONTH TO DATE    4                         8     -4        0
  SINCE JUL 1   3637                      4495   -858     4253

 COOLING
  TODAY           26                        10     16       20
  MONTH TO DATE  241                       153     88      248
  SINCE JAN 1    282                       220     62      265
..................................................................


WIND (MPH)
  HIGHEST WIND SPEED    31   HIGHEST WIND DIRECTION     W (260)
  HIGHEST GUST SPEED    43   HIGHEST GUST DIRECTION     W (270)
  AVERAGE WIND SPEED    10.0


SKY COVER
  POSSIBLE SUNSHINE  MM
  AVERAGE SKY COVER 0.0


WEATHER CONDITIONS
 THE FOLLOWING WEATHER WAS RECORDED TODAY.
  NO SIGNIFICANT WEATHER WAS OBSERVED.


RELATIVE HUMIDITY (PERCENT)
 HIGHEST    18           400 AM
 LOWEST      7          1000 AM
 AVERAGE    13

..........................................................


THE WINSLOW AZ AIRPORT CLIMATE NORMALS FOR TOMORROW
                         NORMAL    RECORD    YEAR
 MAXIMUM TEMPERATURE (F)   94       104      1961
 MINIMUM TEMPERATURE (F)   56        44      2010


SUNRISE AND SUNSET
JUNE 22 2017..........SUNRISE   510 AM MST   SUNSET   740 PM MST
JUNE 23 2017..........SUNRISE   510 AM MST   SUNSET   741 PM MST


-  INDICATES NEGATIVE NUMBERS.
R  INDICATES RECORD WAS SET OR TIED.
MM INDICATES DATA IS MISSING.
T  INDICATES TRACE AMOUNT.




$$
