000
CDUS45 KFGZ 310056
CLIINW
CLIMATE REPORT
NATIONAL WEATHER SERVICE FLAGSTAFF, AZ
555 PM MST SAT AUG 30 2014


...................................

...THE WINSLOW AZ AIRPORT CLIMATE SUMMARY FOR AUGUST 30 2014...
VALID TODAY AS OF 0500 PM LOCAL TIME.

CLIMATE NORMAL PERIOD 1981 TO 2010
CLIMATE RECORD PERIOD 1898 TO 2014


WEATHER ITEM   OBSERVED TIME   RECORD YEAR NORMAL DEPARTURE LAST
                VALUE   (LST)  VALUE       VALUE  FROM      YEAR
                                                  NORMAL
..................................................................
TEMPERATURE (F)
 TODAY
  MAXIMUM         94    234 PM 100    2011  90      4       85
  MINIMUM         54    545 AM  46    1942  58     -4       65
  AVERAGE         74                        74      0       75

PRECIPITATION (IN)
  TODAY            0.00          0.63 1923   0.04  -0.04     0.22
  MONTH TO DATE    2.68                      1.16   1.52     2.50
  SINCE SEP 1      7.99                      6.97   1.02     6.89
  SINCE JAN 1      4.18                      4.49  -0.31     5.62

DEGREE DAYS
 HEATING
  TODAY            0                         0      0        0
  MONTH TO DATE    0                         0      0        0
  SINCE JUL 1      0                         0      0        0

 COOLING
  TODAY            9                         9      0       10
  MONTH TO DATE  284                       332    -48      317
  SINCE JAN 1   1103                      1049     54     1215
..................................................................


WIND (MPH)
  HIGHEST WIND SPEED    18   HIGHEST WIND DIRECTION     W (250)
  HIGHEST GUST SPEED    24   HIGHEST GUST DIRECTION     W (260)
  AVERAGE WIND SPEED     5.8


SKY COVER
  POSSIBLE SUNSHINE  MM
  AVERAGE SKY COVER 0.0


WEATHER CONDITIONS
 THE FOLLOWING WEATHER WAS RECORDED TODAY.
  NO SIGNIFICANT WEATHER WAS OBSERVED.


RELATIVE HUMIDITY (PERCENT)
 HIGHEST    77           500 AM
 LOWEST     15           100 PM
 AVERAGE    46

..........................................................


THE WINSLOW AZ AIRPORT CLIMATE NORMALS FOR TOMORROW
                         NORMAL    RECORD    YEAR
 MAXIMUM TEMPERATURE (F)   90        99      1949
                                             1919
 MINIMUM TEMPERATURE (F)   58        49      2000


SUNRISE AND SUNSET
AUGUST 30 2014........SUNRISE   554 AM MST   SUNSET   652 PM MST
AUGUST 31 2014........SUNRISE   555 AM MST   SUNSET   651 PM MST


-  INDICATES NEGATIVE NUMBERS.
R  INDICATES RECORD WAS SET OR TIED.
MM INDICATES DATA IS MISSING.
T  INDICATES TRACE AMOUNT.




$$
