000
CDUS45 KFGZ 220939
CLIINW
CLIMATE REPORT
NATIONAL WEATHER SERVICE FLAGSTAFF, AZ
238 AM MST FRI MAY 22 2015


...................................

...THE WINSLOW AZ AIRPORT CLIMATE SUMMARY FOR MAY 21 2015...

CLIMATE NORMAL PERIOD 1981 TO 2010
CLIMATE RECORD PERIOD 1915 TO 2015


WEATHER ITEM   OBSERVED TIME   RECORD YEAR NORMAL DEPARTURE LAST
                VALUE   (LST)  VALUE       VALUE  FROM      YEAR
                                                  NORMAL
..................................................................
TEMPERATURE (F)
 YESTERDAY
  MAXIMUM         78    404 PM  96    2005  83     -5       82
  MINIMUM         49   1151 PM  33    1974  47      2       40
  AVERAGE         64                        65     -1       61

PRECIPITATION (IN)
  YESTERDAY        0.00          0.62 1959   0.01  -0.01     0.00
  MONTH TO DATE    0.72                      0.23   0.49      T
  SINCE SEP 1      6.16                      4.49   1.67     4.99
  SINCE JAN 1      3.31                      2.01   1.30     1.18

DEGREE DAYS
 HEATING
  YESTERDAY        1                         2     -1        4
  MONTH TO DATE  124                        90     34      116
  SINCE JUL 1   3798                      4469   -671     4284

 COOLING
  YESTERDAY        0                         2     -2        0
  MONTH TO DATE    3                        30    -27       16
  SINCE JAN 1      3                        34    -31       17
..................................................................


WIND (MPH)
  HIGHEST WIND SPEED    29   HIGHEST WIND DIRECTION    SW (220)
  HIGHEST GUST SPEED    36   HIGHEST GUST DIRECTION    SW (210)
  AVERAGE WIND SPEED    10.5


SKY COVER
  POSSIBLE SUNSHINE  MM
  AVERAGE SKY COVER 0.0


WEATHER CONDITIONS
 THE FOLLOWING WEATHER WAS RECORDED YESTERDAY.
  NO SIGNIFICANT WEATHER WAS OBSERVED.


RELATIVE HUMIDITY (PERCENT)
 HIGHEST    43           500 AM
 LOWEST     12           300 PM
 AVERAGE    28

..........................................................


THE WINSLOW AZ AIRPORT CLIMATE NORMALS FOR TODAY
                         NORMAL    RECORD    YEAR
 MAXIMUM TEMPERATURE (F)   84        98      2005
 MINIMUM TEMPERATURE (F)   47        30      1975
                                             1927


SUNRISE AND SUNSET
MAY 22 2015...........SUNRISE   515 AM MST   SUNSET   725 PM MST
MAY 23 2015...........SUNRISE   514 AM MST   SUNSET   726 PM MST


-  INDICATES NEGATIVE NUMBERS.
R  INDICATES RECORD WAS SET OR TIED.
MM INDICATES DATA IS MISSING.
T  INDICATES TRACE AMOUNT.




$$
