000
CDUS45 KFGZ 050815
CLIINW
CLIMATE REPORT
NATIONAL WEATHER SERVICE FLAGSTAFF, AZ
113 AM MST THU MAR 5 2015


...................................

...THE WINSLOW AZ AIRPORT CLIMATE SUMMARY FOR MARCH 4 2015...

CLIMATE NORMAL PERIOD 1981 TO 2010
CLIMATE RECORD PERIOD 1915 TO 2015


WEATHER ITEM   OBSERVED TIME   RECORD YEAR NORMAL DEPARTURE LAST
                VALUE   (LST)  VALUE       VALUE  FROM      YEAR
                                                  NORMAL
..................................................................
TEMPERATURE (F)
 YESTERDAY
  MAXIMUM         50    416 PM  77    1972  61    -11       62
  MINIMUM         25   1156 PM   6    1948  29     -4       39
  AVERAGE         38                        44     -6       51

PRECIPITATION (IN)
  YESTERDAY        0.00          0.57 1938   0.01  -0.01     0.00
  MONTH TO DATE    0.17                      0.06   0.11     0.99
  SINCE SEP 1      5.09                      3.52   1.57     4.82
  SINCE JAN 1      2.24                      1.04   1.20     1.01

DEGREE DAYS
 HEATING
  YESTERDAY       27                        21      6       14
  MONTH TO DATE   92                        84      8       72
  SINCE JUL 1   3031                      3579   -548     3439

 COOLING
  YESTERDAY        0                         0      0        0
  MONTH TO DATE    0                         0      0        0
  SINCE JAN 1      0                         0      0        0
..................................................................


WIND (MPH)
  HIGHEST WIND SPEED    17   HIGHEST WIND DIRECTION    NW (300)
  HIGHEST GUST SPEED    22   HIGHEST GUST DIRECTION    NW (300)
  AVERAGE WIND SPEED     7.6


SKY COVER
  POSSIBLE SUNSHINE  MM
  AVERAGE SKY COVER 0.1


WEATHER CONDITIONS
 THE FOLLOWING WEATHER WAS RECORDED YESTERDAY.
  NO SIGNIFICANT WEATHER WAS OBSERVED.


RELATIVE HUMIDITY (PERCENT)
 HIGHEST    92          1200 AM
 LOWEST     31           500 PM
 AVERAGE    62

..........................................................


THE WINSLOW AZ AIRPORT CLIMATE NORMALS FOR TODAY
                         NORMAL    RECORD    YEAR
 MAXIMUM TEMPERATURE (F)   61        73      1950
                                             1916
 MINIMUM TEMPERATURE (F)   29        12      2002


SUNRISE AND SUNSET
MARCH  5 2015.........SUNRISE   647 AM MST   SUNSET   622 PM MST
MARCH  6 2015.........SUNRISE   646 AM MST   SUNSET   623 PM MST


-  INDICATES NEGATIVE NUMBERS.
R  INDICATES RECORD WAS SET OR TIED.
MM INDICATES DATA IS MISSING.
T  INDICATES TRACE AMOUNT.




$$
