000
CDUS45 KFGZ 230736
CLIINW
CLIMATE REPORT
NATIONAL WEATHER SERVICE FLAGSTAFF, AZ
1235 AM MST WED AUG 23 2017


...................................

...THE WINSLOW AZ AIRPORT CLIMATE SUMMARY FOR AUGUST 22 2017...

CLIMATE NORMAL PERIOD 1981 TO 2010
CLIMATE RECORD PERIOD 1915 TO 2017


WEATHER ITEM   OBSERVED TIME   RECORD YEAR NORMAL DEPARTURE LAST
                VALUE   (LST)  VALUE       VALUE  FROM      YEAR
                                                  NORMAL
..................................................................
TEMPERATURE (F)
 YESTERDAY
  MAXIMUM         94    325 PM 103    1928  91      3       84
  MINIMUM         60    605 AM  46    1926  60      0       58
  AVERAGE         77                        75      2       71

PRECIPITATION (IN)
  YESTERDAY        0.00          0.93 1992   0.04  -0.04     0.01
  MONTH TO DATE    0.21                      0.87  -0.66     1.29
  SINCE SEP 1      6.94                      6.68   0.26     7.28
  SINCE JAN 1      3.86                      4.20  -0.34     3.26

DEGREE DAYS
 HEATING
  YESTERDAY        0                         0      0        0
  MONTH TO DATE    0                         0      0        0
  SINCE JUL 1      0                         0      0        0

 COOLING
  YESTERDAY       12                        10      2        6
  MONTH TO DATE  260                       255      5      251
  SINCE JAN 1   1126                       972    154     1104
..................................................................


WIND (MPH)
  HIGHEST WIND SPEED    16   HIGHEST WIND DIRECTION     W (290)
  HIGHEST GUST SPEED    26   HIGHEST GUST DIRECTION     W (260)
  AVERAGE WIND SPEED     6.8


SKY COVER
  POSSIBLE SUNSHINE  MM
  AVERAGE SKY COVER 0.3


WEATHER CONDITIONS
 THE FOLLOWING WEATHER WAS RECORDED YESTERDAY.
  NO SIGNIFICANT WEATHER WAS OBSERVED.


RELATIVE HUMIDITY (PERCENT)
 HIGHEST    69           600 AM
 LOWEST     17           300 PM
 AVERAGE    43

..........................................................


THE WINSLOW AZ AIRPORT CLIMATE NORMALS FOR TODAY
                         NORMAL    RECORD    YEAR
 MAXIMUM TEMPERATURE (F)   91       100      2011
 MINIMUM TEMPERATURE (F)   60        43      1968


SUNRISE AND SUNSET
AUGUST 23 2017........SUNRISE   549 AM MST   SUNSET   701 PM MST
AUGUST 24 2017........SUNRISE   550 AM MST   SUNSET   700 PM MST


-  INDICATES NEGATIVE NUMBERS.
R  INDICATES RECORD WAS SET OR TIED.
MM INDICATES DATA IS MISSING.
T  INDICATES TRACE AMOUNT.




$$
