878
CDUS45 KFGZ 030759
CLIINW
CLIMATE REPORT
NATIONAL WEATHER SERVICE FLAGSTAFF, AZ
1258 AM MST SAT DEC 3 2016


...................................

...THE WINSLOW AZ AIRPORT CLIMATE SUMMARY FOR DECEMBER 2 2016...

CLIMATE NORMAL PERIOD 1981 TO 2010
CLIMATE RECORD PERIOD 1915 TO 2016


WEATHER ITEM   OBSERVED TIME   RECORD YEAR NORMAL DEPARTURE LAST
                VALUE   (LST)  VALUE       VALUE  FROM      YEAR
                                                  NORMAL
..................................................................
TEMPERATURE (F)
 YESTERDAY
  MAXIMUM         45    405 PM  70    2008  52     -7       49
                                      1995
  MINIMUM         23    125 AM   9    1991  23      0       11
                                      1931
  AVERAGE         34                        37     -3       30

PRECIPITATION (IN)
  YESTERDAY        0.00          0.38 1955   0.01  -0.01     0.00
  MONTH TO DATE    0.00                      0.03  -0.03     0.00
  SINCE SEP 1      2.02                      1.95   0.07     3.67
  SINCE JAN 1      5.64                      6.48  -0.84    12.57

DEGREE DAYS
 HEATING
  YESTERDAY       31                        28      3       35
  MONTH TO DATE   68                        55     13       70
  SINCE JUL 1    759                       991   -232      933

 COOLING
  YESTERDAY        0                         0      0        0
  MONTH TO DATE    0                         0      0        0
  SINCE JAN 1   1278                      1208     70     1316
..................................................................


WIND (MPH)
  HIGHEST WIND SPEED    14   HIGHEST WIND DIRECTION    NW (310)
  HIGHEST GUST SPEED    17   HIGHEST GUST DIRECTION    NW (330)
  AVERAGE WIND SPEED     7.8


SKY COVER
  POSSIBLE SUNSHINE  MM
  AVERAGE SKY COVER 0.5


WEATHER CONDITIONS
 THE FOLLOWING WEATHER WAS RECORDED YESTERDAY.
  NO SIGNIFICANT WEATHER WAS OBSERVED.


RELATIVE HUMIDITY (PERCENT)
 HIGHEST    81           100 AM
 LOWEST     33           100 PM
 AVERAGE    57

..........................................................


THE WINSLOW AZ AIRPORT CLIMATE NORMALS FOR TODAY
                         NORMAL    RECORD    YEAR
 MAXIMUM TEMPERATURE (F)   52        70      1980
                                             1926
 MINIMUM TEMPERATURE (F)   22         4      1934


SUNRISE AND SUNSET
DECEMBER  3 2016......SUNRISE   715 AM MST   SUNSET   511 PM MST
DECEMBER  4 2016......SUNRISE   716 AM MST   SUNSET   511 PM MST


-  INDICATES NEGATIVE NUMBERS.
R  INDICATES RECORD WAS SET OR TIED.
MM INDICATES DATA IS MISSING.
T  INDICATES TRACE AMOUNT.




$$
