000
CDUS45 KFGZ 230732
CLIINW
CLIMATE REPORT
NATIONAL WEATHER SERVICE FLAGSTAFF, AZ
1232 AM MST TUE JAN 23 2018


...................................

...THE WINSLOW AZ AIRPORT CLIMATE SUMMARY FOR JANUARY 22 2018...

CLIMATE NORMAL PERIOD 1981 TO 2010
CLIMATE RECORD PERIOD 1915 TO 2018


WEATHER ITEM   OBSERVED TIME   RECORD YEAR NORMAL DEPARTURE LAST
                VALUE   (LST)  VALUE       VALUE  FROM      YEAR
                                                  NORMAL
..................................................................
TEMPERATURE (F)
 YESTERDAY
  MAXIMUM         43    420 PM  65    1993  50     -7       42
                                      1967
  MINIMUM          8    725 AM -18    1937  21    -13       22
  AVERAGE         26                        36    -10       32

PRECIPITATION (IN)
  YESTERDAY        0.00          0.39 2010   0.02  -0.02      T
  MONTH TO DATE    0.03                      0.38  -0.35     0.77
  SINCE SEP 1      0.26                      2.86  -2.60     3.85
  SINCE JAN 1      0.03                      0.38  -0.35     0.77

DEGREE DAYS
 HEATING
  YESTERDAY       39                        29     10       33
  MONTH TO DATE  583                       668    -85      508
  SINCE JUL 1   2100                      2546   -446     2007

 COOLING
  YESTERDAY        0                         0      0        0
  MONTH TO DATE    0                         0      0        0
  SINCE JAN 1      0                         0      0        0
..................................................................


WIND (MPH)
  HIGHEST WIND SPEED     9   HIGHEST WIND DIRECTION    SW (220)
  HIGHEST GUST SPEED    14   HIGHEST GUST DIRECTION     E (100)
  AVERAGE WIND SPEED     3.5


SKY COVER
  POSSIBLE SUNSHINE  MM
  AVERAGE SKY COVER 0.0


WEATHER CONDITIONS
 THE FOLLOWING WEATHER WAS RECORDED YESTERDAY.
  NO SIGNIFICANT WEATHER WAS OBSERVED.


RELATIVE HUMIDITY (PERCENT)
 HIGHEST    83           800 AM
 LOWEST     22           300 PM
 AVERAGE    53

..........................................................


THE WINSLOW AZ AIRPORT CLIMATE NORMALS FOR TODAY
                         NORMAL    RECORD    YEAR
 MAXIMUM TEMPERATURE (F)   51        71      1950
 MINIMUM TEMPERATURE (F)   21       -18      1937


SUNRISE AND SUNSET
JANUARY 23 2018.......SUNRISE   727 AM MST   SUNSET   543 PM MST
JANUARY 24 2018.......SUNRISE   727 AM MST   SUNSET   544 PM MST


-  INDICATES NEGATIVE NUMBERS.
R  INDICATES RECORD WAS SET OR TIED.
MM INDICATES DATA IS MISSING.
T  INDICATES TRACE AMOUNT.




$$
