000
CDUS43 KDVN 230911
CLIIOW


CLIMATE REPORT
NATIONAL WEATHER SERVICE QUAD CITIES IA IL
410 AM CDT FRI JUN 23 2017


...................................

...THE IOWA CITY IA CLIMATE SUMMARY FOR JUNE 22 2017...

CLIMATE NORMAL PERIOD 1981 TO 2010
CLIMATE RECORD PERIOD 9999 TO 9999


WEATHER ITEM   OBSERVED TIME   RECORD YEAR NORMAL DEPARTURE LAST
                VALUE   (LST)  VALUE       VALUE  FROM      YEAR
                                                  NORMAL
..................................................................
TEMPERATURE (F)
 YESTERDAY
  MAXIMUM         87    423 PM  MM      MM  83      4       87
  MINIMUM         72    558 AM  MM      MM  63      9       66
  AVERAGE         80                        73      7       77

PRECIPITATION (IN)
  YESTERDAY        0.00         MM      MM   0.16  -0.16     2.86
  MONTH TO DATE    3.32                      3.24   0.08     4.76
  SINCE JUN 1      3.32                      3.24   0.08     4.76
  SINCE JAN 1     17.04                     15.33   1.71    13.37

DEGREE DAYS
 HEATING
  YESTERDAY        0                         0      0        0
  MONTH TO DATE    0                        14    -14        2
  SINCE JUN 1      0                        14    -14        2
  SINCE JUL 1   5113                      6375  -1262     5468

 COOLING
  YESTERDAY       15                         8      7       12
  MONTH TO DATE  238                       138    100      221
  SINCE JUN 1    238                       138    100      221
  SINCE JAN 1    291                       199     92      293
..................................................................


WIND (MPH)
  HIGHEST WIND SPEED    23   HIGHEST WIND DIRECTION     S (160)
  HIGHEST GUST SPEED    32   HIGHEST GUST DIRECTION     S (170)
  AVERAGE WIND SPEED     8.5


SKY COVER
  POSSIBLE SUNSHINE  MM
  AVERAGE SKY COVER 0.1


WEATHER CONDITIONS
 THE FOLLOWING WEATHER WAS RECORDED YESTERDAY.
  NO SIGNIFICANT WEATHER WAS OBSERVED.


RELATIVE HUMIDITY (PERCENT)
 HIGHEST    87          1200 AM
 LOWEST     55           400 PM
 AVERAGE    71

..........................................................


THE IOWA CITY IA CLIMATE NORMALS FOR TODAY
                         NORMAL    RECORD    YEAR
 MAXIMUM TEMPERATURE (F)   83        MM        MM
 MINIMUM TEMPERATURE (F)   63        MM        MM


SUNRISE AND SUNSET
JUNE 23 2017..........SUNRISE   533 AM CDT   SUNSET   844 PM CDT
JUNE 24 2017..........SUNRISE   533 AM CDT   SUNSET   844 PM CDT


-  INDICATES NEGATIVE NUMBERS.
R  INDICATES RECORD WAS SET OR TIED.
MM INDICATES DATA IS MISSING.
T  INDICATES TRACE AMOUNT.




$$
