000
CDUS43 KDVN 282122
CLIIOW


CLIMATE REPORT
NATIONAL WEATHER SERVICE QUAD CITIES IA IL
421 PM CDT SUN AUG 28 2016


...................................

...THE IOWA CITY IA CLIMATE SUMMARY FOR AUGUST 28 2016...
VALID TODAY AS OF 0400 PM LOCAL TIME.

CLIMATE NORMAL PERIOD 1981 TO 2010
CLIMATE RECORD PERIOD 9999 TO 9999


WEATHER ITEM   OBSERVED TIME   RECORD YEAR NORMAL DEPARTURE LAST
                VALUE   (LST)  VALUE       VALUE  FROM      YEAR
                                                  NORMAL
..................................................................
TEMPERATURE (F)
 TODAY
  MAXIMUM         87    227 PM  MM      MM  81      6       71
  MINIMUM         66    420 AM  MM      MM  60      6       60
  AVERAGE         77                        71      6       66

PRECIPITATION (IN)
  TODAY            0.00         MM      MM   0.14  -0.14     1.17
  MONTH TO DATE    5.16                      4.05   1.11     3.50
  SINCE JUN 1     15.16                     13.61   1.55    12.06
  SINCE JAN 1     23.77                     25.70  -1.93    21.91

DEGREE DAYS
 HEATING
  TODAY            0                         0      0        0
  MONTH TO DATE    0                         0      0       11
  SINCE JUN 1      4                        19    -15       20
  SINCE JUL 1      2                         2      0       13

 COOLING
  TODAY           12                         6      6        1
  MONTH TO DATE  278                       227     51      182
  SINCE JUN 1    870                       744    126      664
  SINCE JAN 1    942                       805    137      727
..................................................................


WIND (MPH)
  HIGHEST WIND SPEED    15   HIGHEST WIND DIRECTION    NE (40)
  HIGHEST GUST SPEED    19   HIGHEST GUST DIRECTION    NE (50)
  AVERAGE WIND SPEED     2.7


SKY COVER
  POSSIBLE SUNSHINE  MM
  AVERAGE SKY COVER 0.3


WEATHER CONDITIONS
 THE FOLLOWING WEATHER WAS RECORDED TODAY.
  THUNDERSTORM


RELATIVE HUMIDITY (PERCENT)
 HIGHEST   100           300 AM
 LOWEST     65           300 PM
 AVERAGE    83

..........................................................


THE IOWA CITY IA CLIMATE NORMALS FOR TOMORROW
                         NORMAL    RECORD    YEAR
 MAXIMUM TEMPERATURE (F)   81        MM        MM
 MINIMUM TEMPERATURE (F)   60        MM        MM


SUNRISE AND SUNSET
AUGUST 28 2016........SUNRISE   629 AM CDT   SUNSET   745 PM CDT
AUGUST 29 2016........SUNRISE   630 AM CDT   SUNSET   743 PM CDT


-  INDICATES NEGATIVE NUMBERS.
R  INDICATES RECORD WAS SET OR TIED.
MM INDICATES DATA IS MISSING.
T  INDICATES TRACE AMOUNT.




$$
