085
CDUS43 KDVN 241023
CLIIOW


CLIMATE REPORT
NATIONAL WEATHER SERVICE QUAD CITIES IA IL
420 AM CST TUE JAN 24 2017


...................................

...THE IOWA CITY IA CLIMATE SUMMARY FOR JANUARY 23 2017...

CLIMATE NORMAL PERIOD 1981 TO 2010
CLIMATE RECORD PERIOD 9999 TO 9999


WEATHER ITEM   OBSERVED TIME   RECORD YEAR NORMAL DEPARTURE LAST
                VALUE   (LST)  VALUE       VALUE  FROM      YEAR
                                                  NORMAL
..................................................................
TEMPERATURE (F)
 YESTERDAY
  MAXIMUM         40    221 PM  MM      MM  30     10       31
  MINIMUM         33   1147 PM  MM      MM  14     19       13
  AVERAGE         37                        22     15       22

PRECIPITATION (IN)
  YESTERDAY        T            MM      MM   0.04  -0.04     0.00
  MONTH TO DATE    1.37                      0.53   0.84     0.18
  SINCE DEC 1      2.21                      2.05   0.16     3.65
  SINCE JAN 1      1.37                      0.53   0.84     0.18

DEGREE DAYS
 HEATING
  YESTERDAY       28                        43    -15       43
  MONTH TO DATE  848                       989   -141     1039
  SINCE DEC 1   2066                      2221   -155     1912
  SINCE JUL 1   2868                      3528   -660     2962

 COOLING
  YESTERDAY        0                         0      0        0
  MONTH TO DATE    0                         0      0        0
  SINCE DEC 1      0                         0      0        0
  SINCE JAN 1      0                         0      0        0
..................................................................


WIND (MPH)
  HIGHEST WIND SPEED    15   HIGHEST WIND DIRECTION     W (270)
  HIGHEST GUST SPEED    17   HIGHEST GUST DIRECTION     W (270)
  AVERAGE WIND SPEED     7.7


SKY COVER
  POSSIBLE SUNSHINE  MM
  AVERAGE SKY COVER 1.0


WEATHER CONDITIONS
 THE FOLLOWING WEATHER WAS RECORDED YESTERDAY.
  LIGHT RAIN
  FOG


RELATIVE HUMIDITY (PERCENT)
 HIGHEST    92           700 AM
 LOWEST     70           100 PM
 AVERAGE    81

..........................................................


THE IOWA CITY IA CLIMATE NORMALS FOR TODAY
                         NORMAL    RECORD    YEAR
 MAXIMUM TEMPERATURE (F)   30        MM        MM
 MINIMUM TEMPERATURE (F)   15        MM        MM


SUNRISE AND SUNSET
JANUARY 24 2017.......SUNRISE   725 AM CST   SUNSET   512 PM CST
JANUARY 25 2017.......SUNRISE   724 AM CST   SUNSET   513 PM CST


-  INDICATES NEGATIVE NUMBERS.
R  INDICATES RECORD WAS SET OR TIED.
MM INDICATES DATA IS MISSING.
T  INDICATES TRACE AMOUNT.




$$
