000
CDUS43 KDVN 240917
CLIIOW


CLIMATE REPORT
NATIONAL WEATHER SERVICE QUAD CITIES IA IL
416 AM CDT SAT SEP 24 2016


...................................

...THE IOWA CITY IA CLIMATE SUMMARY FOR SEPTEMBER 23 2016...

CLIMATE NORMAL PERIOD 1981 TO 2010
CLIMATE RECORD PERIOD 9999 TO 9999


WEATHER ITEM   OBSERVED TIME   RECORD YEAR NORMAL DEPARTURE LAST
                VALUE   (LST)  VALUE       VALUE  FROM      YEAR
                                                  NORMAL
..................................................................
TEMPERATURE (F)
 YESTERDAY
  MAXIMUM         81    234 PM  MM      MM  73      8       83
  MINIMUM         69   1159 PM  MM      MM  49     20       58
  AVERAGE         75                        61     14       71

PRECIPITATION (IN)
  YESTERDAY        0.65         MM      MM   0.11   0.54     0.00
  MONTH TO DATE    2.83                      2.70   0.13     3.32
  SINCE SEP 1      2.83                      2.70   0.13     3.32
  SINCE JAN 1     28.47                     28.85  -0.38    25.32

DEGREE DAYS
 HEATING
  YESTERDAY        0                         5     -5        0
  MONTH TO DATE    0                        57    -57       32
  SINCE SEP 1      0                        57    -57       32
  SINCE JUL 1      2                        65    -63       45

 COOLING
  YESTERDAY       10                         1      9        6
  MONTH TO DATE  165                        71     94      167
  SINCE SEP 1    165                        71     94      167
  SINCE JAN 1   1141                       893    248      911
..................................................................


WIND (MPH)
  HIGHEST WIND SPEED    16   HIGHEST WIND DIRECTION    NE (60)
  HIGHEST GUST SPEED    19   HIGHEST GUST DIRECTION    NE (60)
  AVERAGE WIND SPEED     7.0


SKY COVER
  POSSIBLE SUNSHINE  MM
  AVERAGE SKY COVER 0.6


WEATHER CONDITIONS
 THE FOLLOWING WEATHER WAS RECORDED YESTERDAY.
  THUNDERSTORM
  HEAVY RAIN
  RAIN
  LIGHT RAIN
  FOG


RELATIVE HUMIDITY (PERCENT)
 HIGHEST   100           900 AM
 LOWEST     69           300 PM
 AVERAGE    85

..........................................................


THE IOWA CITY IA CLIMATE NORMALS FOR TODAY
                         NORMAL    RECORD    YEAR
 MAXIMUM TEMPERATURE (F)   73        MM        MM
 MINIMUM TEMPERATURE (F)   49        MM        MM


SUNRISE AND SUNSET
SEPTEMBER 24 2016.....SUNRISE   656 AM CDT   SUNSET   659 PM CDT
SEPTEMBER 25 2016.....SUNRISE   657 AM CDT   SUNSET   657 PM CDT


-  INDICATES NEGATIVE NUMBERS.
R  INDICATES RECORD WAS SET OR TIED.
MM INDICATES DATA IS MISSING.
T  INDICATES TRACE AMOUNT.




$$
