000
CDUS41 KCTP 270719
CLIIPT


CLIMATE REPORT
NATIONAL WEATHER SERVICE STATE COLLEGE PA
219 AM EST THU NOV 27 2014


...................................

...THE WILLIAMSPORT PA CLIMATE SUMMARY FOR NOVEMBER 26 2014...

CLIMATE NORMAL PERIOD 1981 TO 2010
CLIMATE RECORD PERIOD 1895 TO 2014


WEATHER ITEM   OBSERVED TIME   RECORD YEAR NORMAL DEPARTURE LAST
                VALUE   (LST)  VALUE       VALUE  FROM      YEAR
                                                  NORMAL
..................................................................
TEMPERATURE (F)
 YESTERDAY
  MAXIMUM         37    920 AM  68    1979  45     -8       33
  MINIMUM         31    918 PM   4    1938  31      0       28
  AVERAGE         34                        38     -4       31

PRECIPITATION (IN)
  YESTERDAY        0.49          2.54 1900   0.13   0.36     1.41
  MONTH TO DATE    2.13                      3.21  -1.08     2.45
  SINCE SEP 1      5.73                     10.79  -5.06     7.04
  SINCE JAN 1     34.54                     37.82  -3.28    28.66

SNOWFALL (IN)
  YESTERDAY        4.8
  MONTH TO DATE    4.8
  SINCE SEP 1      4.8
  SINCE JUL 1      4.8
  SNOW DEPTH       0

DEGREE DAYS
 HEATING
  YESTERDAY       31                        27      4       34
  MONTH TO DATE  649                       589     60      646
  SINCE SEP 1   1032                      1118    -86     1087
  SINCE JUL 1   1037                      1132    -95     1092

 COOLING
  YESTERDAY        0                         0      0        0
  MONTH TO DATE    0                         0      0        0
  SINCE SEP 1     96                        68     28      104
  SINCE JAN 1    713                       702     11      863
..................................................................


WIND (MPH)
  HIGHEST WIND SPEED    12   HIGHEST WIND DIRECTION     W (260)
  HIGHEST GUST SPEED    13   HIGHEST GUST DIRECTION     W (260)
  AVERAGE WIND SPEED     4.2


SKY COVER
  POSSIBLE SUNSHINE  MM
  AVERAGE SKY COVER 0.7


WEATHER CONDITIONS
 THE FOLLOWING WEATHER WAS RECORDED YESTERDAY.
  HEAVY SNOW
  SNOW
  LIGHT SNOW
  FOG
  FOG W/VISIBILITY <= 1/4 MILE


RELATIVE HUMIDITY (PERCENT)
 HIGHEST    96          1100 AM
 LOWEST     75          1200 AM
 AVERAGE    86

..........................................................


THE WILLIAMSPORT PA CLIMATE NORMALS FOR TODAY
                         NORMAL    RECORD    YEAR
 MAXIMUM TEMPERATURE (F)   45        70      1896
 MINIMUM TEMPERATURE (F)   30         3      1938


SUNRISE AND SUNSET
NOVEMBER 27 2014......SUNRISE   710 AM EST   SUNSET   441 PM EST
NOVEMBER 28 2014......SUNRISE   711 AM EST   SUNSET   440 PM EST


-  INDICATES NEGATIVE NUMBERS.
R  INDICATES RECORD WAS SET OR TIED.
MM INDICATES DATA IS MISSING.
T  INDICATES TRACE AMOUNT.




$$
