000
CDUS41 KCTP 230640
CLIIPT


CLIMATE REPORT
NATIONAL WEATHER SERVICE STATE COLLEGE PA
240 AM EDT WED APR 23 2014


...................................

...THE WILLIAMSPORT PA CLIMATE SUMMARY FOR APRIL 22 2014...

CLIMATE NORMAL PERIOD 1981 TO 2010
CLIMATE RECORD PERIOD 1895 TO 2014


WEATHER ITEM   OBSERVED TIME   RECORD YEAR NORMAL DEPARTURE LAST
                VALUE   (LST)  VALUE       VALUE  FROM      YEAR
                                                  NORMAL
..................................................................
TEMPERATURE (F)
 YESTERDAY
  MAXIMUM         63    439 PM  89    1985  64     -1       59
  MINIMUM         47   1159 PM  24    1922  41      6       33
  AVERAGE         55                        52      3       46

PRECIPITATION (IN)
  YESTERDAY        T             1.25 1927   0.10  -0.10     0.00
  MONTH TO DATE    1.92                      2.39  -0.47     2.64
  SINCE MAR 1      4.81                      5.36  -0.55     4.38
  SINCE JAN 1      8.61                     10.40  -1.79     8.84

SNOWFALL (IN)
  YESTERDAY       MM
  MONTH TO DATE    T
  SINCE MAR 1      0.1
  SINCE JUL 1     45.9
  SNOW DEPTH       0

DEGREE DAYS
 HEATING
  YESTERDAY       10                        13     -3       19
  MONTH TO DATE  362                       366     -4      346
  SINCE MAR 1   1362                      1195    167     1216
  SINCE JUL 1   6194                      5662    532     5382

 COOLING
  YESTERDAY        0                         0      0        0
  MONTH TO DATE    9                         0      9        8
  SINCE MAR 1      9                         0      9        8
  SINCE JAN 1      9                         0      9        8
..................................................................


WIND (MPH)
  HIGHEST WIND SPEED    24   HIGHEST WIND DIRECTION     W (280)
  HIGHEST GUST SPEED    31   HIGHEST GUST DIRECTION     W (270)
  AVERAGE WIND SPEED     7.2


SKY COVER
  POSSIBLE SUNSHINE  MM
  AVERAGE SKY COVER 0.3


WEATHER CONDITIONS
 THE FOLLOWING WEATHER WAS RECORDED YESTERDAY.
  LIGHT RAIN


RELATIVE HUMIDITY (PERCENT)
 HIGHEST    72           200 PM
 LOWEST     36          1000 AM
 AVERAGE    54

..........................................................


THE WILLIAMSPORT PA CLIMATE NORMALS FOR TODAY
                         NORMAL    RECORD    YEAR
 MAXIMUM TEMPERATURE (F)   64        91      1960
 MINIMUM TEMPERATURE (F)   41        27      1933
                                             1930


SUNRISE AND SUNSET
APRIL 23 2014.........SUNRISE   616 AM EDT   SUNSET   756 PM EDT
APRIL 24 2014.........SUNRISE   615 AM EDT   SUNSET   757 PM EDT


-  INDICATES NEGATIVE NUMBERS.
R  INDICATES RECORD WAS SET OR TIED.
MM INDICATES DATA IS MISSING.
T  INDICATES TRACE AMOUNT.




$$
