000
CDUS41 KCTP 200704
CLIIPT


CLIMATE REPORT
NATIONAL WEATHER SERVICE STATE COLLEGE PA
304 AM EDT WED AUG 20 2014


...................................

...THE WILLIAMSPORT PA CLIMATE SUMMARY FOR AUGUST 19 2014...

CLIMATE NORMAL PERIOD 1981 TO 2010
CLIMATE RECORD PERIOD 1895 TO 2014


WEATHER ITEM   OBSERVED TIME   RECORD YEAR NORMAL DEPARTURE LAST
                VALUE   (LST)  VALUE       VALUE  FROM      YEAR
                                                  NORMAL
..................................................................
TEMPERATURE (F)
 YESTERDAY
  MAXIMUM         81    201 PM  94    1899  81      0       80
  MINIMUM         56    551 AM  47    1963  61     -5       60
                                      1953
                                      1907
  AVERAGE         69                        71     -2       70

PRECIPITATION (IN)
  YESTERDAY        0.00          2.07 1989   0.12  -0.12     0.02
  MONTH TO DATE    5.23                      2.40   2.83     1.39
  SINCE JUN 1     12.71                     10.66   2.05     8.68
  SINCE JAN 1     27.46                     25.57   1.89    21.25

DEGREE DAYS
 HEATING
  YESTERDAY        0                         0      0        0
  MONTH TO DATE    4                         0      4        5
  SINCE JUN 1     12                        41    -29       14
  SINCE JUL 1      4                         4      0        5

 COOLING
  YESTERDAY        4                         6     -2        5
  MONTH TO DATE   93                       136    -43       86
  SINCE JUN 1    500                       526    -26      583
  SINCE JAN 1    552                       569    -17      654
..................................................................


WIND (MPH)
  HIGHEST WIND SPEED    12   HIGHEST WIND DIRECTION     S (200)
  HIGHEST GUST SPEED    16   HIGHEST GUST DIRECTION    SE (150)
  AVERAGE WIND SPEED     3.2


SKY COVER
  POSSIBLE SUNSHINE  MM
  AVERAGE SKY COVER 0.5


WEATHER CONDITIONS
 THE FOLLOWING WEATHER WAS RECORDED YESTERDAY.
  NO SIGNIFICANT WEATHER WAS OBSERVED.


RELATIVE HUMIDITY (PERCENT)
 HIGHEST    93           100 AM
 LOWEST     53          1100 AM
 AVERAGE    73

..........................................................


THE WILLIAMSPORT PA CLIMATE NORMALS FOR TODAY
                         NORMAL    RECORD    YEAR
 MAXIMUM TEMPERATURE (F)   81        95      1962
                                             1955
 MINIMUM TEMPERATURE (F)   61        42      1944


SUNRISE AND SUNSET
AUGUST 20 2014........SUNRISE   622 AM EDT   SUNSET   759 PM EDT
AUGUST 21 2014........SUNRISE   623 AM EDT   SUNSET   758 PM EDT


-  INDICATES NEGATIVE NUMBERS.
R  INDICATES RECORD WAS SET OR TIED.
MM INDICATES DATA IS MISSING.
T  INDICATES TRACE AMOUNT.




$$
