000
CDUS41 KCTP 250654
CLIIPT


CLIMATE REPORT
NATIONAL WEATHER SERVICE STATE COLLEGE PA
254 AM EDT SUN SEP 25 2016


...................................

...THE WILLIAMSPORT PA CLIMATE SUMMARY FOR SEPTEMBER 24 2016...

CLIMATE NORMAL PERIOD 1981 TO 2010
CLIMATE RECORD PERIOD 1895 TO 2016


WEATHER ITEM   OBSERVED TIME   RECORD YEAR NORMAL DEPARTURE LAST
                VALUE   (LST)  VALUE       VALUE  FROM      YEAR
                                                  NORMAL
..................................................................
TEMPERATURE (F)
 YESTERDAY
  MAXIMUM         74    313 PM  90    1961  70      4       81
  MINIMUM         49   1159 PM  30    1963  50     -1       50
  AVERAGE         62                        60      2       66

PRECIPITATION (IN)
  YESTERDAY        0.00          2.45 1946   0.14  -0.14     0.00
  MONTH TO DATE    1.98                      3.34  -1.36     1.83
  SINCE SEP 1      1.98                      3.34  -1.36     1.83
  SINCE JAN 1     25.41                     30.37  -4.96    30.12

DEGREE DAYS
 HEATING
  YESTERDAY        3                         6     -3        0
  MONTH TO DATE    5                        72    -67       19
  SINCE SEP 1      5                        72    -67       19
  SINCE JUL 1      5                        86    -81       21

 COOLING
  YESTERDAY        0                         1     -1        1
  MONTH TO DATE  164                        58    106      140
  SINCE SEP 1    164                        58    106      140
  SINCE JAN 1   1137                       692    445      925
..................................................................


WIND (MPH)
  HIGHEST WIND SPEED    14   HIGHEST WIND DIRECTION    NW (310)
  HIGHEST GUST SPEED    18   HIGHEST GUST DIRECTION     N (360)
  AVERAGE WIND SPEED     5.9


SKY COVER
  POSSIBLE SUNSHINE  MM
  AVERAGE SKY COVER 0.3


WEATHER CONDITIONS
 THE FOLLOWING WEATHER WAS RECORDED YESTERDAY.
  NO SIGNIFICANT WEATHER WAS OBSERVED.


RELATIVE HUMIDITY (PERCENT)
 HIGHEST    83           800 PM
 LOWEST     35           200 PM
 AVERAGE    59

..........................................................


THE WILLIAMSPORT PA CLIMATE NORMALS FOR TODAY
                         NORMAL    RECORD    YEAR
 MAXIMUM TEMPERATURE (F)   70        89      1970
 MINIMUM TEMPERATURE (F)   49        31      1963


SUNRISE AND SUNSET
SEPTEMBER 25 2016.....SUNRISE   659 AM EDT   SUNSET   659 PM EDT
SEPTEMBER 26 2016.....SUNRISE   700 AM EDT   SUNSET   657 PM EDT


-  INDICATES NEGATIVE NUMBERS.
R  INDICATES RECORD WAS SET OR TIED.
MM INDICATES DATA IS MISSING.
T  INDICATES TRACE AMOUNT.




$$
