493
CDUS41 KCTP 190614
CLIIPT


CLIMATE REPORT
NATIONAL WEATHER SERVICE STATE COLLEGE PA
114 AM EST FRI JAN 19 2018


...................................

...THE WILLIAMSPORT PA CLIMATE SUMMARY FOR JANUARY 18 2018...

CLIMATE NORMAL PERIOD 1981 TO 2010
CLIMATE RECORD PERIOD 1895 TO 2018


WEATHER ITEM   OBSERVED TIME   RECORD YEAR NORMAL DEPARTURE LAST
                VALUE   (LST)  VALUE       VALUE  FROM      YEAR
                                                  NORMAL
..................................................................
TEMPERATURE (F)
 YESTERDAY
  MAXIMUM         29    421 PM  62    1990  34     -5       45
  MINIMUM         13   1126 PM -17    1977  19     -6       37
  AVERAGE         21                        26     -5       41

PRECIPITATION (IN)
  YESTERDAY        0.00          1.77 2006   0.09  -0.09     0.01
  MONTH TO DATE    3.20                      1.55   1.65     1.81
  SINCE DEC 1      4.39                      4.48  -0.09     4.77
  SINCE JAN 1      3.20                      1.55   1.65     1.81

SNOWFALL (IN)
  YESTERDAY        0.0           4.0  1930   0.3   -0.3      0.0
  MONTH TO DATE    5.8                       5.9   -0.1      1.0
  SINCE DEC 1      9.8                      12.8   -3.0      9.9
  SINCE JUL 1      9.9                      14.6   -4.7     10.0
  SNOW DEPTH       4

DEGREE DAYS
 HEATING
  YESTERDAY       44                        39      5       24
  MONTH TO DATE  780                       691     89      622
  SINCE DEC 1   1810                      1739     71     1597
  SINCE JUL 1   2794                      2984   -190     2531

 COOLING
  YESTERDAY        0                         0      0        0
  MONTH TO DATE    0                         0      0        0
  SINCE DEC 1      0                         0      0        0
  SINCE JAN 1      0                         0      0        0
..................................................................


WIND (MPH)
  HIGHEST WIND SPEED    18   HIGHEST WIND DIRECTION     W (270)
  HIGHEST GUST SPEED    26   HIGHEST GUST DIRECTION     W (280)
  AVERAGE WIND SPEED    10.3


SKY COVER
  POSSIBLE SUNSHINE  MM
  AVERAGE SKY COVER 0.0


WEATHER CONDITIONS
 THE FOLLOWING WEATHER WAS RECORDED YESTERDAY.
  NO SIGNIFICANT WEATHER WAS OBSERVED.


RELATIVE HUMIDITY (PERCENT)
 HIGHEST    92          1100 PM
 LOWEST     46           300 PM
 AVERAGE    69

..........................................................


THE WILLIAMSPORT PA CLIMATE NORMALS FOR TODAY
                         NORMAL    RECORD    YEAR
 MAXIMUM TEMPERATURE (F)   34        61      1929
 MINIMUM TEMPERATURE (F)   19       -14      1994


SUNRISE AND SUNSET
JANUARY 19 2018.......SUNRISE   729 AM EST   SUNSET   508 PM EST
JANUARY 20 2018.......SUNRISE   728 AM EST   SUNSET   509 PM EST


-  INDICATES NEGATIVE NUMBERS.
R  INDICATES RECORD WAS SET OR TIED.
MM INDICATES DATA IS MISSING.
T  INDICATES TRACE AMOUNT.




$$
