000
CDUS41 KCTP 252117
CLIIPT


CLIMATE REPORT
NATIONAL WEATHER SERVICE STATE COLLEGE PA
517 PM EDT SUN JUN 25 2017


...................................

...THE WILLIAMSPORT PA CLIMATE SUMMARY FOR JUNE 25 2017...
VALID TODAY AS OF 0500 PM LOCAL TIME.

CLIMATE NORMAL PERIOD 1981 TO 2010
CLIMATE RECORD PERIOD 1895 TO 2017


WEATHER ITEM   OBSERVED TIME   RECORD YEAR NORMAL DEPARTURE LAST
                VALUE   (LST)  VALUE       VALUE  FROM      YEAR
                                                  NORMAL
..................................................................
TEMPERATURE (F)
 TODAY
  MAXIMUM         82    247 PM 100    1952  82      0       87
                                      1923
  MINIMUM         58    515 AM  44    1979  60     -2       60
  AVERAGE         70                        71     -1       74

PRECIPITATION (IN)
  TODAY            0.00          1.44 1949   0.14  -0.14     0.00
  MONTH TO DATE    3.58                      3.27   0.31     1.86
  SINCE JUN 1      3.58                      3.27   0.31     1.86
  SINCE JAN 1     22.70                     18.18   4.52    13.20

DEGREE DAYS
 HEATING
  TODAY            0                         0      0        0
  MONTH TO DATE   21                        36    -15        9
  SINCE JUN 1     21                        36    -15        9
  SINCE JUL 1   4950                      5994  -1044     4916

 COOLING
  TODAY            5                         6     -1        9
  MONTH TO DATE  155                       112     43      135
  SINCE JUN 1    155                       112     43      135
  SINCE JAN 1    205                       155     50      208
..................................................................


WIND (MPH)
  HIGHEST WIND SPEED    21   HIGHEST WIND DIRECTION     W (260)
  HIGHEST GUST SPEED    26   HIGHEST GUST DIRECTION     W (250)
  AVERAGE WIND SPEED     7.4


SKY COVER
  POSSIBLE SUNSHINE  MM
  AVERAGE SKY COVER 0.2


WEATHER CONDITIONS
 THE FOLLOWING WEATHER WAS RECORDED TODAY.
  NO SIGNIFICANT WEATHER WAS OBSERVED.


RELATIVE HUMIDITY (PERCENT)
 HIGHEST    93           500 AM
 LOWEST     33           200 PM
 AVERAGE    63

..........................................................


THE WILLIAMSPORT PA CLIMATE NORMALS FOR TOMORROW
                         NORMAL    RECORD    YEAR
 MAXIMUM TEMPERATURE (F)   82       102      1952
 MINIMUM TEMPERATURE (F)   60        43      1965


SUNRISE AND SUNSET
JUNE 25 2017..........SUNRISE   536 AM EDT   SUNSET   845 PM EDT
JUNE 26 2017..........SUNRISE   536 AM EDT   SUNSET   845 PM EDT


-  INDICATES NEGATIVE NUMBERS.
R  INDICATES RECORD WAS SET OR TIED.
MM INDICATES DATA IS MISSING.
T  INDICATES TRACE AMOUNT.




$$
