000
CDUS41 KCTP 302145
CLIIPT


CLIMATE REPORT
NATIONAL WEATHER SERVICE STATE COLLEGE PA
545 PM EDT THU MAR 30 2017


...................................

...THE WILLIAMSPORT PA CLIMATE SUMMARY FOR MARCH 30 2017...
VALID TODAY AS OF 0500 PM LOCAL TIME.

CLIMATE NORMAL PERIOD 1981 TO 2010
CLIMATE RECORD PERIOD 1895 TO 2017


WEATHER ITEM   OBSERVED TIME   RECORD YEAR NORMAL DEPARTURE LAST
                VALUE   (LST)  VALUE       VALUE  FROM      YEAR
                                                  NORMAL
..................................................................
TEMPERATURE (F)
 TODAY
  MAXIMUM         43   1031 AM  87    1986  54    -11       59
  MINIMUM         34    430 AM   6    1970  34      0       24
  AVERAGE         39                        44     -5       42

PRECIPITATION (IN)
  TODAY            0.02          1.31 2001   0.11  -0.09     0.00
  MONTH TO DATE    2.79                      2.86  -0.07     1.11
  SINCE MAR 1      2.79                      2.86  -0.07     1.11
  SINCE JAN 1      8.09                      7.90   0.19     7.53

SNOWFALL (IN)
  TODAY            T             6.0  1942   0.1   -0.1      0.0
  MONTH TO DATE   22.6                       6.8   15.8      0.2
  SINCE MAR 1     22.6                       6.8   15.8      0.2
  SINCE JUL 1     41.1                      34.8    6.3      5.9
  SNOW DEPTH       0

DEGREE DAYS
 HEATING
  TODAY           26                        21      5       23
  MONTH TO DATE  834                       808     26      577
  SINCE MAR 1    834                       808     26      577
  SINCE JUL 1   4470                      5275   -805     4220

 COOLING
  TODAY            0                         0      0        0
  MONTH TO DATE    0                         0      0        0
  SINCE MAR 1      0                         0      0        0
  SINCE JAN 1      0                         0      0        0
..................................................................


WIND (MPH)
  HIGHEST WIND SPEED    10   HIGHEST WIND DIRECTION     E (100)
  HIGHEST GUST SPEED    14   HIGHEST GUST DIRECTION     E (110)
  AVERAGE WIND SPEED     2.5


SKY COVER
  POSSIBLE SUNSHINE  MM
  AVERAGE SKY COVER 0.6


WEATHER CONDITIONS
 THE FOLLOWING WEATHER WAS RECORDED TODAY.
  LIGHT RAIN


RELATIVE HUMIDITY (PERCENT)
 HIGHEST    75           400 AM
 LOWEST     49           900 AM
 AVERAGE    62

..........................................................


THE WILLIAMSPORT PA CLIMATE NORMALS FOR TOMORROW
                         NORMAL    RECORD    YEAR
 MAXIMUM TEMPERATURE (F)   54        87      1998
 MINIMUM TEMPERATURE (F)   34        15      1923


SUNRISE AND SUNSET
MARCH 30 2017.........SUNRISE   654 AM EDT   SUNSET   731 PM EDT
MARCH 31 2017.........SUNRISE   652 AM EDT   SUNSET   732 PM EDT


-  INDICATES NEGATIVE NUMBERS.
R  INDICATES RECORD WAS SET OR TIED.
MM INDICATES DATA IS MISSING.
T  INDICATES TRACE AMOUNT.




$$
