614
CDUS41 KCTP 280617
CLIIPT


CLIMATE REPORT
NATIONAL WEATHER SERVICE STATE COLLEGE PA
217 AM EDT THU JUL 28 2016


...................................

...THE WILLIAMSPORT PA CLIMATE SUMMARY FOR JULY 27 2016...

CLIMATE NORMAL PERIOD 1981 TO 2010
CLIMATE RECORD PERIOD 1895 TO 2016


WEATHER ITEM   OBSERVED TIME   RECORD YEAR NORMAL DEPARTURE LAST
                VALUE   (LST)  VALUE       VALUE  FROM      YEAR
                                                  NORMAL
..................................................................
TEMPERATURE (F)
 YESTERDAY
  MAXIMUM         92    444 PM  98    1955  84      8       85
                                      1949
                                      1941
  MINIMUM         63    508 AM  46    1920  62      1       70
  AVERAGE         78                        73      5       78

PRECIPITATION (IN)
  YESTERDAY        0.00          1.97 2003   0.15  -0.15     0.00
  MONTH TO DATE    1.72                      3.76  -2.04     3.88
  SINCE JUN 1      6.17                      7.68  -1.51    11.69
  SINCE JAN 1     17.51                     22.59  -5.08    24.11

DEGREE DAYS
 HEATING
  YESTERDAY        0                         0      0        0
  MONTH TO DATE    0                         0      0        2
  SINCE JUN 1      9                        37    -28       23
  SINCE JUL 1      0                         0      0        2

 COOLING
  YESTERDAY       13                         8      5       13
  MONTH TO DATE  322                       213    109      206
  SINCE JUN 1    494                       359    135      378
  SINCE JAN 1    567                       402    165      506
..................................................................


WIND (MPH)
  HIGHEST WIND SPEED    10   HIGHEST WIND DIRECTION     N (350)
  HIGHEST GUST SPEED    13   HIGHEST GUST DIRECTION    NW (320)
  AVERAGE WIND SPEED     3.3


SKY COVER
  POSSIBLE SUNSHINE  MM
  AVERAGE SKY COVER 0.1


WEATHER CONDITIONS
 THE FOLLOWING WEATHER WAS RECORDED YESTERDAY.
  NO SIGNIFICANT WEATHER WAS OBSERVED.


RELATIVE HUMIDITY (PERCENT)
 HIGHEST    87           400 AM
 LOWEST     28           300 PM
 AVERAGE    58

..........................................................


THE WILLIAMSPORT PA CLIMATE NORMALS FOR TODAY
                         NORMAL    RECORD    YEAR
 MAXIMUM TEMPERATURE (F)   84       100      1949
 MINIMUM TEMPERATURE (F)   62        47      1903


SUNRISE AND SUNSET
JULY 28 2016..........SUNRISE   600 AM EDT   SUNSET   828 PM EDT
JULY 29 2016..........SUNRISE   601 AM EDT   SUNSET   827 PM EDT


-  INDICATES NEGATIVE NUMBERS.
R  INDICATES RECORD WAS SET OR TIED.
MM INDICATES DATA IS MISSING.
T  INDICATES TRACE AMOUNT.




$$
