000
CDUS41 KCTP 270627
CLIIPT


CLIMATE REPORT
NATIONAL WEATHER SERVICE STATE COLLEGE PA
127 AM EST TUE JAN 27 2015


...................................

...THE WILLIAMSPORT PA CLIMATE SUMMARY FOR JANUARY 26 2015...

CLIMATE NORMAL PERIOD 1981 TO 2010
CLIMATE RECORD PERIOD 1895 TO 2015


WEATHER ITEM   OBSERVED TIME   RECORD YEAR NORMAL DEPARTURE LAST
                VALUE   (LST)  VALUE       VALUE  FROM      YEAR
                                                  NORMAL
..................................................................
TEMPERATURE (F)
 YESTERDAY
  MAXIMUM         25    618 PM  61    1950  34     -9       25
  MINIMUM         18    829 AM -10    1948  19     -1       10
  AVERAGE         22                        27     -5       18

PRECIPITATION (IN)
  YESTERDAY        0.30          1.15 1978   0.09   0.21     0.01
  MONTH TO DATE    1.58                      2.26  -0.68     1.25
  SINCE DEC 1      4.18                      5.19  -1.01     4.89
  SINCE JAN 1      1.58                      2.26  -0.68     1.25

SNOWFALL (IN)
  YESTERDAY        3.8           8.0  1904   0.4    3.4      0.1
  MONTH TO DATE   12.8                       8.7    4.1      7.9
  SINCE DEC 1     16.8                      15.6    1.2     22.0
  SINCE JUL 1     21.9                      17.4    4.5     24.2
  SNOW DEPTH       3

DEGREE DAYS
 HEATING
  YESTERDAY       43                        38      5       47
  MONTH TO DATE 1033                       996     37     1108
  SINCE DEC 1   1936                      2044   -108     2181
  SINCE JUL 1   3106                      3289   -183     3424

 COOLING
  YESTERDAY        0                         0      0        0
  MONTH TO DATE    0                         0      0        0
  SINCE DEC 1      0                         0      0        0
  SINCE JAN 1      0                         0      0        0
..................................................................


WIND (MPH)
  HIGHEST WIND SPEED    10   HIGHEST WIND DIRECTION     E (70)
  HIGHEST GUST SPEED    13   HIGHEST GUST DIRECTION     N (10)
  AVERAGE WIND SPEED     3.4


SKY COVER
  POSSIBLE SUNSHINE  MM
  AVERAGE SKY COVER 1.0


WEATHER CONDITIONS
 THE FOLLOWING WEATHER WAS RECORDED YESTERDAY.
  SNOW
  LIGHT SNOW
  FOG


RELATIVE HUMIDITY (PERCENT)
 HIGHEST    88           200 PM
 LOWEST     71          1200 AM
 AVERAGE    80

..........................................................


THE WILLIAMSPORT PA CLIMATE NORMALS FOR TODAY
                         NORMAL    RECORD    YEAR
 MAXIMUM TEMPERATURE (F)   35        62      1916
 MINIMUM TEMPERATURE (F)   19        -6      1961
                                             1927
                                             1922


SUNRISE AND SUNSET
JANUARY 27 2015.......SUNRISE   724 AM EST   SUNSET   518 PM EST
JANUARY 28 2015.......SUNRISE   723 AM EST   SUNSET   519 PM EST


-  INDICATES NEGATIVE NUMBERS.
R  INDICATES RECORD WAS SET OR TIED.
MM INDICATES DATA IS MISSING.
T  INDICATES TRACE AMOUNT.




$$
