315
CDUS43 KEAX 210634
CLIIRK


CLIMATE REPORT
NATIONAL WEATHER SERVICE KANSAS CITY/PLEASANT HILL MO
134 AM CDT THU SEP 21 2017


...................................

...THE KIRKSVILLE MO CLIMATE SUMMARY FOR SEPTEMBER 20 2017...

CLIMATE NORMAL PERIOD 1981 TO 2010
CLIMATE RECORD PERIOD 9999 TO 9999


WEATHER ITEM   OBSERVED TIME   NORMAL DEPARTURE LAST
                VALUE   (LST)  VALUE  FROM      YEAR
                                      NORMAL
......................................................
TEMPERATURE (F)
 YESTERDAY
  MAXIMUM         92    347 PM  74     18       89
  MINIMUM         68   1237 AM  51     17       61
  AVERAGE         80            63     17       75

PRECIPITATION (IN)
  YESTERDAY        0.00          0.13  -0.13     0.00
  MONTH TO DATE    0.22          2.91  -2.69     2.12
  SINCE SEP 1      0.22          2.91  -2.69     2.12
  SINCE JAN 1     24.49         30.32  -5.83    25.26

DEGREE DAYS
 HEATING
  YESTERDAY        0             4     -4        0
  MONTH TO DATE   21            40    -19        4
  SINCE SEP 1     21            40    -19        4
  SINCE JUL 1     22            47    -25       10

 COOLING
  YESTERDAY       15             2     13       10
  MONTH TO DATE   83            70     13      124
  SINCE SEP 1     83            70     13      124
  SINCE JAN 1   1008           914     94     1202
......................................................


WIND (MPH)
  HIGHEST WIND SPEED    18   HIGHEST WIND DIRECTION     S (180)
  HIGHEST GUST SPEED    25   HIGHEST GUST DIRECTION     S (200)
  AVERAGE WIND SPEED     9.4


SKY COVER
  AVERAGE SKY COVER 0.1


WEATHER CONDITIONS
 THE FOLLOWING WEATHER WAS RECORDED YESTERDAY.
  THUNDERSTORM


RELATIVE HUMIDITY (PERCENT)
 HIGHEST    93          1000 PM
 LOWEST     52           200 PM
 AVERAGE    73

..........................................................


THE KIRKSVILLE MO CLIMATE NORMALS FOR TODAY
                         NORMAL
 MAXIMUM TEMPERATURE (F)   74
 MINIMUM TEMPERATURE (F)   51


SUNRISE AND SUNSET
SEPTEMBER 21 2017.....SUNRISE   657 AM CDT   SUNSET   708 PM CDT
SEPTEMBER 22 2017.....SUNRISE   658 AM CDT   SUNSET   707 PM CDT


-  INDICATES NEGATIVE NUMBERS.
R  INDICATES RECORD WAS SET OR TIED.
MM INDICATES DATA IS MISSING.
T  INDICATES TRACE AMOUNT.




$$
