000
CDUS43 KEAX 260633
CLIIRK


CLIMATE REPORT
NATIONAL WEATHER SERVICE KANSAS CITY/PLEASANT HILL MO
132 AM CDT MON SEP 26 2016


...................................

...THE KIRKSVILLE MO CLIMATE SUMMARY FOR SEPTEMBER 25 2016...

CLIMATE NORMAL PERIOD 1981 TO 2010
CLIMATE RECORD PERIOD 9999 TO 9999


WEATHER ITEM   OBSERVED TIME   NORMAL DEPARTURE LAST
                VALUE   (LST)  VALUE  FROM      YEAR
                                      NORMAL
......................................................
TEMPERATURE (F)
 YESTERDAY
  MAXIMUM         77   1011 AM  72      5       81
  MINIMUM         58   1159 PM  49      9       55
  AVERAGE         68            61      7       68

PRECIPITATION (IN)
  YESTERDAY        T             0.12  -0.12     0.00
  MONTH TO DATE    2.12          3.56  -1.44     1.58
  SINCE SEP 1      2.12          3.56  -1.44     1.58
  SINCE JAN 1     25.26         30.97  -5.71    32.81

DEGREE DAYS
 HEATING
  YESTERDAY        0             6     -6        0
  MONTH TO DATE    4            65    -61       29
  SINCE SEP 1      4            65    -61       29
  SINCE JUL 1     10            72    -62       42

 COOLING
  YESTERDAY        3             1      2        3
  MONTH TO DATE  176            76    100      197
  SINCE SEP 1    176            76    100      197
  SINCE JAN 1   1254           920    334     1074
......................................................


WIND (MPH)
  HIGHEST WIND SPEED    16   HIGHEST WIND DIRECTION     W (260)
  HIGHEST GUST SPEED    20   HIGHEST GUST DIRECTION     W (270)
  AVERAGE WIND SPEED     7.1


SKY COVER
  AVERAGE SKY COVER 0.5


WEATHER CONDITIONS
 THE FOLLOWING WEATHER WAS RECORDED YESTERDAY.
  LIGHT RAIN
  FOG


RELATIVE HUMIDITY (PERCENT)
 HIGHEST    97           700 AM
 LOWEST     67           900 PM
 AVERAGE    82

..........................................................


THE KIRKSVILLE MO CLIMATE NORMALS FOR TODAY
                         NORMAL
 MAXIMUM TEMPERATURE (F)   72
 MINIMUM TEMPERATURE (F)   49


SUNRISE AND SUNSET
SEPTEMBER 26 2016.....SUNRISE   702 AM CDT   SUNSET   700 PM CDT
SEPTEMBER 27 2016.....SUNRISE   703 AM CDT   SUNSET   658 PM CDT


-  INDICATES NEGATIVE NUMBERS.
R  INDICATES RECORD WAS SET OR TIED.
MM INDICATES DATA IS MISSING.
T  INDICATES TRACE AMOUNT.




$$
