000
CDUS43 KBIS 170733
CLIISN


CLIMATE REPORT
NATIONAL WEATHER SERVICE BISMARCK ND
133 AM CST TUE JAN 17 2017


...................................

...THE WILLISTON ND CLIMATE SUMMARY FOR JANUARY 16 2017...

CLIMATE NORMAL PERIOD 1981 TO 2010
CLIMATE RECORD PERIOD 1894 TO 2017


WEATHER ITEM   OBSERVED TIME   RECORD YEAR NORMAL DEPARTURE LAST
                VALUE   (LST)  VALUE       VALUE  FROM      YEAR
                                                  NORMAL
..................................................................
TEMPERATURE (F)
 YESTERDAY
  MAXIMUM         21    448 PM  48    1974  22     -1       -2
                                      1961
  MINIMUM          3    126 AM -34    1978   0      3      -20
  AVERAGE         12                        11      1      -11

PRECIPITATION (IN)
  YESTERDAY        0.00          0.62 1995   0.02  -0.02      T
  MONTH TO DATE    0.40                      0.34   0.06     0.20
  SINCE DEC 1      1.36                      0.96   0.40     0.75
  SINCE JAN 1      0.40                      0.34   0.06     0.20

SNOWFALL (IN)
  YESTERDAY       MM
  SNOW DEPTH      MM

DEGREE DAYS
 HEATING
  YESTERDAY       53                        54     -1       76
  MONTH TO DATE 1069                       874    195      832
  SINCE DEC 1   2578                      2459    119     2176
  SINCE JUL 1   4157                      4621   -464     3926

 COOLING
  YESTERDAY        0                         0      0        0
  MONTH TO DATE    0                         0      0        0
  SINCE DEC 1      0                         0      0        0
  SINCE JAN 1      0                         0      0        0
..................................................................


WIND (MPH)
  HIGHEST WIND SPEED    10   HIGHEST WIND DIRECTION    SW (210)
  HIGHEST GUST SPEED    12   HIGHEST GUST DIRECTION    SW (220)
  AVERAGE WIND SPEED     5.3


SKY COVER
  POSSIBLE SUNSHINE  MM
  AVERAGE SKY COVER 0.0


WEATHER CONDITIONS
 THE FOLLOWING WEATHER WAS RECORDED YESTERDAY.
  NO SIGNIFICANT WEATHER WAS OBSERVED.


RELATIVE HUMIDITY (PERCENT)
 HIGHEST    92           800 PM
 LOWEST     70          1200 AM
 AVERAGE    81

..........................................................


THE WILLISTON ND CLIMATE NORMALS FOR TODAY
                         NORMAL    RECORD    YEAR
 MAXIMUM TEMPERATURE (F)   22        49      1923
 MINIMUM TEMPERATURE (F)    0       -35      1943


SUNRISE AND SUNSET
JANUARY 17 2017.......SUNRISE   838 AM CST   SUNSET   532 PM CST
JANUARY 18 2017.......SUNRISE   838 AM CST   SUNSET   533 PM CST


-  INDICATES NEGATIVE NUMBERS.
R  INDICATES RECORD WAS SET OR TIED.
MM INDICATES DATA IS MISSING.
T  INDICATES TRACE AMOUNT.




$$
