000
CDUS43 KBIS 260737
CLIISN


CLIMATE REPORT
NATIONAL WEATHER SERVICE BISMARCK ND
237 AM CDT SUN MAR 26 2017


...................................

...THE WILLISTON ND CLIMATE SUMMARY FOR MARCH 25 2017...

CLIMATE NORMAL PERIOD 1981 TO 2010
CLIMATE RECORD PERIOD 1894 TO 2017


WEATHER ITEM   OBSERVED TIME   RECORD YEAR NORMAL DEPARTURE LAST
                VALUE   (LST)  VALUE       VALUE  FROM      YEAR
                                                  NORMAL
..................................................................
TEMPERATURE (F)
 YESTERDAY
  MAXIMUM         61    435 PM  78    2007  45     16       42
  MINIMUM         42   1152 PM -20    1964  22     20       16
  AVERAGE         52                        34     18       29

PRECIPITATION (IN)
  YESTERDAY        0.00          0.36 1984   0.03  -0.03     0.01
  MONTH TO DATE    0.64                      0.56   0.08     0.09
  SINCE MAR 1      0.64                      0.56   0.08     0.09
  SINCE JAN 1      1.78                      1.54   0.24     1.22

SNOWFALL (IN)
  YESTERDAY       MM
  SNOW DEPTH      MM

DEGREE DAYS
 HEATING
  YESTERDAY       13                        31    -18       36
  MONTH TO DATE  932                       929      3      711
  SINCE MAR 1    932                       929      3      711
  SINCE JUL 1   6954                      7697   -743     6321

 COOLING
  YESTERDAY        0                         0      0        0
  MONTH TO DATE    0                         0      0        0
  SINCE MAR 1      0                         0      0        0
  SINCE JAN 1      0                         0      0        0
..................................................................


WIND (MPH)
  HIGHEST WIND SPEED    18   HIGHEST WIND DIRECTION     W (280)
  HIGHEST GUST SPEED    24   HIGHEST GUST DIRECTION    SE (130)
  AVERAGE WIND SPEED     8.2


SKY COVER
  POSSIBLE SUNSHINE  MM
  AVERAGE SKY COVER 0.1


WEATHER CONDITIONS
 THE FOLLOWING WEATHER WAS RECORDED YESTERDAY.
  NO SIGNIFICANT WEATHER WAS OBSERVED.


RELATIVE HUMIDITY (PERCENT)
 HIGHEST    70          1200 AM
 LOWEST     28           200 PM
 AVERAGE    49

..........................................................


THE WILLISTON ND CLIMATE NORMALS FOR TODAY
                         NORMAL    RECORD    YEAR
 MAXIMUM TEMPERATURE (F)   46        74      1999
                                             1918
 MINIMUM TEMPERATURE (F)   22       -15      1914


SUNRISE AND SUNSET
MARCH 26 2017.........SUNRISE   744 AM CDT   SUNSET   817 PM CDT
MARCH 27 2017.........SUNRISE   742 AM CDT   SUNSET   818 PM CDT


-  INDICATES NEGATIVE NUMBERS.
R  INDICATES RECORD WAS SET OR TIED.
MM INDICATES DATA IS MISSING.
T  INDICATES TRACE AMOUNT.




$$
