000
CDUS43 KBIS 240028
CLIISN


CLIMATE REPORT
NATIONAL WEATHER SERVICE BISMARCK ND
727 PM CDT WED JUL 23 2014


...................................

...THE WILLISTON ND CLIMATE SUMMARY FOR JULY 23 2014...
VALID TODAY AS OF 0700 PM LOCAL TIME.

CLIMATE NORMAL PERIOD 1981 TO 2010
CLIMATE RECORD PERIOD 1894 TO 2014


WEATHER ITEM   OBSERVED TIME   RECORD YEAR NORMAL DEPARTURE LAST
                VALUE   (LST)  VALUE       VALUE  FROM      YEAR
                                                  NORMAL
..................................................................
TEMPERATURE (F)
 TODAY
  MAXIMUM         89    504 PM 107    1980  86      3       74
  MINIMUM         62    341 AM  40    2004  57      5       56
  AVERAGE         76                        71      5       65

PRECIPITATION (IN)
  TODAY            0.00          1.61 2010   0.06  -0.06     0.05
  MONTH TO DATE    0.07                      2.04  -1.97     1.66
  SINCE JUN 1      1.51                      4.56  -3.05     5.82
  SINCE JAN 1      5.60                      9.17  -3.57    13.63

SNOWFALL (IN)
  TODAY           MM

DEGREE DAYS
 HEATING
  TODAY            0                         0      0        0
  MONTH TO DATE   17                        21     -4        5
  SINCE JUN 1    127                       141    -14      133
  SINCE JUL 1     17                        21     -4        5

 COOLING
  TODAY           11                         7      4        0
  MONTH TO DATE  125                       126     -1      121
  SINCE JUN 1    153                       194    -41      148
  SINCE JAN 1    174                       207    -33      156
..................................................................


WIND (MPH)
  HIGHEST WIND SPEED    24   HIGHEST WIND DIRECTION    SE (120)
  HIGHEST GUST SPEED    30   HIGHEST GUST DIRECTION     E (110)
  AVERAGE WIND SPEED    10.0


SKY COVER
  POSSIBLE SUNSHINE  MM
  AVERAGE SKY COVER 0.2


WEATHER CONDITIONS
 THE FOLLOWING WEATHER WAS RECORDED TODAY.
  NO SIGNIFICANT WEATHER WAS OBSERVED.


RELATIVE HUMIDITY (PERCENT)
 HIGHEST    93           500 AM
 LOWEST     40           100 PM
 AVERAGE    67

..........................................................


THE WILLISTON ND CLIMATE NORMALS FOR TOMORROW
                         NORMAL    RECORD    YEAR
 MAXIMUM TEMPERATURE (F)   86       107      2007
 MINIMUM TEMPERATURE (F)   57        43      1911


SUNRISE AND SUNSET
JULY 23 2014..........SUNRISE   619 AM CDT   SUNSET   942 PM CDT
JULY 24 2014..........SUNRISE   620 AM CDT   SUNSET   941 PM CDT


-  INDICATES NEGATIVE NUMBERS.
R  INDICATES RECORD WAS SET OR TIED.
MM INDICATES DATA IS MISSING.
T  INDICATES TRACE AMOUNT.




$$
