000
CDUS43 KBIS 290728
CLIISN


CLIMATE REPORT
NATIONAL WEATHER SERVICE BISMARCK ND
226 AM CDT MON MAY 29 2017


...................................

...THE WILLISTON ND CLIMATE SUMMARY FOR MAY 28 2017...

CLIMATE NORMAL PERIOD 1981 TO 2010
CLIMATE RECORD PERIOD 1894 TO 2017


WEATHER ITEM   OBSERVED TIME   RECORD YEAR NORMAL DEPARTURE LAST
                VALUE   (LST)  VALUE       VALUE  FROM      YEAR
                                                  NORMAL
..................................................................
TEMPERATURE (F)
 YESTERDAY
  MAXIMUM         73    336 PM  96    1919  71      2       71
  MINIMUM         46    511 AM  21    1947  45      1       48
  AVERAGE         60                        58      2       60

PRECIPITATION (IN)
  YESTERDAY        T             0.69 1982   0.08  -0.08     0.09
  MONTH TO DATE    0.98                      1.69  -0.71     0.65
  SINCE MAR 1      2.33                      3.40  -1.07     2.78
  SINCE JAN 1      3.47                      4.38  -0.91     3.91

SNOWFALL (IN)
  YESTERDAY       MM
  SNOW DEPTH      MM

DEGREE DAYS
 HEATING
  YESTERDAY        5                         8     -3        5
  MONTH TO DATE  223                       327   -104      244
  SINCE MAR 1   1881                      2084   -203     1711
  SINCE JUL 1   7903                      8852   -949     7321

 COOLING
  YESTERDAY        0                         1     -1        0
  MONTH TO DATE   23                         4     19       10
  SINCE MAR 1     23                         5     18       10
  SINCE JAN 1     23                         5     18       10
..................................................................


WIND (MPH)
  HIGHEST WIND SPEED    33   HIGHEST WIND DIRECTION    NW (330)
  HIGHEST GUST SPEED    46   HIGHEST GUST DIRECTION     N (350)
  AVERAGE WIND SPEED    14.2


SKY COVER
  POSSIBLE SUNSHINE  MM
  AVERAGE SKY COVER 0.3


WEATHER CONDITIONS
 THE FOLLOWING WEATHER WAS RECORDED YESTERDAY.
  LIGHT RAIN


RELATIVE HUMIDITY (PERCENT)
 HIGHEST    63           900 PM
 LOWEST     25           500 PM
 AVERAGE    44

..........................................................


THE WILLISTON ND CLIMATE NORMALS FOR TODAY
                         NORMAL    RECORD    YEAR
 MAXIMUM TEMPERATURE (F)   71        99      1988
                                             1934
 MINIMUM TEMPERATURE (F)   45        26      1947


SUNRISE AND SUNSET
MAY 29 2017...........SUNRISE   600 AM CDT   SUNSET   944 PM CDT
MAY 30 2017...........SUNRISE   600 AM CDT   SUNSET   945 PM CDT


-  INDICATES NEGATIVE NUMBERS.
R  INDICATES RECORD WAS SET OR TIED.
MM INDICATES DATA IS MISSING.
T  INDICATES TRACE AMOUNT.




$$
