000
CDUS43 KBIS 190025
CLIISN


CLIMATE REPORT
NATIONAL WEATHER SERVICE BISMARCK ND
625 PM CST THU JAN 18 2018


...................................

...THE WILLISTON ND CLIMATE SUMMARY FOR JANUARY 18 2018...
VALID TODAY AS OF 0600 PM LOCAL TIME.

CLIMATE NORMAL PERIOD 1981 TO 2010
CLIMATE RECORD PERIOD 1894 TO 2018


WEATHER ITEM   OBSERVED TIME   RECORD YEAR NORMAL DEPARTURE LAST
                VALUE   (LST)  VALUE       VALUE  FROM      YEAR
                                                  NORMAL
..................................................................
TEMPERATURE (F)
 TODAY
  MAXIMUM         38    538 PM  49    1900  22     16       42
  MINIMUM         14    158 AM -37    1950   0     14       21
  AVERAGE         26                        11     15       32

PRECIPITATION (IN)
  TODAY            0.00          0.16 2016   0.02  -0.02     0.00
  MONTH TO DATE    0.18                      0.38  -0.20     0.40
  SINCE DEC 1      0.72                      1.00  -0.28     1.36
  SINCE JAN 1      0.18                      0.38  -0.20     0.40

SNOWFALL (IN)
  TODAY           MM

DEGREE DAYS
 HEATING
  TODAY           39                        54    -15       33
  MONTH TO DATE 1015                       982     33     1149
  SINCE DEC 1   2510                      2567    -57     2658
  SINCE JUL 1   4524                      4729   -205     4237

 COOLING
  TODAY            0                         0      0        0
  MONTH TO DATE    0                         0      0        0
  SINCE DEC 1      0                         0      0        0
  SINCE JAN 1      0                         0      0        0
..................................................................


WIND (MPH)
  HIGHEST WIND SPEED    16   HIGHEST WIND DIRECTION    SW (220)
  HIGHEST GUST SPEED    19   HIGHEST GUST DIRECTION    SW (230)
  AVERAGE WIND SPEED     5.8


SKY COVER
  POSSIBLE SUNSHINE  MM
  AVERAGE SKY COVER 0.0


WEATHER CONDITIONS
 THE FOLLOWING WEATHER WAS RECORDED TODAY.
  NO SIGNIFICANT WEATHER WAS OBSERVED.


RELATIVE HUMIDITY (PERCENT)
 HIGHEST    88           200 AM
 LOWEST     64           300 PM
 AVERAGE    76

..........................................................


THE WILLISTON ND CLIMATE NORMALS FOR TOMORROW
                         NORMAL    RECORD    YEAR
 MAXIMUM TEMPERATURE (F)   22        52      1900
 MINIMUM TEMPERATURE (F)    0       -33      1970


SUNRISE AND SUNSET
JANUARY 18 2018.......SUNRISE   838 AM CST   SUNSET   533 PM CST
JANUARY 19 2018.......SUNRISE   837 AM CST   SUNSET   534 PM CST


-  INDICATES NEGATIVE NUMBERS.
R  INDICATES RECORD WAS SET OR TIED.
MM INDICATES DATA IS MISSING.
T  INDICATES TRACE AMOUNT.




$$
