000
CDUS43 KBIS 210729
CLIISN


CLIMATE REPORT
NATIONAL WEATHER SERVICE BISMARCK ND
227 AM CDT TUE OCT 21 2014


...................................

...THE WILLISTON ND CLIMATE SUMMARY FOR OCTOBER 20 2014...

CLIMATE NORMAL PERIOD 1981 TO 2010
CLIMATE RECORD PERIOD 1894 TO 2014


WEATHER ITEM   OBSERVED TIME   RECORD YEAR NORMAL DEPARTURE LAST
                VALUE   (LST)  VALUE       VALUE  FROM      YEAR
                                                  NORMAL
..................................................................
TEMPERATURE (F)
 YESTERDAY
  MAXIMUM         78R   407 PM  78    1901  54     24       44
  MINIMUM         33    528 AM  12    1896  28      5       20
  AVERAGE         56                        41     15       32

PRECIPITATION (IN)
  YESTERDAY        0.00          0.47 1996   0.03  -0.03      T
                                      1943
  MONTH TO DATE    0.17                      0.62  -0.45     1.96
  SINCE SEP 1      1.52                      1.68  -0.16     3.86
  SINCE JAN 1      9.95                     12.80  -2.85    19.75

SNOWFALL (IN)
  YESTERDAY       MM             4.2  1996   0.1   MM       MM
  MONTH TO DATE    0.0                       1.3   -1.3     MM
  SINCE SEP 1      0.0                       1.5   -1.5     MM
  SINCE JUL 1      0.0                       1.5   -1.5     MM
  SNOW DEPTH      MM

DEGREE DAYS
 HEATING
  YESTERDAY        9                        24    -15       33
  MONTH TO DATE  338                       389    -51      404
  SINCE SEP 1    588                       664    -76      544
  SINCE JUL 1    645                       735    -90      590

 COOLING
  YESTERDAY        0                         0      0        0
  MONTH TO DATE    0                         0      0        0
  SINCE SEP 1     34                        26      8       78
  SINCE JAN 1    425                       455    -30      405
..................................................................


WIND (MPH)
  HIGHEST WIND SPEED    16   HIGHEST WIND DIRECTION    SE (150)
  HIGHEST GUST SPEED    24   HIGHEST GUST DIRECTION    SE (140)
  AVERAGE WIND SPEED     4.8


SKY COVER
  POSSIBLE SUNSHINE  MM
  AVERAGE SKY COVER 0.0


WEATHER CONDITIONS
 THE FOLLOWING WEATHER WAS RECORDED YESTERDAY.
  FOG


RELATIVE HUMIDITY (PERCENT)
 HIGHEST    92           600 AM
 LOWEST     27           500 PM
 AVERAGE    60

..........................................................


THE WILLISTON ND CLIMATE NORMALS FOR TODAY
                         NORMAL    RECORD    YEAR
 MAXIMUM TEMPERATURE (F)   54        83      1992
 MINIMUM TEMPERATURE (F)   28        11      1930


SUNRISE AND SUNSET
OCTOBER 21 2014.......SUNRISE   823 AM CDT   SUNSET   654 PM CDT
OCTOBER 22 2014.......SUNRISE   825 AM CDT   SUNSET   653 PM CDT


-  INDICATES NEGATIVE NUMBERS.
R  INDICATES RECORD WAS SET OR TIED.
MM INDICATES DATA IS MISSING.
T  INDICATES TRACE AMOUNT.




$$
