000
CDUS43 KBIS 310727
CLIISN


CLIMATE REPORT
NATIONAL WEATHER SERVICE BISMARCK ND
227 AM CDT THU JUL 31 2014


...................................

...THE WILLISTON ND CLIMATE SUMMARY FOR JULY 30 2014...

CLIMATE NORMAL PERIOD 1981 TO 2010
CLIMATE RECORD PERIOD 1894 TO 2014


WEATHER ITEM   OBSERVED TIME   RECORD YEAR NORMAL DEPARTURE LAST
                VALUE   (LST)  VALUE       VALUE  FROM      YEAR
                                                  NORMAL
..................................................................
TEMPERATURE (F)
 YESTERDAY
  MAXIMUM         85    502 PM 102    2007  86     -1       75
                                      2000
  MINIMUM         54    625 AM  39    1903  57     -3       48
  AVERAGE         70                        72     -2       62

PRECIPITATION (IN)
  YESTERDAY        0.00          0.41 1975   0.06  -0.06      T
                                      1961
  MONTH TO DATE    0.56                      2.48  -1.92     1.75
  SINCE JUN 1      2.00                      5.00  -3.00     5.91
  SINCE JAN 1      6.09                      9.61  -3.52    13.72

SNOWFALL (IN)
  YESTERDAY       MM             0.0  2002   0.0   MM       MM
                                      2001
  MONTH TO DATE   MM                         0.0   MM       MM
  SINCE JUN 1      0.0                       0.0    0.0     MM
  SINCE JUL 1     MM                         0.0   MM       MM
  SNOW DEPTH      MM

DEGREE DAYS
 HEATING
  YESTERDAY        0                         0      0        3
  MONTH TO DATE   17                        21     -4       24
  SINCE JUN 1    127                       141    -14      152
  SINCE JUL 1     17                        21     -4       24

 COOLING
  YESTERDAY        5                         7     -2        0
  MONTH TO DATE  153                       175    -22      126
  SINCE JUN 1    181                       243    -62      153
  SINCE JAN 1    202                       256    -54      161
..................................................................


WIND (MPH)
  HIGHEST WIND SPEED    16   HIGHEST WIND DIRECTION    NE (30)
  HIGHEST GUST SPEED    23   HIGHEST GUST DIRECTION    NE (30)
  AVERAGE WIND SPEED     6.8


SKY COVER
  POSSIBLE SUNSHINE  MM
  AVERAGE SKY COVER 0.0


WEATHER CONDITIONS
 THE FOLLOWING WEATHER WAS RECORDED YESTERDAY.
  FOG


RELATIVE HUMIDITY (PERCENT)
 HIGHEST    93           300 AM
 LOWEST     22           400 PM
 AVERAGE    58

..........................................................


THE WILLISTON ND CLIMATE NORMALS FOR TODAY
                         NORMAL    RECORD    YEAR
 MAXIMUM TEMPERATURE (F)   86       105      1989
 MINIMUM TEMPERATURE (F)   57        40      1898


SUNRISE AND SUNSET
JULY 31 2014..........SUNRISE   629 AM CDT   SUNSET   932 PM CDT
AUGUST  1 2014........SUNRISE   630 AM CDT   SUNSET   931 PM CDT


-  INDICATES NEGATIVE NUMBERS.
R  INDICATES RECORD WAS SET OR TIED.
MM INDICATES DATA IS MISSING.
T  INDICATES TRACE AMOUNT.




$$
