000
CDUS43 KBIS 220059
CLIISN


CLIMATE REPORT
NATIONAL WEATHER SERVICE BISMARCK ND
759 PM CDT FRI JUL 21 2017


...................................

...THE WILLISTON ND CLIMATE SUMMARY FOR JULY 21 2017...
VALID TODAY AS OF 0700 PM LOCAL TIME.

CLIMATE NORMAL PERIOD 1981 TO 2010
CLIMATE RECORD PERIOD 1894 TO 2017


WEATHER ITEM   OBSERVED TIME   RECORD YEAR NORMAL DEPARTURE LAST
                VALUE   (LST)  VALUE       VALUE  FROM      YEAR
                                                  NORMAL
..................................................................
TEMPERATURE (F)
 TODAY
  MAXIMUM         96    431 PM 102    2007  86     10       95
  MINIMUM         66    554 AM  41    1911  57      9       63
  AVERAGE         81                        71     10       79

PRECIPITATION (IN)
  TODAY            T             0.75 1954   0.08  -0.08     0.00
  MONTH TO DATE    0.45                      1.91  -1.46     1.88
  SINCE JUN 1      1.74                      4.43  -2.69     3.72
  SINCE JAN 1      5.21                      9.04  -3.83     8.79

SNOWFALL (IN)
  TODAY           MM

DEGREE DAYS
 HEATING
  TODAY            0                         0      0        0
  MONTH TO DATE    0                        21    -21        1
  SINCE JUN 1     31                       141   -110       17
  SINCE JUL 1      0                        21    -21        1

 COOLING
  TODAY           16                         7      9       14
  MONTH TO DATE  266                       112    154      136
  SINCE JUN 1    356                       180    176      232
  SINCE JAN 1    379                       193    186      242
..................................................................


WIND (MPH)
  HIGHEST WIND SPEED    30   HIGHEST WIND DIRECTION    NW (330)
  HIGHEST GUST SPEED    42   HIGHEST GUST DIRECTION     N (340)
  AVERAGE WIND SPEED     9.7


SKY COVER
  POSSIBLE SUNSHINE  MM
  AVERAGE SKY COVER 0.0


WEATHER CONDITIONS
 THE FOLLOWING WEATHER WAS RECORDED TODAY.
  NO SIGNIFICANT WEATHER WAS OBSERVED.


RELATIVE HUMIDITY (PERCENT)
 HIGHEST    78           500 AM
 LOWEST     12           500 PM
 AVERAGE    45

..........................................................


THE WILLISTON ND CLIMATE NORMALS FOR TOMORROW
                         NORMAL    RECORD    YEAR
 MAXIMUM TEMPERATURE (F)   86       103      1988
 MINIMUM TEMPERATURE (F)   57        38      1896


SUNRISE AND SUNSET
JULY 21 2017..........SUNRISE   617 AM CDT   SUNSET   944 PM CDT
JULY 22 2017..........SUNRISE   618 AM CDT   SUNSET   943 PM CDT


-  INDICATES NEGATIVE NUMBERS.
R  INDICATES RECORD WAS SET OR TIED.
MM INDICATES DATA IS MISSING.
T  INDICATES TRACE AMOUNT.




$$
