000
CDUS41 KOKX 040619
CLIISP


CLIMATE REPORT
NATIONAL WEATHER SERVICE NEW YORK NY
218 AM EDT TUE AUG 4 2015


...................................

...THE ISLIP NY CLIMATE SUMMARY FOR AUGUST 3 2015...

CLIMATE NORMAL PERIOD 1981 TO 2010
CLIMATE RECORD PERIOD 1986 TO 2015


WEATHER ITEM   OBSERVED TIME   RECORD YEAR NORMAL DEPARTURE LAST
                VALUE   (LST)  VALUE       VALUE  FROM      YEAR
                                                  NORMAL
..................................................................
TEMPERATURE (F)
 YESTERDAY
  MAXIMUM         88   1158 AM  98    2006  82      6       77
  MINIMUM         69    418 AM  59    1985  66      3       66
  AVERAGE         79                        74      5       72

PRECIPITATION (IN)
  YESTERDAY        0.00          1.36 1987   0.12  -0.12     0.04
  MONTH TO DATE    0.00                      0.36  -0.36     0.46
  SINCE JUN 1      5.79                      8.06  -2.27     5.21
  SINCE JAN 1     20.88                     27.52  -6.64    26.95

SNOWFALL (IN)
  YESTERDAY        0.0          MM      MM   0.0    0.0      0.0
  MONTH TO DATE    0.0                       0.0    0.0      0.0
  SINCE OCT 1     63.7                      24.8   38.9     63.7
  SINCE JUL 1      0.0                       0.0    0.0      0.0
  SNOW DEPTH       0

DEGREE DAYS
 HEATING
  YESTERDAY        0                         0      0        0
  MONTH TO DATE    0                         0      0        0
  SINCE JUN 1     46                        40      6        2
  SINCE JUL 1      0                         2     -2        0

 COOLING
  YESTERDAY       14                         9      5        7
  MONTH TO DATE   39                        27     12       24
  SINCE JUN 1    532                       443     89      519
  SINCE JAN 1    582                       467    115      548
..................................................................


WIND (MPH)
  HIGHEST WIND SPEED    24   HIGHEST WIND DIRECTION     S (200)
  HIGHEST GUST SPEED    32   HIGHEST GUST DIRECTION     S (200)
  AVERAGE WIND SPEED    11.8


SKY COVER
  AVERAGE SKY COVER 0.2


WEATHER CONDITIONS
 THE FOLLOWING WEATHER WAS RECORDED YESTERDAY.
  NO SIGNIFICANT WEATHER WAS OBSERVED.


RELATIVE HUMIDITY (PERCENT)
 HIGHEST    88          1100 PM
 LOWEST     40          1200 PM
 AVERAGE    64

..........................................................


THE ISLIP NY CLIMATE NORMALS FOR TODAY
                         NORMAL    RECORD    YEAR
 MAXIMUM TEMPERATURE (F)   82        91      2006
                                             2005
                                             1989
 MINIMUM TEMPERATURE (F)   66        59      1985


SUNRISE AND SUNSET
AUGUST  4 2015........SUNRISE   551 AM EDT   SUNSET   805 PM EDT
AUGUST  5 2015........SUNRISE   552 AM EDT   SUNSET   804 PM EDT


-  INDICATES NEGATIVE NUMBERS.
R  INDICATES RECORD WAS SET OR TIED.
MM INDICATES DATA IS MISSING.
T  INDICATES TRACE AMOUNT.




$$
