000
CDCA42 TJSJ 280452
CLIIST

CLIMATE REPORT...CORRECTED
NATIONAL WEATHER SERVICE SAN JUAN, PR
1239 AM AST SAT FEB 28 2015


...................................

...THE CYRIL E. KING AP/ST THOMAS  CLIMATE SUMMARY FOR FEBRUARY 27
2015...

CLIMATE NORMAL PERIOD 1981 TO 2010
CLIMATE RECORD PERIOD 1953 TO 2015


WEATHER ITEM   OBSERVED TIME   RECORD YEAR NORMAL DEPARTURE LAST
                VALUE   (LST)  VALUE       VALUE  FROM      YEAR
                                                  NORMAL
..................................................................
TEMPERATURE (F)
 YESTERDAY
  MAXIMUM         84    153 PM  89    1994  85     -1       84
                                      1991
  MINIMUM         75    705 AM  64    1972  73      2       77
  AVERAGE         79                        79      0       81

PRECIPITATION (IN)
  YESTERDAY        0.01          0.37 1978   0.05  -0.04     0.00
  MONTH TO DATE   13.31                      1.38  11.93     1.56
  SINCE DEC 1     17.66                      6.72  10.94     9.92
  SINCE JAN 1     14.99                      3.76  11.23     2.58

SNOWFALL (IN)
  YESTERDAY        0.0                       0.0    0.0      0.0
  MONTH TO DATE    0.0                       0.0    0.0      0.0
  SINCE DEC 1      0.0                       0.0    0.0      0.0
  SINCE JUL 1      0.0                       0.0    0.0      0.0

DEGREE DAYS
 HEATING
  YESTERDAY        0                         0      0        0
  MONTH TO DATE    0                         0      0        0
  SINCE DEC 1      0                         0      0        0
  SINCE JUL 1      0                         0      0        0

 COOLING
  YESTERDAY       15                        14      1       16
  MONTH TO DATE  370                       378     -8      386
  SINCE DEC 1   1242                      1257    -15     1261
  SINCE JAN 1    789                       806    -17      807
..................................................................


WIND (MPH)
  HIGHEST WIND SPEED    26   HIGHEST WIND DIRECTION    E (90)
  HIGHEST GUST SPEED    32   HIGHEST GUST DIRECTION    E (80)
  AVERAGE WIND SPEED    14.2


SKY COVER
  AVERAGE SKY COVER 0.4


WEATHER CONDITIONS
THE FOLLOWING WEATHER WAS RECORDED YESTERDAY.
  NO SIGNIFICANT WEATHER WAS OBSERVED.


RELATIVE HUMIDITY (PERCENT)
 HIGHEST    82
 LOWEST     63
 AVERAGE    73

..........................................................


THE CYRIL E. KING AP/ST THOMAS  CLIMATE NORMALS FOR TODAY
                         NORMAL    RECORD    YEAR
 MAXIMUM TEMPERATURE (F)   85        91      1993
 MINIMUM TEMPERATURE (F)   73        MM      1972


SUNRISE AND SUNSET
FEBRUARY 28 2015......SUNRISE   640 AM AST   SUNSET   625 PM AST
MARCH  1 2015.........SUNRISE   639 AM AST   SUNSET   626 PM AST


-  INDICATES NEGATIVE NUMBERS.
R  INDICATES RECORD WAS SET OR TIED.
MM INDICATES DATA IS MISSING.
T  INDICATES TRACE AMOUNT.




$$
