000
CDCA42 TJSJ 270428
CLIISX


CLIMATE REPORT
NATIONAL WEATHER SERVICE SAN JUAN, PR
1228 AM AST MON FEB 27 2017


...................................

...THE HENRY E. ROHLSEN AP/ST CROIX CLIMATE SUMMARY FOR FEBRUARY 26 2017...

CLIMATE NORMAL PERIOD 1981 TO 2010
CLIMATE RECORD PERIOD 1951 TO 2017


WEATHER ITEM   OBSERVED TIME   RECORD YEAR NORMAL DEPARTURE LAST
                VALUE   (LST)  VALUE       VALUE  FROM      YEAR
                                                  NORMAL
..................................................................
TEMPERATURE (F)
 YESTERDAY
  MAXIMUM         87   1240 PM  88    1973  84      3       86
  MINIMUM         71    313 AM  65    2002  72     -1       73
  AVERAGE         79                        78      1       80

PRECIPITATION (IN)
  YESTERDAY        0.02          0.21 1994   0.06  -0.04      T
  MONTH TO DATE    0.69                      1.54  -0.85     1.19
  SINCE DEC 1      5.91                      6.65  -0.74     4.13
  SINCE JAN 1      1.62                      3.68  -2.06     1.69

SNOWFALL (IN)
  YESTERDAY        0.0                       0.0    0.0      0.0
  MONTH TO DATE    0.0                       0.0    0.0      0.0
  SINCE DEC 1      0.0                       0.0    0.0      0.0
  SINCE JUL 1      0.0                       0.0    0.0      0.0

DEGREE DAYS
 HEATING
  YESTERDAY        0                         0      0        0
  MONTH TO DATE    0                         0      0        0
  SINCE DEC 1      0                         0      0        0
  SINCE JUL 1      0                         0      0        0

 COOLING
  YESTERDAY       14                        13      1       15
  MONTH TO DATE  337                       338     -1      376
  SINCE DEC 1   1206                      1183     23     1291
  SINCE JAN 1    740                       747     -7      808
..................................................................


WIND (MPH)
  HIGHEST WIND SPEED    18   HIGHEST WIND DIRECTION     E (110)
  HIGHEST GUST SPEED    24   HIGHEST GUST DIRECTION     E (100)
  AVERAGE WIND SPEED     9.4


SKY COVER
  AVERAGE SKY COVER 0.3


WEATHER CONDITIONS
 THE FOLLOWING WEATHER WAS RECORDED YESTERDAY.
  LIGHT RAIN
  FOG


RELATIVE HUMIDITY (PERCENT)
 HIGHEST    90
 LOWEST     57
 AVERAGE    74

..........................................................


THE HENRY E. ROHLSEN AP/ST CROIX CLIMATE NORMALS FOR TODAY
                         NORMAL    RECORD    YEAR
 MAXIMUM TEMPERATURE (F)   84        88      1983
 MINIMUM TEMPERATURE (F)   72        66      2001


SUNRISE AND SUNSET
FEBRUARY 27 2017......SUNRISE   639 AM AST   SUNSET   625 PM AST
FEBRUARY 28 2017......SUNRISE   638 AM AST   SUNSET   625 PM AST


-  INDICATES NEGATIVE NUMBERS.
R  INDICATES RECORD WAS SET OR TIED.
MM INDICATES DATA IS MISSING.
T  INDICATES TRACE AMOUNT.




$$
