000
CDHW43 PHFO 250238
CLIITO


CLIMATE REPORT
NATIONAL WEATHER SERVICE HONOLULU HI
438 PM HST SUN MAY 24 2015


...................................

...THE HILO HI CLIMATE SUMMARY FOR MAY 24 2015...
VALID TODAY AS OF 0400 PM LOCAL TIME.

CLIMATE NORMAL PERIOD 1981 TO 2010
CLIMATE RECORD PERIOD 1946 TO 2015


WEATHER ITEM   OBSERVED TIME   RECORD YEAR NORMAL DEPARTURE LAST
                VALUE   (LST)  VALUE       VALUE  FROM      YEAR
                                                  NORMAL
..................................................................
TEMPERATURE (F)
 TODAY
  MAXIMUM         79   1239 PM  87    1992  81     -2       85
                                      1968
  MINIMUM         69    613 AM  63    1975  67      2       65
                                      1970
  AVERAGE         74                        74      0       75

PRECIPITATION (IN)
  TODAY            0.00          5.36 1964   0.22  -0.22     0.00
  MONTH TO DATE    7.05                      6.65   0.40     4.77
  SINCE MAR 1     30.28                     31.62  -1.34    36.87
  SINCE JAN 1     38.37                     50.44 -12.07    45.10

SNOWFALL (IN)
  TODAY            0.0
  MONTH TO DATE    0.0
  SINCE MAR 1      0.0
  SINCE JUL 1      0.0
  SNOW DEPTH       0

DEGREE DAYS
 HEATING
  TODAY            0                         0      0        0
  MONTH TO DATE    0                         0      0        0
  SINCE MAR 1      0                         0      0        0
  SINCE JUL 1      0                         0      0        0

 COOLING
  TODAY            9                         9      0       10
  MONTH TO DATE  214                       204     10      243
  SINCE MAR 1    742                       631    111      734
  SINCE JAN 1   1268                      1001    267     1192
..................................................................


WIND (MPH)
  HIGHEST WIND SPEED    16   HIGHEST WIND DIRECTION     N (360)
  HIGHEST GUST SPEED    21   HIGHEST GUST DIRECTION     N (340)
  AVERAGE WIND SPEED     8.9


SKY COVER
  POSSIBLE SUNSHINE  MM
  AVERAGE SKY COVER 0.9


WEATHER CONDITIONS
 THE FOLLOWING WEATHER WAS RECORDED TODAY.
  NO SIGNIFICANT WEATHER WAS OBSERVED.


RELATIVE HUMIDITY (PERCENT)
 HIGHEST    84          1200 AM
 LOWEST     62          1200 PM
 AVERAGE    73

..........................................................


THE HILO HI CLIMATE NORMALS FOR TOMORROW
                         NORMAL    RECORD    YEAR
 MAXIMUM TEMPERATURE (F)   81        91      2003
 MINIMUM TEMPERATURE (F)   67        60      2003


SUNRISE AND SUNSET
MAY 24 2015...........SUNRISE   542 AM HST   SUNSET   652 PM HST
MAY 25 2015...........SUNRISE   542 AM HST   SUNSET   653 PM HST


-  INDICATES NEGATIVE NUMBERS.
R  INDICATES RECORD WAS SET OR TIED.
MM INDICATES DATA IS MISSING.
T  INDICATES TRACE AMOUNT.




$$
