000
CDHW43 PHFO 201245
CLIITO


CLIMATE REPORT
NATIONAL WEATHER SERVICE HONOLULU HI
245 AM HST SAT DEC 20 2014


...................................

...THE HILO HI CLIMATE SUMMARY FOR DECEMBER 19 2014...

CLIMATE NORMAL PERIOD 1981 TO 2010
CLIMATE RECORD PERIOD 1946 TO 2014


WEATHER ITEM   OBSERVED TIME   RECORD YEAR NORMAL DEPARTURE LAST
                VALUE   (LST)  VALUE       VALUE  FROM      YEAR
                                                  NORMAL
..................................................................
TEMPERATURE (F)
 YESTERDAY
  MAXIMUM         81    313 PM  85    1979  79      2       81
  MINIMUM         68    650 AM  57    1969  65      3       64
  AVERAGE         75                        72      3       73

PRECIPITATION (IN)
  YESTERDAY        0.11          7.92 2009   0.37  -0.26     1.14
  MONTH TO DATE    4.42                      7.52  -3.10     2.60
  SINCE DEC 1      4.42                      7.52  -3.10     2.60
  SINCE JAN 1    113.56                    122.67  -9.11    84.58

SNOWFALL (IN)
  YESTERDAY        0.0
  MONTH TO DATE    0.0
  SINCE DEC 1      0.0
  SINCE JUL 1      0.0
  SNOW DEPTH       0

DEGREE DAYS
 HEATING
  YESTERDAY        0                         0      0        0
  MONTH TO DATE    0                         0      0        0
  SINCE DEC 1      0                         0      0        0
  SINCE JUL 1      0                         0      0        0

 COOLING
  YESTERDAY       10                         7      3        8
  MONTH TO DATE  150                       142      8      158
  SINCE DEC 1    150                       142      8      158
  SINCE JAN 1   3560                      3149    411     3434
..................................................................


WIND (MPH)
  HIGHEST WIND SPEED    15   HIGHEST WIND DIRECTION    SE (130)
  HIGHEST GUST SPEED    18   HIGHEST GUST DIRECTION     E (110)
  AVERAGE WIND SPEED     6.0


SKY COVER
  POSSIBLE SUNSHINE  MM
  AVERAGE SKY COVER 0.8


WEATHER CONDITIONS
 THE FOLLOWING WEATHER WAS RECORDED YESTERDAY.
  HEAVY RAIN
  LIGHT RAIN
  FOG


RELATIVE HUMIDITY (PERCENT)
 HIGHEST    93           500 AM
 LOWEST     62           100 PM
 AVERAGE    78

..........................................................


THE HILO HI CLIMATE NORMALS FOR TODAY
                         NORMAL    RECORD    YEAR
 MAXIMUM TEMPERATURE (F)   79        87      1964
 MINIMUM TEMPERATURE (F)   65        58      1972


SUNRISE AND SUNSET
DECEMBER 20 2014......SUNRISE   650 AM HST   SUNSET   546 PM HST
DECEMBER 21 2014......SUNRISE   650 AM HST   SUNSET   547 PM HST


-  INDICATES NEGATIVE NUMBERS.
R  INDICATES RECORD WAS SET OR TIED.
MM INDICATES DATA IS MISSING.
T  INDICATES TRACE AMOUNT.




$$
