000
CDHW43 PHFO 270229
CLIITO


CLIMATE REPORT
NATIONAL WEATHER SERVICE HONOLULU HI
429 PM HST THU FEB 26 2015


...................................

...THE HILO HI CLIMATE SUMMARY FOR FEBRUARY 26 2015...
VALID TODAY AS OF 0400 PM LOCAL TIME.

CLIMATE NORMAL PERIOD 1981 TO 2010
CLIMATE RECORD PERIOD 1946 TO 2015


WEATHER ITEM   OBSERVED TIME   RECORD YEAR NORMAL DEPARTURE LAST
                VALUE   (LST)  VALUE       VALUE  FROM      YEAR
                                                  NORMAL
..................................................................
TEMPERATURE (F)
 TODAY
  MAXIMUM         84    146 PM  86    1963  79      5       79
  MINIMUM         66    713 AM  58    1991  64      2       62
  AVERAGE         75                        71      4       71

PRECIPITATION (IN)
  TODAY            0.00          7.22 2002   0.38  -0.38     0.09
  MONTH TO DATE    4.81                      8.80  -3.99     2.45
  SINCE DEC 1     13.71                     29.63 -15.92    28.31
  SINCE JAN 1      7.61                     18.06 -10.45     8.11

SNOWFALL (IN)
  TODAY            0.0
  MONTH TO DATE    0.0
  SINCE DEC 1      0.0
  SINCE JUL 1      0.0
  SNOW DEPTH       0

DEGREE DAYS
 HEATING
  TODAY            0                         0      0        0
  MONTH TO DATE    0                         0      0        0
  SINCE DEC 1      0                         0      0        0
  SINCE JUL 1      0                         0      0        0

 COOLING
  TODAY           10                         6      4        6
  MONTH TO DATE  248                       156     92      233
  SINCE DEC 1    747                       579    168      692
  SINCE JAN 1    506                       354    152      445
..................................................................


WIND (MPH)
  HIGHEST WIND SPEED    22   HIGHEST WIND DIRECTION     E (110)
  HIGHEST GUST SPEED    27   HIGHEST GUST DIRECTION     E (110)
  AVERAGE WIND SPEED     9.4


SKY COVER
  POSSIBLE SUNSHINE  MM
  AVERAGE SKY COVER 0.3


WEATHER CONDITIONS
 THE FOLLOWING WEATHER WAS RECORDED TODAY.
  NO SIGNIFICANT WEATHER WAS OBSERVED.


RELATIVE HUMIDITY (PERCENT)
 HIGHEST    87          1200 AM
 LOWEST     58          1000 AM
 AVERAGE    73

..........................................................


THE HILO HI CLIMATE NORMALS FOR TOMORROW
                         NORMAL    RECORD    YEAR
 MAXIMUM TEMPERATURE (F)   79        88      1980
 MINIMUM TEMPERATURE (F)   64        60      2002
                                             1987
                                             1985


SUNRISE AND SUNSET
FEBRUARY 26 2015......SUNRISE   642 AM HST   SUNSET   624 PM HST
FEBRUARY 27 2015......SUNRISE   641 AM HST   SUNSET   625 PM HST


-  INDICATES NEGATIVE NUMBERS.
R  INDICATES RECORD WAS SET OR TIED.
MM INDICATES DATA IS MISSING.
T  INDICATES TRACE AMOUNT.




$$
