000
CDHW43 PHFO 161245
CLIITO


CLIMATE REPORT
NATIONAL WEATHER SERVICE HONOLULU HI
245 AM HST TUE SEP 16 2014


...................................

...THE HILO HI CLIMATE SUMMARY FOR SEPTEMBER 15 2014...

CLIMATE NORMAL PERIOD 1981 TO 2010
CLIMATE RECORD PERIOD 1946 TO 2014


WEATHER ITEM   OBSERVED TIME   RECORD YEAR NORMAL DEPARTURE LAST
                VALUE   (LST)  VALUE       VALUE  FROM      YEAR
                                                  NORMAL
..................................................................
TEMPERATURE (F)
 YESTERDAY
  MAXIMUM         88    142 PM  90    1972  83      5       87
  MINIMUM         71    618 AM  63    2009  69      2       69
  AVERAGE         80                        76      4       78

PRECIPITATION (IN)
  YESTERDAY        0.00          5.93 2005   0.34  -0.34     0.23
  MONTH TO DATE    1.25                      4.78  -3.53     0.99
  SINCE SEP 1      1.25                      4.78  -3.53     0.99
  SINCE JAN 1     82.36                     84.72  -2.36    65.87

SNOWFALL (IN)
  YESTERDAY        0.0
  MONTH TO DATE    0.0
  SINCE SEP 1      0.0
  SINCE JUL 1      0.0
  SNOW DEPTH       0

DEGREE DAYS
 HEATING
  YESTERDAY        0                         0      0        0
  MONTH TO DATE    0                         0      0        0
  SINCE SEP 1      0                         0      0        0
  SINCE JUL 1      0                         0      0        0

 COOLING
  YESTERDAY       15                        11      4       13
  MONTH TO DATE  209                       165     44      192
  SINCE SEP 1    209                       165     44      192
  SINCE JAN 1   2486                      2237    249     2405
..................................................................


WIND (MPH)
  HIGHEST WIND SPEED    16   HIGHEST WIND DIRECTION     N (360)
  HIGHEST GUST SPEED    20   HIGHEST GUST DIRECTION     N (350)
  AVERAGE WIND SPEED     7.3


SKY COVER
  POSSIBLE SUNSHINE  MM
  AVERAGE SKY COVER 0.4


WEATHER CONDITIONS
 THE FOLLOWING WEATHER WAS RECORDED YESTERDAY.
  NO SIGNIFICANT WEATHER WAS OBSERVED.


RELATIVE HUMIDITY (PERCENT)
 HIGHEST    82          1100 PM
 LOWEST     54           800 AM
 AVERAGE    68

..........................................................


THE HILO HI CLIMATE NORMALS FOR TODAY
                         NORMAL    RECORD    YEAR
 MAXIMUM TEMPERATURE (F)   83        89      2007
                                             1995
                                             1971
 MINIMUM TEMPERATURE (F)   69        63      1961


SUNRISE AND SUNSET
SEPTEMBER 16 2014.....SUNRISE   608 AM HST   SUNSET   622 PM HST
SEPTEMBER 17 2014.....SUNRISE   608 AM HST   SUNSET   621 PM HST


-  INDICATES NEGATIVE NUMBERS.
R  INDICATES RECORD WAS SET OR TIED.
MM INDICATES DATA IS MISSING.
T  INDICATES TRACE AMOUNT.




$$
