000
CDHW43 PHFO 290232
CLIITO


CLIMATE REPORT
NATIONAL WEATHER SERVICE HONOLULU HI
429 PM HST WED JUN 28 2017


...................................

...THE HILO HI CLIMATE SUMMARY FOR JUNE 28 2017...
VALID TODAY AS OF 0400 PM LOCAL TIME.

CLIMATE NORMAL PERIOD 1981 TO 2010
CLIMATE RECORD PERIOD 1946 TO 2017


WEATHER ITEM   OBSERVED TIME   RECORD YEAR NORMAL DEPARTURE LAST
                VALUE   (LST)  VALUE       VALUE  FROM      YEAR
                                                  NORMAL
..................................................................
TEMPERATURE (F)
 TODAY
  MAXIMUM         85    214 PM  87    1980  83      2       86
  MINIMUM         71    318 AM  65    1998  69      2       71
                                      1974
  AVERAGE         78                        76      2       79

PRECIPITATION (IN)
  TODAY            T             1.32 2012   0.28  -0.28     0.21
  MONTH TO DATE    2.86                      6.80  -3.94    11.16
  SINCE JUN 1      2.86                      6.80  -3.94    11.16
  SINCE JAN 1     37.50                     58.71 -21.21    36.02

SNOWFALL (IN)
  TODAY            0.0
  MONTH TO DATE    0.0
  SINCE JUN 1      0.0
  SINCE JUL 1      0.0
  SNOW DEPTH      MM

DEGREE DAYS
 HEATING
  TODAY            0                         0      0        0
  MONTH TO DATE    0                         0      0        0
  SINCE JUN 1      0                         0      0        0
  SINCE JUL 1      0                         0      0        0

 COOLING
  TODAY           13                        11      2       14
  MONTH TO DATE  326                       282     44      337
  SINCE JUN 1    326                       282     44      337
  SINCE JAN 1   1630                      1350    280     1883
..................................................................


WIND (MPH)
  HIGHEST WIND SPEED    15   HIGHEST WIND DIRECTION    NE (40)
  HIGHEST GUST SPEED    20   HIGHEST GUST DIRECTION     N (10)
  AVERAGE WIND SPEED    MM


SKY COVER
  POSSIBLE SUNSHINE  MM
  AVERAGE SKY COVER  MM


WEATHER CONDITIONS
 THE FOLLOWING WEATHER WAS RECORDED TODAY.
  NO SIGNIFICANT WEATHER WAS OBSERVED.


RELATIVE HUMIDITY (PERCENT)
 HIGHEST    MM
 LOWEST     MM
 AVERAGE    MM

..........................................................


THE HILO HI CLIMATE NORMALS FOR TOMORROW
                         NORMAL    RECORD    YEAR
 MAXIMUM TEMPERATURE (F)   83        87      2008
                                             1996
 MINIMUM TEMPERATURE (F)   69        64      2014
                                             1999


SUNRISE AND SUNSET
JUNE 28 2017..........SUNRISE   544 AM HST   SUNSET   703 PM HST
JUNE 29 2017..........SUNRISE   545 AM HST   SUNSET   703 PM HST


-  INDICATES NEGATIVE NUMBERS.
R  INDICATES RECORD WAS SET OR TIED.
MM INDICATES DATA IS MISSING.
T  INDICATES TRACE AMOUNT.




$$
