000
CDHW43 PHFO 240240
CLIITO


CLIMATE REPORT
NATIONAL WEATHER SERVICE HONOLULU HI
434 PM HST TUE MAY 23 2017


...................................

...THE HILO HI CLIMATE SUMMARY FOR MAY 23 2017...
VALID TODAY AS OF 0400 PM LOCAL TIME.

CLIMATE NORMAL PERIOD 1981 TO 2010
CLIMATE RECORD PERIOD 1946 TO 2017


WEATHER ITEM   OBSERVED TIME   RECORD YEAR NORMAL DEPARTURE LAST
                VALUE   (LST)  VALUE       VALUE  FROM      YEAR
                                                  NORMAL
..................................................................
TEMPERATURE (F)
 TODAY
  MAXIMUM         82    228 PM  88    1966  81      1       84
  MINIMUM         65    527 AM  62    1987  67     -2       66
                                      1975
  AVERAGE         74                        74      0       75

PRECIPITATION (IN)
  TODAY            0.05          2.64 1978   0.21  -0.16     0.48
  MONTH TO DATE    6.78                      6.43   0.35     3.71
  SINCE MAR 1     15.26                     31.40 -16.14    18.17
  SINCE JAN 1     33.75                     50.22 -16.47    22.74

SNOWFALL (IN)
  TODAY            0.0
  MONTH TO DATE    0.0
  SINCE MAR 1      0.0
  SINCE JUL 1      0.0
  SNOW DEPTH      MM

DEGREE DAYS
 HEATING
  TODAY            0                         0      0        0
  MONTH TO DATE    0                         0      0        0
  SINCE MAR 1      0                         0      0        0
  SINCE JUL 1      0                         0      0        0

 COOLING
  TODAY            9                         9      0       10
  MONTH TO DATE  230                       195     35      264
  SINCE MAR 1    815                       622    193      890
  SINCE JAN 1   1224                       992    232     1454
..................................................................


WIND (MPH)
  HIGHEST WIND SPEED    12   HIGHEST WIND DIRECTION     N (10)
  HIGHEST GUST SPEED    16   HIGHEST GUST DIRECTION     N (360)
  AVERAGE WIND SPEED    MM


SKY COVER
  POSSIBLE SUNSHINE  MM
  AVERAGE SKY COVER  MM


WEATHER CONDITIONS
 THE FOLLOWING WEATHER WAS RECORDED TODAY.
  FOG


RELATIVE HUMIDITY (PERCENT)
 HIGHEST    MM
 LOWEST     MM
 AVERAGE    MM

..........................................................


THE HILO HI CLIMATE NORMALS FOR TOMORROW
                         NORMAL    RECORD    YEAR
 MAXIMUM TEMPERATURE (F)   81        87      1992
                                             1968
 MINIMUM TEMPERATURE (F)   67        63      1975
                                             1970


SUNRISE AND SUNSET
MAY 23 2017...........SUNRISE   542 AM HST   SUNSET   652 PM HST
MAY 24 2017...........SUNRISE   542 AM HST   SUNSET   653 PM HST


-  INDICATES NEGATIVE NUMBERS.
R  INDICATES RECORD WAS SET OR TIED.
MM INDICATES DATA IS MISSING.
T  INDICATES TRACE AMOUNT.




$$
