000
CDHW43 PHFO 211245
CLIITO


CLIMATE REPORT
NATIONAL WEATHER SERVICE HONOLULU HI
245 AM HST MON AUG 21 2017


...................................

...THE HILO HI CLIMATE SUMMARY FOR AUGUST 20 2017...

CLIMATE NORMAL PERIOD 1981 TO 2010
CLIMATE RECORD PERIOD 1946 TO 2017


WEATHER ITEM   OBSERVED TIME   RECORD YEAR NORMAL DEPARTURE LAST
                VALUE   (LST)  VALUE       VALUE  FROM      YEAR
                                                  NORMAL
..................................................................
TEMPERATURE (F)
 YESTERDAY
  MAXIMUM         84   1219 PM  89    1963  83      1       85
  MINIMUM         70    506 AM  64    1983  70      0       69
  AVERAGE         77                        77      0       77

PRECIPITATION (IN)
  YESTERDAY        0.92          3.85 1989   0.31   0.61     0.45
  MONTH TO DATE    4.52                      6.60  -2.08     5.43
  SINCE JUN 1     14.62                     24.78 -10.16    23.98
  SINCE JAN 1     49.26                     76.69 -27.43    48.84

SNOWFALL (IN)
  YESTERDAY        0.0
  MONTH TO DATE    0.0
  SINCE JUN 1      0.0
  SINCE JUL 1      0.0
  SNOW DEPTH      MM

DEGREE DAYS
 HEATING
  YESTERDAY        0                         0      0        0
  MONTH TO DATE    0                         0      0        0
  SINCE JUN 1      0                         0      0        0
  SINCE JUL 1      0                         0      0        0

 COOLING
  YESTERDAY       12                        11      1       12
  MONTH TO DATE  248                       220     28      275
  SINCE JUN 1    977                       869    108     1070
  SINCE JAN 1   2281                      1937    344     2616
..................................................................


WIND (MPH)
  HIGHEST WIND SPEED    14   HIGHEST WIND DIRECTION     E (100)
  HIGHEST GUST SPEED    17   HIGHEST GUST DIRECTION    SE (120)
  AVERAGE WIND SPEED     4.9


SKY COVER
  POSSIBLE SUNSHINE  MM
  AVERAGE SKY COVER  MM


WEATHER CONDITIONS
 THE FOLLOWING WEATHER WAS RECORDED YESTERDAY.
  FOG


RELATIVE HUMIDITY (PERCENT)
 HIGHEST    MM
 LOWEST     MM
 AVERAGE    MM

..........................................................


THE HILO HI CLIMATE NORMALS FOR TODAY
                         NORMAL    RECORD    YEAR
 MAXIMUM TEMPERATURE (F)   83        87      2008
                                             1995
                                             1987
 MINIMUM TEMPERATURE (F)   70        65      1979
                                             1966
                                             1961


SUNRISE AND SUNSET
AUGUST 21 2017........SUNRISE   602 AM HST   SUNSET   644 PM HST
AUGUST 22 2017........SUNRISE   603 AM HST   SUNSET   643 PM HST


-  INDICATES NEGATIVE NUMBERS.
R  INDICATES RECORD WAS SET OR TIED.
MM INDICATES DATA IS MISSING.
T  INDICATES TRACE AMOUNT.




$$
