000
CDHW43 PHFO 011245
CLIITO


CLIMATE REPORT
NATIONAL WEATHER SERVICE HONOLULU HI
245 AM HST SUN FEB 1 2015


...................................

...THE HILO HI CLIMATE SUMMARY FOR JANUARY 31 2015...

CLIMATE NORMAL PERIOD 1981 TO 2010
CLIMATE RECORD PERIOD 1946 TO 2015


WEATHER ITEM   OBSERVED TIME   RECORD YEAR NORMAL DEPARTURE LAST
                VALUE   (LST)  VALUE       VALUE  FROM      YEAR
                                                  NORMAL
..................................................................
TEMPERATURE (F)
 YESTERDAY
  MAXIMUM         84    154 PM  87    1974  79      5       84
                                      1954
  MINIMUM         70   1143 PM  57    1994  63      7       64
  AVERAGE         77                        71      6       74

PRECIPITATION (IN)
  YESTERDAY        T             8.26 1969   0.33  -0.33     0.00
  MONTH TO DATE    2.80                      9.26  -6.46     5.66
  SINCE DEC 1      8.90                     20.83 -11.93    25.86
  SINCE JAN 1      2.80                      9.26  -6.46     5.66

SNOWFALL (IN)
  YESTERDAY        0.0
  MONTH TO DATE    0.0
  SINCE DEC 1      0.0
  SINCE JUL 1      0.0
  SNOW DEPTH       0

DEGREE DAYS
 HEATING
  YESTERDAY        0                         0      0        0
  MONTH TO DATE    0                         0      0        0
  SINCE DEC 1      0                         0      0        0
  SINCE JUL 1      0                         0      0        0

 COOLING
  YESTERDAY       12                         6      6        9
  MONTH TO DATE  258                       198     60      212
  SINCE DEC 1    499                       423     76      459
  SINCE JAN 1    258                       198     60      212
..................................................................


WIND (MPH)
  HIGHEST WIND SPEED    18   HIGHEST WIND DIRECTION     E (110)
  HIGHEST GUST SPEED    23   HIGHEST GUST DIRECTION     E (100)
  AVERAGE WIND SPEED     5.8


SKY COVER
  POSSIBLE SUNSHINE  MM
  AVERAGE SKY COVER 0.9


WEATHER CONDITIONS
 THE FOLLOWING WEATHER WAS RECORDED YESTERDAY.
  NO SIGNIFICANT WEATHER WAS OBSERVED.


RELATIVE HUMIDITY (PERCENT)
 HIGHEST    90           600 AM
 LOWEST     58          1200 PM
 AVERAGE    74

..........................................................


THE HILO HI CLIMATE NORMALS FOR TODAY
                         NORMAL    RECORD    YEAR
 MAXIMUM TEMPERATURE (F)   79        88      1977
 MINIMUM TEMPERATURE (F)   63        55      1965


SUNRISE AND SUNSET
FEBRUARY  1 2015......SUNRISE   655 AM HST   SUNSET   613 PM HST
FEBRUARY  2 2015......SUNRISE   655 AM HST   SUNSET   613 PM HST


-  INDICATES NEGATIVE NUMBERS.
R  INDICATES RECORD WAS SET OR TIED.
MM INDICATES DATA IS MISSING.
T  INDICATES TRACE AMOUNT.




$$
