000
CDHW43 PHFO 250235
CLIITO


CLIMATE REPORT
NATIONAL WEATHER SERVICE HONOLULU HI
433 PM HST SUN JUL 24 2016


...................................

...THE HILO HI CLIMATE SUMMARY FOR JULY 24 2016...
VALID TODAY AS OF 0400 PM LOCAL TIME.

CLIMATE NORMAL PERIOD 1981 TO 2010
CLIMATE RECORD PERIOD 1946 TO 2016


WEATHER ITEM   OBSERVED TIME   RECORD YEAR NORMAL DEPARTURE LAST
                VALUE   (LST)  VALUE       VALUE  FROM      YEAR
                                                  NORMAL
..................................................................
TEMPERATURE (F)
 TODAY
  MAXIMUM         85    221 PM  91    2004  83      2       86
  MINIMUM         74    235 AM  63    1955  70      4       73
  AVERAGE         80                        76      4       80

PRECIPITATION (IN)
  TODAY            0.11          1.78 2003   0.38  -0.27     0.11
  MONTH TO DATE    6.85                      8.21  -1.36     7.27
  SINCE JUN 1     18.04                     15.58   2.46    12.50
  SINCE JAN 1     42.90                     67.49 -24.59    51.42

SNOWFALL (IN)
  TODAY            0.0
  MONTH TO DATE    0.0
  SINCE JUN 1      0.0
  SINCE JUL 1      0.0
  SNOW DEPTH       0

DEGREE DAYS
 HEATING
  TODAY            0                         0      0        0
  MONTH TO DATE    0                         0      0        0
  SINCE JUN 1      0                         0      0        0
  SINCE JUL 1      0                         0      0        0

 COOLING
  TODAY           15                        11      4       15
  MONTH TO DATE  311                       264     47      320
  SINCE JUN 1    677                       570    107      681
  SINCE JAN 1   2223                      1638    585     1999
..................................................................


WIND (MPH)
  HIGHEST WIND SPEED    21   HIGHEST WIND DIRECTION    SE (130)
  HIGHEST GUST SPEED    27   HIGHEST GUST DIRECTION    SE (130)
  AVERAGE WIND SPEED    11.2


SKY COVER
  POSSIBLE SUNSHINE  MM
  AVERAGE SKY COVER 0.9


WEATHER CONDITIONS
 THE FOLLOWING WEATHER WAS RECORDED TODAY.
  HEAVY RAIN
  LIGHT RAIN
  FOG


RELATIVE HUMIDITY (PERCENT)
 HIGHEST    87           300 AM
 LOWEST     74           700 AM
 AVERAGE    81

..........................................................


THE HILO HI CLIMATE NORMALS FOR TOMORROW
                         NORMAL    RECORD    YEAR
 MAXIMUM TEMPERATURE (F)   83        89      2015
                                             2003
 MINIMUM TEMPERATURE (F)   70        63      1955


SUNRISE AND SUNSET
JULY 24 2016..........SUNRISE   554 AM HST   SUNSET   700 PM HST
JULY 25 2016..........SUNRISE   554 AM HST   SUNSET   659 PM HST


-  INDICATES NEGATIVE NUMBERS.
R  INDICATES RECORD WAS SET OR TIED.
MM INDICATES DATA IS MISSING.
T  INDICATES TRACE AMOUNT.




$$
