000
CDUS43 KGLD 230854 RRA
CLIITR

CLIMATE REPORT
NATIONAL WEATHER SERVICE GOODLAND
251 AM MDT SUN JUL 23 2017
...................................

...THE BURLINGTON CO CLIMATE SUMMARY FOR JULY 22 2017...

CLIMATE NORMAL PERIOD 1981 TO 2010
CLIMATE RECORD PERIOD 1896 TO 2017


WEATHER ITEM   OBSERVED TIME   RECORD YEAR NORMAL DEPARTURE LAST
                VALUE   (LST)  VALUE       VALUE  FROM      YEAR
                                                  NORMAL
..................................................................
TEMPERATURE (F)
 YESTERDAY
  MAXIMUM         86    219 PM 105    1963  89     -3      100
  MINIMUM         60   1144 PM  50    1978  61     -1       69
  AVERAGE         73                        75     -2       85

PRECIPITATION (IN)
  YESTERDAY        0.00                      0.09  -0.09     0.00
  MONTH TO DATE    2.45                      2.37   0.08     0.94
  SINCE JUN 1      6.69                      5.25   1.44     4.94
  SINCE JAN 1     18.03                     10.98   7.05    13.18

..................................................................

THE BURLINGTON CO CLIMATE NORMALS FOR TODAY
                         NORMAL    RECORD    YEAR
 MAXIMUM TEMPERATURE (F)   89       104      1940
 MINIMUM TEMPERATURE (F)   61        48      1956

-  INDICATES NEGATIVE NUMBERS.
R  INDICATES RECORD WAS SET OR TIED.
MM INDICATES DATA IS MISSING.
T  INDICATES TRACE AMOUNT.

$$
