000
CDUS43 KGLD 030738 RRA
CLIITR

CLIMATE REPORT
NATIONAL WEATHER SERVICE GOODLAND
136 AM MDT FRI JUL 3 2015

...................................

...THE BURLINGTON CO CLIMATE SUMMARY FOR JULY 2 2015...

CLIMATE NORMAL PERIOD 1981 TO 2010
CLIMATE RECORD PERIOD 1896 TO 2015

WEATHER ITEM   OBSERVED TIME   RECORD YEAR NORMAL DEPARTURE LAST
                VALUE   (LST)  VALUE       VALUE  FROM      YEAR
                                                  NORMAL
..................................................................
TEMPERATURE (F)
 YESTERDAY
  MAXIMUM         86    410 PM 104    1969  87     -1       78
  MINIMUM         60    549 AM  48    1915  59      1       56
  AVERAGE         73                        73      0       67

PRECIPITATION (IN)
  YESTERDAY        0.14                      0.11   0.03     0.03
  MONTH TO DATE    0.18                      0.23  -0.05     0.04
  SINCE JUN 1      3.09                      3.11  -0.02     2.40
  SINCE JAN 1     14.11                      8.84   5.27     5.32

..................................................................

THE BURLINGTON CO CLIMATE NORMALS FOR TODAY
                         NORMAL    RECORD    YEAR
 MAXIMUM TEMPERATURE (F)   88       104      2003
 MINIMUM TEMPERATURE (F)   59        36      1905

-  INDICATES NEGATIVE NUMBERS.
R  INDICATES RECORD WAS SET OR TIED.
MM INDICATES DATA IS MISSING.
T  INDICATES TRACE AMOUNT.

$$
