000
CDUS44 KJAN 302206
CLIJAN


CLIMATE REPORT
NATIONAL WEATHER SERVICE JACKSON MS
506 PM CDT THU MAR 30 2017


...................................

...THE JACKSON CLIMATE SUMMARY FOR MARCH 30 2017...
VALID TODAY AS OF 0500 PM LOCAL TIME.

CLIMATE NORMAL PERIOD 1981 TO 2010
CLIMATE RECORD PERIOD 1896 TO 2017


WEATHER ITEM   OBSERVED TIME   RECORD YEAR NORMAL DEPARTURE LAST
                VALUE   (LST)  VALUE       VALUE  FROM      YEAR
                                                  NORMAL
..................................................................
TEMPERATURE (F)
 TODAY
  MAXIMUM         72    259 PM  88    1946  72      0       76
                                      1914
  MINIMUM         63    647 AM  30    1964  48     15       59
  AVERAGE         68                        60      8       68

PRECIPITATION (IN)
  TODAY            0.94          2.26 1976   0.17   0.77      T
  MONTH TO DATE    4.52                      4.86  -0.34    10.75
  SINCE MAR 1      4.52                      4.86  -0.34    10.75
  SINCE JAN 1     14.73                     14.59   0.14    22.35

SNOWFALL (IN)
  TODAY            0.0           T    1987   0.0    0.0      0.0
  MONTH TO DATE    0.0                       0.1   -0.1      0.0
  SINCE MAR 1      0.0                       0.1   -0.1      0.0
  SINCE JUL 1      0.8                       0.8    0.0       T

DEGREE DAYS
 HEATING
  TODAY            0                         6     -6        0
  MONTH TO DATE  163                       272   -109      144
  SINCE MAR 1    163                       272   -109      144
  SINCE JUL 1   1281                      2264   -983     1535

 COOLING
  TODAY            3                         1      2        3
  MONTH TO DATE   87                        27     60       42
  SINCE MAR 1     87                        27     60       42
  SINCE JAN 1    145                        37    108       51
..................................................................


WIND (MPH)
  HIGHEST WIND SPEED    24   HIGHEST WIND DIRECTION    SE (130)
  HIGHEST GUST SPEED    33   HIGHEST GUST DIRECTION     W (280)
  AVERAGE WIND SPEED    13.8


SKY COVER
  POSSIBLE SUNSHINE  MM
  AVERAGE SKY COVER 0.7


WEATHER CONDITIONS
 THE FOLLOWING WEATHER WAS RECORDED TODAY.
  THUNDERSTORM
  HEAVY RAIN
  RAIN
  LIGHT RAIN
  FOG


RELATIVE HUMIDITY (PERCENT)
 HIGHEST    93           200 AM
 LOWEST     66           100 PM
 AVERAGE    80

..........................................................


THE JACKSON CLIMATE NORMALS FOR TOMORROW
                         NORMAL    RECORD    YEAR
 MAXIMUM TEMPERATURE (F)   72        87      1981
                                             1974
                                             1897
 MINIMUM TEMPERATURE (F)   48        29      1987


SUNRISE AND SUNSET
MARCH 30 2017.........SUNRISE   651 AM CDT   SUNSET   719 PM CDT
MARCH 31 2017.........SUNRISE   649 AM CDT   SUNSET   720 PM CDT


-  INDICATES NEGATIVE NUMBERS.
R  INDICATES RECORD WAS SET OR TIED.
MM INDICATES DATA IS MISSING.
T  INDICATES TRACE AMOUNT.




$$
