000
CDUS44 KJAN 260636
CLIJAN


CLIMATE REPORT
NATIONAL WEATHER SERVICE JACKSON MS
133 AM CDT FRI AUG 26 2016


...................................

...THE JACKSON CLIMATE SUMMARY FOR AUGUST 25 2016...

CLIMATE NORMAL PERIOD 1981 TO 2010
CLIMATE RECORD PERIOD 1896 TO 2016


WEATHER ITEM   OBSERVED TIME   RECORD YEAR NORMAL DEPARTURE LAST
                VALUE   (LST)  VALUE       VALUE  FROM      YEAR
                                                  NORMAL
..................................................................
TEMPERATURE (F)
 YESTERDAY
  MAXIMUM         95    238 PM 101    2000  91      4       89
                                      1943
  MINIMUM         75    545 AM  58    1923  70      5       66
                                      1917
                                      1916
  AVERAGE         85                        81      4       78

PRECIPITATION (IN)
  YESTERDAY        0.70          1.47 1967   0.12   0.58     0.00
  MONTH TO DATE    9.22                      3.58   5.64     0.40
  SINCE JUN 1     20.55                     12.51   8.04     8.33
  SINCE JAN 1     53.00                     36.62  16.38    36.61

SNOWFALL (IN)
  YESTERDAY        0.0           0.0  2002   0.0    0.0      0.0
                                      2001
  MONTH TO DATE    0.0                       0.0    0.0      0.0
  SINCE JUN 1      0.0                       0.0    0.0      0.0
  SINCE JUL 1      0.0                       0.0    0.0      0.0

DEGREE DAYS
 HEATING
  YESTERDAY        0                         0      0        0
  MONTH TO DATE    0                         0      0        0
  SINCE JUN 1      0                         0      0        0
  SINCE JUL 1      0                         0      0        0

 COOLING
  YESTERDAY       20                        16      4       13
  MONTH TO DATE  465                       415     50      495
  SINCE JUN 1   1574                      1352    222     1595
  SINCE JAN 1   1962                      1710    252     2048
..................................................................


WIND (MPH)
  HIGHEST WIND SPEED    30   HIGHEST WIND DIRECTION    SE (140)
  HIGHEST GUST SPEED    38   HIGHEST GUST DIRECTION    SE (140)
  AVERAGE WIND SPEED     3.1


SKY COVER
  POSSIBLE SUNSHINE  MM
  AVERAGE SKY COVER 0.3


WEATHER CONDITIONS
 THE FOLLOWING WEATHER WAS RECORDED YESTERDAY.
  THUNDERSTORM
  HEAVY RAIN
  RAIN
  LIGHT RAIN
  FOG


RELATIVE HUMIDITY (PERCENT)
 HIGHEST    94           200 AM
 LOWEST     52           200 PM
 AVERAGE    73

..........................................................


THE JACKSON CLIMATE NORMALS FOR TODAY
                         NORMAL    RECORD    YEAR
 MAXIMUM TEMPERATURE (F)   91       104      1902
 MINIMUM TEMPERATURE (F)   70        55      1966


SUNRISE AND SUNSET
AUGUST 26 2016........SUNRISE   632 AM CDT   SUNSET   731 PM CDT
AUGUST 27 2016........SUNRISE   633 AM CDT   SUNSET   730 PM CDT


-  INDICATES NEGATIVE NUMBERS.
R  INDICATES RECORD WAS SET OR TIED.
MM INDICATES DATA IS MISSING.
T  INDICATES TRACE AMOUNT.

&&

AT 1 AM:

THE PEARL RIVER STAGE AT JACKSON WAS 4.7 FEET. THE RIVER ROSE 0.1
FEET OVER THE PAST 24 HOURS.

THE MISSISSIPPI RIVER STAGE AT VICKSBURG WAS 24.5 FEET. THE RIVER
REMAINED STEADY OVER THE PAST 24 HOURS.

$$
