000
CDUS44 KJAN 252222
CLIJAN


CLIMATE REPORT
NATIONAL WEATHER SERVICE JACKSON MS
421 PM CST TUE NOV 25 2014


...................................

...THE JACKSON CLIMATE SUMMARY FOR NOVEMBER 25 2014...
VALID TODAY AS OF 0400 PM LOCAL TIME.

CLIMATE NORMAL PERIOD 1981 TO 2010
CLIMATE RECORD PERIOD 1896 TO 2014


WEATHER ITEM   OBSERVED TIME   RECORD YEAR NORMAL DEPARTURE LAST
                VALUE   (LST)  VALUE       VALUE  FROM      YEAR
                                                  NORMAL
..................................................................
TEMPERATURE (F)
 TODAY
  MAXIMUM         53   1144 AM  84    1908  64    -11       44
  MINIMUM         33    619 AM  18    1950  41     -8       36
  AVERAGE         43                        53    -10       40

PRECIPITATION (IN)
  TODAY            0.00          3.87 2013   0.17  -0.17     3.87
  MONTH TO DATE    3.88                      3.83   0.05     5.54
  SINCE SEP 1      8.58                     10.78  -2.20    15.01
  SINCE JAN 1     52.26                     48.06   4.20    58.67

SNOWFALL (IN)
  TODAY            0.0           0.0    MM   0.0    0.0      0.0
  MONTH TO DATE    0.0                       0.0    0.0      0.0
  SINCE SEP 1      0.0                       0.0    0.0      0.0
  SINCE JUL 1      0.0                       0.0    0.0      0.0

DEGREE DAYS
 HEATING
  TODAY           22                        13      9       25
  MONTH TO DATE  368                       234    134      253
  SINCE SEP 1    431                       341     90      335
  SINCE JUL 1    431                       341     90      335

 COOLING
  TODAY            0                         0      0        0
  MONTH TO DATE    3                        21    -18       15
  SINCE SEP 1    551                       453     98      583
  SINCE JAN 1   2281                      2252     29     2347
..................................................................


WIND (MPH)
  HIGHEST WIND SPEED    17   HIGHEST WIND DIRECTION     N (360)
  HIGHEST GUST SPEED    23   HIGHEST GUST DIRECTION     N (20)
  AVERAGE WIND SPEED     5.6


SKY COVER
  POSSIBLE SUNSHINE  MM
  AVERAGE SKY COVER 0.4


WEATHER CONDITIONS
 THE FOLLOWING WEATHER WAS RECORDED TODAY.
  FOG


RELATIVE HUMIDITY (PERCENT)
 HIGHEST    92           400 AM
 LOWEST     32           300 PM
 AVERAGE    62

..........................................................


THE JACKSON CLIMATE NORMALS FOR TOMORROW
                         NORMAL    RECORD    YEAR
 MAXIMUM TEMPERATURE (F)   64        84      1985
                                             1973
                                             1965
 MINIMUM TEMPERATURE (F)   41        21      1900


SUNRISE AND SUNSET
NOVEMBER 25 2014......SUNRISE   639 AM CST   SUNSET   456 PM CST
NOVEMBER 26 2014......SUNRISE   639 AM CST   SUNSET   456 PM CST


-  INDICATES NEGATIVE NUMBERS.
R  INDICATES RECORD WAS SET OR TIED.
MM INDICATES DATA IS MISSING.
T  INDICATES TRACE AMOUNT.

&&

AT 4 PM:

THE PEARL RIVER STAGE AT JACKSON WAS 4.7 FEET. THE RIVER HAS FALLEN
0.3 FEET OVER THE PAST 24 HOURS.

THE MISSISSIPPI RIVER STAGE AT VICKSBURG WAS 11.9 FEET. THE RIVER HAS
RISEN 0.3 FEET OVER THE PAST 24 HOURS.

THE AIR QUALITY INDEX AT JACKSON WAS 24...WHICH IS GOOD.


$$
