000
CDUS44 KJAN 220830
CLIJAN


CLIMATE REPORT
NATIONAL WEATHER SERVICE JACKSON MS
222 AM CST MON DEC 22 2014


...................................

...THE JACKSON CLIMATE SUMMARY FOR DECEMBER 21 2014...

CLIMATE NORMAL PERIOD 1981 TO 2010
CLIMATE RECORD PERIOD 1896 TO 2014


WEATHER ITEM   OBSERVED TIME   RECORD YEAR NORMAL DEPARTURE LAST
                VALUE   (LST)  VALUE       VALUE  FROM      YEAR
                                                  NORMAL
..................................................................
TEMPERATURE (F)
 YESTERDAY
  MAXIMUM         61    318 PM  79    2013  57      4       79
                                      1970
                                      1967
  MINIMUM         36    124 AM  12    1901  36      0       57
  AVERAGE         49                        47      2       68

PRECIPITATION (IN)
  YESTERDAY        0.00          1.49 1908   0.16  -0.16     1.47
  MONTH TO DATE    0.80                      3.59  -2.79     3.49
  SINCE DEC 1      0.80                      3.59  -2.79     3.49
  SINCE JAN 1     53.06                     52.58   0.48    63.25

SNOWFALL (IN)
  YESTERDAY        0.0           T    1963   0.0    0.0      0.0
  MONTH TO DATE    0.0                       0.2   -0.2      0.0
  SINCE DEC 1      0.0                       0.2   -0.2      0.0
  SINCE JUL 1      0.0                       0.2   -0.2      0.0

DEGREE DAYS
 HEATING
  YESTERDAY       16                        19     -3        0
  MONTH TO DATE  274                       350    -76      339
  SINCE DEC 1    274                       350    -76      339
  SINCE JUL 1    774                       758     16      801

 COOLING
  YESTERDAY        0                         0      0        3
  MONTH TO DATE    2                         0      2       12
  SINCE DEC 1      2                         0      2       12
  SINCE JAN 1   2285                      2253     32     2359
..................................................................


WIND (MPH)
  HIGHEST WIND SPEED    16   HIGHEST WIND DIRECTION    SE (140)
  HIGHEST GUST SPEED    20   HIGHEST GUST DIRECTION    SE (140)
  AVERAGE WIND SPEED     5.3


SKY COVER
  POSSIBLE SUNSHINE  MM
  AVERAGE SKY COVER 0.3


WEATHER CONDITIONS
 THE FOLLOWING WEATHER WAS RECORDED YESTERDAY.
  FOG


RELATIVE HUMIDITY (PERCENT)
 HIGHEST    93           800 PM
 LOWEST     55           300 PM
 AVERAGE    74

..........................................................


THE JACKSON CLIMATE NORMALS FOR TODAY
                         NORMAL    RECORD    YEAR
 MAXIMUM TEMPERATURE (F)   57        77      1991
 MINIMUM TEMPERATURE (F)   36         7      1989


SUNRISE AND SUNSET
DECEMBER 22 2014......SUNRISE   658 AM CST   SUNSET   500 PM CST
DECEMBER 23 2014......SUNRISE   659 AM CST   SUNSET   500 PM CST


-  INDICATES NEGATIVE NUMBERS.
R  INDICATES RECORD WAS SET OR TIED.
MM INDICATES DATA IS MISSING.
T  INDICATES TRACE AMOUNT.

&&

AT 2 AM:

THE PEARL RIVER STAGE AT JACKSON WAS ESTIMATED TO BE AROUND 4.3 FEET.

THE MISSISSIPPI RIVER STAGE AT VICKSBURG WAS 21.9 FEET. THE RIVER
HAS FALLEN 1.6 FEET OVER THE PAST 24 HOURS.

$$
