000
CDUS44 KJAN 250628
CLIJAN


CLIMATE REPORT
NATIONAL WEATHER SERVICE JACKSON MS
126 AM CDT THU MAY 25 2017


...................................

...THE JACKSON CLIMATE SUMMARY FOR MAY 24 2017...

CLIMATE NORMAL PERIOD 1981 TO 2010
CLIMATE RECORD PERIOD 1896 TO 2017


WEATHER ITEM   OBSERVED TIME   RECORD YEAR NORMAL DEPARTURE LAST
                VALUE   (LST)  VALUE       VALUE  FROM      YEAR
                                                  NORMAL
..................................................................
TEMPERATURE (F)
 YESTERDAY
  MAXIMUM         73    210 PM  95    1996  85    -12       89
                                      1953
  MINIMUM         57   1159 PM  46    1931  64     -7       61
  AVERAGE         65                        74     -9       75

PRECIPITATION (IN)
  YESTERDAY        0.31          1.74 2015   0.14   0.17     0.00
  MONTH TO DATE    4.31                      3.38   0.93     1.30
  SINCE MAR 1     19.29                     13.38   5.91    20.79
  SINCE JAN 1     29.50                     23.11   6.39    32.39

SNOWFALL (IN)
  YESTERDAY        0.0           0.0    MM   0.0    0.0      0.0
  MONTH TO DATE    0.0                       0.0    0.0      0.0
  SINCE MAR 1      T                         0.1   -0.1      0.0
  SINCE JUL 1      0.8                       0.8    0.0       T

DEGREE DAYS
 HEATING
  YESTERDAY        0                         0      0        0
  MONTH TO DATE   13                        10      3        7
  SINCE MAR 1    210                       397   -187      196
  SINCE JUL 1   1328                      2389  -1061     1587

 COOLING
  YESTERDAY        0                        10    -10       10
  MONTH TO DATE  150                       166    -16      132
  SINCE MAR 1    374                       274    100      282
  SINCE JAN 1    432                       284    148      291
..................................................................


WIND (MPH)
  HIGHEST WIND SPEED    18   HIGHEST WIND DIRECTION     W (270)
  HIGHEST GUST SPEED    30   HIGHEST GUST DIRECTION     W (260)
  AVERAGE WIND SPEED     9.5


SKY COVER
  POSSIBLE SUNSHINE  MM
  AVERAGE SKY COVER 0.5


WEATHER CONDITIONS
 THE FOLLOWING WEATHER WAS RECORDED YESTERDAY.
  HEAVY RAIN
  RAIN
  LIGHT RAIN
  FOG


RELATIVE HUMIDITY (PERCENT)
 HIGHEST    93           100 AM
 LOWEST     44           100 PM
 AVERAGE    69

..........................................................


THE JACKSON CLIMATE NORMALS FOR TODAY
                         NORMAL    RECORD    YEAR
 MAXIMUM TEMPERATURE (F)   85        97      1902
 MINIMUM TEMPERATURE (F)   64        46      1979


SUNRISE AND SUNSET
MAY 25 2017...........SUNRISE   557 AM CDT   SUNSET   758 PM CDT
MAY 26 2017...........SUNRISE   556 AM CDT   SUNSET   759 PM CDT


-  INDICATES NEGATIVE NUMBERS.
R  INDICATES RECORD WAS SET OR TIED.
MM INDICATES DATA IS MISSING.
T  INDICATES TRACE AMOUNT.

&&

AT 1 AM:

THE PEARL RIVER STAGE AT JACKSON WAS 19 FEET. THE RIVER ROSE 0.4 FOOT
OVER THE PAST 24 HOURS.

THE MISSISSIPPI RIVER STAGE AT VICKSBURG WAS 48.5 FEET. THE RIVER
ROSE 0.2 FOOT OVER THE PAST 24 HOURS.

$$
