000
CDUS44 KJAN 032210
CLIJAN


CLIMATE REPORT
NATIONAL WEATHER SERVICE JACKSON MS
409 PM CST SAT DEC 3 2016


...................................

...THE JACKSON CLIMATE SUMMARY FOR DECEMBER 3 2016...
VALID TODAY AS OF 0400 PM LOCAL TIME.

CLIMATE NORMAL PERIOD 1981 TO 2010
CLIMATE RECORD PERIOD 1896 TO 2016


WEATHER ITEM   OBSERVED TIME   RECORD YEAR NORMAL DEPARTURE LAST
                VALUE   (LST)  VALUE       VALUE  FROM      YEAR
                                                  NORMAL
..................................................................
TEMPERATURE (F)
 TODAY
  MAXIMUM         53   1243 AM  84    1922  61     -8       54
  MINIMUM         47    359 PM  18    1935  39      8       38
  AVERAGE         50                        50      0       46

PRECIPITATION (IN)
  TODAY            0.52          4.92 1982   0.18   0.34     0.00
  MONTH TO DATE    0.52                      0.55  -0.03     0.45
  SINCE DEC 1      0.52                      0.55  -0.03     0.45
  SINCE JAN 1     58.17                     49.54   8.63    53.86

SNOWFALL (IN)
  TODAY           MM             0.0    MM   0.0   MM        0.0
  MONTH TO DATE    0.0                       0.0    0.0      0.0
  SINCE DEC 1      0.0                       0.0    0.0      0.0
  SINCE JUL 1      0.0                       0.0    0.0      0.0

DEGREE DAYS
 HEATING
  TODAY           15                        15      0       19
  MONTH TO DATE   46                        44      2       39
  SINCE DEC 1     46                        44      2       39
  SINCE JUL 1    250                       452   -202      231

 COOLING
  TODAY            0                         0      0        0
  MONTH TO DATE    0                         0      0        0
  SINCE DEC 1      0                         0      0        0
  SINCE JAN 1   2799                      2253    546     2746
..................................................................


WIND (MPH)
  HIGHEST WIND SPEED    16   HIGHEST WIND DIRECTION    NE (50)
  HIGHEST GUST SPEED    23   HIGHEST GUST DIRECTION    NE (60)
  AVERAGE WIND SPEED     7.8


SKY COVER
  POSSIBLE SUNSHINE  MM
  AVERAGE SKY COVER 0.8


WEATHER CONDITIONS
 THE FOLLOWING WEATHER WAS RECORDED TODAY.
  RAIN
  LIGHT RAIN
  FOG


RELATIVE HUMIDITY (PERCENT)
 HIGHEST    93           400 AM
 LOWEST     50          1200 AM
 AVERAGE    72

..........................................................


THE JACKSON CLIMATE NORMALS FOR TOMORROW
                         NORMAL    RECORD    YEAR
 MAXIMUM TEMPERATURE (F)   61        82      1922
 MINIMUM TEMPERATURE (F)   39        20      1989


SUNRISE AND SUNSET
DECEMBER  3 2016......SUNRISE   646 AM CST   SUNSET   455 PM CST
DECEMBER  4 2016......SUNRISE   647 AM CST   SUNSET   455 PM CST


-  INDICATES NEGATIVE NUMBERS.
R  INDICATES RECORD WAS SET OR TIED.
MM INDICATES DATA IS MISSING.
T  INDICATES TRACE AMOUNT.

&&

AT 4 PM:

THE PEARL RIVER STAGE AT JACKSON WAS 4.2 FEET. THE RIVER HAS
RISEN 0.4 FEET OVER THE PAST 24 HOURS.

THE MISSISSIPPI RIVER STAGE AT VICKSBURG WAS 7.7 FEET. THE RIVER
HAS REMAINED STEADY OVER THE PAST 24 HOURS.

THE AIR QUALITY INDEX AT JACKSON WAS 33...WHICH IS GOOD.

$$
