000
CDUS44 KJAN 171055
CLIJAN


CLIMATE REPORT
NATIONAL WEATHER SERVICE JACKSON MS
454 AM CST FRI NOV 17 2017


...................................

...THE JACKSON CLIMATE SUMMARY FOR NOVEMBER 16 2017...

CLIMATE NORMAL PERIOD 1981 TO 2010
CLIMATE RECORD PERIOD 1896 TO 2017


WEATHER ITEM   OBSERVED TIME   RECORD YEAR NORMAL DEPARTURE LAST
                VALUE   (LST)  VALUE       VALUE  FROM      YEAR
                                                  NORMAL
..................................................................
TEMPERATURE (F)
 YESTERDAY
  MAXIMUM         75    220 PM  86    1931  67      8       81
  MINIMUM         51    315 AM  18    1916  44      7       41
  AVERAGE         63                        56      7       61

PRECIPITATION (IN)
  YESTERDAY        0.00          3.20 2014   0.16  -0.16     0.00
  MONTH TO DATE    0.81                      2.32  -1.51     0.64
  SINCE SEP 1      4.06                      9.27  -5.21     1.46
  SINCE JAN 1     57.95                     46.55  11.40    54.66

SNOWFALL (IN)
  YESTERDAY        0.0           0.0    MM   0.0    0.0      0.0
  MONTH TO DATE    0.0                       0.0    0.0      0.0
  SINCE SEP 1      0.0                       0.0    0.0      0.0
  SINCE JUL 1      0.0                       0.0    0.0      0.0

DEGREE DAYS
 HEATING
  YESTERDAY        2                        10     -8        4
  MONTH TO DATE   50                       130    -80       59
  SINCE SEP 1    117                       237   -120       74
  SINCE JUL 1    117                       237   -120       74

 COOLING
  YESTERDAY        0                         1     -1        0
  MONTH TO DATE   69                        17     52       27
  SINCE SEP 1    608                       449    159      723
  SINCE JAN 1   2533                      2248    285     2797
..................................................................


WIND (MPH)
  HIGHEST WIND SPEED    12   HIGHEST WIND DIRECTION     N (10)
  HIGHEST GUST SPEED    15   HIGHEST GUST DIRECTION     N (10)
  AVERAGE WIND SPEED     2.5


SKY COVER
  POSSIBLE SUNSHINE  MM
  AVERAGE SKY COVER 0.6


WEATHER CONDITIONS
 THE FOLLOWING WEATHER WAS RECORDED YESTERDAY.
  FOG


RELATIVE HUMIDITY (PERCENT)
 HIGHEST    93           400 AM
 LOWEST     53          1100 AM
 AVERAGE    73

..........................................................


THE JACKSON CLIMATE NORMALS FOR TODAY
                         NORMAL    RECORD    YEAR
 MAXIMUM TEMPERATURE (F)   67        85      1906
 MINIMUM TEMPERATURE (F)   44        21      1920


SUNRISE AND SUNSET
NOVEMBER 17 2017......SUNRISE   632 AM CST   SUNSET   459 PM CST
NOVEMBER 18 2017......SUNRISE   633 AM CST   SUNSET   458 PM CST


-  INDICATES NEGATIVE NUMBERS.
R  INDICATES RECORD WAS SET OR TIED.
MM INDICATES DATA IS MISSING.
T  INDICATES TRACE AMOUNT.

AT 1 AM:

THE PEARL RIVER STAGE AT JACKSON WAS 3.6 FEET. THE RIVER REMAINED
STEADY OVER THE PAST 24 HOURS.

THE MISSISSIPPI RIVER STAGE AT VICKSBURG WAS 22.8 FEET. THE RIVER
ROSE 1.1 FEET OVER THE PAST 24 HOURS.


$$
