000
CDUS44 KJAN 240835
CLIJAN


CLIMATE REPORT
NATIONAL WEATHER SERVICE JACKSON MS
330 AM CDT MON JUL 24 2017


...................................

...THE JACKSON CLIMATE SUMMARY FOR JULY 23 2017...

CLIMATE NORMAL PERIOD 1981 TO 2010
CLIMATE RECORD PERIOD 1896 TO 2017


WEATHER ITEM   OBSERVED TIME   RECORD YEAR NORMAL DEPARTURE LAST
                VALUE   (LST)  VALUE       VALUE  FROM      YEAR
                                                  NORMAL
..................................................................
TEMPERATURE (F)
 YESTERDAY
  MAXIMUM         92    152 PM 103    1934  92      0       96
                                      1924
  MINIMUM         73    538 AM  57    1947  72      1       73
  AVERAGE         83                        82      1       85

PRECIPITATION (IN)
  YESTERDAY        0.00          3.08 2016   0.16  -0.16     3.08
  MONTH TO DATE    4.81                      3.57   1.24     6.30
  SINCE JUN 1     13.23                      7.69   5.54     9.33
  SINCE JAN 1     44.72                     31.80  12.92    41.78

SNOWFALL (IN)
  YESTERDAY        0.0           0.0  2002   0.0    0.0      0.0
                                      2001
  MONTH TO DATE    0.0                       0.0    0.0      0.0
  SINCE JUN 1      0.0                       0.0    0.0      0.0
  SINCE JUL 1      0.0                       0.0    0.0      0.0

DEGREE DAYS
 HEATING
  YESTERDAY        0                         0      0        0
  MONTH TO DATE    0                         0      0        0
  SINCE JUN 1      0                         0      0        0
  SINCE JUL 1      0                         0      0        0

 COOLING
  YESTERDAY       18                        17      1       20
  MONTH TO DATE  422                       384     38      457
  SINCE JUN 1    803                       806     -3      973
  SINCE JAN 1   1299                      1164    135     1361
..................................................................


WIND (MPH)
  HIGHEST WIND SPEED    20   HIGHEST WIND DIRECTION     S (200)
  HIGHEST GUST SPEED    24   HIGHEST GUST DIRECTION     S (200)
  AVERAGE WIND SPEED     4.9


SKY COVER
  POSSIBLE SUNSHINE  MM
  AVERAGE SKY COVER 0.4


WEATHER CONDITIONS
 THE FOLLOWING WEATHER WAS RECORDED YESTERDAY.
  THUNDERSTORM


RELATIVE HUMIDITY (PERCENT)
 HIGHEST   100           600 AM
 LOWEST     56           100 PM
 AVERAGE    78

..........................................................


THE JACKSON CLIMATE NORMALS FOR TODAY
                         NORMAL    RECORD    YEAR
 MAXIMUM TEMPERATURE (F)   92       105      1924
 MINIMUM TEMPERATURE (F)   72        59      1915


SUNRISE AND SUNSET
JULY 24 2017..........SUNRISE   610 AM CDT   SUNSET   803 PM CDT
JULY 25 2017..........SUNRISE   611 AM CDT   SUNSET   803 PM CDT


-  INDICATES NEGATIVE NUMBERS.
R  INDICATES RECORD WAS SET OR TIED.
MM INDICATES DATA IS MISSING.
T  INDICATES TRACE AMOUNT.


&&

AT 3 AM:

THE PEARL RIVER STAGE AT JACKSON WAS 4.7 FEET. THE RIVER FELL 2.6 FEET
OVER THE PAST 24 HOURS.

THE MISSISSIPPI RIVER STAGE AT VICKSBURG WAS 23.1 FEET. THE RIVER FELL
0.2 FEET OVER THE PAST 24 HOURS.

$$
