000
CDUS44 KJAN 162213
CLIJAN


CLIMATE REPORT
NATIONAL WEATHER SERVICE JACKSON MS
411 PM CST TUE JAN 16 2018


...................................

...THE JACKSON CLIMATE SUMMARY FOR JANUARY 16 2018...
VALID TODAY AS OF 0400 PM LOCAL TIME.

CLIMATE NORMAL PERIOD 1981 TO 2010
CLIMATE RECORD PERIOD 1896 TO 2018


WEATHER ITEM   OBSERVED TIME   RECORD YEAR NORMAL DEPARTURE LAST
                VALUE   (LST)  VALUE       VALUE  FROM      YEAR
                                                  NORMAL
..................................................................
TEMPERATURE (F)
 TODAY
  MAXIMUM         37    358 AM  80    1932  56    -19       76
                                      1914
  MINIMUM         21    359 PM  15    1977  35    -14       57
                                      1972
  AVERAGE         29                        46    -17       67

PRECIPITATION (IN)
  TODAY            0.04          1.82 1947   0.16  -0.12      T
  MONTH TO DATE    1.69                      2.40  -0.71     3.56
  SINCE DEC 1      5.36                      7.55  -2.19     9.30
  SINCE JAN 1      1.69                      2.40  -0.71     3.56

SNOWFALL (IN)
  TODAY            0.8           1.5  1964   0.0    0.8      0.0
  MONTH TO DATE    0.8                       0.2    0.6      0.8
  SINCE DEC 1      5.9                       0.5    5.4      0.8
  SINCE JUL 1      5.9                       0.5    5.4      0.8

DEGREE DAYS
 HEATING
  TODAY           36                        20     16        0
  MONTH TO DATE  419                       320     99      189
  SINCE DEC 1    895                       862     33      593
  SINCE JUL 1   1154                      1270   -116      797

 COOLING
  TODAY            0                         0      0        2
  MONTH TO DATE    0                         0      0       16
  SINCE DEC 1     11                         8      3       46
  SINCE JAN 1      0                         0      0       16
..................................................................


WIND (MPH)
  HIGHEST WIND SPEED    20   HIGHEST WIND DIRECTION     N (340)
  HIGHEST GUST SPEED    26   HIGHEST GUST DIRECTION     N (350)
  AVERAGE WIND SPEED    12.0


SKY COVER
  POSSIBLE SUNSHINE  MM
  AVERAGE SKY COVER 0.9


WEATHER CONDITIONS
 THE FOLLOWING WEATHER WAS RECORDED TODAY.
  LIGHT SNOW
  FOG
  HAZE


RELATIVE HUMIDITY (PERCENT)
 HIGHEST    92          1200 AM
 LOWEST     76           200 AM
 AVERAGE    84

..........................................................


THE JACKSON CLIMATE NORMALS FOR TOMORROW
                         NORMAL    RECORD    YEAR
 MAXIMUM TEMPERATURE (F)   56        81      1943
 MINIMUM TEMPERATURE (F)   35        10      1977


SUNRISE AND SUNSET
JANUARY 16 2018.......SUNRISE   702 AM CST   SUNSET   519 PM CST
JANUARY 17 2018.......SUNRISE   701 AM CST   SUNSET   520 PM CST


-  INDICATES NEGATIVE NUMBERS.
R  INDICATES RECORD WAS SET OR TIED.
MM INDICATES DATA IS MISSING.
T  INDICATES TRACE AMOUNT.

&&

AT 4 PM:

THE PEARL RIVER STAGE AT JACKSON WAS 3.6 FEET. THE RIVER HAS
REMAINED STEADY OVER THE PAST 24 HOURS.

THE MISSISSIPPI RIVER STAGE AT VICKSBURG WAS 9.0 FEET. THE RIVER
HAS FALLEN 0.6 FEET OVER THE PAST 24 HOURS.

THE AIR QUALITY INDEX IN JACKSON WAS 31...WHICH IS GOOD.

$$
