000
CDUS44 KJAN 290702
CLIJAN


CLIMATE REPORT
NATIONAL WEATHER SERVICE JACKSON MS
201 AM CDT FRI APR 29 2016


...................................

...THE JACKSON CLIMATE SUMMARY FOR APRIL 28 2016...

CLIMATE NORMAL PERIOD 1981 TO 2010
CLIMATE RECORD PERIOD 1896 TO 2016


WEATHER ITEM   OBSERVED TIME   RECORD YEAR NORMAL DEPARTURE LAST
                VALUE   (LST)  VALUE       VALUE  FROM      YEAR
                                                  NORMAL
..................................................................
TEMPERATURE (F)
 YESTERDAY
  MAXIMUM         88    253 PM  92    1899  79      9       65
  MINIMUM         64    556 AM  38    1992  56      8       55
  AVERAGE         76                        67      9       60

PRECIPITATION (IN)
  YESTERDAY        0.00          2.68 1918   0.14  -0.14      T
  MONTH TO DATE    7.06                      4.70   2.36     3.75
  SINCE MAR 1     19.30                      9.74   9.56    11.02
  SINCE JAN 1     30.90                     19.47  11.43    21.22

SNOWFALL (IN)
  YESTERDAY        0.0           0.0    MM   0.0    0.0      0.0
  MONTH TO DATE    0.0                       0.0    0.0      0.0
  SINCE MAR 1      0.0                       0.1   -0.1      0.3
  SINCE JUL 1      T                         0.8   -0.8      0.3

DEGREE DAYS
 HEATING
  YESTERDAY        0                         2     -2        5
  MONTH TO DATE   45                       106    -61       27
  SINCE MAR 1    189                       384   -195      222
  SINCE JUL 1   1580                      2376   -796     2348

 COOLING
  YESTERDAY       11                         4      7        0
  MONTH TO DATE   79                        72      7      139
  SINCE MAR 1    131                        99     32      176
  SINCE JAN 1    140                       109     31      176
..................................................................


WIND (MPH)
  HIGHEST WIND SPEED    10   HIGHEST WIND DIRECTION     S (160)
  HIGHEST GUST SPEED    15   HIGHEST GUST DIRECTION    SE (120)
  AVERAGE WIND SPEED     3.7


SKY COVER
  POSSIBLE SUNSHINE  MM
  AVERAGE SKY COVER 0.2


WEATHER CONDITIONS
 THE FOLLOWING WEATHER WAS RECORDED YESTERDAY.
  FOG


RELATIVE HUMIDITY (PERCENT)
 HIGHEST    93           100 AM
 LOWEST     43           300 PM
 AVERAGE    68

..........................................................


THE JACKSON CLIMATE NORMALS FOR TODAY
                         NORMAL    RECORD    YEAR
 MAXIMUM TEMPERATURE (F)   79        94      1899
 MINIMUM TEMPERATURE (F)   56        40      1965


SUNRISE AND SUNSET
APRIL 29 2016.........SUNRISE   615 AM CDT   SUNSET   740 PM CDT
APRIL 30 2016.........SUNRISE   614 AM CDT   SUNSET   741 PM CDT


-  INDICATES NEGATIVE NUMBERS.
R  INDICATES RECORD WAS SET OR TIED.
MM INDICATES DATA IS MISSING.
T  INDICATES TRACE AMOUNT.


&&

AT 1 AM...

THE PEARL RIVER STAGE AT JACKSON WAS 7.8 FEET. THE RIVER FELL 3.1
FEET OVER THE PAST 24 HOURS.

THE MISSISSIPPI RIVER STAGE AT VICKSBURG WAS 28.5 FEET. THE RIVER
FELL 1.3 FEET OVER THE PAST 24 HOURS.

$$
