000
CDUS44 KJAN 280650 CCA
CLIJAN

CLIMATE REPORT
NATIONAL WEATHER SERVICE JACKSON MS
141 AM CDT WED SEP 28 2016


...................................

...THE JACKSON CLIMATE SUMMARY FOR SEPTEMBER 27 2016...

CLIMATE NORMAL PERIOD 1981 TO 2010
CLIMATE RECORD PERIOD 1896 TO 2016


WEATHER ITEM   OBSERVED TIME   RECORD YEAR NORMAL DEPARTURE LAST
                VALUE   (LST)  VALUE       VALUE  FROM      YEAR
                                                  NORMAL
..................................................................
TEMPERATURE (F)
 YESTERDAY
  MAXIMUM         87    323 PM  99    1915  83      4       86
  MINIMUM         65   1159 PM  43    1899  60      5       71
  AVERAGE         76                        72      4       79

PRECIPITATION (IN)
  YESTERDAY        0.00          6.52 1906   0.10  -0.10      T
  MONTH TO DATE    0.33                      2.70  -2.37     0.77
  SINCE SEP 1      0.33                      2.70  -2.37     0.77
  SINCE JAN 1     53.53                     39.98  13.55    37.38

SNOWFALL (IN)
  YESTERDAY        0.0           0.0  2002   0.0    0.0      0.0
                                      2001
  MONTH TO DATE    0.0                       0.0    0.0      0.0
  SINCE SEP 1      0.0                       0.0    0.0      0.0
  SINCE JUL 1      0.0                       0.0    0.0      0.0

DEGREE DAYS
 HEATING
  YESTERDAY        0                         1     -1        0
  MONTH TO DATE    0                         3     -3        0
  SINCE SEP 1      0                         3     -3        0
  SINCE JUL 1      0                         3     -3        0

 COOLING
  YESTERDAY       11                         7      4       14
  MONTH TO DATE  459                       306    153      377
  SINCE SEP 1    459                       306    153      377
  SINCE JAN 1   2533                      2105    428     2506
..................................................................


WIND (MPH)
  HIGHEST WIND SPEED    12   HIGHEST WIND DIRECTION     N (360)
  HIGHEST GUST SPEED    15   HIGHEST GUST DIRECTION     N (20)
  AVERAGE WIND SPEED     5.3


SKY COVER
  POSSIBLE SUNSHINE  MM
  AVERAGE SKY COVER 0.2


WEATHER CONDITIONS
 THE FOLLOWING WEATHER WAS RECORDED YESTERDAY.
  NO SIGNIFICANT WEATHER WAS OBSERVED.


RELATIVE HUMIDITY (PERCENT)
 HIGHEST    81           500 AM
 LOWEST     39           300 PM
 AVERAGE    60

..........................................................


THE JACKSON CLIMATE NORMALS FOR TODAY
                         NORMAL    RECORD    YEAR
 MAXIMUM TEMPERATURE (F)   83        99      1953
 MINIMUM TEMPERATURE (F)   60        41      1967


SUNRISE AND SUNSET
SEPTEMBER 28 2016.....SUNRISE   653 AM CDT   SUNSET   648 PM CDT
SEPTEMBER 29 2016.....SUNRISE   653 AM CDT   SUNSET   647 PM CDT


-  INDICATES NEGATIVE NUMBERS.
R  INDICATES RECORD WAS SET OR TIED.
MM INDICATES DATA IS MISSING.
T  INDICATES TRACE AMOUNT.

AT 1 AM:

THE PEARL RIVER STAGE AT JACKSON WAS 3.5 FEET. THE RIVER HAS FALLEN
0.1 FEET OVER THE PAST 24 HOURS.

THE MISSISSIPPI RIVER STAGE AT VICKSBURG WAS 21.8 FEET. THE RIVER
HAS FALLEN 0.2 FEET OVER THE PAST 24 HOURS.


$$
