754
CDUS42 KJAX 290532
CLIJAX


CLIMATE REPORT
NATIONAL WEATHER SERVICE JACKSONVILLE FL
132 AM EDT FRI APR 29 2016


...................................

...THE JACKSONVILLE CLIMATE SUMMARY FOR APRIL 28 2016...

CLIMATE NORMAL PERIOD 1981 TO 2010
CLIMATE RECORD PERIOD 1871 TO 2016


WEATHER ITEM   OBSERVED TIME   RECORD YEAR NORMAL DEPARTURE LAST
                VALUE   (LST)  VALUE       VALUE  FROM      YEAR
                                                  NORMAL
..................................................................
TEMPERATURE (F)
 YESTERDAY
  MAXIMUM         89    305 PM  94    1991  82      7       71
  MINIMUM         63    435 AM  43    1978  57      6       65
                                      1977
                                      1898
  AVERAGE         76                        70      6       68

PRECIPITATION (IN)
  YESTERDAY        T             2.65 1964   0.07  -0.07     0.01
                                      1939
  MONTH TO DATE    2.69                      2.50   0.19     2.67
  SINCE MAR 1      4.52                      6.45  -1.93     4.96
  SINCE JAN 1     12.17                     12.94  -0.77    11.36

SNOWFALL (IN)
  YESTERDAY        0.0           0.0  2002   0.0    0.0      0.0
                                      2001
  MONTH TO DATE    0.0                       0.0    0.0      0.0
  SINCE MAR 1      0.0                       T      0.0      0.0
  SINCE JUL 1      0.0                       T      0.0       T
  SNOW DEPTH       0

DEGREE DAYS
 HEATING
  YESTERDAY        0                         1     -1        0
  MONTH TO DATE   21                        54    -33        0
  SINCE MAR 1     95                       210   -115       87
  SINCE JUL 1    943                      1343   -400     1335

 COOLING
  YESTERDAY       11                         5      6        3
  MONTH TO DATE  109                       102      7      211
  SINCE MAR 1    227                       156     71      314
  SINCE JAN 1    251                       185     66      327
..................................................................


WIND (MPH)
  HIGHEST WIND SPEED    16   HIGHEST WIND DIRECTION    SW (240)
  HIGHEST GUST SPEED    23   HIGHEST GUST DIRECTION     W (260)
  AVERAGE WIND SPEED     5.3


SKY COVER
  POSSIBLE SUNSHINE  MM
  AVERAGE SKY COVER 0.7


WEATHER CONDITIONS
 THE FOLLOWING WEATHER WAS RECORDED YESTERDAY.
  NO SIGNIFICANT WEATHER WAS OBSERVED.


RELATIVE HUMIDITY (PERCENT)
 HIGHEST   100           200 AM
 LOWEST     43           100 PM
 AVERAGE    72

..........................................................


THE JACKSONVILLE CLIMATE NORMALS FOR TODAY
                         NORMAL    RECORD    YEAR
 MAXIMUM TEMPERATURE (F)   82        93      1991
 MINIMUM TEMPERATURE (F)   58        43      1973


SUNRISE AND SUNSET
APRIL 29 2016.........SUNRISE   645 AM EDT   SUNSET   804 PM EDT
APRIL 30 2016.........SUNRISE   644 AM EDT   SUNSET   805 PM EDT


-  INDICATES NEGATIVE NUMBERS.
R  INDICATES RECORD WAS SET OR TIED.
MM INDICATES DATA IS MISSING.
T  INDICATES TRACE AMOUNT.




$$
