000
CDUS42 KJAX 082232
CLIJAX


CLIMATE REPORT
NATIONAL WEATHER SERVICE JACKSONVILLE FL
532 PM EST THU DEC 8 2016


...................................

...THE JACKSONVILLE CLIMATE SUMMARY FOR DECEMBER 8 2016...
VALID TODAY AS OF 0500 PM LOCAL TIME.

CLIMATE NORMAL PERIOD 1981 TO 2010
CLIMATE RECORD PERIOD 1871 TO 2016


WEATHER ITEM   OBSERVED TIME   RECORD YEAR NORMAL DEPARTURE LAST
                VALUE   (LST)  VALUE       VALUE  FROM      YEAR
                                                  NORMAL
..................................................................
TEMPERATURE (F)
 TODAY
  MAXIMUM         67    258 PM  83    1978  68     -1       71
  MINIMUM         47    735 AM  24    2010  45      2       41
  AVERAGE         57                        57      0       56

PRECIPITATION (IN)
  TODAY            0.00          1.80 2005   0.08  -0.08     0.00
  MONTH TO DATE    1.99                      0.70   1.29     0.02
  SINCE DEC 1      1.99                      0.70   1.29     0.02
  SINCE JAN 1     38.22                     50.29 -12.07    44.00

SNOWFALL (IN)
  TODAY            0.0           0.0  2001   0.0    0.0      0.0
  MONTH TO DATE    0.0                       0.0    0.0      0.0
  SINCE DEC 1      0.0                       0.0    0.0      0.0
  SINCE JUL 1      0.0                       0.0    0.0      0.0
  SNOW DEPTH       0

DEGREE DAYS
 HEATING
  TODAY            8                         9     -1        9
  MONTH TO DATE   39                        68    -29       36
  SINCE DEC 1     39                        68    -29       36
  SINCE JUL 1    169                       241    -72       90

 COOLING
  TODAY            0                         1     -1        0
  MONTH TO DATE   16                         8      8       11
  SINCE DEC 1     16                         8      8       11
  SINCE JAN 1   2967                      2652    315     2971
..................................................................


WIND (MPH)
  HIGHEST WIND SPEED    13   HIGHEST WIND DIRECTION    NW (300)
  HIGHEST GUST SPEED    17   HIGHEST GUST DIRECTION    NW (330)
  AVERAGE WIND SPEED     5.5


SKY COVER
  POSSIBLE SUNSHINE  MM
  AVERAGE SKY COVER 0.4


WEATHER CONDITIONS
 THE FOLLOWING WEATHER WAS RECORDED TODAY.
  NO SIGNIFICANT WEATHER WAS OBSERVED.


RELATIVE HUMIDITY (PERCENT)
 HIGHEST   100           100 AM
 LOWEST     52           200 PM
 AVERAGE    76

..........................................................


THE JACKSONVILLE CLIMATE NORMALS FOR TOMORROW
                         NORMAL    RECORD    YEAR
 MAXIMUM TEMPERATURE (F)   68        84      2013
                                             2004
 MINIMUM TEMPERATURE (F)   45        28      1984
                                             1917


SUNRISE AND SUNSET
DECEMBER  8 2016......SUNRISE   712 AM EST   SUNSET   526 PM EST
DECEMBER  9 2016......SUNRISE   713 AM EST   SUNSET   526 PM EST


-  INDICATES NEGATIVE NUMBERS.
R  INDICATES RECORD WAS SET OR TIED.
MM INDICATES DATA IS MISSING.
T  INDICATES TRACE AMOUNT.




$$
