000
CDUS42 KJAX 280531
CLIJAX


CLIMATE REPORT
NATIONAL WEATHER SERVICE JACKSONVILLE FL
1230 AM EST SAT FEB 28 2015


...................................

...THE JACKSONVILLE CLIMATE SUMMARY FOR FEBRUARY 27 2015...

CLIMATE NORMAL PERIOD 1981 TO 2010
CLIMATE RECORD PERIOD 1871 TO 2015


WEATHER ITEM   OBSERVED TIME   RECORD YEAR NORMAL DEPARTURE LAST
                VALUE   (LST)  VALUE       VALUE  FROM      YEAR
                                                  NORMAL
..................................................................
TEMPERATURE (F)
 YESTERDAY
  MAXIMUM         53    244 PM  86    1962  70    -17       58
  MINIMUM         44    728 AM  25    1974  47     -3       43
  AVERAGE         49                        59    -10       51

PRECIPITATION (IN)
  YESTERDAY        0.00          3.28 1964   0.12  -0.12     0.00
  MONTH TO DATE    3.30                      3.07   0.23     2.74
  SINCE DEC 1     10.12                      9.17   0.95    10.57
  SINCE JAN 1      6.38                      6.37   0.01     9.71

SNOWFALL (IN)
  YESTERDAY        0.0           0.0  2002   0.0    0.0      0.0
  MONTH TO DATE    0.0                       0.0    0.0      0.0
  SINCE DEC 1      T                         T      0.0      0.0
  SINCE JUL 1      T                         T      0.0      0.0
  SNOW DEPTH       0

DEGREE DAYS
 HEATING
  YESTERDAY       16                         7      9       14
  MONTH TO DATE  360                       249    111      212
  SINCE DEC 1    950                       952     -2      905
  SINCE JUL 1   1234                      1125    109     1061

 COOLING
  YESTERDAY        0                         1     -1        0
  MONTH TO DATE    0                        22    -22       21
  SINCE DEC 1     37                        54    -17       80
  SINCE JAN 1     13                        33    -20       30
..................................................................


WIND (MPH)
  HIGHEST WIND SPEED    20   HIGHEST WIND DIRECTION    NE (40)
  HIGHEST GUST SPEED    23   HIGHEST GUST DIRECTION    NE (40)
  AVERAGE WIND SPEED     9.6


SKY COVER
  POSSIBLE SUNSHINE  MM
  AVERAGE SKY COVER 1.0


WEATHER CONDITIONS
 THE FOLLOWING WEATHER WAS RECORDED YESTERDAY.
  NO SIGNIFICANT WEATHER WAS OBSERVED.


RELATIVE HUMIDITY (PERCENT)
 HIGHEST   100           800 AM
 LOWEST     59           300 PM
 AVERAGE    80

..........................................................


THE JACKSONVILLE CLIMATE NORMALS FOR TODAY
                         NORMAL    RECORD    YEAR
 MAXIMUM TEMPERATURE (F)   71        87      1962
 MINIMUM TEMPERATURE (F)   47        25      2002


SUNRISE AND SUNSET
FEBRUARY 28 2015......SUNRISE   654 AM EST   SUNSET   625 PM EST
MARCH  1 2015.........SUNRISE   653 AM EST   SUNSET   625 PM EST


-  INDICATES NEGATIVE NUMBERS.
R  INDICATES RECORD WAS SET OR TIED.
MM INDICATES DATA IS MISSING.
T  INDICATES TRACE AMOUNT.




$$
