000
CDUS42 KJAX 190553
CLIJAX


CLIMATE REPORT
NATIONAL WEATHER SERVICE JACKSONVILLE
151 AM EDT SAT APR 19 2014


...................................

...THE JACKSONVILLE CLIMATE SUMMARY FOR APRIL 18 2014...

CLIMATE NORMAL PERIOD 1981 TO 2010
CLIMATE RECORD PERIOD 1871 TO 2014


WEATHER ITEM   OBSERVED TIME   RECORD YEAR NORMAL DEPARTURE LAST
                VALUE   (LST)  VALUE       VALUE  FROM      YEAR
                                                  NORMAL
..................................................................
TEMPERATURE (F)
 YESTERDAY
  MAXIMUM         74    407 PM  94    1967  80     -6       84
  MINIMUM         63   1019 PM  37    2001  55      8       61
  AVERAGE         69                        67      2       73

PRECIPITATION (IN)
  YESTERDAY        0.68          2.60 1899   0.08   0.60     0.00
  MONTH TO DATE    4.93                      1.73   3.20     1.67
  SINCE MAR 1      9.58                      5.68   3.90     4.74
  SINCE JAN 1     19.29                     12.17   7.12    10.46

SNOWFALL (IN)
  YESTERDAY        0.0           0.0  2002   0.0    0.0      0.0
                                      2001
  MONTH TO DATE    0.0                       0.0    0.0      0.0
  SINCE MAR 1      0.0                       T      0.0      0.0
  SINCE JUL 1      0.0                       T      0.0      0.0
  SNOW DEPTH       0

DEGREE DAYS
 HEATING
  YESTERDAY        0                         2     -2        0
  MONTH TO DATE   20                        44    -24       19
  SINCE MAR 1    219                       200     19      323
  SINCE JUL 1   1296                      1333    -37     1216

 COOLING
  YESTERDAY        4                         4      0        8
  MONTH TO DATE   56                        56      0       79
  SINCE MAR 1     84                       110    -26       95
  SINCE JAN 1    114                       139    -25      171
..................................................................


WIND (MPH)
  HIGHEST WIND SPEED    21   HIGHEST WIND DIRECTION    SE (120)
  HIGHEST GUST SPEED    26   HIGHEST GUST DIRECTION    SE (130)
  AVERAGE WIND SPEED     8.9


SKY COVER
  POSSIBLE SUNSHINE  MM
  AVERAGE SKY COVER 1.0


WEATHER CONDITIONS
 THE FOLLOWING WEATHER WAS RECORDED YESTERDAY.
  HEAVY RAIN
  RAIN
  LIGHT RAIN
  FOG


RELATIVE HUMIDITY (PERCENT)
 HIGHEST   100          1200 AM
 LOWEST     93           400 AM
 AVERAGE    97

..........................................................


THE JACKSONVILLE CLIMATE NORMALS FOR TODAY
                         NORMAL    RECORD    YEAR
 MAXIMUM TEMPERATURE (F)   80        92      1995
                                             1968
 MINIMUM TEMPERATURE (F)   55        36      2001


SUNRISE AND SUNSET
APRIL 19 2014.........SUNRISE   655 AM EDT   SUNSET   757 PM EDT
APRIL 20 2014.........SUNRISE   654 AM EDT   SUNSET   758 PM EDT


-  INDICATES NEGATIVE NUMBERS.
R  INDICATES RECORD WAS SET OR TIED.
MM INDICATES DATA IS MISSING.
T  INDICATES TRACE AMOUNT.




$$
