000
CDUS42 KJAX 100531
CLIJAX


CLIMATE REPORT
NATIONAL WEATHER SERVICE JACKSONVILLE FL
1230 AM EST WED FEB 10 2016


...................................

...THE JACKSONVILLE CLIMATE SUMMARY FOR FEBRUARY 9 2016...

CLIMATE NORMAL PERIOD 1981 TO 2010
CLIMATE RECORD PERIOD 1871 TO 2016


WEATHER ITEM   OBSERVED TIME   RECORD YEAR NORMAL DEPARTURE LAST
                VALUE   (LST)  VALUE       VALUE  FROM      YEAR
                                                  NORMAL
..................................................................
TEMPERATURE (F)
 YESTERDAY
  MAXIMUM         56    408 PM  88    1937  67    -11       68
  MINIMUM         37   1158 PM  19    1895  44     -7       42
  AVERAGE         47                        56     -9       55

PRECIPITATION (IN)
  YESTERDAY        0.00          1.64 1973   0.11  -0.11     0.13
  MONTH TO DATE    3.62                      0.97   2.65     1.74
  SINCE DEC 1      7.01                      7.07  -0.06     8.56
  SINCE JAN 1      6.45                      4.27   2.18     4.82

SNOWFALL (IN)
  YESTERDAY        0.0           T    1941   0.0    0.0      0.0
  MONTH TO DATE    0.0                       0.0    0.0      0.0
  SINCE DEC 1      0.0                       T      0.0       T
  SINCE JUL 1      0.0                       T      0.0       T
  SNOW DEPTH       0

DEGREE DAYS
 HEATING
  YESTERDAY       18                        10      8       10
  MONTH TO DATE   93                        95     -2      117
  SINCE DEC 1    603                       798   -195      707
  SINCE JUL 1    657                       971   -314      991

 COOLING
  YESTERDAY        0                         1     -1        0
  MONTH TO DATE   14                         4     10        0
  SINCE DEC 1    155                        36    119       37
  SINCE JAN 1     14                        15     -1       13
..................................................................


WIND (MPH)
  HIGHEST WIND SPEED    33   HIGHEST WIND DIRECTION     W (280)
  HIGHEST GUST SPEED    44   HIGHEST GUST DIRECTION     W (260)
  AVERAGE WIND SPEED    15.8


SKY COVER
  POSSIBLE SUNSHINE  MM
  AVERAGE SKY COVER 0.2


WEATHER CONDITIONS
 THE FOLLOWING WEATHER WAS RECORDED YESTERDAY.
  NO SIGNIFICANT WEATHER WAS OBSERVED.


RELATIVE HUMIDITY (PERCENT)
 HIGHEST    61          1200 AM
 LOWEST     24           300 PM
 AVERAGE    43

..........................................................


THE JACKSONVILLE CLIMATE NORMALS FOR TODAY
                         NORMAL    RECORD    YEAR
 MAXIMUM TEMPERATURE (F)   67        84      1994
                                             1957
 MINIMUM TEMPERATURE (F)   44        26      1979
                                             1971


SUNRISE AND SUNSET
FEBRUARY 10 2016......SUNRISE   712 AM EST   SUNSET   611 PM EST
FEBRUARY 11 2016......SUNRISE   711 AM EST   SUNSET   611 PM EST


-  INDICATES NEGATIVE NUMBERS.
R  INDICATES RECORD WAS SET OR TIED.
MM INDICATES DATA IS MISSING.
T  INDICATES TRACE AMOUNT.




$$
