000
CDUS42 KJAX 300527
CLIJAX


CLIMATE REPORT
NATIONAL WEATHER SERVICE JACKSONVILLE FL
126 AM EDT THU MAR 30 2017


...................................

...THE JACKSONVILLE CLIMATE SUMMARY FOR MARCH 29 2017...

CLIMATE NORMAL PERIOD 1981 TO 2010
CLIMATE RECORD PERIOD 1871 TO 2017


WEATHER ITEM   OBSERVED TIME   RECORD YEAR NORMAL DEPARTURE LAST
                VALUE   (LST)  VALUE       VALUE  FROM      YEAR
                                                  NORMAL
..................................................................
TEMPERATURE (F)
 YESTERDAY
  MAXIMUM         88    310 PM  89    1991  76     12       76
                                      1907
  MINIMUM         56    630 AM  34    1955  52      4       57
  AVERAGE         72                        64      8       67

PRECIPITATION (IN)
  YESTERDAY        0.01          1.92 1873   0.12  -0.11     0.00
  MONTH TO DATE    1.07                      3.71  -2.64     1.77
  SINCE MAR 1      1.07                      3.71  -2.64     1.77
  SINCE JAN 1      6.47                     10.20  -3.73     9.42

SNOWFALL (IN)
  YESTERDAY        0.0           0.0  2002   0.0    0.0      0.0
                                      2001
  MONTH TO DATE    0.0                       0.0    0.0      0.0
  SINCE MAR 1      0.0                       0.0    0.0      0.0
  SINCE JUL 1      0.0                       T      0.0      0.0
  SNOW DEPTH       0

DEGREE DAYS
 HEATING
  YESTERDAY        0                         3     -3        0
  MONTH TO DATE  158                       150      8       73
  SINCE MAR 1    158                       150      8       73
  SINCE JUL 1    761                      1283   -522      921

 COOLING
  YESTERDAY        7                         2      5        2
  MONTH TO DATE   56                        50      6      108
  SINCE MAR 1     56                        50      6      108
  SINCE JAN 1    128                        79     49      132
..................................................................


WIND (MPH)
  HIGHEST WIND SPEED    15   HIGHEST WIND DIRECTION    SE (120)
  HIGHEST GUST SPEED    16   HIGHEST GUST DIRECTION    SE (120)
  AVERAGE WIND SPEED     4.8


SKY COVER
  POSSIBLE SUNSHINE  MM
  AVERAGE SKY COVER 0.5


WEATHER CONDITIONS
 THE FOLLOWING WEATHER WAS RECORDED YESTERDAY.
  LIGHT RAIN


RELATIVE HUMIDITY (PERCENT)
 HIGHEST   100           600 AM
 LOWEST     34           200 PM
 AVERAGE    67

..........................................................


THE JACKSONVILLE CLIMATE NORMALS FOR TODAY
                         NORMAL    RECORD    YEAR
 MAXIMUM TEMPERATURE (F)   76        89      1961
 MINIMUM TEMPERATURE (F)   52        36      1964


SUNRISE AND SUNSET
MARCH 30 2017.........SUNRISE   718 AM EDT   SUNSET   745 PM EDT
MARCH 31 2017.........SUNRISE   717 AM EDT   SUNSET   745 PM EDT


-  INDICATES NEGATIVE NUMBERS.
R  INDICATES RECORD WAS SET OR TIED.
MM INDICATES DATA IS MISSING.
T  INDICATES TRACE AMOUNT.




$$
