000
CDUS42 KJAX 300528
CLIJAX


CLIMATE REPORT
NATIONAL WEATHER SERVICE JACKSONVILLE FL
127 AM EDT TUE MAY 30 2017


...................................

...THE JACKSONVILLE CLIMATE SUMMARY FOR MAY 29 2017...

CLIMATE NORMAL PERIOD 1981 TO 2010
CLIMATE RECORD PERIOD 1871 TO 2017


WEATHER ITEM   OBSERVED TIME   RECORD YEAR NORMAL DEPARTURE LAST
                VALUE   (LST)  VALUE       VALUE  FROM      YEAR
                                                  NORMAL
..................................................................
TEMPERATURE (F)
 YESTERDAY
  MAXIMUM         96    253 PM  97    1967  88      8       88
  MINIMUM         74    655 AM  53    1988  67      7       64
  AVERAGE         85                        77      8       76

PRECIPITATION (IN)
  YESTERDAY        0.00          2.83 2012   0.11  -0.11     0.00
  MONTH TO DATE    6.92                      2.23   4.69     2.29
  SINCE MAR 1      8.73                      8.82  -0.09     6.81
  SINCE JAN 1     14.13                     15.31  -1.18    14.46

SNOWFALL (IN)
  YESTERDAY        0.0           0.0  2002   0.0    0.0      0.0
                                      2001
  MONTH TO DATE    0.0                       0.0    0.0      0.0
  SINCE MAR 1      0.0                       T      0.0      0.0
  SINCE JUL 1      0.0                       T      0.0      0.0
  SNOW DEPTH       0

DEGREE DAYS
 HEATING
  YESTERDAY        0                         0      0        0
  MONTH TO DATE    0                         3     -3        6
  SINCE MAR 1    179                       214    -35      101
  SINCE JUL 1    782                      1347   -565      949

 COOLING
  YESTERDAY       20                        12      8       11
  MONTH TO DATE  296                       263     33      271
  SINCE MAR 1    551                       430    121      523
  SINCE JAN 1    623                       459    164      547
..................................................................


WIND (MPH)
  HIGHEST WIND SPEED    10   HIGHEST WIND DIRECTION    SE (150)
  HIGHEST GUST SPEED    11   HIGHEST GUST DIRECTION    SW (240)
  AVERAGE WIND SPEED     6.3


SKY COVER
  POSSIBLE SUNSHINE  MM
  AVERAGE SKY COVER 0.4


WEATHER CONDITIONS
 THE FOLLOWING WEATHER WAS RECORDED YESTERDAY.
  NO SIGNIFICANT WEATHER WAS OBSERVED.


RELATIVE HUMIDITY (PERCENT)
 HIGHEST   100           300 AM
 LOWEST     45           200 PM
 AVERAGE    73

..........................................................


THE JACKSONVILLE CLIMATE NORMALS FOR TODAY
                         NORMAL    RECORD    YEAR
 MAXIMUM TEMPERATURE (F)   88        97      1945
                                             1898
 MINIMUM TEMPERATURE (F)   67        51      1971


SUNRISE AND SUNSET
MAY 30 2017...........SUNRISE   625 AM EDT   SUNSET   824 PM EDT
MAY 31 2017...........SUNRISE   625 AM EDT   SUNSET   824 PM EDT


-  INDICATES NEGATIVE NUMBERS.
R  INDICATES RECORD WAS SET OR TIED.
MM INDICATES DATA IS MISSING.
T  INDICATES TRACE AMOUNT.




$$
