000
CDUS44 KMEG 240640
CLIJBR


CLIMATE REPORT
NATIONAL WEATHER SERVICE MEMPHIS TN
139 AM CDT WED MAY 24 2017


...................................

...THE JONESBORO CLIMATE SUMMARY FOR MAY 23 2017...

CLIMATE NORMAL PERIOD 1981 TO 2010
CLIMATE RECORD PERIOD 1897 TO 2017


WEATHER ITEM   OBSERVED TIME   RECORD YEAR NORMAL DEPARTURE LAST
                VALUE   (LST)  VALUE       VALUE  FROM      YEAR
                                                  NORMAL
..................................................................
TEMPERATURE (F)
 YESTERDAY
  MAXIMUM         78    107 PM  97    1921  82     -4       85
  MINIMUM         56    504 AM  39    1917  60     -4       53
  AVERAGE         67                        71     -4       69

PRECIPITATION (IN)
  YESTERDAY       MM             1.53 1927   0.12  MM        0.00
  MONTH TO DATE    4.08                      3.76   0.32     1.78
  SINCE MAR 1     19.03                     13.28   5.75    19.46
  SINCE JAN 1     24.64                     20.43   4.21    23.39

DEGREE DAYS
 HEATING
  YESTERDAY        0                         1     -1        0
  MONTH TO DATE   35                        35      0       28
  SINCE MAR 1    493                       694   -201      494
  SINCE JUL 1   2626                      3650  -1024     2983

 COOLING
  YESTERDAY        2                         7     -5        4
  MONTH TO DATE  101                       101      0       68
  SINCE MAR 1    171                       148     23      118
  SINCE JAN 1    175                       148     27      118
..................................................................


WIND (MPH)
  HIGHEST WIND SPEED    17   HIGHEST WIND DIRECTION     W (290)
  HIGHEST GUST SPEED    27   HIGHEST GUST DIRECTION     W (290)
  AVERAGE WIND SPEED     4.7


SKY COVER
  POSSIBLE SUNSHINE  MM
  AVERAGE SKY COVER 0.5


WEATHER CONDITIONS
 THE FOLLOWING WEATHER WAS RECORDED YESTERDAY.
  THUNDERSTORM
  RAIN
  LIGHT RAIN
  FOG


RELATIVE HUMIDITY (PERCENT)
 HIGHEST    97           900 PM
 LOWEST     38          1100 AM
 AVERAGE    68

..........................................................


THE JONESBORO CLIMATE NORMALS FOR TODAY
                         NORMAL    RECORD    YEAR
 MAXIMUM TEMPERATURE (F)   83        98      1921
 MINIMUM TEMPERATURE (F)   61        45      1919
                                             1913


SUNRISE AND SUNSET
MAY 24 2017...........SUNRISE   551 AM CDT   SUNSET   808 PM CDT
MAY 25 2017...........SUNRISE   551 AM CDT   SUNSET   809 PM CDT


-  INDICATES NEGATIVE NUMBERS.
R  INDICATES RECORD WAS SET OR TIED.
MM INDICATES DATA IS MISSING.
T  INDICATES TRACE AMOUNT.




$$
