000
CDUS44 KMEG 170635
CLIJBR


CLIMATE REPORT
NATIONAL WEATHER SERVICE MEMPHIS TN
134 AM CDT THU AUG 17 2017


...................................

...THE JONESBORO CLIMATE SUMMARY FOR AUGUST 16 2017...

CLIMATE NORMAL PERIOD 1981 TO 2010
CLIMATE RECORD PERIOD 1897 TO 2017


WEATHER ITEM   OBSERVED TIME   RECORD YEAR NORMAL DEPARTURE LAST
                VALUE   (LST)  VALUE       VALUE  FROM      YEAR
                                                  NORMAL
..................................................................
TEMPERATURE (F)
 YESTERDAY
  MAXIMUM         88    525 PM 105    2007  90     -2       76
                                      1954
                                      1943
  MINIMUM         72    422 AM  51    1897  70      2       70
  AVERAGE         80                        80      0       73

PRECIPITATION (IN)
  YESTERDAY        0.00          1.99 1964   0.09  -0.09     0.99
  MONTH TO DATE    2.83                      1.32   1.51     2.89
  SINCE JUN 1      8.97                      8.61   0.36     6.28
  SINCE JAN 1     36.16                     29.89   6.27    38.71

DEGREE DAYS
 HEATING
  YESTERDAY        0                         0      0        0
  MONTH TO DATE    0                         0      0        0
  SINCE JUN 1      0                         1     -1        0
  SINCE JUL 1      0                         0      0        0

 COOLING
  YESTERDAY       15                        15      0        8
  MONTH TO DATE  178                       251    -73      279
  SINCE JUN 1   1108                      1125    -17     1332
  SINCE JAN 1   1342                      1338      4     1531
..................................................................


WIND (MPH)
  HIGHEST WIND SPEED    17   HIGHEST WIND DIRECTION     S (190)
  HIGHEST GUST SPEED    20   HIGHEST GUST DIRECTION    SW (220)
  AVERAGE WIND SPEED     7.9


SKY COVER
  POSSIBLE SUNSHINE  MM
  AVERAGE SKY COVER 0.4


WEATHER CONDITIONS
 THE FOLLOWING WEATHER WAS RECORDED YESTERDAY.
  NO SIGNIFICANT WEATHER WAS OBSERVED.


RELATIVE HUMIDITY (PERCENT)
 HIGHEST   100          1200 AM
 LOWEST     75           200 PM
 AVERAGE    88

..........................................................


THE JONESBORO CLIMATE NORMALS FOR TODAY
                         NORMAL    RECORD    YEAR
 MAXIMUM TEMPERATURE (F)   90       107      1918
 MINIMUM TEMPERATURE (F)   70        45      1897


SUNRISE AND SUNSET
AUGUST 17 2017........SUNRISE   623 AM CDT   SUNSET   749 PM CDT
AUGUST 18 2017........SUNRISE   624 AM CDT   SUNSET   748 PM CDT


-  INDICATES NEGATIVE NUMBERS.
R  INDICATES RECORD WAS SET OR TIED.
MM INDICATES DATA IS MISSING.
T  INDICATES TRACE AMOUNT.


$$
