000
CDUS44 KMEG 232149
CLIJBR


CLIMATE REPORT
NATIONAL WEATHER SERVICE MEMPHIS TN
449 PM CDT SAT MAY 23 2015


...................................

...THE JONESBORO CLIMATE SUMMARY FOR MAY 23 2015...
VALID TODAY AS OF 0400 PM LOCAL TIME.

CLIMATE NORMAL PERIOD 1981 TO 2010
CLIMATE RECORD PERIOD 1897 TO 2015


WEATHER ITEM   OBSERVED TIME   RECORD YEAR NORMAL DEPARTURE LAST
                VALUE   (LST)  VALUE       VALUE  FROM      YEAR
                                                  NORMAL
..................................................................
TEMPERATURE (F)
 TODAY
  MAXIMUM         79    338 PM  97    1921  82     -3       88
  MINIMUM         59    443 AM  39    1917  60     -1       65
  AVERAGE         69                        71     -2       77

PRECIPITATION (IN)
  TODAY            0.00          1.53 1927   0.12  -0.12     0.00
  MONTH TO DATE    5.82                      3.76   2.06     3.50
  SINCE MAR 1     18.96                     13.28   5.68    15.49
  SINCE JAN 1     23.79                     20.43   3.36    20.20

SNOWFALL (IN)
  TODAY            0.0

DEGREE DAYS
 HEATING
  TODAY            0                         1     -1        0
  MONTH TO DATE   48                        35     13       64
  SINCE MAR 1    765                       694     71      885
  SINCE JUL 1   4013                      3650    363     4150

 COOLING
  TODAY            4                         7     -3       12
  MONTH TO DATE   91                       101    -10      135
  SINCE MAR 1    119                       148    -29      156
  SINCE JAN 1    119                       148    -29      156
..................................................................


WIND (MPH)
  HIGHEST WIND SPEED    13   HIGHEST WIND DIRECTION    SE (140)
  HIGHEST GUST SPEED    22   HIGHEST GUST DIRECTION    SE (150)
  AVERAGE WIND SPEED     6.5


SKY COVER
  POSSIBLE SUNSHINE  MM
  AVERAGE SKY COVER 0.4


WEATHER CONDITIONS
 THE FOLLOWING WEATHER WAS RECORDED TODAY.
  NO SIGNIFICANT WEATHER WAS OBSERVED.


RELATIVE HUMIDITY (PERCENT)
 HIGHEST    90           600 AM
 LOWEST     42           300 PM
 AVERAGE    66

..........................................................


THE JONESBORO CLIMATE NORMALS FOR TOMORROW
                         NORMAL    RECORD    YEAR
 MAXIMUM TEMPERATURE (F)   83        98      1921
 MINIMUM TEMPERATURE (F)   61        45      1919
                                             1913


SUNRISE AND SUNSET
MAY 23 2015...........SUNRISE   552 AM CDT   SUNSET   807 PM CDT
MAY 24 2015...........SUNRISE   551 AM CDT   SUNSET   808 PM CDT


-  INDICATES NEGATIVE NUMBERS.
R  INDICATES RECORD WAS SET OR TIED.
MM INDICATES DATA IS MISSING.
T  INDICATES TRACE AMOUNT.




$$
