000
CDUS44 KMEG 180739
CLIJBR


CLIMATE REPORT
NATIONAL WEATHER SERVICE MEMPHIS TN
138 AM CST WED JAN 18 2017


...................................

...THE JONESBORO CLIMATE SUMMARY FOR JANUARY 17 2017...

CLIMATE NORMAL PERIOD 1981 TO 2010
CLIMATE RECORD PERIOD 1897 TO 2017


WEATHER ITEM   OBSERVED TIME   RECORD YEAR NORMAL DEPARTURE LAST
                VALUE   (LST)  VALUE       VALUE  FROM      YEAR
                                                  NORMAL
..................................................................
TEMPERATURE (F)
 YESTERDAY
  MAXIMUM         63   1219 AM  72    1907  46     17       40
  MINIMUM         42   1159 PM  -6    1982  29     13       25
  AVERAGE         53                        37     16       33

PRECIPITATION (IN)
  YESTERDAY        0.00          2.00 1994   0.11  -0.11      T
  MONTH TO DATE    2.95                      1.87   1.08     1.61
  SINCE DEC 1      7.41                      6.64   0.77     7.98
  SINCE JAN 1      2.95                      1.87   1.08     1.61

DEGREE DAYS
 HEATING
  YESTERDAY       12                        28    -16       32
  MONTH TO DATE  410                       476    -66      458
  SINCE DEC 1   1145                      1268   -123      962
  SINCE JUL 1   1494                      1918   -424     1471

 COOLING
  YESTERDAY        0                         0      0        0
  MONTH TO DATE    0                         0      0        0
  SINCE DEC 1      0                         0      0        3
  SINCE JAN 1      0                         0      0        0
..................................................................


WIND (MPH)
  HIGHEST WIND SPEED    16   HIGHEST WIND DIRECTION     W (270)
  HIGHEST GUST SPEED    21   HIGHEST GUST DIRECTION     W (290)
  AVERAGE WIND SPEED     6.4


SKY COVER
  POSSIBLE SUNSHINE  MM
  AVERAGE SKY COVER 0.4


WEATHER CONDITIONS
 THE FOLLOWING WEATHER WAS RECORDED YESTERDAY.
  NO SIGNIFICANT WEATHER WAS OBSERVED.


RELATIVE HUMIDITY (PERCENT)
 HIGHEST    93          1200 AM
 LOWEST     68           100 PM
 AVERAGE    81

..........................................................


THE JONESBORO CLIMATE NORMALS FOR TODAY
                         NORMAL    RECORD    YEAR
 MAXIMUM TEMPERATURE (F)   46        74      1907
 MINIMUM TEMPERATURE (F)   29        -9      1930


SUNRISE AND SUNSET
JANUARY 18 2017.......SUNRISE   711 AM CST   SUNSET   516 PM CST
JANUARY 19 2017.......SUNRISE   711 AM CST   SUNSET   517 PM CST


-  INDICATES NEGATIVE NUMBERS.
R  INDICATES RECORD WAS SET OR TIED.
MM INDICATES DATA IS MISSING.
T  INDICATES TRACE AMOUNT.


$$
