000
CDUS44 KMEG 192154
CLIJBR


CLIMATE REPORT
NATIONAL WEATHER SERVICE MEMPHIS TN
453 PM CDT TUE AUG 19 2014


...................................

...THE JONESBORO CLIMATE SUMMARY FOR AUGUST 19 2014...
VALID TODAY AS OF 0400 PM LOCAL TIME.

CLIMATE NORMAL PERIOD 1981 TO 2010
CLIMATE RECORD PERIOD 1897 TO 2014


WEATHER ITEM   OBSERVED TIME   RECORD YEAR NORMAL DEPARTURE LAST
                VALUE   (LST)  VALUE       VALUE  FROM      YEAR
                                                  NORMAL
..................................................................
TEMPERATURE (F)
 TODAY
  MAXIMUM         93    317 PM 106    1925  90      3       88
  MINIMUM         70    534 AM  47    1897  70      0       65
  AVERAGE         82                        80      2       77

PRECIPITATION (IN)
  TODAY            0.00          2.73 1915   0.07  -0.07     0.00
  MONTH TO DATE    0.54                      1.58  -1.04     3.57
  SINCE JUN 1     11.37                      8.87   2.50    10.96
  SINCE JAN 1     32.65                     30.15   2.50    37.30

SNOWFALL (IN)
  TODAY            0.0

DEGREE DAYS
 HEATING
  TODAY            0                         0      0        0
  MONTH TO DATE    0                         0      0        0
  SINCE JUN 1      0                         1     -1        0
  SINCE JUL 1      0                         0      0        0

 COOLING
  TODAY           17                        15      2       12
  MONTH TO DATE  269                       296    -27      243
  SINCE JUN 1    990                      1170   -180     1147
  SINCE JAN 1   1237                      1383   -146     1377
..................................................................


WIND (MPH)
  HIGHEST WIND SPEED    18   HIGHEST WIND DIRECTION    SW (210)
  HIGHEST GUST SPEED    21   HIGHEST GUST DIRECTION    SW (220)
  AVERAGE WIND SPEED     8.7


SKY COVER
  POSSIBLE SUNSHINE  MM
  AVERAGE SKY COVER 0.1


WEATHER CONDITIONS
 THE FOLLOWING WEATHER WAS RECORDED TODAY.
  NO SIGNIFICANT WEATHER WAS OBSERVED.


RELATIVE HUMIDITY (PERCENT)
 HIGHEST    93           100 AM
 LOWEST     56          1200 PM
 AVERAGE    75

..........................................................


THE JONESBORO CLIMATE NORMALS FOR TOMORROW
                         NORMAL    RECORD    YEAR
 MAXIMUM TEMPERATURE (F)   90       105      1925
 MINIMUM TEMPERATURE (F)   70        46      1897


SUNRISE AND SUNSET
AUGUST 19 2014........SUNRISE   624 AM CDT   SUNSET   747 PM CDT
AUGUST 20 2014........SUNRISE   625 AM CDT   SUNSET   746 PM CDT


-  INDICATES NEGATIVE NUMBERS.
R  INDICATES RECORD WAS SET OR TIED.
MM INDICATES DATA IS MISSING.
T  INDICATES TRACE AMOUNT.




$$
