000
CDUS44 KMEG 200635
CLIJBR


CLIMATE REPORT
NATIONAL WEATHER SERVICE MEMPHIS TN
134 AM CDT FRI OCT 20 2017


...................................

...THE JONESBORO CLIMATE SUMMARY FOR OCTOBER 19 2017...

CLIMATE NORMAL PERIOD 1981 TO 2010
CLIMATE RECORD PERIOD 1897 TO 2017


WEATHER ITEM   OBSERVED TIME   RECORD YEAR NORMAL DEPARTURE LAST
                VALUE   (LST)  VALUE       VALUE  FROM      YEAR
                                                  NORMAL
..................................................................
TEMPERATURE (F)
 YESTERDAY
  MAXIMUM         80    258 PM  91    2005  72      8       90
  MINIMUM         47    506 AM  31    1948  49     -2       67
                                      1917
  AVERAGE         64                        60      4       79

PRECIPITATION (IN)
  YESTERDAY        0.00          0.79 2002   0.17  -0.17     0.00
  MONTH TO DATE    0.45                      2.58  -2.13     1.25
  SINCE SEP 1      0.84                      5.64  -4.80     3.19
  SINCE JAN 1     40.46                     36.75   3.71    44.21

DEGREE DAYS
 HEATING
  YESTERDAY        1                         6     -5        0
  MONTH TO DATE   33                        77    -44        9
  SINCE SEP 1     35                        95    -60        9
  SINCE JUL 1     35                        95    -60        9

 COOLING
  YESTERDAY        0                         1     -1       14
  MONTH TO DATE  118                        41     77      119
  SINCE SEP 1    399                       266    133      480
  SINCE JAN 1   1932                      1812    120     2233
..................................................................


WIND (MPH)
  HIGHEST WIND SPEED    12   HIGHEST WIND DIRECTION     S (200)
  HIGHEST GUST SPEED    15   HIGHEST GUST DIRECTION     S (190)
  AVERAGE WIND SPEED     3.4


SKY COVER
  POSSIBLE SUNSHINE  MM
  AVERAGE SKY COVER 0.0


WEATHER CONDITIONS
 THE FOLLOWING WEATHER WAS RECORDED YESTERDAY.
  FOG


RELATIVE HUMIDITY (PERCENT)
 HIGHEST   100           500 AM
 LOWEST     39           300 PM
 AVERAGE    70

..........................................................


THE JONESBORO CLIMATE NORMALS FOR TODAY
                         NORMAL    RECORD    YEAR
 MAXIMUM TEMPERATURE (F)   71        89      1963
 MINIMUM TEMPERATURE (F)   49        22      1917


SUNRISE AND SUNSET
OCTOBER 20 2017.......SUNRISE   714 AM CDT   SUNSET   620 PM CDT
OCTOBER 21 2017.......SUNRISE   715 AM CDT   SUNSET   619 PM CDT


-  INDICATES NEGATIVE NUMBERS.
R  INDICATES RECORD WAS SET OR TIED.
MM INDICATES DATA IS MISSING.
T  INDICATES TRACE AMOUNT.




$$
