000
CDUS44 KMEG 222152
CLIJBR


CLIMATE REPORT
NATIONAL WEATHER SERVICE MEMPHIS TN
452 PM CDT TUE JUL 22 2014


...................................

...THE JONESBORO CLIMATE SUMMARY FOR JULY 22 2014...
VALID TODAY AS OF 0400 PM LOCAL TIME.

CLIMATE NORMAL PERIOD 1981 TO 2010
CLIMATE RECORD PERIOD 1897 TO 2014


WEATHER ITEM   OBSERVED TIME   RECORD YEAR NORMAL DEPARTURE LAST
                VALUE   (LST)  VALUE       VALUE  FROM      YEAR
                                                  NORMAL
..................................................................
TEMPERATURE (F)
 TODAY
  MAXIMUM         88    259 PM 108    1901  91     -3       92
  MINIMUM         63    513 AM  56    1944  71     -8       76
  AVERAGE         76                        81     -5       84

PRECIPITATION (IN)
  TODAY            0.00          1.78 1992   0.11  -0.11     0.08
  MONTH TO DATE    0.80                      2.73  -1.93     0.54
  SINCE JUN 1      9.64                      6.48   3.16     4.54
  SINCE JAN 1     30.92                     27.76   3.16    30.88

SNOWFALL (IN)
  TODAY            0.0

DEGREE DAYS
 HEATING
  TODAY            0                         0      0        0
  MONTH TO DATE    0                         0      0        0
  SINCE JUN 1      0                         1     -1        0
  SINCE JUL 1      0                         0      0        0

 COOLING
  TODAY           11                        16     -5       19
  MONTH TO DATE  235                       351   -116      349
  SINCE JUN 1    628                       734   -106      798
  SINCE JAN 1    875                       947    -72     1028
..................................................................


WIND (MPH)
  HIGHEST WIND SPEED    10   HIGHEST WIND DIRECTION     S (200)
  HIGHEST GUST SPEED    16   HIGHEST GUST DIRECTION    SW (210)
  AVERAGE WIND SPEED     1.4


SKY COVER
  POSSIBLE SUNSHINE  MM
  AVERAGE SKY COVER 0.0


WEATHER CONDITIONS
 THE FOLLOWING WEATHER WAS RECORDED TODAY.
  FOG
  HAZE


RELATIVE HUMIDITY (PERCENT)
 HIGHEST   100           500 AM
 LOWEST     50           200 PM
 AVERAGE    75

..........................................................


THE JONESBORO CLIMATE NORMALS FOR TOMORROW
                         NORMAL    RECORD    YEAR
 MAXIMUM TEMPERATURE (F)   91       113      1901
 MINIMUM TEMPERATURE (F)   71        54      1897


SUNRISE AND SUNSET
JULY 22 2014..........SUNRISE   603 AM CDT   SUNSET   815 PM CDT
JULY 23 2014..........SUNRISE   603 AM CDT   SUNSET   814 PM CDT


-  INDICATES NEGATIVE NUMBERS.
R  INDICATES RECORD WAS SET OR TIED.
MM INDICATES DATA IS MISSING.
T  INDICATES TRACE AMOUNT.




$$
