000
CDUS45 KGGW 220801
CLIJDN


CLIMATE REPORT
NATIONAL WEATHER SERVICE GLASGOW MT
101 AM MST SUN JAN 22 2017


...................................

...THE JORDAN  ASOS MT CLIMATE SUMMARY FOR JANUARY 21 2017...

CLIMATE NORMAL PERIOD 1981 TO 2010
CLIMATE RECORD PERIOD 9999 TO 9999


WEATHER ITEM   OBSERVED TIME   RECORD YEAR NORMAL DEPARTURE LAST
                VALUE   (LST)  VALUE       VALUE  FROM      YEAR
                                                  NORMAL
..................................................................
TEMPERATURE (F)
 YESTERDAY
  MAXIMUM         42    309 PM  MM      MM  29     13       28
  MINIMUM         13    712 AM  MM      MM   6      7       14
  AVERAGE         28                        18     10       21

PRECIPITATION (IN)
  YESTERDAY        0.00         MM      MM   0.00   0.00     0.02
  MONTH TO DATE    0.53                      0.17   0.36     0.25
  SINCE OCT 1      3.74                      1.71   2.03     3.94
  SINCE JAN 1      0.53                      0.17   0.36     0.25

SNOWFALL (IN)
  YESTERDAY        0.0          MM      MM  MM     MM       MM
  MONTH TO DATE    0.0                      MM     MM        0.0
  SINCE DEC 1      0.0                      MM     MM        0.0
  SINCE JUL 1      0.0                      MM     MM        0.0
  SNOW DEPTH       0

DEGREE DAYS
 HEATING
  YESTERDAY       37                        47    -10       44
  MONTH TO DATE 1169                      1014    155     1076
  SINCE DEC 1   2767                      2446    321     2419
  SINCE JUL 1   4330                      4464   -134     4124

 COOLING
  YESTERDAY        0                         0      0        0
  MONTH TO DATE    0                         0      0        0
  SINCE DEC 1      0                         0      0        0
  SINCE JAN 1      0                         0      0        0
..................................................................


WIND (MPH)
  HIGHEST WIND SPEED    12   HIGHEST WIND DIRECTION    NW (330)
  HIGHEST GUST SPEED    13   HIGHEST GUST DIRECTION    NW (330)
  AVERAGE WIND SPEED     4.7


SKY COVER
  POSSIBLE SUNSHINE  MM
  AVERAGE SKY COVER 0.0


WEATHER CONDITIONS
 THE FOLLOWING WEATHER WAS RECORDED YESTERDAY.
  NO SIGNIFICANT WEATHER WAS OBSERVED.


RELATIVE HUMIDITY (PERCENT)
 HIGHEST    92          1200 AM
 LOWEST     62           300 PM
 AVERAGE    77

..........................................................


THE JORDAN  ASOS MT CLIMATE NORMALS FOR TODAY
                         NORMAL    RECORD    YEAR
 MAXIMUM TEMPERATURE (F)   29        MM        MM
 MINIMUM TEMPERATURE (F)    6        MM        MM


SUNRISE AND SUNSET
JANUARY 22 2017.......SUNRISE   744 AM MST   SUNSET   455 PM MST
JANUARY 23 2017.......SUNRISE   743 AM MST   SUNSET   456 PM MST


-  INDICATES NEGATIVE NUMBERS.
R  INDICATES RECORD WAS SET OR TIED.
MM INDICATES DATA IS MISSING.
T  INDICATES TRACE AMOUNT.




$$
