000
CDUS45 KGGW 301230
CLIJDN


CLIMATE REPORT
NATIONAL WEATHER SERVICE GLASGOW MT
630 AM MDT SAT MAY 30 2015


...................................

...THE JORDAN  ASOS MT CLIMATE SUMMARY FOR MAY 30 2015...
VALID AS OF 0600 AM LOCAL TIME.

CLIMATE NORMAL PERIOD 1981 TO 2010
CLIMATE RECORD PERIOD 9999 TO 9999


WEATHER ITEM   OBSERVED TIME   RECORD YEAR NORMAL DEPARTURE LAST
                VALUE   (LST)  VALUE       VALUE  FROM      YEAR
                                                  NORMAL
..................................................................
TEMPERATURE (F)
 TODAY
  MAXIMUM         47    500 AM  MM      MM  71    -24       77
  MINIMUM         43    200 AM  MM      MM  44     -1       37
  AVERAGE         45                        57    -12       57

PRECIPITATION (IN)
  TODAY            0.00         MM      MM   0.13  -0.13     0.00
  MONTH TO DATE    1.04                      2.15  -1.11     2.24
  SINCE OCT 1      4.39                      5.77  -1.38     6.25
  SINCE JAN 1      3.20                      4.23  -1.03     3.84

SNOWFALL (IN)
  TODAY            0.0          MM      MM  MM     MM        0.0
  MONTH TO DATE    0.0                      MM     MM        0.0
  SINCE MAR 1      0.0                      MM     MM        0.0
  SINCE JUL 1      0.0                      MM     MM        0.0
  SNOW DEPTH      MM

DEGREE DAYS
 HEATING
  TODAY           20                         8     12        8
  MONTH TO DATE  400                       378     22      364
  SINCE MAR 1   1716                      1994   -278     2112
  SINCE JUL 1   7509                      8112   -603     8425

 COOLING
  TODAY            0                         0      0        0
  MONTH TO DATE    0                         0      0       25
  SINCE MAR 1      0                         0      0       25
  SINCE JAN 1      0                         0      0       25
..................................................................


WIND (MPH)
  HIGHEST WIND SPEED     9   HIGHEST WIND DIRECTION     E (110)
  HIGHEST GUST SPEED    MM   HIGHEST GUST DIRECTION    MM
  AVERAGE WIND SPEED     6.1


SKY COVER
  POSSIBLE SUNSHINE  MM
  AVERAGE SKY COVER 0.0


WEATHER CONDITIONS
 THE FOLLOWING WEATHER WAS RECORDED TODAY.
  NO SIGNIFICANT WEATHER WAS OBSERVED.


RELATIVE HUMIDITY (PERCENT)
 HIGHEST    76          1200 AM
 LOWEST     65           400 AM
 AVERAGE    71

..........................................................


THE JORDAN  ASOS MT CLIMATE NORMALS FOR TOMORROW
                         NORMAL    RECORD    YEAR
 MAXIMUM TEMPERATURE (F)   71        MM        MM
 MINIMUM TEMPERATURE (F)   44        MM        MM


SUNRISE AND SUNSET
MAY 30 2015...........SUNRISE   516 AM MDT   SUNSET   854 PM MDT
MAY 31 2015...........SUNRISE   516 AM MDT   SUNSET   855 PM MDT


-  INDICATES NEGATIVE NUMBERS.
R  INDICATES RECORD WAS SET OR TIED.
MM INDICATES DATA IS MISSING.
T  INDICATES TRACE AMOUNT.




$$
