000
CDUS45 KGGW 040741
CLIJDN


CLIMATE REPORT
NATIONAL WEATHER SERVICE GLASGOW MT
140 AM MDT FRI SEP 4 2015


...................................

...THE JORDAN  ASOS MT CLIMATE SUMMARY FOR SEPTEMBER 3 2015...

CLIMATE NORMAL PERIOD 1981 TO 2010
CLIMATE RECORD PERIOD 9999 TO 9999


WEATHER ITEM   OBSERVED TIME   RECORD YEAR NORMAL DEPARTURE LAST
                VALUE   (LST)  VALUE       VALUE  FROM      YEAR
                                                  NORMAL
..................................................................
TEMPERATURE (F)
 YESTERDAY
  MAXIMUM         82    418 PM  MM      MM  80      2       78
  MINIMUM         54    552 AM  MM      MM  46      8       46
  AVERAGE         68                        63      5       62

PRECIPITATION (IN)
  YESTERDAY        0.00         MM      MM   0.03  -0.03     0.03
  MONTH TO DATE    0.00                      0.10  -0.10     0.03
  SINCE OCT 1     11.75                     11.56   0.19    14.33
  SINCE JAN 1     10.56                     10.02   0.54    11.92

SNOWFALL (IN)
  YESTERDAY        0.0          MM      MM  MM     MM       MM
  MONTH TO DATE    0.0                      MM     MM        0.0
  SINCE SEP 1      0.0                      MM     MM        0.0
  SINCE JUL 1      0.0                      MM     MM        0.0
  SNOW DEPTH       0

DEGREE DAYS
 HEATING
  YESTERDAY        0                         4     -4        3
  MONTH TO DATE    0                        12    -12       11
  SINCE SEP 1      0                        12    -12       11
  SINCE JUL 1     55                        77    -22       60

 COOLING
  YESTERDAY        3                         2      1        0
  MONTH TO DATE   13                         6      7        0
  SINCE SEP 1     13                         6      7        0
  SINCE JAN 1    519                       399    120      451
..................................................................


WIND (MPH)
  HIGHEST WIND SPEED    32   HIGHEST WIND DIRECTION     N (360)
  HIGHEST GUST SPEED    40   HIGHEST GUST DIRECTION     N (360)
  AVERAGE WIND SPEED    13.9


SKY COVER
  POSSIBLE SUNSHINE  MM
  AVERAGE SKY COVER 0.0


WEATHER CONDITIONS
 THE FOLLOWING WEATHER WAS RECORDED YESTERDAY.
  NO SIGNIFICANT WEATHER WAS OBSERVED.


RELATIVE HUMIDITY (PERCENT)
 HIGHEST    54           600 AM
 LOWEST     26           300 PM
 AVERAGE    40

..........................................................


THE JORDAN  ASOS MT CLIMATE NORMALS FOR TODAY
                         NORMAL    RECORD    YEAR
 MAXIMUM TEMPERATURE (F)   79        MM        MM
 MINIMUM TEMPERATURE (F)   46        MM        MM


SUNRISE AND SUNSET
SEPTEMBER  4 2015.....SUNRISE   630 AM MDT   SUNSET   742 PM MDT
SEPTEMBER  5 2015.....SUNRISE   631 AM MDT   SUNSET   740 PM MDT


-  INDICATES NEGATIVE NUMBERS.
R  INDICATES RECORD WAS SET OR TIED.
MM INDICATES DATA IS MISSING.
T  INDICATES TRACE AMOUNT.




$$
