000
CDUS45 KGGW 280741
CLIJDN


CLIMATE REPORT
NATIONAL WEATHER SERVICE GLASGOW MT
140 AM MDT THU JUL 28 2016


...................................

...THE JORDAN  ASOS MT CLIMATE SUMMARY FOR JULY 27 2016...

CLIMATE NORMAL PERIOD 1981 TO 2010
CLIMATE RECORD PERIOD 9999 TO 9999


WEATHER ITEM   OBSERVED TIME   RECORD YEAR NORMAL DEPARTURE LAST
                VALUE   (LST)  VALUE       VALUE  FROM      YEAR
                                                  NORMAL
..................................................................
TEMPERATURE (F)
 YESTERDAY
  MAXIMUM         80    334 PM  MM      MM  87     -7       MM
  MINIMUM         61    547 AM  MM      MM  56      5       MM
  AVERAGE         71                        72     -1       MM

PRECIPITATION (IN)
  YESTERDAY        0.31         MM      MM   0.04   0.27     0.16
  MONTH TO DATE    1.99                      1.70   0.29     1.28
  SINCE OCT 1     12.91                     10.10   2.81    10.10
  SINCE JAN 1      9.22                      8.56   0.66     8.91

SNOWFALL (IN)
  YESTERDAY        0.0          MM      MM  MM     MM       MM
  MONTH TO DATE    0.0                      MM     MM        0.0
  SINCE JUN 1      0.0                      MM     MM        0.0
  SINCE JUL 1      0.0                      MM     MM        0.0
  SNOW DEPTH       0

DEGREE DAYS
 HEATING
  YESTERDAY        0                         0      0       MM
  MONTH TO DATE   13                        27    -14        1
  SINCE JUN 1     49                       152   -103       45
  SINCE JUL 1     13                        27    -14        1

 COOLING
  YESTERDAY        6                         7     -1       MM
  MONTH TO DATE  165                       150     15      176
  SINCE JUN 1    243                       198     45      291
  SINCE JAN 1    246                       204     42      291
..................................................................


WIND (MPH)
  HIGHEST WIND SPEED    22   HIGHEST WIND DIRECTION    NE (60)
  HIGHEST GUST SPEED    28   HIGHEST GUST DIRECTION    NE (60)
  AVERAGE WIND SPEED     7.9


SKY COVER
  POSSIBLE SUNSHINE  MM
  AVERAGE SKY COVER 0.0


WEATHER CONDITIONS
 THE FOLLOWING WEATHER WAS RECORDED YESTERDAY.
  NO SIGNIFICANT WEATHER WAS OBSERVED.


RELATIVE HUMIDITY (PERCENT)
 HIGHEST   100          1200 AM
 LOWEST     54           300 PM
 AVERAGE    77

..........................................................


THE JORDAN  ASOS MT CLIMATE NORMALS FOR TODAY
                         NORMAL    RECORD    YEAR
 MAXIMUM TEMPERATURE (F)   87        MM        MM
 MINIMUM TEMPERATURE (F)   56        MM        MM


SUNRISE AND SUNSET
JULY 28 2016..........SUNRISE   541 AM MDT   SUNSET   845 PM MDT
JULY 29 2016..........SUNRISE   543 AM MDT   SUNSET   844 PM MDT


-  INDICATES NEGATIVE NUMBERS.
R  INDICATES RECORD WAS SET OR TIED.
MM INDICATES DATA IS MISSING.
T  INDICATES TRACE AMOUNT.




$$
