000
CDUS45 KBOI 220939
CLIJER


CLIMATE REPORT
NATIONAL WEATHER SERVICE BOISE ID
339 AM MDT FRI MAY 22 2015


...................................

...THE JEROME ID CLIMATE SUMMARY FOR MAY 21 2015...

CLIMATE NORMAL PERIOD 1981 TO 2010
CLIMATE RECORD PERIOD 1919 TO 2015


WEATHER ITEM   OBSERVED TIME   RECORD YEAR NORMAL DEPARTURE LAST
                VALUE   (LST)  VALUE       VALUE  FROM      YEAR
                                                  NORMAL
..................................................................
TEMPERATURE (F)
 YESTERDAY
  MAXIMUM         69    121 PM  92    1958  69      0       69
  MINIMUM         48    610 AM  31    1975  44      4       41
  AVERAGE         59                        56      3       55

PRECIPITATION (IN)
  YESTERDAY        0.00          0.50 1971   0.04  -0.04      T
  MONTH TO DATE    1.87                      0.93   0.94     0.34
  SINCE OCT 1      6.78                      8.81  -2.03     5.28
  SINCE JAN 1      3.88                      5.29  -1.41     4.68

DEGREE DAYS
 HEATING
  YESTERDAY        6                         9     -3       10
  MONTH TO DATE  184                       246    -62      204
  SINCE MAR 1   1246                      1562   -316     1423
  SINCE JUL 1   5288                      6449  -1161     6091

 COOLING
  YESTERDAY        0                         0      0        0
  MONTH TO DATE    0                         0      0        4
  SINCE MAR 1      0                         0      0        4
  SINCE JAN 1      0                         0      0        4
..................................................................


WIND (MPH)
  HIGHEST WIND SPEED    21   HIGHEST WIND DIRECTION    SE (150)
  HIGHEST GUST SPEED    25   HIGHEST GUST DIRECTION    SE (150)
  AVERAGE WIND SPEED     9.5


SKY COVER
  AVERAGE SKY COVER 0.4


WEATHER CONDITIONS
 THE FOLLOWING WEATHER WAS RECORDED YESTERDAY.
  THUNDERSTORM


RELATIVE HUMIDITY (PERCENT)
 HIGHEST    86           300 AM
 LOWEST     37           100 PM
 AVERAGE    62

..........................................................


THE JEROME ID CLIMATE NORMALS FOR TODAY
                         NORMAL    RECORD    YEAR
 MAXIMUM TEMPERATURE (F)   70        93      1980
 MINIMUM TEMPERATURE (F)   44        31      1953


SUNRISE AND SUNSET
MAY 22 2015...........SUNRISE   609 AM MDT   SUNSET   900 PM MDT
MAY 23 2015...........SUNRISE   608 AM MDT   SUNSET   901 PM MDT


-  INDICATES NEGATIVE NUMBERS.
R  INDICATES RECORD WAS SET OR TIED.
MM INDICATES DATA IS MISSING.
T  INDICATES TRACE AMOUNT.




$$
