000
CDUS45 KBOI 220930
CLIJER


CLIMATE REPORT
NATIONAL WEATHER SERVICE BOISE ID
330 AM MDT TUE AUG 22 2017


...................................

...THE JEROME ID CLIMATE SUMMARY FOR AUGUST 21 2017...

CLIMATE NORMAL PERIOD 1981 TO 2010
CLIMATE RECORD PERIOD 1915 TO 2017


WEATHER ITEM   OBSERVED TIME   RECORD YEAR NORMAL DEPARTURE LAST
                VALUE   (LST)  VALUE       VALUE  FROM      YEAR
                                                  NORMAL
..................................................................
TEMPERATURE (F)
 YESTERDAY
  MAXIMUM         84    345 PM 101    1969  85     -1       91
  MINIMUM         54    529 AM  42    1968  54      0       51
  AVERAGE         69                        69      0       71

PRECIPITATION (IN)
  YESTERDAY        0.00          0.29 1993   0.00   0.00     0.00
  MONTH TO DATE    0.02                      0.16  -0.14      T
  SINCE OCT 1     11.32                     10.28   1.04     9.99
  SINCE JAN 1      6.80                      6.76   0.04     5.40

DEGREE DAYS
 HEATING
  YESTERDAY        0                         1     -1        0
  MONTH TO DATE    1                         3     -2        3
  SINCE JUN 1     65                       122    -57       60
  SINCE JUL 1      1                        15    -14       18

 COOLING
  YESTERDAY        4                         5     -1        6
  MONTH TO DATE  179                       139     40      139
  SINCE JUN 1    692                       409    283      531
  SINCE JAN 1    708                       422    286      535
..................................................................


WIND (MPH)
  HIGHEST WIND SPEED    14   HIGHEST WIND DIRECTION    SW (230)
  HIGHEST GUST SPEED    17   HIGHEST GUST DIRECTION    SW (220)
  AVERAGE WIND SPEED     6.1


SKY COVER
  AVERAGE SKY COVER 0.0


WEATHER CONDITIONS
 THE FOLLOWING WEATHER WAS RECORDED YESTERDAY.
  NO SIGNIFICANT WEATHER WAS OBSERVED.


RELATIVE HUMIDITY (PERCENT)
 HIGHEST    56          1100 AM
 LOWEST     22           400 PM
 AVERAGE    39

..........................................................


THE JEROME ID CLIMATE NORMALS FOR TODAY
                         NORMAL    RECORD    YEAR
 MAXIMUM TEMPERATURE (F)   85       105      1969
 MINIMUM TEMPERATURE (F)   53        39      1918


SUNRISE AND SUNSET
AUGUST 22 2017........SUNRISE   652 AM MDT   SUNSET   828 PM MDT
AUGUST 23 2017........SUNRISE   653 AM MDT   SUNSET   827 PM MDT


-  INDICATES NEGATIVE NUMBERS.
R  INDICATES RECORD WAS SET OR TIED.
MM INDICATES DATA IS MISSING.
T  INDICATES TRACE AMOUNT.




$$
