000
CDUS45 KBOI 300930
CLIJER


CLIMATE REPORT
NATIONAL WEATHER SERVICE BOISE ID
330 AM MDT TUE JUN 30 2015


...................................

...THE JEROME ID CLIMATE SUMMARY FOR JUNE 29 2015...

CLIMATE NORMAL PERIOD 1981 TO 2010
CLIMATE RECORD PERIOD 1919 TO 2015


WEATHER ITEM   OBSERVED TIME   RECORD YEAR NORMAL DEPARTURE LAST
                VALUE   (LST)  VALUE       VALUE  FROM      YEAR
                                                  NORMAL
..................................................................
TEMPERATURE (F)
 YESTERDAY
  MAXIMUM         99    437 PM 103    1976  82     17       80
  MINIMUM         67    620 AM  37    1969  53     14       52
  AVERAGE         83                        68     15       66

PRECIPITATION (IN)
  YESTERDAY        0.00          0.69 1955   0.00   0.00     0.00
  MONTH TO DATE    0.11                      0.76  -0.65     0.35
  SINCE OCT 1      8.21                      9.88  -1.67     5.63
  SINCE JAN 1      5.31                      6.36  -1.05     5.03

DEGREE DAYS
 HEATING
  YESTERDAY        0                         2     -2        0
  MONTH TO DATE   15                       108    -93       74
  SINCE JUN 1     15                       108    -93       74
  SINCE JUL 1   5344                      6635  -1291     6188

 COOLING
  YESTERDAY       18                         4     14        1
  MONTH TO DATE  196                        63    133       45
  SINCE JUN 1    196                        63    133       45
  SINCE JAN 1    206                        76    130       55
..................................................................


WIND (MPH)
  HIGHEST WIND SPEED    24   HIGHEST WIND DIRECTION     W (250)
  HIGHEST GUST SPEED    39   HIGHEST GUST DIRECTION     W (290)
  AVERAGE WIND SPEED     8.9


SKY COVER
  AVERAGE SKY COVER 0.1


WEATHER CONDITIONS
 THE FOLLOWING WEATHER WAS RECORDED YESTERDAY.
  NO SIGNIFICANT WEATHER WAS OBSERVED.


RELATIVE HUMIDITY (PERCENT)
 HIGHEST    53          1200 AM
 LOWEST     18           500 PM
 AVERAGE    36

..........................................................


THE JEROME ID CLIMATE NORMALS FOR TODAY
                         NORMAL    RECORD    YEAR
 MAXIMUM TEMPERATURE (F)   83       102      1990
 MINIMUM TEMPERATURE (F)   53        36      1968


SUNRISE AND SUNSET
JUNE 30 2015..........SUNRISE   603 AM MDT   SUNSET   920 PM MDT
JULY  1 2015..........SUNRISE   603 AM MDT   SUNSET   920 PM MDT


-  INDICATES NEGATIVE NUMBERS.
R  INDICATES RECORD WAS SET OR TIED.
MM INDICATES DATA IS MISSING.
T  INDICATES TRACE AMOUNT.




$$
