000
CDUS45 KBOI 020930
CLIJER


CLIMATE REPORT
NATIONAL WEATHER SERVICE BOISE ID
330 AM MDT THU OCT 2 2014


...................................

...THE JEROME ID CLIMATE SUMMARY FOR OCTOBER 1 2014...

CLIMATE NORMAL PERIOD 1981 TO 2010
CLIMATE RECORD PERIOD 1919 TO 2014


WEATHER ITEM   OBSERVED TIME   RECORD YEAR NORMAL DEPARTURE LAST
                VALUE   (LST)  VALUE       VALUE  FROM      YEAR
                                                  NORMAL
..................................................................
TEMPERATURE (F)
 YESTERDAY
  MAXIMUM         60    245 PM  94    1992  68     -8       67
  MINIMUM         34    607 AM  26    1954  42     -8       39
  AVERAGE         47                        55     -8       53

PRECIPITATION (IN)
  YESTERDAY        0.00          0.90 1994   0.02  -0.02     0.00
  MONTH TO DATE    0.00                      0.02  -0.02     0.00
  SINCE OCT 1      0.00                      0.02  -0.02     0.00
  SINCE JAN 1      9.07                      7.31   1.76     3.02

DEGREE DAYS
 HEATING
  YESTERDAY       18                        11      7       12
  MONTH TO DATE   18                        11      7       12
  SINCE SEP 1    126                       181    -55      150
  SINCE JUL 1    153                       214    -61      150

 COOLING
  YESTERDAY        0                         0      0        0
  MONTH TO DATE    0                         0      0        0
  SINCE SEP 1     60                        44     16       86
  SINCE JAN 1    652                       509    143      904
..................................................................


WIND (MPH)
  HIGHEST WIND SPEED    21   HIGHEST WIND DIRECTION    SW (240)
  HIGHEST GUST SPEED    26   HIGHEST GUST DIRECTION    SW (240)
  AVERAGE WIND SPEED     9.4


SKY COVER
  AVERAGE SKY COVER 0.0


WEATHER CONDITIONS
 THE FOLLOWING WEATHER WAS RECORDED YESTERDAY.
  NO SIGNIFICANT WEATHER WAS OBSERVED.


RELATIVE HUMIDITY (PERCENT)
 HIGHEST    92           400 AM
 LOWEST     33           300 PM
 AVERAGE    63

..........................................................


THE JEROME ID CLIMATE NORMALS FOR TODAY
                         NORMAL    RECORD    YEAR
 MAXIMUM TEMPERATURE (F)   67        92      1997
 MINIMUM TEMPERATURE (F)   41        24      1950


SUNRISE AND SUNSET
OCTOBER  2 2014.......SUNRISE   736 AM MDT   SUNSET   717 PM MDT
OCTOBER  3 2014.......SUNRISE   737 AM MDT   SUNSET   716 PM MDT


-  INDICATES NEGATIVE NUMBERS.
R  INDICATES RECORD WAS SET OR TIED.
MM INDICATES DATA IS MISSING.
T  INDICATES TRACE AMOUNT.




$$
