000
CDUS45 KBOI 020934
CLIJER


CLIMATE REPORT
NATIONAL WEATHER SERVICE BOISE ID
333 AM MDT WED SEP 2 2015


...................................

...THE JEROME ID CLIMATE SUMMARY FOR SEPTEMBER 1 2015...

CLIMATE NORMAL PERIOD 1981 TO 2010
CLIMATE RECORD PERIOD 1919 TO 2015


WEATHER ITEM   OBSERVED TIME   RECORD YEAR NORMAL DEPARTURE LAST
                VALUE   (LST)  VALUE       VALUE  FROM      YEAR
                                                  NORMAL
..................................................................
TEMPERATURE (F)
 YESTERDAY
  MAXIMUM         87    524 PM  99    1987  82      5       74
  MINIMUM         51    617 AM  36    1999  51      0       48
  AVERAGE         69                        66      3       61

PRECIPITATION (IN)
  YESTERDAY        0.00          0.53 1964   0.01  -0.01     0.00
  MONTH TO DATE    0.00                      0.01  -0.01     0.00
  SINCE OCT 1      9.63                     10.39  -0.76     9.17
  SINCE JAN 1      6.73                      6.87  -0.14     8.57

DEGREE DAYS
 HEATING
  YESTERDAY        0                         2     -2        4
  MONTH TO DATE    0                         2     -2        4
  SINCE SEP 1      0                         2     -2        4
  SINCE JUL 1     15                        35    -20       31

 COOLING
  YESTERDAY        4                         4      0        0
  MONTH TO DATE    4                         4      0        0
  SINCE SEP 1      4                         4      0        0
  SINCE JAN 1    647                       469    178      592
..................................................................


WIND (MPH)
  HIGHEST WIND SPEED    12   HIGHEST WIND DIRECTION    NE (50)
  HIGHEST GUST SPEED    13   HIGHEST GUST DIRECTION    NE (40)
  AVERAGE WIND SPEED     5.1


SKY COVER
  AVERAGE SKY COVER 0.0


WEATHER CONDITIONS
 THE FOLLOWING WEATHER WAS RECORDED YESTERDAY.
  NO SIGNIFICANT WEATHER WAS OBSERVED.


RELATIVE HUMIDITY (PERCENT)
 HIGHEST    54           600 AM
 LOWEST     15           300 PM
 AVERAGE    35

..........................................................


THE JEROME ID CLIMATE NORMALS FOR TODAY
                         NORMAL    RECORD    YEAR
 MAXIMUM TEMPERATURE (F)   81       101      1950
 MINIMUM TEMPERATURE (F)   50        36      2008


SUNRISE AND SUNSET
SEPTEMBER  2 2015.....SUNRISE   703 AM MDT   SUNSET   811 PM MDT
SEPTEMBER  3 2015.....SUNRISE   704 AM MDT   SUNSET   809 PM MDT


-  INDICATES NEGATIVE NUMBERS.
R  INDICATES RECORD WAS SET OR TIED.
MM INDICATES DATA IS MISSING.
T  INDICATES TRACE AMOUNT.




$$
