000
CDUS45 KBOI 180935
CLIJER


CLIMATE REPORT
NATIONAL WEATHER SERVICE BOISE ID
335 AM MDT THU SEP 18 2014


...................................

...THE JEROME ID CLIMATE SUMMARY FOR SEPTEMBER 17 2014...

CLIMATE NORMAL PERIOD 1981 TO 2010
CLIMATE RECORD PERIOD 1919 TO 2014


WEATHER ITEM   OBSERVED TIME   RECORD YEAR NORMAL DEPARTURE LAST
                VALUE   (LST)  VALUE       VALUE  FROM      YEAR
                                                  NORMAL
..................................................................
TEMPERATURE (F)
 YESTERDAY
  MAXIMUM         89    519 PM  96    1981  75     14       76
  MINIMUM         59    731 AM  29    1949  46     13       51
  AVERAGE         74                        60     14       64

PRECIPITATION (IN)
  YESTERDAY        T             0.47 1919   0.01  -0.01     0.00
  MONTH TO DATE    T                         0.17  -0.17     0.23
  SINCE OCT 1      9.17                     10.55  -1.38     6.05
  SINCE JAN 1      8.57                      7.03   1.54     2.75

DEGREE DAYS
 HEATING
  YESTERDAY        0                         6     -6        1
  MONTH TO DATE   57                        66     -9        2
  SINCE SEP 1     57                        66     -9        2
  SINCE JUL 1     84                        99    -15        2

 COOLING
  YESTERDAY        9                         1      8        0
  MONTH TO DATE   31                        37     -6       86
  SINCE SEP 1     31                        37     -6       86
  SINCE JAN 1    623                       502    121      904
..................................................................


WIND (MPH)
  HIGHEST WIND SPEED    16   HIGHEST WIND DIRECTION    SE (130)
  HIGHEST GUST SPEED    19   HIGHEST GUST DIRECTION    SE (130)
  AVERAGE WIND SPEED     7.3


SKY COVER
  AVERAGE SKY COVER 0.0


WEATHER CONDITIONS
 THE FOLLOWING WEATHER WAS RECORDED YESTERDAY.
  LIGHT RAIN


RELATIVE HUMIDITY (PERCENT)
 HIGHEST    55           600 AM
 LOWEST     19           400 PM
 AVERAGE    37

..........................................................


THE JEROME ID CLIMATE NORMALS FOR TODAY
                         NORMAL    RECORD    YEAR
 MAXIMUM TEMPERATURE (F)   74        95      1981
 MINIMUM TEMPERATURE (F)   46        26      1965


SUNRISE AND SUNSET
SEPTEMBER 18 2014.....SUNRISE   721 AM MDT   SUNSET   742 PM MDT
SEPTEMBER 19 2014.....SUNRISE   722 AM MDT   SUNSET   740 PM MDT


-  INDICATES NEGATIVE NUMBERS.
R  INDICATES RECORD WAS SET OR TIED.
MM INDICATES DATA IS MISSING.
T  INDICATES TRACE AMOUNT.




$$
