000
CDUS45 KBOI 030931
CLIJER


CLIMATE REPORT
NATIONAL WEATHER SERVICE BOISE ID
331 AM MDT TUE MAY 3 2016


...................................

...THE JEROME ID CLIMATE SUMMARY FOR MAY 2 2016...

CLIMATE NORMAL PERIOD 1981 TO 2010
CLIMATE RECORD PERIOD 1915 TO 2016


WEATHER ITEM   OBSERVED TIME   RECORD YEAR NORMAL DEPARTURE LAST
                VALUE   (LST)  VALUE       VALUE  FROM      YEAR
                                                  NORMAL
..................................................................
TEMPERATURE (F)
 YESTERDAY
  MAXIMUM         69    502 PM  92    1985  63      6       79
  MINIMUM         37    550 AM  24    1954  38     -1       47
  AVERAGE         53                        51      2       63

PRECIPITATION (IN)
  YESTERDAY        0.00          0.60 1955   0.06  -0.06     0.00
  MONTH TO DATE    0.01                      0.12  -0.11     0.00
  SINCE OCT 1      8.56                      8.00   0.56     4.91
  SINCE JAN 1      3.97                      4.48  -0.51     2.01

DEGREE DAYS
 HEATING
  YESTERDAY       12                        14     -2        2
  MONTH TO DATE   23                        29     -6       11
  SINCE MAR 1   1084                      1345   -261     1073
  SINCE JUL 1   5623                      6232   -609     5115

 COOLING
  YESTERDAY        0                         0      0        0
  MONTH TO DATE    0                         0      0        0
  SINCE MAR 1      1                         0      1        0
  SINCE JAN 1      1                         0      1        0
..................................................................


WIND (MPH)
  HIGHEST WIND SPEED    15   HIGHEST WIND DIRECTION    NE (60)
  HIGHEST GUST SPEED    23   HIGHEST GUST DIRECTION    NE (50)
  AVERAGE WIND SPEED     8.0


SKY COVER
  AVERAGE SKY COVER 0.0


WEATHER CONDITIONS
 THE FOLLOWING WEATHER WAS RECORDED YESTERDAY.
  NO SIGNIFICANT WEATHER WAS OBSERVED.


RELATIVE HUMIDITY (PERCENT)
 HIGHEST    73           100 AM
 LOWEST     18          1200 PM
 AVERAGE    46

..........................................................


THE JEROME ID CLIMATE NORMALS FOR TODAY
                         NORMAL    RECORD    YEAR
 MAXIMUM TEMPERATURE (F)   63        92      1966
 MINIMUM TEMPERATURE (F)   39        21      1950


SUNRISE AND SUNSET
MAY  3 2016...........SUNRISE   629 AM MDT   SUNSET   841 PM MDT
MAY  4 2016...........SUNRISE   627 AM MDT   SUNSET   842 PM MDT


-  INDICATES NEGATIVE NUMBERS.
R  INDICATES RECORD WAS SET OR TIED.
MM INDICATES DATA IS MISSING.
T  INDICATES TRACE AMOUNT.




$$
