000
CDUS41 KOKX 060639
CLIJFK


CLIMATE REPORT
NATIONAL WEATHER SERVICE NEW YORK NY
239 AM EDT FRI MAY 6 2016


...................................

...THE KENNEDY NY CLIMATE SUMMARY FOR MAY 5 2016...

CLIMATE NORMAL PERIOD 1981 TO 2010
CLIMATE RECORD PERIOD 1949 TO 2016


WEATHER ITEM   OBSERVED TIME   RECORD YEAR NORMAL DEPARTURE LAST
                VALUE   (LST)  VALUE       VALUE  FROM      YEAR
                                                  NORMAL
..................................................................
TEMPERATURE (F)
 YESTERDAY
  MAXIMUM         57    342 PM  84    1980  65     -8       82
  MINIMUM         47    628 AM  41    2002  49     -2       55
                                      1966
  AVERAGE         52                        57     -5       69

PRECIPITATION (IN)
  YESTERDAY        0.00          0.89 1977   0.12  -0.12     0.00
  MONTH TO DATE    1.09                      0.57   0.52     0.00
  SINCE MAR 1      3.72                      8.22  -4.50     6.49
  SINCE JAN 1     12.36                     13.97  -1.61    14.15

SNOWFALL (IN)
  YESTERDAY        0.0          MM      MM   0.0    0.0      0.0
  MONTH TO DATE    0.0                       0.0    0.0      0.0
  SINCE OCT 1     41.4                      23.8   17.6     44.2
  SINCE JUL 1     41.4                      23.8   17.6     44.2
  SNOW DEPTH       0

DEGREE DAYS
 HEATING
  YESTERDAY       13                         8      5        0
  MONTH TO DATE   71                        43     28       37
  SINCE MAR 1   1015                      1183   -168     1239
  SINCE JUL 1   3769                      4694   -925     4931

 COOLING
  YESTERDAY        0                         0      0        4
  MONTH TO DATE    0                         0      0        4
  SINCE MAR 1      0                         3     -3        4
  SINCE JAN 1      0                         3     -3        4
..................................................................


WIND (MPH)
  HIGHEST WIND SPEED    25   HIGHEST WIND DIRECTION    NE (40)
  HIGHEST GUST SPEED    30   HIGHEST GUST DIRECTION    NE (40)
  AVERAGE WIND SPEED    15.5


SKY COVER
  POSSIBLE SUNSHINE  MM
  AVERAGE SKY COVER 1.0


WEATHER CONDITIONS
 THE FOLLOWING WEATHER WAS RECORDED YESTERDAY.
  NO SIGNIFICANT WEATHER WAS OBSERVED.


RELATIVE HUMIDITY (PERCENT)
 HIGHEST    86           300 AM
 LOWEST     57           300 PM
 AVERAGE    72

..........................................................


THE KENNEDY NY CLIMATE NORMALS FOR TODAY
                         NORMAL    RECORD    YEAR
 MAXIMUM TEMPERATURE (F)   66        88      1986
 MINIMUM TEMPERATURE (F)   50        37      1992


SUNRISE AND SUNSET
MAY  6 2016...........SUNRISE   547 AM EDT   SUNSET   757 PM EDT
MAY  7 2016...........SUNRISE   546 AM EDT   SUNSET   758 PM EDT


-  INDICATES NEGATIVE NUMBERS.
R  INDICATES RECORD WAS SET OR TIED.
MM INDICATES DATA IS MISSING.
T  INDICATES TRACE AMOUNT.




$$
