000
CDUS41 KOKX 252132
CLIJFK


CLIMATE REPORT
NATIONAL WEATHER SERVICE NEW YORK NY
432 PM EST SUN FEB 25 2018


...................................

...THE KENNEDY NY CLIMATE SUMMARY FOR FEBRUARY 25 2018...
VALID TODAY AS OF 0400 PM LOCAL TIME.

CLIMATE NORMAL PERIOD 1981 TO 2010
CLIMATE RECORD PERIOD 1948 TO 2018


WEATHER ITEM   OBSERVED TIME   RECORD YEAR NORMAL DEPARTURE LAST
                VALUE   (LST)  VALUE       VALUE  FROM      YEAR
                                                  NORMAL
..................................................................
TEMPERATURE (F)
 TODAY
  MAXIMUM         45    117 PM  65    1996  44      1       63
  MINIMUM         41    301 PM  12    1990  30     11       47
                                      1967
  AVERAGE         43                        37      6       55

PRECIPITATION (IN)
  TODAY            1.30          1.59 2010   0.10   1.20     0.34
  MONTH TO DATE    5.93                      2.28   3.65     1.58
  SINCE DEC 1      9.42                      8.83   0.59     9.28
  SINCE JAN 1      7.77                      5.44   2.33     6.22

SNOWFALL (IN)
  TODAY            0.0           2.9  2010   0.3   -0.3      0.0
  MONTH TO DATE    2.6                       7.6   -5.0      8.4
  SINCE OCT 1     19.0                      18.8    0.2     23.4
  SINCE JUL 1     19.0                      18.8    0.2     23.4
  SNOW DEPTH       0

DEGREE DAYS
 HEATING
  TODAY           22                        28     -6       10
  MONTH TO DATE  638                       758   -120      624
  SINCE DEC 1   2635                      2604     31     2218
  SINCE JUL 1   3320                      3428   -108     2858

 COOLING
  TODAY            0                         0      0        0
  MONTH TO DATE    0                         0      0        0
  SINCE DEC 1      0                         0      0        0
  SINCE JAN 1      0                         0      0        0
..................................................................


WIND (MPH)
  HIGHEST WIND SPEED    26   HIGHEST WIND DIRECTION     E (80)
  HIGHEST GUST SPEED    36   HIGHEST GUST DIRECTION     E (90)
  AVERAGE WIND SPEED    15.2


SKY COVER
  AVERAGE SKY COVER 1.0


WEATHER CONDITIONS
 THE FOLLOWING WEATHER WAS RECORDED TODAY.
  HEAVY RAIN
  RAIN
  LIGHT RAIN
  FOG


RELATIVE HUMIDITY (PERCENT)
 HIGHEST   100           500 AM
 LOWEST     89           100 AM
 AVERAGE    95

..........................................................


THE KENNEDY NY CLIMATE NORMALS FOR TOMORROW
                         NORMAL    RECORD    YEAR
 MAXIMUM TEMPERATURE (F)   44        60      1996
 MINIMUM TEMPERATURE (F)   30         9      1990


SUNRISE AND SUNSET
FEBRUARY 25 2018......SUNRISE   635 AM EST   SUNSET   542 PM EST
FEBRUARY 26 2018......SUNRISE   634 AM EST   SUNSET   543 PM EST


-  INDICATES NEGATIVE NUMBERS.
R  INDICATES RECORD WAS SET OR TIED.
MM INDICATES DATA IS MISSING.
T  INDICATES TRACE AMOUNT.




$$
