000
CDUS41 KOKX 280644
CLIJFK


CLIMATE REPORT
NATIONAL WEATHER SERVICE NEW YORK NY
144 AM EST WED JAN 28 2015


...................................

...THE KENNEDY NY CLIMATE SUMMARY FOR JANUARY 27 2015...

CLIMATE NORMAL PERIOD 1981 TO 2010
CLIMATE RECORD PERIOD 1949 TO 2015


WEATHER ITEM   OBSERVED TIME   RECORD YEAR NORMAL DEPARTURE LAST
                VALUE   (LST)  VALUE       VALUE  FROM      YEAR
                                                  NORMAL
..................................................................
TEMPERATURE (F)
 YESTERDAY
  MAXIMUM         27    343 PM  65    1974  39    -12       45
  MINIMUM         20   1159 PM   2    1994  26     -6       22
  AVERAGE         24                        33     -9       34

PRECIPITATION (IN)
  YESTERDAY        0.33          1.41 1976   0.09   0.24     0.00
  MONTH TO DATE    5.28                      2.78   2.50     2.96
  SINCE DEC 1     12.32                      6.17   6.15     7.46
  SINCE JAN 1      5.28                      2.78   2.50     2.96

SNOWFALL (IN)
  YESTERDAY        5.6 R         4.3  2011   0.2    5.4      0.0
  MONTH TO DATE   16.5                       5.3   11.2     16.0
  SINCE OCT 1     16.9                      10.2    6.7     22.9
  SINCE JUL 1     16.9                      10.2    6.7     22.9
  SNOW DEPTH       9

DEGREE DAYS
 HEATING
  YESTERDAY       41                        32      9       31
  MONTH TO DATE  900                       875     25      957
  SINCE DEC 1   1622                      1720    -98     1785
  SINCE JUL 1   2406                      2544   -138     2599

 COOLING
  YESTERDAY        0                         0      0        0
  MONTH TO DATE    0                         0      0        0
  SINCE DEC 1      0                         0      0        0
  SINCE JAN 1      0                         0      0        0
..................................................................


WIND (MPH)
  HIGHEST WIND SPEED    29   HIGHEST WIND DIRECTION     N (360)
  HIGHEST GUST SPEED    36   HIGHEST GUST DIRECTION     N (350)
  AVERAGE WIND SPEED    18.9


SKY COVER
  POSSIBLE SUNSHINE  MM
  AVERAGE SKY COVER 0.9


WEATHER CONDITIONS
 THE FOLLOWING WEATHER WAS RECORDED YESTERDAY.
  SNOW
  LIGHT SNOW
  BLOWING SNOW


RELATIVE HUMIDITY (PERCENT)
 HIGHEST    81          1200 AM
 LOWEST     57          1100 PM
 AVERAGE    69

..........................................................


THE KENNEDY NY CLIMATE NORMALS FOR TODAY
                         NORMAL    RECORD    YEAR
 MAXIMUM TEMPERATURE (F)   39        60      2002
 MINIMUM TEMPERATURE (F)   26         6      2005


SUNRISE AND SUNSET
JANUARY 28 2015.......SUNRISE   709 AM EST   SUNSET   508 PM EST
JANUARY 29 2015.......SUNRISE   708 AM EST   SUNSET   509 PM EST


-  INDICATES NEGATIVE NUMBERS.
R  INDICATES RECORD WAS SET OR TIED.
MM INDICATES DATA IS MISSING.
T  INDICATES TRACE AMOUNT.




$$
