000
CDUS43 KJKL 280610
CLIJKL

CLIMATE REPORT
NATIONAL WEATHER SERVICE JACKSON KY
150 AM EDT FRI AUG 28 2015

...................................

...THE JACKSON KY CLIMATE SUMMARY FOR AUGUST 27 2015...

CLIMATE NORMAL PERIOD 1981 TO 2010
CLIMATE RECORD PERIOD 1981 TO 2015

WEATHER ITEM   OBSERVED TIME   RECORD YEAR NORMAL DEPARTURE LAST
                VALUE   (LST)  VALUE       VALUE  FROM      YEAR
                                                  NORMAL
..................................................................
TEMPERATURE (F)
 YESTERDAY
  MAXIMUM         75    402 PM  92    1988  83     -8       86
  MINIMUM         56R   624 AM  59    2010  64     -8       63
  AVERAGE         66                        74     -8       75

PRECIPITATION (IN)
  YESTERDAY        0.00          0.70 1987   0.09  -0.09     0.00
  MONTH TO DATE    5.02                      3.29   1.73     6.28
  SINCE JUN 1     21.31                     12.64   8.67    15.17
  SINCE JAN 1     45.78                     33.15  12.63    36.03

SNOWFALL (IN)
  YESTERDAY        0.0                       0.0    0.0      0.0
  MONTH TO DATE    0.0                       0.0    0.0      0.0
  SINCE JUN 1      0.0                       0.0    0.0      0.0
  SINCE JUL 1      0.0                       0.0    0.0      0.0
  SNOW DEPTH       0

DEGREE DAYS
 HEATING
  YESTERDAY        0                         0      0        0
  MONTH TO DATE    0                         0      0        0
  SINCE JUN 1      9                        12     -3        3
  SINCE JUL 1      0                         0      0        3

 COOLING
  YESTERDAY        1                         9     -8       10
  MONTH TO DATE  214                       264    -50      227
  SINCE JUN 1    813                       808      5      763
  SINCE JAN 1   1017                       944     73      954
..................................................................

WIND (MPH)
  HIGHEST WIND SPEED     7   HIGHEST WIND DIRECTION    SE (130)
  HIGHEST GUST SPEED    10   HIGHEST GUST DIRECTION     E (70)
  AVERAGE WIND SPEED     0.5

SKY COVER
  POSSIBLE SUNSHINE  MM
  AVERAGE SKY COVER 0.1

WEATHER CONDITIONS
 THE FOLLOWING WEATHER WAS RECORDED YESTERDAY.
  NO SIGNIFICANT WEATHER WAS OBSERVED.

RELATIVE HUMIDITY (PERCENT)
 HIGHEST    93           600 AM
 LOWEST     53          1200 PM
 AVERAGE    73
..........................................................

THE JACKSON KY CLIMATE NORMALS FOR TODAY
                         NORMAL    RECORD    YEAR
 MAXIMUM TEMPERATURE (F)   83        93      2007
                                             1995
 MINIMUM TEMPERATURE (F)   64        50      1986

SUNRISE AND SUNSET
AUGUST 28 2015........SUNRISE   700 AM EDT   SUNSET   808 PM EDT
AUGUST 29 2015........SUNRISE   701 AM EDT   SUNSET   807 PM EDT

-  INDICATES NEGATIVE NUMBERS.
R  INDICATES RECORD WAS SET OR TIED.
MM INDICATES DATA IS MISSING.
T  INDICATES TRACE AMOUNT.

$$

SHALLENBERGER
