000
CDUS43 KJKL 250647
CLIJKL

CLIMATE REPORT
NATIONAL WEATHER SERVICE JACKSON KY
147 AM EST SUN FEB 25 2018

...................................

...THE JACKSON KY CLIMATE SUMMARY FOR FEBRUARY 24 2018...

CLIMATE NORMAL PERIOD 1981 TO 2010
CLIMATE RECORD PERIOD 1981 TO 2018

WEATHER ITEM   OBSERVED TIME   RECORD YEAR NORMAL DEPARTURE LAST
                VALUE   (LST)  VALUE       VALUE  FROM      YEAR
                                                  NORMAL
..................................................................
TEMPERATURE (F)
 YESTERDAY
  MAXIMUM         68    305 PM  79    2017  50     18       79
  MINIMUM         59    838 AM   8    1989  32     27       55
  AVERAGE         64                        41     23       67

PRECIPITATION (IN)
  YESTERDAY        0.74          0.91 2011   0.14   0.60     0.00
  MONTH TO DATE    7.57                      3.21   4.36     1.57
  SINCE DEC 1     12.77                     11.00   1.77    12.44
  SINCE JAN 1      9.49                      6.82   2.67     6.28

SNOWFALL (IN)
  YESTERDAY        0.0           1.5  1990   0.3   -0.3      0.0
  MONTH TO DATE    2.6                       6.3   -3.7       T
  SINCE DEC 1     10.4                      18.3   -7.9      4.6
  SINCE JUL 1     10.4                      18.9   -8.5      4.6
  SNOW DEPTH       0

DEGREE DAYS
 HEATING
  YESTERDAY        1                        24    -23        0
  MONTH TO DATE  453                       641   -188      400
  SINCE DEC 1   2332                      2407    -75     1895
  SINCE JUL 1   3054                      3207   -153     2421

 COOLING
  YESTERDAY        0                         0      0        2
  MONTH TO DATE   12                         0     12        2
  SINCE DEC 1     12                         1     11        2
  SINCE JAN 1     12                         0     12        2
..................................................................

WIND (MPH)
  HIGHEST WIND SPEED    16   HIGHEST WIND DIRECTION     S (190)
  HIGHEST GUST SPEED    34   HIGHEST GUST DIRECTION     S (180)
  AVERAGE WIND SPEED     3.3

SKY COVER
  POSSIBLE SUNSHINE  MM
  AVERAGE SKY COVER 0.9

WEATHER CONDITIONS
 THE FOLLOWING WEATHER WAS RECORDED YESTERDAY.
  HEAVY RAIN
  RAIN
  LIGHT RAIN
  FOG
  FOG W/VISIBILITY <= 1/4 MILE

RELATIVE HUMIDITY (PERCENT)
 HIGHEST    93           700 AM
 LOWEST     73           300 AM
 AVERAGE    83

..........................................................

THE JACKSON KY CLIMATE NORMALS FOR TODAY
                         NORMAL    RECORD    YEAR
 MAXIMUM TEMPERATURE (F)   51        76      2000
 MINIMUM TEMPERATURE (F)   32        13      1990

SUNRISE AND SUNSET
FEBRUARY 25 2018......SUNRISE   710 AM EST   SUNSET   623 PM EST
FEBRUARY 26 2018......SUNRISE   709 AM EST   SUNSET   624 PM EST

-  INDICATES NEGATIVE NUMBERS.
R  INDICATES RECORD WAS SET OR TIED.
MM INDICATES DATA IS MISSING.
T  INDICATES TRACE AMOUNT.

$$
