569
CDUS43 KJKL 270527
CLIJKL

CLIMATE REPORT
NATIONAL WEATHER SERVICE JACKSON KY
127 AM EDT THU JUL 27 2017

...................................

...THE JACKSON KY CLIMATE SUMMARY FOR JULY 26 2017...

CLIMATE NORMAL PERIOD 1981 TO 2010
CLIMATE RECORD PERIOD 1981 TO 2017

WEATHER ITEM   OBSERVED TIME   RECORD YEAR NORMAL DEPARTURE LAST
                VALUE   (LST)  VALUE       VALUE  FROM      YEAR
                                                  NORMAL
..................................................................
TEMPERATURE (F)
 YESTERDAY
  MAXIMUM         87    500 PM  97    1993  85      2       91
  MINIMUM         61    601 AM  59    2013  66     -5       71
  AVERAGE         74                        75     -1       81

PRECIPITATION (IN)
  YESTERDAY        0.00          1.78 1993   0.15  -0.15     0.00
  MONTH TO DATE    3.02                      3.90  -0.88     4.55
  SINCE JUN 1      9.23                      8.60   0.63     9.56
  SINCE JAN 1     32.65                     29.11   3.54    32.36

SNOWFALL (IN)
  YESTERDAY        0.0                       0.0    0.0      0.0
  MONTH TO DATE    0.0                       0.0    0.0      0.0
  SINCE JUN 1      0.0                       0.0    0.0      0.0
  SINCE JUL 1      0.0                       0.0    0.0      0.0
  SNOW DEPTH       0

DEGREE DAYS
 HEATING
  YESTERDAY        0                         0      0        0
  MONTH TO DATE    0                         0      0        0
  SINCE JUN 1      4                        12     -8        1
  SINCE JUL 1      0                         0      0        0

 COOLING
  YESTERDAY        9                        10     -1       16
  MONTH TO DATE  313                       266     47      328
  SINCE JUN 1    519                       489     30      624
  SINCE JAN 1    718                       625     93      765
..................................................................

WIND (MPH)
  HIGHEST WIND SPEED     7   HIGHEST WIND DIRECTION    NW (310)
  HIGHEST GUST SPEED    10   HIGHEST GUST DIRECTION     W (280)
  AVERAGE WIND SPEED     1.2

SKY COVER
  POSSIBLE SUNSHINE  MM
  AVERAGE SKY COVER 0.0

WEATHER CONDITIONS
 THE FOLLOWING WEATHER WAS RECORDED YESTERDAY.
  FOG

RELATIVE HUMIDITY (PERCENT)
 HIGHEST    97           600 AM
 LOWEST     51           200 PM
 AVERAGE    74
..........................................................

THE JACKSON KY CLIMATE NORMALS FOR TODAY
                         NORMAL    RECORD    YEAR
 MAXIMUM TEMPERATURE (F)   85        91      2016
                                             2005
                                             1997
 MINIMUM TEMPERATURE (F)   66        62      1996
                                             1994
                                             1984

SUNRISE AND SUNSET
JULY 27 2017..........SUNRISE   633 AM EDT   SUNSET   846 PM EDT
JULY 28 2017..........SUNRISE   634 AM EDT   SUNSET   845 PM EDT

-  INDICATES NEGATIVE NUMBERS.
R  INDICATES RECORD WAS SET OR TIED.
MM INDICATES DATA IS MISSING.
T  INDICATES TRACE AMOUNT.

$$

GEOGERIAN
