000
CDUS43 KJKL 300538
CLIJKL

CLIMATE REPORT
NATIONAL WEATHER SERVICE JACKSON KY
137 AM EDT TUE MAY 30 2017

...................................

...THE JACKSON KY CLIMATE SUMMARY FOR MAY 29 2017...

CLIMATE NORMAL PERIOD 1981 TO 2010
CLIMATE RECORD PERIOD 1981 TO 2017


WEATHER ITEM   OBSERVED TIME   RECORD YEAR NORMAL DEPARTURE LAST
                VALUE   (LST)  VALUE       VALUE  FROM      YEAR
                                                  NORMAL
..................................................................
TEMPERATURE (F)
 YESTERDAY
  MAXIMUM         79    257 PM  89    2011  77      2       82
                                      2006
                                      1987
  MINIMUM         64    558 AM  44    1984  58      6       67
  AVERAGE         72                        68      4       75

PRECIPITATION (IN)
  YESTERDAY        0.00          1.40 1992   0.18  -0.18     0.13
  MONTH TO DATE    7.25                      4.85   2.40     7.04
  SINCE MAR 1     15.69                     12.80   2.89    13.24
  SINCE JAN 1     23.26                     20.16   3.10    22.80

SNOWFALL (IN)
  YESTERDAY        0.0                       0.0    0.0      0.0
  MONTH TO DATE    0.0                       0.0    0.0      0.0
  SINCE MAR 1      0.2                       3.9   -3.7      2.9
  SINCE JUL 1      4.8                      23.5  -18.7     32.5
  SNOW DEPTH       0

DEGREE DAYS
 HEATING
  YESTERDAY        0                         2     -2        0
  MONTH TO DATE   88                        98    -10      137
  SINCE MAR 1    717                       919   -202      700
  SINCE JUL 1   3209                      4219  -1010     3454

 COOLING
  YESTERDAY        7                         4      3       10
  MONTH TO DATE   92                        83      9       69
  SINCE MAR 1    188                       129     59      123
  SINCE JAN 1    190                       129     61      123
..................................................................


WIND (MPH)
  HIGHEST WIND SPEED     7   HIGHEST WIND DIRECTION     S (170)
  HIGHEST GUST SPEED    13   HIGHEST GUST DIRECTION     W (290)
  AVERAGE WIND SPEED     1.4


SKY COVER
  POSSIBLE SUNSHINE  MM
  AVERAGE SKY COVER 0.5


WEATHER CONDITIONS
 THE FOLLOWING WEATHER WAS RECORDED YESTERDAY.
  NO SIGNIFICANT WEATHER WAS OBSERVED.


RELATIVE HUMIDITY (PERCENT)
 HIGHEST    93           400 AM
 LOWEST     54           400 PM
 AVERAGE    74

..........................................................


THE JACKSON KY CLIMATE NORMALS FOR TODAY
                         NORMAL    RECORD    YEAR
 MAXIMUM TEMPERATURE (F)   78        90      2006
 MINIMUM TEMPERATURE (F)   58        39      1984


SUNRISE AND SUNSET
MAY 30 2017...........SUNRISE   614 AM EDT   SUNSET   848 PM EDT
MAY 31 2017...........SUNRISE   614 AM EDT   SUNSET   849 PM EDT


-  INDICATES NEGATIVE NUMBERS.
R  INDICATES RECORD WAS SET OR TIED.
MM INDICATES DATA IS MISSING.
T  INDICATES TRACE AMOUNT.




$$
