000
CDUS43 KJKL 250545
CLIJKL

CLIMATE REPORT
NATIONAL WEATHER SERVICE JACKSON KY
145 AM EDT FRI JUL 25 2014
...................................

...THE JACKSON KY CLIMATE SUMMARY FOR JULY 24 2014...

CLIMATE NORMAL PERIOD 1981 TO 2010
CLIMATE RECORD PERIOD 1981 TO 2014

WEATHER ITEM   OBSERVED TIME   RECORD YEAR NORMAL DEPARTURE LAST
                VALUE   (LST)  VALUE       VALUE  FROM      YEAR
                                                  NORMAL
..................................................................
TEMPERATURE (F)
 YESTERDAY
  MAXIMUM         69    425 PM  93    1987  85    -16       78
                                      1986
  MINIMUM         62   1157 PM  56    2008  66     -4       65
  AVERAGE         66                        75     -9       72

PRECIPITATION (IN)
  YESTERDAY        0.12          0.68 2012   0.16  -0.04     0.00
  MONTH TO DATE    4.40                      3.60   0.80     6.16
  SINCE JUN 1      7.52                      8.30  -0.78    12.52
  SINCE JAN 1     28.38                     28.81  -0.43    32.72

SNOWFALL (IN)
  YESTERDAY        0.0                       0.0    0.0      0.0
  MONTH TO DATE    0.0                       0.0    0.0      0.0
  SINCE JUN 1      0.0                       0.0    0.0      0.0
  SINCE JUL 1      0.0                       0.0    0.0      0.0
  SNOW DEPTH       0

DEGREE DAYS
 HEATING
  YESTERDAY        0                         0      0        0
  MONTH TO DATE    1                         0      1        0
  SINCE JUN 1      1                        12    -11        0
  SINCE JUL 1      1                         0      1        0

 COOLING
  YESTERDAY        1                        10     -9        7
  MONTH TO DATE  221                       246    -25      247
  SINCE JUN 1    508                       469     39      471
  SINCE JAN 1    699                       605     94      619
..................................................................

WIND (MPH)
  HIGHEST WIND SPEED     9   HIGHEST WIND DIRECTION     N (340)
  HIGHEST GUST SPEED    17   HIGHEST GUST DIRECTION    NW (330)
  AVERAGE WIND SPEED     0.5

SKY COVER
  POSSIBLE SUNSHINE  MM
  AVERAGE SKY COVER 0.8

WEATHER CONDITIONS
 THE FOLLOWING WEATHER WAS RECORDED YESTERDAY.
  HEAVY RAIN
  LIGHT RAIN
  FOG
  FOG W/VISIBILITY <= 1/4 MILE
  HAZE

RELATIVE HUMIDITY (PERCENT)
 HIGHEST    93           100 AM
 LOWEST     73           400 PM
 AVERAGE    83
..........................................................

THE JACKSON KY CLIMATE NORMALS FOR TODAY
                         NORMAL    RECORD    YEAR
 MAXIMUM TEMPERATURE (F)   85        97      1993
 MINIMUM TEMPERATURE (F)   66        59      2013
                                             2003

SUNRISE AND SUNSET
JULY 25 2014..........SUNRISE   631 AM EDT   SUNSET   848 PM EDT
JULY 26 2014..........SUNRISE   632 AM EDT   SUNSET   847 PM EDT

-  INDICATES NEGATIVE NUMBERS.
R  INDICATES RECORD WAS SET OR TIED.
MM INDICATES DATA IS MISSING.
T  INDICATES TRACE AMOUNT.

$$
