000
CDUS43 KJKL 212120
CLIJKL

CLIMATE REPORT
NATIONAL WEATHER SERVICE JACKSON KY
418 PM EST SAT JAN 21 2017

...................................

...THE JACKSON KY CLIMATE SUMMARY FOR JANUARY 21 2017...
VALID TODAY AS OF 0400 PM LOCAL TIME.

CLIMATE NORMAL PERIOD 1981 TO 2010
CLIMATE RECORD PERIOD 1981 TO 2017

WEATHER ITEM   OBSERVED TIME   RECORD YEAR NORMAL DEPARTURE LAST
                VALUE   (LST)  VALUE       VALUE  FROM      YEAR
                                                  NORMAL
..................................................................
TEMPERATURE (F)
 TODAY
  MAXIMUM         60    359 PM  65    1999  43     17       26
  MINIMUM         53    725 AM -18    1985  27     26       20
  AVERAGE         57                        35     22       23

PRECIPITATION (IN)
  TODAY            0.01          1.52 2012   0.12  -0.11     0.00
  MONTH TO DATE    3.09                      2.42   0.67     1.19
  SINCE DEC 1      9.25                      6.60   2.65     5.83
  SINCE JAN 1      3.09                      2.42   0.67     1.19

SNOWFALL (IN)
  TODAY            0.0           5.4  2014   0.2   -0.2      0.0
  MONTH TO DATE    2.5                       4.6   -2.1      2.9
  SINCE DEC 1      2.8                       9.5   -6.7      2.9
  SINCE JUL 1      2.8                      10.1   -7.3      2.9
  SNOW DEPTH       0

DEGREE DAYS
 HEATING
  TODAY            8                        30    -22       42
  MONTH TO DATE  466                       630   -164      686
  SINCE DEC 1   1263                      1464   -201     1114
  SINCE JUL 1   1789                      2264   -475     1712

 COOLING
  TODAY            0                         0      0        0
  MONTH TO DATE    0                         0      0        0
  SINCE DEC 1      0                         1     -1        2
  SINCE JAN 1      0                         0      0        0
..................................................................

WIND (MPH)
  HIGHEST WIND SPEED     7   HIGHEST WIND DIRECTION    NW (300)
  HIGHEST GUST SPEED    12   HIGHEST GUST DIRECTION     S (190)
  AVERAGE WIND SPEED     3.2

SKY COVER
  POSSIBLE SUNSHINE  MM
  AVERAGE SKY COVER 0.3

WEATHER CONDITIONS
 THE FOLLOWING WEATHER WAS RECORDED TODAY.
  LIGHT RAIN

RELATIVE HUMIDITY (PERCENT)
 HIGHEST    83           700 AM
 LOWEST     72          1200 AM
 AVERAGE    78
..........................................................

THE JACKSON KY CLIMATE NORMALS FOR TOMORROW
                         NORMAL    RECORD    YEAR
 MAXIMUM TEMPERATURE (F)   43        77      1999
 MINIMUM TEMPERATURE (F)   27         0      2014

SUNRISE AND SUNSET
JANUARY 21 2017.......SUNRISE   744 AM EST   SUNSET   545 PM EST
JANUARY 22 2017.......SUNRISE   744 AM EST   SUNSET   546 PM EST

-  INDICATES NEGATIVE NUMBERS.
R  INDICATES RECORD WAS SET OR TIED.
MM INDICATES DATA IS MISSING.
T  INDICATES TRACE AMOUNT.

$$

TAB
