000
CDUS43 KSGF 300627
CLIJLN


CLIMATE REPORT
NATIONAL WEATHER SERVICE SPRINGFIELD MO
127 AM CDT TUE MAY 30 2017


...................................

...THE JOPLIN MO CLIMATE SUMMARY FOR MAY 29 2017...

CLIMATE NORMAL PERIOD 1981 TO 2010
CLIMATE RECORD PERIOD 1902 TO 2017


WEATHER ITEM   OBSERVED TIME   RECORD YEAR NORMAL DEPARTURE LAST
                VALUE   (LST)  VALUE       VALUE  FROM      YEAR
                                                  NORMAL
..................................................................
TEMPERATURE (F)
 YESTERDAY
  MAXIMUM         86    354 PM  94    1982  81      5       87
  MINIMUM         60    232 AM  40    1984  60      0       62
  AVERAGE         73                        70      3       75

PRECIPITATION (IN)
  YESTERDAY        0.00          1.35 1960   0.18  -0.18     0.00
  MONTH TO DATE    7.32                      5.34   1.98     5.48
  SINCE MAR 1     21.26                     13.23   8.03    12.60
  SINCE JAN 1     25.25                     17.58   7.67    13.27

DEGREE DAYS
 HEATING
  YESTERDAY        0                         1     -1        0
  MONTH TO DATE   62                        64     -2      123
  SINCE MAR 1    617                       813   -196      639
  SINCE JUL 1   3169                      4067   -898     3389

 COOLING
  YESTERDAY        8                         6      2       10
  MONTH TO DATE  121                       113      8       79
  SINCE MAR 1    185                       166     19      101
  SINCE JAN 1    195                       167     28      102
..................................................................


WIND (MPH)
  HIGHEST WIND SPEED    18   HIGHEST WIND DIRECTION    SW (230)
  HIGHEST GUST SPEED    22   HIGHEST GUST DIRECTION    SW (220)
  AVERAGE WIND SPEED     6.9


SKY COVER
  AVERAGE SKY COVER 0.0


WEATHER CONDITIONS
 THE FOLLOWING WEATHER WAS RECORDED YESTERDAY.
  NO SIGNIFICANT WEATHER WAS OBSERVED.


RELATIVE HUMIDITY (PERCENT)
 HIGHEST    90           300 AM
 LOWEST     35           400 PM
 AVERAGE    63

..........................................................


THE JOPLIN MO CLIMATE NORMALS FOR TODAY
                         NORMAL    RECORD    YEAR
 MAXIMUM TEMPERATURE (F)   81        94      1982
 MINIMUM TEMPERATURE (F)   60        41      1984


SUNRISE AND SUNSET
MAY 30 2017...........SUNRISE   600 AM CDT   SUNSET   831 PM CDT
MAY 31 2017...........SUNRISE   600 AM CDT   SUNSET   832 PM CDT


-  INDICATES NEGATIVE NUMBERS.
R  INDICATES RECORD WAS SET OR TIED.
MM INDICATES DATA IS MISSING.
T  INDICATES TRACE AMOUNT.




$$
