000
CDUS43 KSGF 280631
CLIJLN


CLIMATE REPORT
NATIONAL WEATHER SERVICE SPRINGFIELD MO
131 AM CDT SAT MAR 28 2015


...................................

...THE JOPLIN MO CLIMATE SUMMARY FOR MARCH 27 2015...

CLIMATE NORMAL PERIOD 1981 TO 2010
CLIMATE RECORD PERIOD 1902 TO 2015


WEATHER ITEM   OBSERVED TIME   RECORD YEAR NORMAL DEPARTURE LAST
                VALUE   (LST)  VALUE       VALUE  FROM      YEAR
                                                  NORMAL
..................................................................
TEMPERATURE (F)
 YESTERDAY
  MAXIMUM         49    452 PM  82    2008  64    -15       72
  MINIMUM         37    508 AM  19    1955  41     -4       43
  AVERAGE         43                        52     -9       58

PRECIPITATION (IN)
  YESTERDAY        T             1.39 1975   0.13  -0.13     0.02
  MONTH TO DATE    1.83                      2.92  -1.09     1.88
  SINCE MAR 1      1.83                      2.92  -1.09     1.88
  SINCE JAN 1      3.35                      7.27  -3.92     2.73

DEGREE DAYS
 HEATING
  YESTERDAY       22                        13      9        7
  MONTH TO DATE  448                       458    -10      607
  SINCE MAR 1    448                       458    -10      607
  SINCE JUL 1   3984                      3712    272     4456

 COOLING
  YESTERDAY        0                         1     -1        0
  MONTH TO DATE    0                         1     -1        0
  SINCE MAR 1      0                         1     -1        0
  SINCE JAN 1      0                         2     -2        0
..................................................................


WIND (MPH)
  HIGHEST WIND SPEED    18   HIGHEST WIND DIRECTION     N (360)
  HIGHEST GUST SPEED    24   HIGHEST GUST DIRECTION    NE (30)
  AVERAGE WIND SPEED     8.1


SKY COVER
  AVERAGE SKY COVER 0.8


WEATHER CONDITIONS
 THE FOLLOWING WEATHER WAS RECORDED YESTERDAY.
  LIGHT RAIN


RELATIVE HUMIDITY (PERCENT)
 HIGHEST    92           200 AM
 LOWEST     34           400 PM
 AVERAGE    63

..........................................................


THE JOPLIN MO CLIMATE NORMALS FOR TODAY
                         NORMAL    RECORD    YEAR
 MAXIMUM TEMPERATURE (F)   64        87      1963
 MINIMUM TEMPERATURE (F)   41        25      1948


SUNRISE AND SUNSET
MARCH 28 2015.........SUNRISE   710 AM CDT   SUNSET   737 PM CDT
MARCH 29 2015.........SUNRISE   708 AM CDT   SUNSET   738 PM CDT


-  INDICATES NEGATIVE NUMBERS.
R  INDICATES RECORD WAS SET OR TIED.
MM INDICATES DATA IS MISSING.
T  INDICATES TRACE AMOUNT.




$$
