000
CDUS43 KSGF 270639
CLIJLN


CLIMATE REPORT
NATIONAL WEATHER SERVICE SPRINGFIELD MO
139 AM CDT SAT AUG 27 2016


...................................

...THE JOPLIN MO CLIMATE SUMMARY FOR AUGUST 26 2016...

CLIMATE NORMAL PERIOD 1981 TO 2010
CLIMATE RECORD PERIOD 1902 TO 2016


WEATHER ITEM   OBSERVED TIME   RECORD YEAR NORMAL DEPARTURE LAST
                VALUE   (LST)  VALUE       VALUE  FROM      YEAR
                                                  NORMAL
..................................................................
TEMPERATURE (F)
 YESTERDAY
  MAXIMUM         83   1226 PM 101    1983  90     -7       85
                                      2000
                                      2003
  MINIMUM         68    449 AM  51    1962  67      1       57
  AVERAGE         76                        78     -2       71

PRECIPITATION (IN)
  YESTERDAY        T             3.16 1950   0.13  -0.13     0.00
  MONTH TO DATE    3.44                      2.73   0.71     8.23
  SINCE JUN 1     14.86                     12.40   2.46    20.99
  SINCE JAN 1     28.96                     30.35  -1.39    38.70

DEGREE DAYS
 HEATING
  YESTERDAY        0                         0      0        0
  MONTH TO DATE    0                         0      0        1
  SINCE JUN 1      0                         5     -5        1
  SINCE JUL 1      0                         0      0        1

 COOLING
  YESTERDAY       11                        13     -2        6
  MONTH TO DATE  380                       395    -15      300
  SINCE JUN 1   1298                      1186    112     1189
  SINCE JAN 1   1412                      1366     46     1333
..................................................................


WIND (MPH)
  HIGHEST WIND SPEED    14   HIGHEST WIND DIRECTION    SE (150)
  HIGHEST GUST SPEED    28   HIGHEST GUST DIRECTION     S (190)
  AVERAGE WIND SPEED     6.1


SKY COVER
  AVERAGE SKY COVER 0.3


WEATHER CONDITIONS
 THE FOLLOWING WEATHER WAS RECORDED YESTERDAY.
  NO SIGNIFICANT WEATHER WAS OBSERVED.


RELATIVE HUMIDITY (PERCENT)
 HIGHEST    97           400 AM
 LOWEST     74          1100 AM
 AVERAGE    86

..........................................................


THE JOPLIN MO CLIMATE NORMALS FOR TODAY
                         NORMAL    RECORD    YEAR
 MAXIMUM TEMPERATURE (F)   90       103      1954
                                             2000
 MINIMUM TEMPERATURE (F)   67        52      1962
                                             1967
                                             1992


SUNRISE AND SUNSET
AUGUST 27 2016........SUNRISE   645 AM CDT   SUNSET   753 PM CDT
AUGUST 28 2016........SUNRISE   646 AM CDT   SUNSET   752 PM CDT


-  INDICATES NEGATIVE NUMBERS.
R  INDICATES RECORD WAS SET OR TIED.
MM INDICATES DATA IS MISSING.
T  INDICATES TRACE AMOUNT.




$$
