000
CDUS43 KBIS 240737
CLIJMS


CLIMATE REPORT
NATIONAL WEATHER SERVICE BISMARCK ND
236 AM CDT MON JUL 24 2017


...................................

...THE JAMESTOWN ND CLIMATE SUMMARY FOR JULY 23 2017...

CLIMATE NORMAL PERIOD 1981 TO 2010
CLIMATE RECORD PERIOD 1891 TO 2017


WEATHER ITEM   OBSERVED TIME   RECORD YEAR NORMAL DEPARTURE LAST
                VALUE   (LST)  VALUE       VALUE  FROM      YEAR
                                                  NORMAL
..................................................................
TEMPERATURE (F)
 YESTERDAY
  MAXIMUM         81    348 PM 104    1931  83     -2       79
  MINIMUM         56    401 AM  43    1914  58     -2       65
                                      1904
  AVERAGE         69                        70     -1       72

PRECIPITATION (IN)
  YESTERDAY        0.00          1.67 2008   0.10  -0.10     0.83
  MONTH TO DATE    0.59                      2.67  -2.08     5.56
  SINCE JUN 1      2.67                      5.86  -3.19     8.01
  SINCE JAN 1      5.46                     11.41  -5.95    13.84

DEGREE DAYS
 HEATING
  YESTERDAY        0                         0      0        0
  MONTH TO DATE    3                        19    -16        7
  SINCE JUN 1     53                       116    -63       56
  SINCE JUL 1      3                        19    -16        7

 COOLING
  YESTERDAY        4                         6     -2        7
  MONTH TO DATE  167                       127     40      120
  SINCE JUN 1    250                       207     43      224
  SINCE JAN 1    250                       227     23      238
..................................................................


WIND (MPH)
  HIGHEST WIND SPEED    14   HIGHEST WIND DIRECTION     N (350)
  HIGHEST GUST SPEED    28   HIGHEST GUST DIRECTION     N (350)
  AVERAGE WIND SPEED     7.1


SKY COVER
  POSSIBLE SUNSHINE  MM
  AVERAGE SKY COVER 0.1


WEATHER CONDITIONS
 THE FOLLOWING WEATHER WAS RECORDED YESTERDAY.
  NO SIGNIFICANT WEATHER WAS OBSERVED.


RELATIVE HUMIDITY (PERCENT)
 HIGHEST   100           400 AM
 LOWEST     48           200 PM
 AVERAGE    74

..........................................................


THE JAMESTOWN ND CLIMATE NORMALS FOR TODAY
                         NORMAL    RECORD    YEAR
 MAXIMUM TEMPERATURE (F)   83       109      1931
 MINIMUM TEMPERATURE (F)   58        37      1916


SUNRISE AND SUNSET
JULY 24 2017..........SUNRISE   605 AM CDT   SUNSET   917 PM CDT
JULY 25 2017..........SUNRISE   606 AM CDT   SUNSET   915 PM CDT


-  INDICATES NEGATIVE NUMBERS.
R  INDICATES RECORD WAS SET OR TIED.
MM INDICATES DATA IS MISSING.
T  INDICATES TRACE AMOUNT.




$$
