000
CDUS43 KBIS 190732
CLIJMS


CLIMATE REPORT
NATIONAL WEATHER SERVICE BISMARCK ND
132 AM CST SUN NOV 19 2017


...................................

...THE JAMESTOWN ND CLIMATE SUMMARY FOR NOVEMBER 18 2017...

CLIMATE NORMAL PERIOD 1981 TO 2010
CLIMATE RECORD PERIOD 1891 TO 2017


WEATHER ITEM   OBSERVED TIME   RECORD YEAR NORMAL DEPARTURE LAST
                VALUE   (LST)  VALUE       VALUE  FROM      YEAR
                                                  NORMAL
..................................................................
TEMPERATURE (F)
 YESTERDAY
  MAXIMUM         24    149 PM  69    1908  35    -11       34
  MINIMUM         11   1131 PM  -7    1903  17     -6       22
                                      1894
  AVERAGE         18                        26     -8       28

PRECIPITATION (IN)
  YESTERDAY        0.00          0.47 1998   0.02  -0.02     0.00
  MONTH TO DATE    0.13                      0.43  -0.30      T
  SINCE SEP 1      3.04                      3.98  -0.94     5.06
  SINCE JAN 1     12.35                     18.17  -5.82    23.81

DEGREE DAYS
 HEATING
  YESTERDAY       47                        39      8       37
  MONTH TO DATE  760                       607    153      361
  SINCE SEP 1   1551                      1508     43     1130
  SINCE JUL 1   1585                      1574     11     1163

 COOLING
  YESTERDAY        0                         0      0        0
  MONTH TO DATE    0                         0      0        0
  SINCE SEP 1     35                        31      4       26
  SINCE JAN 1    397                       446    -49      419
..................................................................


WIND (MPH)
  HIGHEST WIND SPEED    28   HIGHEST WIND DIRECTION    NW (320)
  HIGHEST GUST SPEED    34   HIGHEST GUST DIRECTION    NW (320)
  AVERAGE WIND SPEED    13.3


SKY COVER
  POSSIBLE SUNSHINE  MM
  AVERAGE SKY COVER 0.2


WEATHER CONDITIONS
 THE FOLLOWING WEATHER WAS RECORDED YESTERDAY.
  NO SIGNIFICANT WEATHER WAS OBSERVED.


RELATIVE HUMIDITY (PERCENT)
 HIGHEST    96           300 AM
 LOWEST     54           200 PM
 AVERAGE    75

..........................................................


THE JAMESTOWN ND CLIMATE NORMALS FOR TODAY
                         NORMAL    RECORD    YEAR
 MAXIMUM TEMPERATURE (F)   35        72      1897
 MINIMUM TEMPERATURE (F)   16       -15      1896


SUNRISE AND SUNSET
NOVEMBER 19 2017......SUNRISE   744 AM CST   SUNSET   456 PM CST
NOVEMBER 20 2017......SUNRISE   745 AM CST   SUNSET   455 PM CST


-  INDICATES NEGATIVE NUMBERS.
R  INDICATES RECORD WAS SET OR TIED.
MM INDICATES DATA IS MISSING.
T  INDICATES TRACE AMOUNT.




$$
