000
CDUS43 KBIS 030737
CLIJMS


CLIMATE REPORT
NATIONAL WEATHER SERVICE BISMARCK ND
237 AM CDT WED JUN 3 2015


...................................

...THE JAMESTOWN ND CLIMATE SUMMARY FOR JUNE 2 2015...

CLIMATE NORMAL PERIOD 1981 TO 2010
CLIMATE RECORD PERIOD 1891 TO 2015


WEATHER ITEM   OBSERVED TIME   RECORD YEAR NORMAL DEPARTURE LAST
                VALUE   (LST)  VALUE       VALUE  FROM      YEAR
                                                  NORMAL
..................................................................
TEMPERATURE (F)
 YESTERDAY
  MAXIMUM         80    409 PM  95    1948  73      7       64
  MINIMUM         61   1159 PM  27    1910  49     12       54
  AVERAGE         71                        61     10       59

PRECIPITATION (IN)
  YESTERDAY        0.04          1.05 1939   0.10  -0.06     0.01
  MONTH TO DATE    0.04                      0.20  -0.16     1.18
  SINCE JUN 1      0.04                      0.20  -0.16     1.18
  SINCE JAN 1     10.20                      5.75   4.45     9.62

DEGREE DAYS
 HEATING
  YESTERDAY        0                         6     -6        6
  MONTH TO DATE    0                        12    -12        6
  SINCE JUN 1      0                        12    -12        6
  SINCE JUL 1   8695                      8928   -233     9680

 COOLING
  YESTERDAY        6                         1      5        0
  MONTH TO DATE    7                         2      5        4
  SINCE JUN 1      7                         2      5        4
  SINCE JAN 1     15                        22     -7       58
..................................................................


WIND (MPH)
  HIGHEST WIND SPEED    21   HIGHEST WIND DIRECTION    SE (150)
  HIGHEST GUST SPEED    27   HIGHEST GUST DIRECTION     S (170)
  AVERAGE WIND SPEED    11.1


SKY COVER
  POSSIBLE SUNSHINE  MM
  AVERAGE SKY COVER 0.5


WEATHER CONDITIONS
 THE FOLLOWING WEATHER WAS RECORDED YESTERDAY.
  THUNDERSTORM
  LIGHT RAIN
  FOG


RELATIVE HUMIDITY (PERCENT)
 HIGHEST    93          1000 PM
 LOWEST     58           400 PM
 AVERAGE    76

..........................................................


THE JAMESTOWN ND CLIMATE NORMALS FOR TODAY
                         NORMAL    RECORD    YEAR
 MAXIMUM TEMPERATURE (F)   73       100      1968
 MINIMUM TEMPERATURE (F)   49        33      1950


SUNRISE AND SUNSET
JUNE  3 2015..........SUNRISE   543 AM CDT   SUNSET   923 PM CDT
JUNE  4 2015..........SUNRISE   542 AM CDT   SUNSET   924 PM CDT


-  INDICATES NEGATIVE NUMBERS.
R  INDICATES RECORD WAS SET OR TIED.
MM INDICATES DATA IS MISSING.
T  INDICATES TRACE AMOUNT.




$$
