000
CDUS43 KBIS 280732
CLIJMS


CLIMATE REPORT
NATIONAL WEATHER SERVICE BISMARCK ND
131 AM CST WED JAN 28 2015


...................................

...THE JAMESTOWN ND CLIMATE SUMMARY FOR JANUARY 27 2015...

CLIMATE NORMAL PERIOD 1981 TO 2010
CLIMATE RECORD PERIOD 1891 TO 2015


WEATHER ITEM   OBSERVED TIME   RECORD YEAR NORMAL DEPARTURE LAST
                VALUE   (LST)  VALUE       VALUE  FROM      YEAR
                                                  NORMAL
..................................................................
TEMPERATURE (F)
 YESTERDAY
  MAXIMUM         41    327 PM  47    1989  21     20       -5
  MINIMUM         24    451 AM -36    1918   0     24      -15
  AVERAGE         33                        10     23      -10

PRECIPITATION (IN)
  YESTERDAY        0.00          0.22 1962   0.01  -0.01     0.00
  MONTH TO DATE    0.27                      0.40  -0.13     0.29
  SINCE DEC 1      0.30                      0.80  -0.50     0.55
  SINCE JAN 1      0.27                      0.40  -0.13     0.29

DEGREE DAYS
 HEATING
  YESTERDAY       32                        55    -23       75
  MONTH TO DATE 1329                      1483   -154     1498
  SINCE DEC 1   2792                      3059   -267     3360
  SINCE JUL 1   4955                      5143   -188     5368

 COOLING
  YESTERDAY        0                         0      0        0
  MONTH TO DATE    0                         0      0        0
  SINCE DEC 1      0                         0      0        0
  SINCE JAN 1      0                         0      0        0
..................................................................


WIND (MPH)
  HIGHEST WIND SPEED    23   HIGHEST WIND DIRECTION     S (170)
  HIGHEST GUST SPEED    26   HIGHEST GUST DIRECTION     S (170)
  AVERAGE WIND SPEED    10.5


SKY COVER
  POSSIBLE SUNSHINE  MM
  AVERAGE SKY COVER 0.2


WEATHER CONDITIONS
 THE FOLLOWING WEATHER WAS RECORDED YESTERDAY.
  FOG
  FOG W/VISIBILITY <= 1/4 MILE


RELATIVE HUMIDITY (PERCENT)
 HIGHEST   100           100 AM
 LOWEST     79           100 PM
 AVERAGE    90

..........................................................


THE JAMESTOWN ND CLIMATE NORMALS FOR TODAY
                         NORMAL    RECORD    YEAR
 MAXIMUM TEMPERATURE (F)   21        48      1926
 MINIMUM TEMPERATURE (F)    0       -35      1915


SUNRISE AND SUNSET
JANUARY 28 2015.......SUNRISE   804 AM CST   SUNSET   531 PM CST
JANUARY 29 2015.......SUNRISE   803 AM CST   SUNSET   533 PM CST


-  INDICATES NEGATIVE NUMBERS.
R  INDICATES RECORD WAS SET OR TIED.
MM INDICATES DATA IS MISSING.
T  INDICATES TRACE AMOUNT.




$$
