000
CDUS43 KBIS 252317
CLIJMS


CLIMATE REPORT
NATIONAL WEATHER SERVICE BISMARCK ND
517 PM CST SAT FEB 25 2017


...................................

...THE JAMESTOWN ND CLIMATE SUMMARY FOR FEBRUARY 25 2017...
VALID TODAY AS OF 0500 PM LOCAL TIME.

CLIMATE NORMAL PERIOD 1981 TO 2010
CLIMATE RECORD PERIOD 1891 TO 2017


WEATHER ITEM   OBSERVED TIME   RECORD YEAR NORMAL DEPARTURE LAST
                VALUE   (LST)  VALUE       VALUE  FROM      YEAR
                                                  NORMAL
..................................................................
TEMPERATURE (F)
 TODAY
  MAXIMUM         29    305 PM  64    1958  28      1       31
  MINIMUM         13    327 AM -23    1934  10      3       22
  AVERAGE         21                        19      2       27

PRECIPITATION (IN)
  TODAY            T             0.59 2000   0.02  -0.02     0.00
  MONTH TO DATE    0.20                      0.34  -0.14     0.11
  SINCE DEC 1      1.71                      1.19   0.52     0.25
  SINCE JAN 1      0.42                      0.79  -0.37     0.11

DEGREE DAYS
 HEATING
  TODAY           44                        46     -2       38
  MONTH TO DATE 1065                      1261   -196     1051
  SINCE DEC 1   4316                      4539   -223     3969
  SINCE JUL 1   5877                      6623   -746     5617

 COOLING
  TODAY            0                         0      0        0
  MONTH TO DATE    0                         0      0        0
  SINCE DEC 1      0                         0      0        0
  SINCE JAN 1      0                         0      0        0
..................................................................


WIND (MPH)
  RESULTANT WIND SPEED   7   RESULTANT WIND DIRECTION   W (290)
  HIGHEST WIND SPEED    16   HIGHEST WIND DIRECTION    NW (310)
  HIGHEST GUST SPEED    18   HIGHEST GUST DIRECTION    NW (320)
  AVERAGE WIND SPEED     8.7


SKY COVER
  POSSIBLE SUNSHINE  MM
  AVERAGE SKY COVER 0.7


WEATHER CONDITIONS
 THE FOLLOWING WEATHER WAS RECORDED TODAY.
  LIGHT SNOW
  FOG
  HAZE


RELATIVE HUMIDITY (PERCENT)
 HIGHEST    88          1200 AM
 LOWEST     69           300 PM
 AVERAGE    79

..........................................................


THE JAMESTOWN ND CLIMATE NORMALS FOR TOMORROW
                         NORMAL    RECORD    YEAR
 MAXIMUM TEMPERATURE (F)   29        56      1896
                                             1895
 MINIMUM TEMPERATURE (F)   10       -24      1897


SUNRISE AND SUNSET
FEBRUARY 25 2017......SUNRISE   721 AM CST   SUNSET   615 PM CST
FEBRUARY 26 2017......SUNRISE   719 AM CST   SUNSET   616 PM CST


-  INDICATES NEGATIVE NUMBERS.
R  INDICATES RECORD WAS SET OR TIED.
MM INDICATES DATA IS MISSING.
T  INDICATES TRACE AMOUNT.




$$
