861
CDUS43 KBIS 070738
CLIJMS


CLIMATE REPORT
NATIONAL WEATHER SERVICE BISMARCK ND
136 AM CST SUN FEB 7 2016


...................................

...THE JAMESTOWN ND CLIMATE SUMMARY FOR FEBRUARY 6 2016...

CLIMATE NORMAL PERIOD 1981 TO 2010
CLIMATE RECORD PERIOD 1891 TO 2016


WEATHER ITEM   OBSERVED TIME   RECORD YEAR NORMAL DEPARTURE LAST
                VALUE   (LST)  VALUE       VALUE  FROM      YEAR
                                                  NORMAL
..................................................................
TEMPERATURE (F)
 YESTERDAY
  MAXIMUM         44    436 PM  48    1990  22     22       25
  MINIMUM         21   1215 AM -41    1936   2     19       13
  AVERAGE         33                        12     21       19

PRECIPITATION (IN)
  YESTERDAY        0.01          0.30 1895   0.01   0.00     0.00
  MONTH TO DATE    0.01                      0.06  -0.05     0.03
  SINCE DEC 1      0.15                      0.91  -0.76     0.33
  SINCE JAN 1      0.01                      0.51  -0.50     0.30

DEGREE DAYS
 HEATING
  YESTERDAY       32                        53    -21       46
  MONTH TO DATE  238                       320    -82      348
  SINCE DEC 1   3156                      3598   -442     3310
  SINCE JUL 1   4804                      5682   -878     5473

 COOLING
  YESTERDAY        0                         0      0        0
  MONTH TO DATE    0                         0      0        0
  SINCE DEC 1      0                         0      0        0
  SINCE JAN 1      0                         0      0        0
..................................................................


WIND (MPH)
  HIGHEST WIND SPEED    37   HIGHEST WIND DIRECTION    NW (300)
  HIGHEST GUST SPEED    51   HIGHEST GUST DIRECTION    NW (300)
  AVERAGE WIND SPEED    13.9


SKY COVER
  POSSIBLE SUNSHINE  MM
  AVERAGE SKY COVER 0.6


WEATHER CONDITIONS
 THE FOLLOWING WEATHER WAS RECORDED YESTERDAY.
  LIGHT RAIN


RELATIVE HUMIDITY (PERCENT)
 HIGHEST    89           700 PM
 LOWEST     55          1200 PM
 AVERAGE    72

..........................................................


THE JAMESTOWN ND CLIMATE NORMALS FOR TODAY
                         NORMAL    RECORD    YEAR
 MAXIMUM TEMPERATURE (F)   23        57      1991
 MINIMUM TEMPERATURE (F)    3       -38      1933


SUNRISE AND SUNSET
FEBRUARY  7 2016......SUNRISE   752 AM CST   SUNSET   546 PM CST
FEBRUARY  8 2016......SUNRISE   750 AM CST   SUNSET   548 PM CST


-  INDICATES NEGATIVE NUMBERS.
R  INDICATES RECORD WAS SET OR TIED.
MM INDICATES DATA IS MISSING.
T  INDICATES TRACE AMOUNT.




$$
