000
CDUS43 KBIS 210031
CLIJMS


CLIMATE REPORT
NATIONAL WEATHER SERVICE BISMARCK ND
730 PM CDT SUN APR 20 2014


...................................

...THE JAMESTOWN ND CLIMATE SUMMARY FOR APRIL 20 2014...
VALID TODAY AS OF 0700 PM LOCAL TIME.

CLIMATE NORMAL PERIOD 1981 TO 2010
CLIMATE RECORD PERIOD 1891 TO 2014


WEATHER ITEM   OBSERVED TIME   RECORD YEAR NORMAL DEPARTURE LAST
                VALUE   (LST)  VALUE       VALUE  FROM      YEAR
                                                  NORMAL
..................................................................
TEMPERATURE (F)
 TODAY
  MAXIMUM         76    322 PM  92    1980  58     18       34
  MINIMUM         29    302 AM  13    2013  32     -3       13
  AVERAGE         53                        45      8       24

PRECIPITATION (IN)
  TODAY            0.00          0.74 1954   0.04  -0.04      T
  MONTH TO DATE    0.11                      0.67  -0.56     0.22
  SINCE MAR 1      0.27                      1.51  -1.24     0.50
  SINCE JAN 1      0.66                      2.36  -1.70     0.99

DEGREE DAYS
 HEATING
  TODAY           12                        20     -8       41
  MONTH TO DATE  571                       500     71      759
  SINCE MAR 1   1842                      1661    181     2318
  SINCE JUL 1   9110                      8420    690     9065

 COOLING
  TODAY            0                         0      0        0
  MONTH TO DATE    0                         0      0        0
  SINCE MAR 1      0                         0      0        0
  SINCE JAN 1      0                         0      0        0
..................................................................


WIND (MPH)
  RESULTANT WIND SPEED   9   RESULTANT WIND DIRECTION   S (180)
  HIGHEST WIND SPEED    22   HIGHEST WIND DIRECTION     S (190)
  HIGHEST GUST SPEED    27   HIGHEST GUST DIRECTION    SW (210)
  AVERAGE WIND SPEED     9.4


SKY COVER
  POSSIBLE SUNSHINE  MM
  AVERAGE SKY COVER 0.0


WEATHER CONDITIONS
 THE FOLLOWING WEATHER WAS RECORDED TODAY.
  FOG


RELATIVE HUMIDITY (PERCENT)
 HIGHEST   100           100 AM
 LOWEST     20           300 PM
 AVERAGE    60

..........................................................


THE JAMESTOWN ND CLIMATE NORMALS FOR TOMORROW
                         NORMAL    RECORD    YEAR
 MAXIMUM TEMPERATURE (F)   58        96      1980
 MINIMUM TEMPERATURE (F)   32        15      1936


SUNRISE AND SUNSET
APRIL 20 2014.........SUNRISE   638 AM CDT   SUNSET   830 PM CDT
APRIL 21 2014.........SUNRISE   636 AM CDT   SUNSET   831 PM CDT


-  INDICATES NEGATIVE NUMBERS.
R  INDICATES RECORD WAS SET OR TIED.
MM INDICATES DATA IS MISSING.
T  INDICATES TRACE AMOUNT.




$$
