000
CDUS43 KBIS 050018
CLIJMS


CLIMATE REPORT
NATIONAL WEATHER SERVICE BISMARCK ND
718 PM CDT TUE AUG 4 2015


...................................

...THE JAMESTOWN ND CLIMATE SUMMARY FOR AUGUST 4 2015...
VALID TODAY AS OF 0700 PM LOCAL TIME.

CLIMATE NORMAL PERIOD 1981 TO 2010
CLIMATE RECORD PERIOD 1891 TO 2015


WEATHER ITEM   OBSERVED TIME   RECORD YEAR NORMAL DEPARTURE LAST
                VALUE   (LST)  VALUE       VALUE  FROM      YEAR
                                                  NORMAL
..................................................................
TEMPERATURE (F)
 TODAY
  MAXIMUM         80    202 PM 107    1947  84     -4       77
  MINIMUM         49    439 AM  39    1915  57     -8       52
  AVERAGE         65                        70     -5       65

PRECIPITATION (IN)
  TODAY            0.00          1.07 1945   0.06  -0.06     0.00
  MONTH TO DATE    0.00                      0.26  -0.26      T
  SINCE JUN 1      8.62                      6.80   1.82     7.18
  SINCE JAN 1     18.78                     12.35   6.43    15.62

DEGREE DAYS
 HEATING
  TODAY            0                         1     -1        0
  MONTH TO DATE    0                         3     -3        0
  SINCE JUN 1     51                       122    -71       87
  SINCE JUL 1      9                        25    -16       28

 COOLING
  TODAY            0                         6     -6        0
  MONTH TO DATE    9                        24    -15       18
  SINCE JUN 1    305                       276     29      191
  SINCE JAN 1    313                       296     17      245
..................................................................


WIND (MPH)
  RESULTANT WIND SPEED   3   RESULTANT WIND DIRECTION   E (100)
  HIGHEST WIND SPEED    10   HIGHEST WIND DIRECTION     E (110)
  HIGHEST GUST SPEED    13   HIGHEST GUST DIRECTION    SE (120)
  AVERAGE WIND SPEED     2.9


SKY COVER
  POSSIBLE SUNSHINE  MM
  AVERAGE SKY COVER 0.1


WEATHER CONDITIONS
 THE FOLLOWING WEATHER WAS RECORDED TODAY.
  FOG
  FOG W/VISIBILITY <= 1/4 MILE


RELATIVE HUMIDITY (PERCENT)
 HIGHEST   100           400 AM
 LOWEST     39           100 PM
 AVERAGE    70

..........................................................


THE JAMESTOWN ND CLIMATE NORMALS FOR TOMORROW
                         NORMAL    RECORD    YEAR
 MAXIMUM TEMPERATURE (F)   83       104      1937
 MINIMUM TEMPERATURE (F)   57        38      1923


SUNRISE AND SUNSET
AUGUST  4 2015........SUNRISE   618 AM CDT   SUNSET   903 PM CDT
AUGUST  5 2015........SUNRISE   619 AM CDT   SUNSET   902 PM CDT


-  INDICATES NEGATIVE NUMBERS.
R  INDICATES RECORD WAS SET OR TIED.
MM INDICATES DATA IS MISSING.
T  INDICATES TRACE AMOUNT.




$$
