000
CDUS43 KBIS 210838
CLIJMS


CLIMATE REPORT
NATIONAL WEATHER SERVICE BISMARCK ND
238 AM CST SUN JAN 21 2018


...................................

...THE JAMESTOWN ND CLIMATE SUMMARY FOR JANUARY 20 2018...

CLIMATE NORMAL PERIOD 1981 TO 2010
CLIMATE RECORD PERIOD 1891 TO 2018


WEATHER ITEM   OBSERVED TIME   RECORD YEAR NORMAL DEPARTURE LAST
                VALUE   (LST)  VALUE       VALUE  FROM      YEAR
                                                  NORMAL
..................................................................
TEMPERATURE (F)
 YESTERDAY
  MAXIMUM         41    231 PM  55    1908  20     21       34
  MINIMUM         27   1133 PM -29    1954   0     27       33
  AVERAGE         34                        10     24       34

PRECIPITATION (IN)
  YESTERDAY        0.00          0.45 1937   0.02  -0.02     0.00
  MONTH TO DATE    0.01                      0.32  -0.31     0.21
  SINCE DEC 1      0.13                      0.72  -0.59     1.50
  SINCE JAN 1      0.01                      0.32  -0.31     0.21

DEGREE DAYS
 HEATING
  YESTERDAY       31                        55    -24       31
  MONTH TO DATE 1110                      1098     12     1206
  SINCE DEC 1   2627                      2674    -47     2820
  SINCE JUL 1   4597                      4758   -161     4381

 COOLING
  YESTERDAY        0                         0      0        0
  MONTH TO DATE    0                         0      0        0
  SINCE DEC 1      0                         0      0        0
  SINCE JAN 1      0                         0      0        0
..................................................................


WIND (MPH)
  HIGHEST WIND SPEED    16   HIGHEST WIND DIRECTION     W (270)
  HIGHEST GUST SPEED    21   HIGHEST GUST DIRECTION     W (270)
  AVERAGE WIND SPEED     8.8


SKY COVER
  POSSIBLE SUNSHINE  MM
  AVERAGE SKY COVER 0.2


WEATHER CONDITIONS
 THE FOLLOWING WEATHER WAS RECORDED YESTERDAY.
  NO SIGNIFICANT WEATHER WAS OBSERVED.


RELATIVE HUMIDITY (PERCENT)
 HIGHEST    85          1200 AM
 LOWEST     70           200 PM
 AVERAGE    78

..........................................................


THE JAMESTOWN ND CLIMATE NORMALS FOR TODAY
                         NORMAL    RECORD    YEAR
 MAXIMUM TEMPERATURE (F)   20        49      1942
 MINIMUM TEMPERATURE (F)    0       -32      1954


SUNRISE AND SUNSET
JANUARY 21 2018.......SUNRISE   811 AM CST   SUNSET   521 PM CST
JANUARY 22 2018.......SUNRISE   810 AM CST   SUNSET   523 PM CST


-  INDICATES NEGATIVE NUMBERS.
R  INDICATES RECORD WAS SET OR TIED.
MM INDICATES DATA IS MISSING.
T  INDICATES TRACE AMOUNT.




$$
