000
CDAK47 PAJK 050053
CLIJNU
AKZ025-051400-
NATIONAL WEATHER SERVICE JUNEAU, AK
451 PM AKDT TUE AUG 4 2015


...................................

...THE JUNEAU CLIMATE SUMMARY FOR AUGUST 4 2015...
VALID TODAY AS OF 0400 PM LOCAL TIME.

CLIMATE NORMAL PERIOD 1981 TO 2010
CLIMATE RECORD PERIOD 1936 TO 2015


WEATHER ITEM   OBSERVED TIME   RECORD YEAR NORMAL DEPARTURE LAST
                VALUE   (LST)  VALUE       VALUE  FROM      YEAR
                                                  NORMAL
..................................................................
TEMPERATURE (F)
 TODAY
  MAXIMUM         78   1218 PM  80    1999  64     14       69
  MINIMUM         49    533 AM  39    1965  51     -2       55
  AVERAGE         64                        58      6       62

PRECIPITATION (IN)
  TODAY            0.00          1.62 1972   0.15  -0.15     0.10
  MONTH TO DATE    0.03                      0.62  -0.59     0.10
  SINCE JUN 1     15.09                      8.46   6.63    15.84
  SINCE JAN 1     42.91                     28.06  14.85    35.76

DEGREE DAYS
 HEATING
  TODAY            1                         8     -7        3
  MONTH TO DATE   13                        30    -17       13
  SINCE JUN 1    475                       596   -121      597
  SINCE JUL 1    241                       281    -40      243

 COOLING
  TODAY            0                         0      0        0
  MONTH TO DATE    0                         0      0        0
  SINCE JUN 1      7                         2      5        0
  SINCE JAN 1      7                         2      5        0
..................................................................


WIND (MPH)
  HIGHEST WIND SPEED    13   HIGHEST WIND DIRECTION     W (250)
  HIGHEST GUST SPEED    14   HIGHEST GUST DIRECTION    SW (240)
  AVERAGE WIND SPEED     4.7


SKY COVER
  AVERAGE SKY COVER 0.7


WEATHER CONDITIONS
 THE FOLLOWING WEATHER WAS RECORDED TODAY.
  NO SIGNIFICANT WEATHER WAS OBSERVED.


RELATIVE HUMIDITY (PERCENT)
 HIGHEST    93           500 AM
 LOWEST     46          1200 PM
 AVERAGE    70

..........................................................


THE JUNEAU CLIMATE NORMALS FOR TOMORROW
                         NORMAL    RECORD    YEAR
 MAXIMUM TEMPERATURE (F)   64        80      2009
 MINIMUM TEMPERATURE (F)   51        38      1966


SUNRISE AND SUNSET
AUGUST  4 2015........SUNRISE   456 AM AKDT  SUNSET   912 PM AKDT
AUGUST  5 2015........SUNRISE   458 AM AKDT  SUNSET   909 PM AKDT


-  INDICATES NEGATIVE NUMBERS.
R  INDICATES RECORD WAS SET OR TIED.
MM INDICATES DATA IS MISSING.
T  INDICATES TRACE AMOUNT.


$$



&&
----------------------------
AMOUNT OF DAYLIGHT TODAY  (HOUR:MIN)........16:11
GAIN/LOSS SINCE YESTERDAY (HOUR:MIN:SEC)....-0:04:31
