000
CDAK47 PAJK 171126
CLIJNU
AKZ025-172300-
CLIMATE REPORT
NATIONAL WEATHER SERVICE JUNEAU, AK
325 AM AKDT THU APR 17 2014

...................................

...THE JUNEAU CLIMATE SUMMARY FOR APRIL 16 2014...

CLIMATE NORMAL PERIOD 1981 TO 2010
CLIMATE RECORD PERIOD 1943 TO 2014

WEATHER ITEM   OBSERVED TIME   RECORD YEAR NORMAL DEPARTURE LAST
                VALUE   (LST)  VALUE       VALUE  FROM      YEAR
                                                  NORMAL
..................................................................
TEMPERATURE (F)
 YESTERDAY
  MAXIMUM         51    429 PM  57    2012  49      2       40
  MINIMUM         38   1115 PM  24    2004  33      5       31
                                      2002
  AVERAGE         45                        41      4       36

PRECIPITATION (IN)
  YESTERDAY        T             0.71 1952   0.09  -0.09     0.42
  MONTH TO DATE    1.91                      1.61   0.30     2.44
  SINCE MAR 1      5.36                      5.39  -0.03     4.80
  SINCE JAN 1     17.49                     14.87   2.62    19.11

SNOWFALL (IN)
  YESTERDAY        0.0           3.1  1961   0.0    0.0       T
  MONTH TO DATE    0.3                       0.9   -0.6      6.0
  SINCE MAR 1      6.3                      12.5   -6.2     15.4
  SINCE JUL 1     97.1                      86.5   10.6     78.8
  SNOW DEPTH       0

DEGREE DAYS
 HEATING
  YESTERDAY       20                        24     -4       29
  MONTH TO DATE  418                       416      2      456
  SINCE MAR 1   1450                      1383     67     1542
  SINCE JUL 1   7091                      7220   -129     7613

 COOLING
  YESTERDAY        0                         0      0        0
  MONTH TO DATE    0                         0      0        0
  SINCE MAR 1      0                         0      0        0
  SINCE JAN 1      0                         0      0        0
..................................................................

WIND (MPH)
  HIGHEST WIND SPEED    16   HIGHEST WIND DIRECTION    SW (240)
  HIGHEST GUST SPEED    20   HIGHEST GUST DIRECTION    SW (220)
  AVERAGE WIND SPEED     6.1

SKY COVER
  POSSIBLE SUNSHINE  MM
  AVERAGE SKY COVER 0.8

WEATHER CONDITIONS
 THE FOLLOWING WEATHER WAS RECORDED YESTERDAY.
  LIGHT RAIN

RELATIVE HUMIDITY (PERCENT)
 HIGHEST    92           500 AM
 LOWEST     52           600 PM
 AVERAGE    72
..........................................................

THE JUNEAU CLIMATE NORMALS FOR TODAY
                         NORMAL    RECORD    YEAR
 MAXIMUM TEMPERATURE (F)   49        60      1953
 MINIMUM TEMPERATURE (F)   34        21      2008

SUNRISE AND SUNSET
APRIL 17 2014.........SUNRISE   541 AM AKDT  SUNSET   817 PM AKDT
APRIL 18 2014.........SUNRISE   538 AM AKDT  SUNSET   819 PM AKDT

-  INDICATES NEGATIVE NUMBERS.
R  INDICATES RECORD WAS SET OR TIED.
MM INDICATES DATA IS MISSING.
T  INDICATES TRACE AMOUNT.

$$
&&
----------------------------
AMOUNT OF DAYLIGHT TODAY  (HOUR:MIN)........14:36
GAIN/LOSS SINCE YESTERDAY (HOUR:MIN:SEC)....+0:05:01
