000
CDAK47 PAJK 231126
CLIJNU
AKZ025-232300-
CLIMATE REPORT
NATIONAL WEATHER SERVICE JUNEAU, AK
325 AM AKDT SAT AUG 23 2014

...................................

...THE JUNEAU CLIMATE SUMMARY FOR AUGUST 22 2014...

CLIMATE NORMAL PERIOD 1981 TO 2010
CLIMATE RECORD PERIOD 1943 TO 2014

WEATHER ITEM   OBSERVED TIME   RECORD YEAR NORMAL DEPARTURE LAST
                VALUE   (LST)  VALUE       VALUE  FROM      YEAR
                                                  NORMAL
..................................................................
TEMPERATURE (F)
 YESTERDAY
  MAXIMUM         70    246 PM  79    1979  62      8       60
  MINIMUM         45    409 AM  38    1954  48     -3       50
  AVERAGE         58                        55      3       55

PRECIPITATION (IN)
  YESTERDAY        T             1.24 1962   0.20  -0.20      T
  MONTH TO DATE    6.69                      3.77   2.92     3.24
  SINCE JUN 1     22.34                     11.61  10.73    10.88
  SINCE JAN 1     42.26                     31.21  11.05    39.25

DEGREE DAYS
 HEATING
  YESTERDAY        7                        10     -3       10
  MONTH TO DATE  151                       186    -35      128
  SINCE JUN 1    731                       752    -21      564
  SINCE JUL 1    381                       437    -56      350

 COOLING
  YESTERDAY        0                         0      0        0
  MONTH TO DATE    0                         0      0        0
  SINCE JUN 1      0                         2     -2        9
  SINCE JAN 1      0                         2     -2        9
..................................................................

WIND (MPH)
  HIGHEST WIND SPEED    10   HIGHEST WIND DIRECTION     W (250)
  HIGHEST GUST SPEED    12   HIGHEST GUST DIRECTION     W (260)
  AVERAGE WIND SPEED     3.1

SKY COVER
  POSSIBLE SUNSHINE  MM
  AVERAGE SKY COVER 0.7

WEATHER CONDITIONS
 THE FOLLOWING WEATHER WAS RECORDED YESTERDAY.
  LIGHT RAIN
  FOG

RELATIVE HUMIDITY (PERCENT)
 HIGHEST   100           100 AM
 LOWEST     53           300 PM
 AVERAGE    77
..........................................................

THE JUNEAU CLIMATE NORMALS FOR TODAY
                         NORMAL    RECORD    YEAR
 MAXIMUM TEMPERATURE (F)   62        80      1979
 MINIMUM TEMPERATURE (F)   48        35      1969

SUNRISE AND SUNSET
AUGUST 23 2014........SUNRISE   538 AM AKDT  SUNSET   822 PM AKDT
AUGUST 24 2014........SUNRISE   540 AM AKDT  SUNSET   820 PM AKDT

-  INDICATES NEGATIVE NUMBERS.
R  INDICATES RECORD WAS SET OR TIED.
MM INDICATES DATA IS MISSING.
T  INDICATES TRACE AMOUNT.

$$
&&
----------------------------
AMOUNT OF DAYLIGHT TODAY  (HOUR:MIN)........14:44
GAIN/LOSS SINCE YESTERDAY (HOUR:MIN:SEC)....-0:04:55
