000
CDAK47 PAJK 071303
CLIJNU
AKZ025-080100-
CLIMATE REPORT
NATIONAL WEATHER SERVICE JUNEAU, AK
501 AM AKDT TUE JUL 7 2015

...................................

...THE JUNEAU CLIMATE SUMMARY FOR JULY 6 2015...

CLIMATE NORMAL PERIOD 1981 TO 2010
CLIMATE RECORD PERIOD 1943 TO 2015


WEATHER ITEM   OBSERVED TIME   RECORD YEAR NORMAL DEPARTURE LAST
                VALUE   (LST)  VALUE       VALUE  FROM      YEAR
                                                  NORMAL
..................................................................
TEMPERATURE (F)
 YESTERDAY
  MAXIMUM         84    535 PM  85    2009  64     20       72
  MINIMUM         53    427 AM  41    1965  49      4       53
  AVERAGE         69                        56     13       63

PRECIPITATION (IN)
  YESTERDAY        0.00          2.06 1997   0.13  -0.13      T
  MONTH TO DATE    0.71                      0.76  -0.05     1.33
  SINCE JUN 1      5.37                      4.00   1.37     8.81
  SINCE JAN 1     33.19                     23.60   9.59    28.73

DEGREE DAYS
 HEATING
  YESTERDAY        0                         9     -9        2
  MONTH TO DATE   41                        54    -13       43
  SINCE JUN 1    275                       369    -94      397
  SINCE JUL 1     41                        54    -13       43

 COOLING
  YESTERDAY        4                         0      4        0
  MONTH TO DATE    4                         0      4        0
  SINCE JUN 1      6                         1      5        0
  SINCE JAN 1      6                         1      5        0
..................................................................

WIND (MPH)
  HIGHEST WIND SPEED    13   HIGHEST WIND DIRECTION    SW (230)
  HIGHEST GUST SPEED    14   HIGHEST GUST DIRECTION    SW (230)
  AVERAGE WIND SPEED     5.6


SKY COVER
  AVERAGE SKY COVER 0.4


WEATHER CONDITIONS
 THE FOLLOWING WEATHER WAS RECORDED YESTERDAY.
  NO SIGNIFICANT WEATHER WAS OBSERVED.


RELATIVE HUMIDITY (PERCENT)
 HIGHEST    83           300 AM
 LOWEST     29           500 PM
 AVERAGE    56

..........................................................


THE JUNEAU CLIMATE NORMALS FOR TODAY
                         NORMAL    RECORD    YEAR
 MAXIMUM TEMPERATURE (F)   64        90      1975
 MINIMUM TEMPERATURE (F)   49        39      1968


SUNRISE AND SUNSET
JULY  7 2015..........SUNRISE   404 AM AKDT  SUNSET  1002 PM AKDT
JULY  8 2015..........SUNRISE   405 AM AKDT  SUNSET  1001 PM AKDT


-  INDICATES NEGATIVE NUMBERS.
R  INDICATES RECORD WAS SET OR TIED.
MM INDICATES DATA IS MISSING.
T  INDICATES TRACE AMOUNT.


$$


&&
----------------------------
AMOUNT OF DAYLIGHT TODAY  (HOUR:MIN)........17:58
GAIN/LOSS SINCE YESTERDAY (HOUR:MIN:SEC)....-0:02:17
