000
CDAK47 PAJK 261127
CLIJNU
AKZ025-262300-
CLIMATE REPORT
NATIONAL WEATHER SERVICE JUNEAU, AK
325 AM AKDT SAT JUL 26 2014


...................................

...THE JUNEAU CLIMATE SUMMARY FOR JULY 25 2014...

CLIMATE NORMAL PERIOD 1981 TO 2010
CLIMATE RECORD PERIOD 1943 TO 2014


WEATHER ITEM   OBSERVED TIME   RECORD YEAR NORMAL DEPARTURE LAST
                VALUE   (LST)  VALUE       VALUE  FROM      YEAR
                                                  NORMAL
..................................................................
TEMPERATURE (F)
 YESTERDAY
  MAXIMUM         57    922 AM  81    1966  64     -7       62
  MINIMUM         53   1151 PM  42    1967  51      2       53
  AVERAGE         55                        58     -3       58

PRECIPITATION (IN)
  YESTERDAY        0.27          0.66 2008   0.17   0.10     0.29
  MONTH TO DATE    6.84                      3.63   3.21     4.45
  SINCE JUN 1     14.23                      6.87   7.36     7.64
  SINCE JAN 1     34.15                     26.47   7.68    36.01

DEGREE DAYS
 HEATING
  YESTERDAY       10                         8      2        7
  MONTH TO DATE  179                       209    -30      204
  SINCE JUN 1    529                       524      5      418
  SINCE JUL 1    179                       209    -30      204

 COOLING
  YESTERDAY        0                         0      0        0
  MONTH TO DATE    0                         0      0        0
  SINCE JUN 1      0                         1     -1        7
  SINCE JAN 1      0                         1     -1        7
..................................................................


WIND (MPH)
  HIGHEST WIND SPEED    18   HIGHEST WIND DIRECTION    SE (120)
  HIGHEST GUST SPEED    22   HIGHEST GUST DIRECTION    SE (130)
  AVERAGE WIND SPEED    12.4


SKY COVER
  POSSIBLE SUNSHINE  MM
  AVERAGE SKY COVER 1.0


WEATHER CONDITIONS
 THE FOLLOWING WEATHER WAS RECORDED YESTERDAY.
  LIGHT RAIN
  FOG


RELATIVE HUMIDITY (PERCENT)
 HIGHEST    93           700 AM
 LOWEST     86           800 AM
 AVERAGE    90

..........................................................


THE JUNEAU CLIMATE NORMALS FOR TODAY
                         NORMAL    RECORD    YEAR
 MAXIMUM TEMPERATURE (F)   64        81      1970
 MINIMUM TEMPERATURE (F)   51        42      1956


SUNRISE AND SUNSET
JULY 26 2014..........SUNRISE   437 AM AKDT  SUNSET   931 PM AKDT
JULY 27 2014..........SUNRISE   439 AM AKDT  SUNSET   929 PM AKDT


-  INDICATES NEGATIVE NUMBERS.
R  INDICATES RECORD WAS SET OR TIED.
MM INDICATES DATA IS MISSING.
T  INDICATES TRACE AMOUNT.




$$


&&
----------------------------
AMOUNT OF DAYLIGHT TODAY  (HOUR:MIN)........16:54
GAIN/LOSS SINCE YESTERDAY (HOUR:MIN:SEC)....-0:04:04
