000
CDAK47 PAJK 181349
CLIJNU
CLIMATE REPORT
NATIONAL WEATHER SERVICE JUNEAU, AK
448 AM AKST SAT NOV 18 2017


...................................

...THE JUNEAU CLIMATE SUMMARY FOR NOVEMBER 17 2017...

CLIMATE NORMAL PERIOD 1981 TO 2010
CLIMATE RECORD PERIOD 1936 TO 2017


WEATHER ITEM   OBSERVED RECORD YEAR NORMAL DEPARTURE LAST
                VALUE   VALUE       VALUE  FROM      YEAR
                                           NORMAL
...........................................................
TEMPERATURE (F)
 YESTERDAY
  MAXIMUM         30     50    2005  37     -7       40
  MINIMUM         26      3    1969  29     -3       21
                               1966
  AVERAGE         28                 33     -5       31

PRECIPITATION (IN)
  YESTERDAY        0.39   1.18 2005   0.19   0.20     0.00
  MONTH TO DATE    0.85               3.41  -2.56     4.83
  SINCE JAN 1     60.01              53.85   6.16    55.58

SNOWFALL (IN)
  YESTERDAY       10.2 R 10.2  2017   0.5    9.7      0.0
  MONTH TO DATE   15.1                5.7    9.4      0.0
  SINCE JUL 1     15.1                6.5    8.6      5.7
  SNOW DEPTH       6

DEGREE DAYS
 HEATING
  YESTERDAY       37                 32      5       34
  MONTH TO DATE  608                515     93      386
...........................................................


WIND (MPH)
  HIGHEST WIND SPEED    23   HIGHEST WIND DIRECTION    SE (120)
  HIGHEST GUST SPEED    27   HIGHEST GUST DIRECTION    SE (130)
  AVERAGE WIND SPEED     8.6


SKY COVER
  AVERAGE SKY COVER 1.0


WEATHER CONDITIONS
 THE FOLLOWING WEATHER WAS RECORDED YESTERDAY.
  HEAVY SNOW
  SNOW
  LIGHT SNOW
  FOG
  FOG W/VISIBILITY <= 1/4 MILE


..........................................................


THE JUNEAU CLIMATE NORMALS FOR TODAY
                         NORMAL    RECORD    YEAR
 MAXIMUM TEMPERATURE (F)   37        50      2005
                                             1936
 MINIMUM TEMPERATURE (F)   28         1      1945


SUNRISE AND SUNSET
NOVEMBER 18 2017......SUNRISE   755 AM AKST  SUNSET   332 PM AKST
NOVEMBER 19 2017......SUNRISE   757 AM AKST  SUNSET   330 PM AKST


-  INDICATES NEGATIVE NUMBERS.
R  INDICATES RECORD WAS SET OR TIED.
MM INDICATES DATA IS MISSING.
T  INDICATES TRACE AMOUNT.




$$
--------------------------------------------------------------

AMOUNT OF DAYLIGHT TODAY (HOUR:MIN)......... 7 HOURS 37 MINUTES
GAIN/LOSS SINCE YESTERDAY (HOUR:MIN:SEC).... -0:04:03

$$
