000
CDUS41 KCTP 282116
CLIJST


CLIMATE REPORT
NATIONAL WEATHER SERVICE STATE COLLEGE PA
515 PM EDT THU AUG 28 2014


...................................

...THE JOHNSTOWN CLIMATE SUMMARY FOR AUGUST 28 2014...
VALID TODAY AS OF 0500 PM LOCAL TIME.

CLIMATE NORMAL PERIOD 1981 TO 2010
CLIMATE RECORD PERIOD 2000 TO 2014


WEATHER ITEM   OBSERVED TIME   RECORD YEAR NORMAL DEPARTURE LAST
                VALUE   (LST)  VALUE       VALUE  FROM      YEAR
                                                  NORMAL
..................................................................
TEMPERATURE (F)
 TODAY
  MAXIMUM         69    352 PM 100    1948  74     -5       72
  MINIMUM         57    652 AM  41    1941  58     -1       65
  AVERAGE         63                        66     -3       69

PRECIPITATION (IN)
  TODAY            0.00          2.21 1903   0.12  -0.12     0.56
  MONTH TO DATE    3.40                      3.48  -0.08     5.56
  SINCE JUN 1     11.73                      7.33   4.40    14.03
  SINCE JAN 1     25.29                     23.97   1.32    24.95

DEGREE DAYS
 HEATING
  TODAY            2                         1      1        0
  MONTH TO DATE   29                        24      5       48
  SINCE JUN 1    118                       111      7      134
  SINCE JUL 1     78                        37     41       71

 COOLING
  TODAY            0                         3     -3        4
  MONTH TO DATE   67                       111    -44       54
  SINCE JUN 1    259                       336    -77      284
  SINCE JAN 1    285                       354    -69      325
..................................................................


WIND (MPH)
  HIGHEST WIND SPEED    18   HIGHEST WIND DIRECTION    NW (300)
  HIGHEST GUST SPEED    24   HIGHEST GUST DIRECTION    NW (320)
  AVERAGE WIND SPEED    10.4


SKY COVER
  POSSIBLE SUNSHINE  MM
  AVERAGE SKY COVER 0.5


WEATHER CONDITIONS
 THE FOLLOWING WEATHER WAS RECORDED TODAY.
  FOG


RELATIVE HUMIDITY (PERCENT)
 HIGHEST    93          1200 AM
 LOWEST     49           300 PM
 AVERAGE    71

..........................................................


THE JOHNSTOWN CLIMATE NORMALS FOR TOMORROW
                         NORMAL    RECORD    YEAR
 MAXIMUM TEMPERATURE (F)   74        99      1948
 MINIMUM TEMPERATURE (F)   58        35      1982


SUNRISE AND SUNSET
AUGUST 28 2014........SUNRISE   639 AM EDT   SUNSET   753 PM EDT
AUGUST 29 2014........SUNRISE   640 AM EDT   SUNSET   752 PM EDT


-  INDICATES NEGATIVE NUMBERS.
R  INDICATES RECORD WAS SET OR TIED.
MM INDICATES DATA IS MISSING.
T  INDICATES TRACE AMOUNT.




$$
