562
CDUS41 KCTP 192216
CLIJST


CLIMATE REPORT
NATIONAL WEATHER SERVICE STATE COLLEGE PA
516 PM EST SUN FEB 19 2017


...................................

...THE JOHNSTOWN CLIMATE SUMMARY FOR FEBRUARY 19 2017...
VALID TODAY AS OF 0500 PM LOCAL TIME.

CLIMATE NORMAL PERIOD 1981 TO 2010
CLIMATE RECORD PERIOD 1892 TO 2017


WEATHER ITEM   OBSERVED TIME   RECORD YEAR NORMAL DEPARTURE LAST
                VALUE   (LST)  VALUE       VALUE  FROM      YEAR
                                                  NORMAL
..................................................................
TEMPERATURE (F)
 TODAY
  MAXIMUM         57    350 PM  69    1939  35     22       41
  MINIMUM         44    711 AM  -8    2015  21     23       16
  AVERAGE         51                        28     23       29

PRECIPITATION (IN)
  TODAY            0.00          2.09 1986   0.09  -0.09     0.00
  MONTH TO DATE    1.90                      1.58   0.32     1.31
  SINCE DEC 1      9.27                      7.03   2.24     5.91
  SINCE JAN 1      5.09                      4.46   0.63     2.18

DEGREE DAYS
 HEATING
  TODAY           14                        37    -23       36
  MONTH TO DATE  601                       737   -136      745
  SINCE DEC 1   2687                      3096   -409     2679
  SINCE JUL 1   3756                      4554   -798     3797

 COOLING
  TODAY            0                         0      0        0
  MONTH TO DATE    0                         0      0        0
  SINCE DEC 1      0                         0      0        0
  SINCE JAN 1      0                         0      0        0
..................................................................


WIND (MPH)
  HIGHEST WIND SPEED    23   HIGHEST WIND DIRECTION     W (290)
  HIGHEST GUST SPEED    32   HIGHEST GUST DIRECTION    NW (310)
  AVERAGE WIND SPEED    13.8


SKY COVER
  POSSIBLE SUNSHINE  MM
  AVERAGE SKY COVER 0.4


WEATHER CONDITIONS
 THE FOLLOWING WEATHER WAS RECORDED TODAY.
  FOG


RELATIVE HUMIDITY (PERCENT)
 HIGHEST    92           600 AM
 LOWEST     55           200 PM
 AVERAGE    74

..........................................................


THE JOHNSTOWN CLIMATE NORMALS FOR TOMORROW
                         NORMAL    RECORD    YEAR
 MAXIMUM TEMPERATURE (F)   35        70      1948
 MINIMUM TEMPERATURE (F)   21        -9      2015
                                             1978


SUNRISE AND SUNSET
FEBRUARY 19 2017......SUNRISE   703 AM EST   SUNSET   556 PM EST
FEBRUARY 20 2017......SUNRISE   702 AM EST   SUNSET   557 PM EST


-  INDICATES NEGATIVE NUMBERS.
R  INDICATES RECORD WAS SET OR TIED.
MM INDICATES DATA IS MISSING.
T  INDICATES TRACE AMOUNT.




$$
