000
CDUS41 KCTP 292118
CLIJST


CLIMATE REPORT
NATIONAL WEATHER SERVICE STATE COLLEGE PA
517 PM EDT FRI APR 29 2016


...................................

...THE JOHNSTOWN CLIMATE SUMMARY FOR APRIL 29 2016...
VALID TODAY AS OF 0500 PM LOCAL TIME.

CLIMATE NORMAL PERIOD 1981 TO 2010
CLIMATE RECORD PERIOD 1892 TO 2016


WEATHER ITEM   OBSERVED TIME   RECORD YEAR NORMAL DEPARTURE LAST
                VALUE   (LST)  VALUE       VALUE  FROM      YEAR
                                                  NORMAL
..................................................................
TEMPERATURE (F)
 TODAY
  MAXIMUM         57    155 PM  88    1899  62     -5       68
  MINIMUM         42    606 AM  28    1944  42      0       41
  AVERAGE         50                        52     -2       55

PRECIPITATION (IN)
  TODAY            T             1.13 1964   0.11  -0.11     0.00
  MONTH TO DATE    2.09                      3.48  -1.39     3.32
  SINCE MAR 1      3.69                      6.77  -3.08     7.37
  SINCE JAN 1      6.54                     12.00  -5.46    10.77

DEGREE DAYS
 HEATING
  TODAY           15                        13      2       10
  MONTH TO DATE  508                       526    -18      461
  SINCE MAR 1   1130                      1439   -309     1442
  SINCE JUL 1   5193                      6318  -1125     6631

 COOLING
  TODAY            0                         0      0        0
  MONTH TO DATE    0                         0      0        0
  SINCE MAR 1      0                         0      0        0
  SINCE JAN 1      0                         0      0        0
..................................................................


WIND (MPH)
  HIGHEST WIND SPEED    14   HIGHEST WIND DIRECTION    NW (320)
  HIGHEST GUST SPEED    20   HIGHEST GUST DIRECTION    NW (300)
  AVERAGE WIND SPEED     6.1


SKY COVER
  POSSIBLE SUNSHINE  MM
  AVERAGE SKY COVER 1.0


WEATHER CONDITIONS
 THE FOLLOWING WEATHER WAS RECORDED TODAY.
  LIGHT RAIN
  FOG
  FOG W/VISIBILITY <= 1/4 MILE
  HAZE


RELATIVE HUMIDITY (PERCENT)
 HIGHEST    89           100 AM
 LOWEST     66           300 PM
 AVERAGE    78

..........................................................


THE JOHNSTOWN CLIMATE NORMALS FOR TOMORROW
                         NORMAL    RECORD    YEAR
 MAXIMUM TEMPERATURE (F)   62        91      1899
 MINIMUM TEMPERATURE (F)   43        27      1925


SUNRISE AND SUNSET
APRIL 29 2016.........SUNRISE   617 AM EDT   SUNSET   809 PM EDT
APRIL 30 2016.........SUNRISE   615 AM EDT   SUNSET   810 PM EDT


-  INDICATES NEGATIVE NUMBERS.
R  INDICATES RECORD WAS SET OR TIED.
MM INDICATES DATA IS MISSING.
T  INDICATES TRACE AMOUNT.




$$
