000
CDUS41 KCTP 010633
CLIJST


CLIMATE REPORT
NATIONAL WEATHER SERVICE STATE COLLEGE PA
233 AM EDT SAT AUG 1 2015


...................................

...THE JOHNSTOWN CLIMATE SUMMARY FOR JULY 31 2015...

CLIMATE NORMAL PERIOD 1981 TO 2010
CLIMATE RECORD PERIOD 2000 TO 2015


WEATHER ITEM   OBSERVED TIME   RECORD YEAR NORMAL DEPARTURE LAST
                VALUE   (LST)  VALUE       VALUE  FROM      YEAR
                                                  NORMAL
..................................................................
TEMPERATURE (F)
 YESTERDAY
  MAXIMUM         80    342 PM  98    1933  78      2       74
  MINIMUM         63    553 AM  46    1936  60      3       54
  AVERAGE         72                        69      3       64

PRECIPITATION (IN)
  YESTERDAY        0.00          2.00 1961   0.14  -0.14      T
  MONTH TO DATE    4.59                      3.85   0.74     3.49
  SINCE JUN 1     16.55                      3.85  12.70     8.33
  SINCE JAN 1     30.95                     20.49  10.46    21.89

DEGREE DAYS
 HEATING
  YESTERDAY        0                         0      0        1
  MONTH TO DATE    7                         8     -1       49
  SINCE JUN 1     68                        87    -19       89
  SINCE JUL 1      7                        13     -6       49

 COOLING
  YESTERDAY        7                         5      2        0
  MONTH TO DATE  156                       145     11      108
  SINCE JUN 1    246                       225     21      192
  SINCE JAN 1    330                       243     87      218
..................................................................


WIND (MPH)
  HIGHEST WIND SPEED    16   HIGHEST WIND DIRECTION     W (250)
  HIGHEST GUST SPEED    22   HIGHEST GUST DIRECTION     W (280)
  AVERAGE WIND SPEED     8.9


SKY COVER
  POSSIBLE SUNSHINE  MM
  AVERAGE SKY COVER 0.2


WEATHER CONDITIONS
 THE FOLLOWING WEATHER WAS RECORDED YESTERDAY.
  NO SIGNIFICANT WEATHER WAS OBSERVED.


RELATIVE HUMIDITY (PERCENT)
 HIGHEST    73           300 AM
 LOWEST     42           200 PM
 AVERAGE    58

..........................................................


THE JOHNSTOWN CLIMATE NORMALS FOR TODAY
                         NORMAL    RECORD    YEAR
 MAXIMUM TEMPERATURE (F)   78        99      1975
 MINIMUM TEMPERATURE (F)   60        45      1918


SUNRISE AND SUNSET
AUGUST  1 2015........SUNRISE   613 AM EDT   SUNSET   830 PM EDT
AUGUST  2 2015........SUNRISE   614 AM EDT   SUNSET   829 PM EDT


-  INDICATES NEGATIVE NUMBERS.
R  INDICATES RECORD WAS SET OR TIED.
MM INDICATES DATA IS MISSING.
T  INDICATES TRACE AMOUNT.




$$
