000
CDUS41 KCTP 272130
CLIJST


CLIMATE REPORT
NATIONAL WEATHER SERVICE STATE COLLEGE PA
529 PM EDT THU JUL 27 2017


...................................

...THE JOHNSTOWN CLIMATE SUMMARY FOR JULY 27 2017...
VALID TODAY AS OF 0500 PM LOCAL TIME.

CLIMATE NORMAL PERIOD 1981 TO 2010
CLIMATE RECORD PERIOD 1892 TO 2017


WEATHER ITEM   OBSERVED TIME   RECORD YEAR NORMAL DEPARTURE LAST
                VALUE   (LST)  VALUE       VALUE  FROM      YEAR
                                                  NORMAL
..................................................................
TEMPERATURE (F)
 TODAY
  MAXIMUM         80    305 PM  97    1894  79      1       85
  MINIMUM         62    458 AM  46    1920  60      2       66
  AVERAGE         71                        69      2       76

PRECIPITATION (IN)
  TODAY            0.00          1.31 1906   0.13  -0.13      T
  MONTH TO DATE    2.68                      3.29  -0.61     1.83
  SINCE JUN 1     10.49                      3.29   7.20     6.51
  SINCE JAN 1     30.38                     19.93  10.45    17.31

DEGREE DAYS
 HEATING
  TODAY            0                         0      0        0
  MONTH TO DATE    2                         8     -6       11
  SINCE JUN 1     61                        87    -26       54
  SINCE JUL 1      2                         8     -6       11

 COOLING
  TODAY            6                         5      1       11
  MONTH TO DATE  163                       130     33      206
  SINCE JUN 1    269                       205     64      300
  SINCE JAN 1    298                       223     75      338
..................................................................


WIND (MPH)
  HIGHEST WIND SPEED    13   HIGHEST WIND DIRECTION     W (280)
  HIGHEST GUST SPEED    19   HIGHEST GUST DIRECTION     W (270)
  AVERAGE WIND SPEED     6.4


SKY COVER
  POSSIBLE SUNSHINE  MM
  AVERAGE SKY COVER 0.1


WEATHER CONDITIONS
 THE FOLLOWING WEATHER WAS RECORDED TODAY.
  NO SIGNIFICANT WEATHER WAS OBSERVED.


RELATIVE HUMIDITY (PERCENT)
 HIGHEST    93           100 AM
 LOWEST     58           200 PM
 AVERAGE    76

..........................................................


THE JOHNSTOWN CLIMATE NORMALS FOR TOMORROW
                         NORMAL    RECORD    YEAR
 MAXIMUM TEMPERATURE (F)   79       102      1930
 MINIMUM TEMPERATURE (F)   60        47      1962


SUNRISE AND SUNSET
JULY 27 2017..........SUNRISE   609 AM EDT   SUNSET   835 PM EDT
JULY 28 2017..........SUNRISE   610 AM EDT   SUNSET   834 PM EDT


-  INDICATES NEGATIVE NUMBERS.
R  INDICATES RECORD WAS SET OR TIED.
MM INDICATES DATA IS MISSING.
T  INDICATES TRACE AMOUNT.




$$
