000
CDUS41 KCTP 040636
CLIJST


CLIMATE REPORT
NATIONAL WEATHER SERVICE STATE COLLEGE PA
136 AM EST WED MAR 4 2015


...................................

...THE JOHNSTOWN CLIMATE SUMMARY FOR MARCH 3 2015...

CLIMATE NORMAL PERIOD 1981 TO 2010
CLIMATE RECORD PERIOD 2000 TO 2015


WEATHER ITEM   OBSERVED TIME   RECORD YEAR NORMAL DEPARTURE LAST
                VALUE   (LST)  VALUE       VALUE  FROM      YEAR
                                                  NORMAL
..................................................................
TEMPERATURE (F)
 YESTERDAY
  MAXIMUM         47   1152 PM  70    1991  38      9       14
  MINIMUM         13   1250 AM  -1    2003  24    -11        2
  AVERAGE         30                        31     -1        8

PRECIPITATION (IN)
  YESTERDAY        1.20          1.40 1988   0.07   1.13     0.00
  MONTH TO DATE    1.65                      0.22   1.43     0.07
  SINCE MAR 1      1.65                      0.22   1.43     0.07
  SINCE JAN 1      5.05                      5.45  -0.40     4.11

DEGREE DAYS
 HEATING
  YESTERDAY       35                        34      1       57
  MONTH TO DATE  114                       103     11      133
  SINCE MAR 1    114                       103     11      133
  SINCE JUL 1   5303                      4982    321     5461

 COOLING
  YESTERDAY        0                         0      0        0
  MONTH TO DATE    0                         0      0        0
  SINCE MAR 1      0                         0      0        0
  SINCE JAN 1      0                         0      0        0
..................................................................


WIND (MPH)
  HIGHEST WIND SPEED    20   HIGHEST WIND DIRECTION     W (250)
  HIGHEST GUST SPEED    27   HIGHEST GUST DIRECTION     S (170)
  AVERAGE WIND SPEED    10.1


SKY COVER
  POSSIBLE SUNSHINE  MM
  AVERAGE SKY COVER 0.9


WEATHER CONDITIONS
 THE FOLLOWING WEATHER WAS RECORDED YESTERDAY.
  HEAVY RAIN
  RAIN
  LIGHT RAIN
  FREEZING RAIN
  LT FREEZING RAIN
  LIGHT SNOW
  FOG
  FOG W/VISIBILITY <= 1/4 MILE


RELATIVE HUMIDITY (PERCENT)
 HIGHEST   100           700 PM
 LOWEST     62          1200 PM
 AVERAGE    81

..........................................................


THE JOHNSTOWN CLIMATE NORMALS FOR TODAY
                         NORMAL    RECORD    YEAR
 MAXIMUM TEMPERATURE (F)   39        78      1894
 MINIMUM TEMPERATURE (F)   24         0      1943


SUNRISE AND SUNSET
MARCH  4 2015.........SUNRISE   645 AM EST   SUNSET   610 PM EST
MARCH  5 2015.........SUNRISE   643 AM EST   SUNSET   611 PM EST


-  INDICATES NEGATIVE NUMBERS.
R  INDICATES RECORD WAS SET OR TIED.
MM INDICATES DATA IS MISSING.
T  INDICATES TRACE AMOUNT.




$$
