000
CDUS41 KCTP 310648
CLIJST


CLIMATE REPORT
NATIONAL WEATHER SERVICE STATE COLLEGE PA
248 AM EDT TUE MAY 31 2016


...................................

...THE JOHNSTOWN CLIMATE SUMMARY FOR MAY 30 2016...

CLIMATE NORMAL PERIOD 1981 TO 2010
CLIMATE RECORD PERIOD 1892 TO 2016


WEATHER ITEM   OBSERVED TIME   RECORD YEAR NORMAL DEPARTURE LAST
                VALUE   (LST)  VALUE       VALUE  FROM      YEAR
                                                  NORMAL
..................................................................
TEMPERATURE (F)
 YESTERDAY
  MAXIMUM         79    400 PM  97    1919  69     10       81
  MINIMUM         58    435 AM  35    1932  51      7       65
  AVERAGE         69                        60      9       73

PRECIPITATION (IN)
  YESTERDAY        0.00          0.89 1975   0.16  -0.16     0.06
  MONTH TO DATE    4.15                      4.37  -0.22     2.28
  SINCE MAR 1      7.95                     11.25  -3.30    10.74
  SINCE JAN 1     10.80                     16.48  -5.68    14.14

DEGREE DAYS
 HEATING
  YESTERDAY        0                         6     -6        0
  MONTH TO DATE  278                       272      6      132
  SINCE MAR 1   1424                      1723   -299     1588
  SINCE JUL 1   5487                      6603  -1116     6777

 COOLING
  YESTERDAY        4                         1      3        8
  MONTH TO DATE   34                        17     17       77
  SINCE MAR 1     34                        22     12       77
  SINCE JAN 1     34                        22     12       77
..................................................................


WIND (MPH)
  HIGHEST WIND SPEED    17   HIGHEST WIND DIRECTION    NW (300)
  HIGHEST GUST SPEED    21   HIGHEST GUST DIRECTION    NW (300)
  AVERAGE WIND SPEED     7.5


SKY COVER
  POSSIBLE SUNSHINE  MM
  AVERAGE SKY COVER 0.2


WEATHER CONDITIONS
 THE FOLLOWING WEATHER WAS RECORDED YESTERDAY.
  HAZE


RELATIVE HUMIDITY (PERCENT)
 HIGHEST    80           400 AM
 LOWEST     43           600 PM
 AVERAGE    62

..........................................................


THE JOHNSTOWN CLIMATE NORMALS FOR TODAY
                         NORMAL    RECORD    YEAR
 MAXIMUM TEMPERATURE (F)   70        98      1919
 MINIMUM TEMPERATURE (F)   52        36      2001


SUNRISE AND SUNSET
MAY 31 2016...........SUNRISE   548 AM EDT   SUNSET   839 PM EDT
JUNE  1 2016..........SUNRISE   547 AM EDT   SUNSET   839 PM EDT


-  INDICATES NEGATIVE NUMBERS.
R  INDICATES RECORD WAS SET OR TIED.
MM INDICATES DATA IS MISSING.
T  INDICATES TRACE AMOUNT.




$$
