795
CDUS41 KCTP 210715
CLIJST


CLIMATE REPORT
NATIONAL WEATHER SERVICE STATE COLLEGE PA
215 AM EST TUE NOV 21 2017


...................................

...THE JOHNSTOWN CLIMATE SUMMARY FOR NOVEMBER 20 2017...

CLIMATE NORMAL PERIOD 1981 TO 2010
CLIMATE RECORD PERIOD 1892 TO 2017


WEATHER ITEM   OBSERVED TIME   RECORD YEAR NORMAL DEPARTURE LAST
                VALUE   (LST)  VALUE       VALUE  FROM      YEAR
                                                  NORMAL
..................................................................
TEMPERATURE (F)
 YESTERDAY
  MAXIMUM         38    423 PM  78    1904  44     -6       29
  MINIMUM         25    738 AM  12    1966  32     -7       24
  AVERAGE         32                        38     -6       27

PRECIPITATION (IN)
  YESTERDAY        T             2.10 1986   0.12  -0.12     0.06
  MONTH TO DATE    2.92                      2.40   0.52     0.54
  SINCE SEP 1      9.54                      8.88   0.66     7.18
  SINCE JAN 1     43.79                     37.23   6.56    31.83

DEGREE DAYS
 HEATING
  YESTERDAY       33                        27      6       38
  MONTH TO DATE  518                       466     52      366
  SINCE SEP 1    933                      1123   -190      785
  SINCE JUL 1    974                      1165   -191      796

 COOLING
  YESTERDAY        0                         0      0        0
  MONTH TO DATE    0                         0      0        0
  SINCE SEP 1     95                        28     67      102
  SINCE JAN 1    497                       388    109      705
..................................................................


WIND (MPH)
  HIGHEST WIND SPEED    24   HIGHEST WIND DIRECTION     W (260)
  HIGHEST GUST SPEED    35   HIGHEST GUST DIRECTION     W (250)
  AVERAGE WIND SPEED    13.8


SKY COVER
  POSSIBLE SUNSHINE  MM
  AVERAGE SKY COVER 0.4


WEATHER CONDITIONS
 THE FOLLOWING WEATHER WAS RECORDED YESTERDAY.
  LIGHT SNOW


RELATIVE HUMIDITY (PERCENT)
 HIGHEST    75           600 AM
 LOWEST     52           200 PM
 AVERAGE    64

..........................................................


THE JOHNSTOWN CLIMATE NORMALS FOR TODAY
                         NORMAL    RECORD    YEAR
 MAXIMUM TEMPERATURE (F)   43        81      1906
 MINIMUM TEMPERATURE (F)   32         9      1951


SUNRISE AND SUNSET
NOVEMBER 21 2017......SUNRISE   708 AM EST   SUNSET   454 PM EST
NOVEMBER 22 2017......SUNRISE   709 AM EST   SUNSET   453 PM EST


-  INDICATES NEGATIVE NUMBERS.
R  INDICATES RECORD WAS SET OR TIED.
MM INDICATES DATA IS MISSING.
T  INDICATES TRACE AMOUNT.




$$
