000
CDUS41 KCTP 170608
CLIJST


CLIMATE REPORT
NATIONAL WEATHER SERVICE STATE COLLEGE PA
208 AM EDT WED SEP 17 2014


...................................

...THE JOHNSTOWN CLIMATE SUMMARY FOR SEPTEMBER 16 2014...

CLIMATE NORMAL PERIOD 1981 TO 2010
CLIMATE RECORD PERIOD 2000 TO 2014


WEATHER ITEM   OBSERVED TIME   RECORD YEAR NORMAL DEPARTURE LAST
                VALUE   (LST)  VALUE       VALUE  FROM      YEAR
                                                  NORMAL
..................................................................
TEMPERATURE (F)
 YESTERDAY
  MAXIMUM         62    236 PM  97    1939  68     -6       64
  MINIMUM         48   1110 PM  34    1966  51     -3       48
  AVERAGE         55                        60     -5       56

PRECIPITATION (IN)
  YESTERDAY        0.06          1.28 1934   0.12  -0.06     0.19
  MONTH TO DATE    0.83                      1.82  -0.99     3.05
  SINCE SEP 1      0.83                      1.82  -0.99     3.05
  SINCE JAN 1     26.73                     26.11   0.62    28.00

DEGREE DAYS
 HEATING
  YESTERDAY       10                         6      4        9
  MONTH TO DATE   68                        60      8       83
  SINCE SEP 1     68                        60      8       83
  SINCE JUL 1    151                       102     49      154

 COOLING
  YESTERDAY        0                         1     -1        0
  MONTH TO DATE   45                        22     23       31
  SINCE SEP 1     45                        22     23       31
  SINCE JAN 1    340                       382    -42      377
..................................................................


WIND (MPH)
  HIGHEST WIND SPEED    14   HIGHEST WIND DIRECTION     W (290)
  HIGHEST GUST SPEED    17   HIGHEST GUST DIRECTION     W (280)
  AVERAGE WIND SPEED     6.7


SKY COVER
  POSSIBLE SUNSHINE  MM
  AVERAGE SKY COVER 0.7


WEATHER CONDITIONS
 THE FOLLOWING WEATHER WAS RECORDED YESTERDAY.
  LIGHT RAIN
  FOG


RELATIVE HUMIDITY (PERCENT)
 HIGHEST    96           400 AM
 LOWEST     60           300 PM
 AVERAGE    78

..........................................................


THE JOHNSTOWN CLIMATE NORMALS FOR TODAY
                         NORMAL    RECORD    YEAR
 MAXIMUM TEMPERATURE (F)   68        93      1991
 MINIMUM TEMPERATURE (F)   51        36      1986


SUNRISE AND SUNSET
SEPTEMBER 17 2014.....SUNRISE   658 AM EDT   SUNSET   721 PM EDT
SEPTEMBER 18 2014.....SUNRISE   659 AM EDT   SUNSET   719 PM EDT


-  INDICATES NEGATIVE NUMBERS.
R  INDICATES RECORD WAS SET OR TIED.
MM INDICATES DATA IS MISSING.
T  INDICATES TRACE AMOUNT.




$$
