000
CDUS41 KCTP 250708
CLIJST


CLIMATE REPORT
NATIONAL WEATHER SERVICE STATE COLLEGE PA
308 AM EDT THU MAY 25 2017


...................................

...THE JOHNSTOWN CLIMATE SUMMARY FOR MAY 24 2017...

CLIMATE NORMAL PERIOD 1981 TO 2010
CLIMATE RECORD PERIOD 1892 TO 2017


WEATHER ITEM   OBSERVED TIME   RECORD YEAR NORMAL DEPARTURE LAST
                VALUE   (LST)  VALUE       VALUE  FROM      YEAR
                                                  NORMAL
..................................................................
TEMPERATURE (F)
 YESTERDAY
  MAXIMUM         60    358 PM  93    1908  68     -8       73
  MINIMUM         53    654 AM  31    1963  50      3       50
  AVERAGE         57                        59     -2       62

PRECIPITATION (IN)
  YESTERDAY        0.25          1.96 1979   0.17   0.08     0.00
  MONTH TO DATE    4.49                      3.42   1.07     3.91
  SINCE MAR 1     12.17                     10.30   1.87     7.71
  SINCE JAN 1     17.83                     15.53   2.30    10.56

DEGREE DAYS
 HEATING
  YESTERDAY        8                         7      1        3
  MONTH TO DATE  266                       233     33      278
  SINCE MAR 1   1514                      1684   -170     1424
  SINCE JUL 1   5434                      6564  -1130     5487

 COOLING
  YESTERDAY        0                         1     -1        0
  MONTH TO DATE   26                        11     15        0
  SINCE MAR 1     29                        16     13        0
  SINCE JAN 1     29                        16     13        0
..................................................................


WIND (MPH)
  HIGHEST WIND SPEED    20   HIGHEST WIND DIRECTION     S (160)
  HIGHEST GUST SPEED    27   HIGHEST GUST DIRECTION    SE (140)
  AVERAGE WIND SPEED     9.4


SKY COVER
  POSSIBLE SUNSHINE  MM
  AVERAGE SKY COVER 1.0


WEATHER CONDITIONS
 THE FOLLOWING WEATHER WAS RECORDED YESTERDAY.
  RAIN
  LIGHT RAIN
  FOG


RELATIVE HUMIDITY (PERCENT)
 HIGHEST   100           800 PM
 LOWEST     72          1000 AM
 AVERAGE    86

..........................................................


THE JOHNSTOWN CLIMATE NORMALS FOR TODAY
                         NORMAL    RECORD    YEAR
 MAXIMUM TEMPERATURE (F)   68        95      1904
 MINIMUM TEMPERATURE (F)   50        31      1956


SUNRISE AND SUNSET
MAY 25 2017...........SUNRISE   551 AM EDT   SUNSET   834 PM EDT
MAY 26 2017...........SUNRISE   551 AM EDT   SUNSET   835 PM EDT


-  INDICATES NEGATIVE NUMBERS.
R  INDICATES RECORD WAS SET OR TIED.
MM INDICATES DATA IS MISSING.
T  INDICATES TRACE AMOUNT.




$$
