000
CDUS41 KCTP 242122
CLIJST


CLIMATE REPORT
NATIONAL WEATHER SERVICE STATE COLLEGE PA
521 PM EDT SUN SEP 24 2017


...................................

...THE JOHNSTOWN CLIMATE SUMMARY FOR SEPTEMBER 24 2017...
VALID TODAY AS OF 0500 PM LOCAL TIME.

CLIMATE NORMAL PERIOD 1981 TO 2010
CLIMATE RECORD PERIOD 1892 TO 2017


WEATHER ITEM   OBSERVED TIME   RECORD YEAR NORMAL DEPARTURE LAST
                VALUE   (LST)  VALUE       VALUE  FROM      YEAR
                                                  NORMAL
..................................................................
TEMPERATURE (F)
 TODAY
  MAXIMUM         84    256 PM  91    1970  65     19       68
  MINIMUM         63    659 AM  30    1963  48     15       51
  AVERAGE         74                        57     17       60

PRECIPITATION (IN)
  TODAY            0.00          2.47 1897   0.11  -0.11     0.00
  MONTH TO DATE    2.05                      2.73  -0.68     1.96
  SINCE SEP 1      2.05                      2.73  -0.68     1.96
  SINCE JAN 1     36.30                     27.02   9.28    26.61

DEGREE DAYS
 HEATING
  TODAY            0                         9     -9        5
  MONTH TO DATE   97                       120    -23       21
  SINCE SEP 1     97                       120    -23       21
  SINCE JUL 1    138                       162    -24       32

 COOLING
  TODAY            9                         0      9        0
  MONTH TO DATE   46                        22     24       86
  SINCE SEP 1     46                        22     24       86
  SINCE JAN 1    448                       382     66      689
..................................................................


WIND (MPH)
  HIGHEST WIND SPEED    14   HIGHEST WIND DIRECTION    NE (40)
  HIGHEST GUST SPEED    18   HIGHEST GUST DIRECTION    NE (30)
  AVERAGE WIND SPEED     3.7


SKY COVER
  POSSIBLE SUNSHINE  MM
  AVERAGE SKY COVER 0.0


WEATHER CONDITIONS
 THE FOLLOWING WEATHER WAS RECORDED TODAY.
  NO SIGNIFICANT WEATHER WAS OBSERVED.


RELATIVE HUMIDITY (PERCENT)
 HIGHEST    78           700 AM
 LOWEST     44           300 PM
 AVERAGE    61

..........................................................


THE JOHNSTOWN CLIMATE NORMALS FOR TOMORROW
                         NORMAL    RECORD    YEAR
 MAXIMUM TEMPERATURE (F)   65        93      1970
 MINIMUM TEMPERATURE (F)   47        32      1942


SUNRISE AND SUNSET
SEPTEMBER 24 2017.....SUNRISE   705 AM EDT   SUNSET   709 PM EDT
SEPTEMBER 25 2017.....SUNRISE   706 AM EDT   SUNSET   707 PM EDT


-  INDICATES NEGATIVE NUMBERS.
R  INDICATES RECORD WAS SET OR TIED.
MM INDICATES DATA IS MISSING.
T  INDICATES TRACE AMOUNT.




$$
