000
CDUS41 KCTP 250645
CLIJST


CLIMATE REPORT
NATIONAL WEATHER SERVICE STATE COLLEGE PA
145 AM EST THU DEC 25 2014


...................................

...THE JOHNSTOWN CLIMATE SUMMARY FOR DECEMBER 24 2014...

CLIMATE NORMAL PERIOD 1981 TO 2010
CLIMATE RECORD PERIOD 2000 TO 2014


WEATHER ITEM   OBSERVED TIME   RECORD YEAR NORMAL DEPARTURE LAST
                VALUE   (LST)  VALUE       VALUE  FROM      YEAR
                                                  NORMAL
..................................................................
TEMPERATURE (F)
 YESTERDAY
  MAXIMUM         54    943 PM  66    1933  34     20       25
  MINIMUM         39    117 AM -12    1983  20     19        8
  AVERAGE         47                        27     20       17

PRECIPITATION (IN)
  YESTERDAY        0.28          1.85 2008   0.09   0.19      T
  MONTH TO DATE    2.31                      2.00   0.31     2.29
  SINCE DEC 1      2.31                      2.00   0.31     2.29
  SINCE JAN 1     33.93                     33.05   0.88    36.28

DEGREE DAYS
 HEATING
  YESTERDAY       18                        38    -20       48
  MONTH TO DATE  786                       856    -70      797
  SINCE DEC 1    786                       856    -70      797
  SINCE JUL 1   2297                      2313    -16     2428

 COOLING
  YESTERDAY        0                         0      0        0
  MONTH TO DATE    0                         0      0        0
  SINCE DEC 1      0                         0      0        0
  SINCE JAN 1    341                       382    -41      393
..................................................................


WIND (MPH)
  HIGHEST WIND SPEED    29   HIGHEST WIND DIRECTION     W (260)
  HIGHEST GUST SPEED    42   HIGHEST GUST DIRECTION     W (270)
  AVERAGE WIND SPEED    11.7


SKY COVER
  POSSIBLE SUNSHINE  MM
  AVERAGE SKY COVER 0.8


WEATHER CONDITIONS
 THE FOLLOWING WEATHER WAS RECORDED YESTERDAY.
  RAIN
  LIGHT RAIN
  FOG
  FOG W/VISIBILITY <= 1/4 MILE


RELATIVE HUMIDITY (PERCENT)
 HIGHEST   100           200 AM
 LOWEST     83           800 PM
 AVERAGE    92

..........................................................


THE JOHNSTOWN CLIMATE NORMALS FOR TODAY
                         NORMAL    RECORD    YEAR
 MAXIMUM TEMPERATURE (F)   34        67      1932
 MINIMUM TEMPERATURE (F)   20       -15      1983


SUNRISE AND SUNSET
DECEMBER 25 2014......SUNRISE   736 AM EST   SUNSET   455 PM EST
DECEMBER 26 2014......SUNRISE   737 AM EST   SUNSET   455 PM EST


-  INDICATES NEGATIVE NUMBERS.
R  INDICATES RECORD WAS SET OR TIED.
MM INDICATES DATA IS MISSING.
T  INDICATES TRACE AMOUNT.




$$
