000
CDUS43 KGRR 112239
CLIJXN


CLIMATE REPORT
NATIONAL WEATHER SERVICE GRAND RAPIDS, MI
538 PM EST MON DEC 11 2017


...................................

...THE JACKSON MI CLIMATE SUMMARY FOR DECEMBER 11 2017...
VALID TODAY AS OF 0500 PM LOCAL TIME.

CLIMATE NORMAL PERIOD 1981 TO 2010
CLIMATE RECORD PERIOD 1944 TO 9999


WEATHER ITEM   OBSERVED TIME   NORMAL DEPARTURE LAST
                VALUE   (LST)  VALUE  FROM      YEAR
                                      NORMAL
......................................................
TEMPERATURE (F)
 TODAY
  MAXIMUM         30    427 PM  36     -6       31
  MINIMUM         25    931 AM  23      2       22
  AVERAGE         28            29     -1       27

PRECIPITATION (IN)
  TODAY            0.08          0.06   0.02    MM
  MONTH TO DATE    0.16          0.72  -0.56     0.38
  SINCE DEC 1      0.16          0.72  -0.56     0.38
  SINCE JAN 1     36.09         30.35   5.74    36.47

DEGREE DAYS
 HEATING
  TODAY           37            36      1       38
  MONTH TO DATE  343           372    -29      375
  SINCE DEC 1    343           372    -29      375
  SINCE JUL 1   1585          1776   -191     1345

 COOLING
  TODAY            0             0      0        0
  MONTH TO DATE    0             0      0        0
  SINCE DEC 1      0             0      0        0
  SINCE JAN 1    657           592     65      829
......................................................


WIND (MPH)
  RESULTANT WIND SPEED   3   RESULTANT WIND DIRECTION   S (160)
  HIGHEST WIND SPEED    15   HIGHEST WIND DIRECTION    SE (150)
  HIGHEST GUST SPEED    17   HIGHEST GUST DIRECTION     S (160)
  AVERAGE WIND SPEED     5.9


SKY COVER
  AVERAGE SKY COVER 1.0


WEATHER CONDITIONS
 THE FOLLOWING WEATHER WAS RECORDED TODAY.
  SNOW
  LIGHT SNOW
  FOG
  HAZE


RELATIVE HUMIDITY (PERCENT)
 HIGHEST    84          1000 AM
 LOWEST     69           300 PM
 AVERAGE    77

..........................................................


THE JACKSON MI CLIMATE NORMALS FOR TOMORROW
                         NORMAL
 MAXIMUM TEMPERATURE (F)   35
 MINIMUM TEMPERATURE (F)   22


SUNRISE AND SUNSET
DECEMBER 11 2017......SUNRISE   757 AM EST   SUNSET   506 PM EST
DECEMBER 12 2017......SUNRISE   758 AM EST   SUNSET   506 PM EST


-  INDICATES NEGATIVE NUMBERS.
R  INDICATES RECORD WAS SET OR TIED.
MM INDICATES DATA IS MISSING.
T  INDICATES TRACE AMOUNT.




$$

jam
