000
CDUS43 KGRR 292129
CLIJXN


CLIMATE REPORT
NATIONAL WEATHER SERVICE GRAND RAPIDS, MI
528 PM EDT FRI MAY 29 2015


...................................

...THE JACKSON MI CLIMATE SUMMARY FOR MAY 29 2015...
VALID TODAY AS OF 0500 PM LOCAL TIME.

CLIMATE NORMAL PERIOD 1981 TO 2010
CLIMATE RECORD PERIOD 1944 TO 9999


WEATHER ITEM   OBSERVED TIME   NORMAL DEPARTURE LAST
                VALUE   (LST)  VALUE  FROM      YEAR
                                      NORMAL
......................................................
TEMPERATURE (F)
 TODAY
  MAXIMUM         83    347 PM  73     10       77
  MINIMUM         58    458 AM  51      7       51
  AVERAGE         71            62      9       64

PRECIPITATION (IN)
  TODAY            0.00          0.11  -0.11     0.00
  MONTH TO DATE    3.06          3.09  -0.03     4.12
  SINCE MAR 1      6.13          7.60  -1.47     8.05
  SINCE JAN 1      8.21         10.38  -2.17    12.33

DEGREE DAYS
 HEATING
  TODAY            0             5     -5        1
  MONTH TO DATE  139           248   -109      237
  SINCE MAR 1   1643          1680    -37     1938
  SINCE JUL 1   7147          6594    553     7502

 COOLING
  TODAY            6             2      4        0
  MONTH TO DATE   55            28     27       30
  SINCE MAR 1     55            34     21       30
  SINCE JAN 1     55            34     21       30
......................................................


WIND (MPH)
  RESULTANT WIND SPEED   8   RESULTANT WIND DIRECTION   S (170)
  HIGHEST WIND SPEED    17   HIGHEST WIND DIRECTION     S (170)
  HIGHEST GUST SPEED    22   HIGHEST GUST DIRECTION     S (170)
  AVERAGE WIND SPEED     8.9


SKY COVER
  AVERAGE SKY COVER 0.2


WEATHER CONDITIONS
 THE FOLLOWING WEATHER WAS RECORDED TODAY.
  NO SIGNIFICANT WEATHER WAS OBSERVED.


RELATIVE HUMIDITY (PERCENT)
 HIGHEST    86           500 AM
 LOWEST     54           400 PM
 AVERAGE    70

..........................................................


THE JACKSON MI CLIMATE NORMALS FOR TOMORROW
                         NORMAL
 MAXIMUM TEMPERATURE (F)   74
 MINIMUM TEMPERATURE (F)   51


SUNRISE AND SUNSET
MAY 29 2015...........SUNRISE   606 AM EDT   SUNSET   905 PM EDT
MAY 30 2015...........SUNRISE   605 AM EDT   SUNSET   906 PM EDT


-  INDICATES NEGATIVE NUMBERS.
R  INDICATES RECORD WAS SET OR TIED.
MM INDICATES DATA IS MISSING.
T  INDICATES TRACE AMOUNT.




$$

JAM
