000
CDUS43 KGRR 020521
CLIJXN


CLIMATE REPORT
NATIONAL WEATHER SERVICE GRAND RAPIDS, MI
1218 AM EST MON MAR 2 2015


...................................

...THE JACKSON MI CLIMATE SUMMARY FOR MARCH 1 2015...

CLIMATE NORMAL PERIOD 1981 TO 2010
CLIMATE RECORD PERIOD 1944 TO 9999


WEATHER ITEM   OBSERVED TIME   NORMAL DEPARTURE LAST
                VALUE   (LST)  VALUE  FROM      YEAR
                                      NORMAL
......................................................
TEMPERATURE (F)
 YESTERDAY
  MAXIMUM         24    511 PM  39    -15       27
  MINIMUM         13    655 AM  21     -8       17
  AVERAGE         19            30    -11       22

PRECIPITATION (IN)
  YESTERDAY        T             0.06  -0.06     0.26
  MONTH TO DATE    T             0.06  -0.06     0.26
  SINCE MAR 1      T             0.06  -0.06     0.26
  SINCE JAN 1      2.08          2.84  -0.76     4.54

DEGREE DAYS
 HEATING
  YESTERDAY       46            35     11       43
  MONTH TO DATE   46            35     11       43
  SINCE MAR 1     46            35     11       43
  SINCE JUL 1   5550          4949    601     5607

 COOLING
  YESTERDAY        0             0      0        0
  MONTH TO DATE    0             0      0        0
  SINCE MAR 1      0             0      0        0
  SINCE JAN 1      0             0      0        0
......................................................


WIND (MPH)
  RESULTANT WIND SPEED   3   RESULTANT WIND DIRECTION  SW (240)
  HIGHEST WIND SPEED    15   HIGHEST WIND DIRECTION     W (260)
  HIGHEST GUST SPEED    18   HIGHEST GUST DIRECTION     W (250)
  AVERAGE WIND SPEED     4.5


SKY COVER
  AVERAGE SKY COVER 0.8


WEATHER CONDITIONS
 THE FOLLOWING WEATHER WAS RECORDED YESTERDAY.
  LIGHT SNOW
  FOG
  HAZE


RELATIVE HUMIDITY (PERCENT)
 HIGHEST    88           300 AM
 LOWEST     68          1200 PM
 AVERAGE    78

..........................................................


THE JACKSON MI CLIMATE NORMALS FOR TODAY
                         NORMAL
 MAXIMUM TEMPERATURE (F)   39
 MINIMUM TEMPERATURE (F)   22


SUNRISE AND SUNSET
MARCH  2 2015.........SUNRISE   712 AM EST   SUNSET   629 PM EST
MARCH  3 2015.........SUNRISE   710 AM EST   SUNSET   630 PM EST


-  INDICATES NEGATIVE NUMBERS.
R  INDICATES RECORD WAS SET OR TIED.
MM INDICATES DATA IS MISSING.
T  INDICATES TRACE AMOUNT.




$$

63
