000
CDUS43 KGRR 242223
CLIJXN


CLIMATE REPORT
NATIONAL WEATHER SERVICE GRAND RAPIDS, MI
523 PM EST SAT FEB 24 2018


...................................

...THE JACKSON MI CLIMATE SUMMARY FOR FEBRUARY 24 2018...
VALID TODAY AS OF 0500 PM LOCAL TIME.

CLIMATE NORMAL PERIOD 1981 TO 2010
CLIMATE RECORD PERIOD 1944 TO 9999


WEATHER ITEM   OBSERVED TIME   NORMAL DEPARTURE LAST
                VALUE   (LST)  VALUE  FROM      YEAR
                                      NORMAL
......................................................
TEMPERATURE (F)
 TODAY
  MAXIMUM         43    318 PM  37      6       67
  MINIMUM         35    914 AM  20     15       40
  AVERAGE         39            28     11       54

PRECIPITATION (IN)
  TODAY            0.00          0.05  -0.05     0.37
  MONTH TO DATE    4.31          1.07   3.24     1.82
  SINCE DEC 1      5.72          4.43   1.29     5.18
  SINCE JAN 1      5.04          2.56   2.48     4.30

DEGREE DAYS
 HEATING
  TODAY           26            37    -11       11
  MONTH TO DATE  902           940    -38      686
  SINCE DEC 1   3383          3367     16     2932
  SINCE JUL 1   4625          4771   -146     3902

 COOLING
  TODAY            0             0      0        0
  MONTH TO DATE    0             0      0        0
  SINCE DEC 1      0             0      0        0
  SINCE JAN 1      0             0      0        0
......................................................


WIND (MPH)
  RESULTANT WIND SPEED   5   RESULTANT WIND DIRECTION  NE (60)
  HIGHEST WIND SPEED    17   HIGHEST WIND DIRECTION     E (70)
  HIGHEST GUST SPEED    21   HIGHEST GUST DIRECTION     E (70)
  AVERAGE WIND SPEED     8.4


SKY COVER
  AVERAGE SKY COVER 1.0


WEATHER CONDITIONS
 THE FOLLOWING WEATHER WAS RECORDED TODAY.
  NO SIGNIFICANT WEATHER WAS OBSERVED.


RELATIVE HUMIDITY (PERCENT)
 HIGHEST    89           100 AM
 LOWEST     70           300 PM
 AVERAGE    80

..........................................................


THE JACKSON MI CLIMATE NORMALS FOR TOMORROW
                         NORMAL
 MAXIMUM TEMPERATURE (F)   37
 MINIMUM TEMPERATURE (F)   20


SUNRISE AND SUNSET
FEBRUARY 24 2018......SUNRISE   721 AM EST   SUNSET   622 PM EST
FEBRUARY 25 2018......SUNRISE   719 AM EST   SUNSET   623 PM EST


-  INDICATES NEGATIVE NUMBERS.
R  INDICATES RECORD WAS SET OR TIED.
MM INDICATES DATA IS MISSING.
T  INDICATES TRACE AMOUNT.




$$
