000
CDUS43 KGRR 280519
CLIJXN


CLIMATE REPORT
NATIONAL WEATHER SERVICE GRAND RAPIDS, MI
118 AM EDT TUE JUL 28 2015


...................................

...THE JACKSON MI CLIMATE SUMMARY FOR JULY 27 2015...

CLIMATE NORMAL PERIOD 1981 TO 2010
CLIMATE RECORD PERIOD 1944 TO 9999


WEATHER ITEM   OBSERVED TIME   NORMAL DEPARTURE LAST
                VALUE   (LST)  VALUE  FROM      YEAR
                                      NORMAL
......................................................
TEMPERATURE (F)
 YESTERDAY
  MAXIMUM         88    459 PM  82      6       85
  MINIMUM         62    550 AM  60      2       59
  AVERAGE         75            71      4       72

PRECIPITATION (IN)
  YESTERDAY        0.00          0.13  -0.13     0.05
  MONTH TO DATE    2.58          3.08  -0.50     3.14
  SINCE JUN 1      9.81          6.35   3.46     7.90
  SINCE JAN 1     20.44         16.95   3.49    20.23

DEGREE DAYS
 HEATING
  YESTERDAY        0             0      0        0
  MONTH TO DATE   13             1     12       20
  SINCE JUN 1     45            56    -11       51
  SINCE JUL 1     13             1     12       20

 COOLING
  YESTERDAY       10             6      4        7
  MONTH TO DATE  118           180    -62       98
  SINCE JUN 1    204           306   -102      239
  SINCE JAN 1    259           343    -84      273
......................................................


WIND (MPH)
  RESULTANT WIND SPEED   2   RESULTANT WIND DIRECTION   E (100)
  HIGHEST WIND SPEED    14   HIGHEST WIND DIRECTION    SE (140)
  HIGHEST GUST SPEED    17   HIGHEST GUST DIRECTION     E (70)
  AVERAGE WIND SPEED     3.2


SKY COVER
  AVERAGE SKY COVER 0.0


WEATHER CONDITIONS
 THE FOLLOWING WEATHER WAS RECORDED YESTERDAY.
  FOG


RELATIVE HUMIDITY (PERCENT)
 HIGHEST   100           300 AM
 LOWEST     34           400 PM
 AVERAGE    67

..........................................................


THE JACKSON MI CLIMATE NORMALS FOR TODAY
                         NORMAL
 MAXIMUM TEMPERATURE (F)   82
 MINIMUM TEMPERATURE (F)   60


SUNRISE AND SUNSET
JULY 28 2015..........SUNRISE   626 AM EDT   SUNSET   902 PM EDT
JULY 29 2015..........SUNRISE   627 AM EDT   SUNSET   901 PM EDT


-  INDICATES NEGATIVE NUMBERS.
R  INDICATES RECORD WAS SET OR TIED.
MM INDICATES DATA IS MISSING.
T  INDICATES TRACE AMOUNT.




$$
