000
CDUS43 KGRR 250529
CLIJXN


CLIMATE REPORT
NATIONAL WEATHER SERVICE GRAND RAPIDS, MI
127 AM EDT TUE JUL 25 2017


...................................

...THE JACKSON MI CLIMATE SUMMARY FOR JULY 24 2017...

CLIMATE NORMAL PERIOD 1981 TO 2010
CLIMATE RECORD PERIOD 1944 TO 9999


WEATHER ITEM   OBSERVED TIME   NORMAL DEPARTURE LAST
                VALUE   (LST)  VALUE  FROM      YEAR
                                      NORMAL
......................................................
TEMPERATURE (F)
 YESTERDAY
  MAXIMUM         75    507 PM  82     -7       85
  MINIMUM         57   1112 PM  60     -3       71
  AVERAGE         66            71     -5       78

PRECIPITATION (IN)
  YESTERDAY        0.00          0.11  -0.11     0.45
  MONTH TO DATE    2.18          2.70  -0.52     5.46
  SINCE JUN 1      3.48          5.97  -2.49     6.49
  SINCE JAN 1     21.45         16.57   4.88    15.99

DEGREE DAYS
 HEATING
  YESTERDAY        0             0      0        0
  MONTH TO DATE    0             1     -1        4
  SINCE JUN 1     31            56    -25       34
  SINCE JUL 1      0             1     -1        4

 COOLING
  YESTERDAY        1             6     -5       13
  MONTH TO DATE  190           162     28      202
  SINCE JUN 1    354           288     66      354
  SINCE JAN 1    390           325     65      407
......................................................


WIND (MPH)
  RESULTANT WIND SPEED   6   RESULTANT WIND DIRECTION   N (360)
  HIGHEST WIND SPEED    16   HIGHEST WIND DIRECTION     N (350)
  HIGHEST GUST SPEED    23   HIGHEST GUST DIRECTION     N (350)
  AVERAGE WIND SPEED     7.2


SKY COVER
  AVERAGE SKY COVER 0.5


WEATHER CONDITIONS
 THE FOLLOWING WEATHER WAS RECORDED YESTERDAY.
  NO SIGNIFICANT WEATHER WAS OBSERVED.


RELATIVE HUMIDITY (PERCENT)
 HIGHEST    93           200 AM
 LOWEST     46           500 PM
 AVERAGE    70

..........................................................


THE JACKSON MI CLIMATE NORMALS FOR TODAY
                         NORMAL
 MAXIMUM TEMPERATURE (F)   82
 MINIMUM TEMPERATURE (F)   60


SUNRISE AND SUNSET
JULY 25 2017..........SUNRISE   624 AM EDT   SUNSET   904 PM EDT
JULY 26 2017..........SUNRISE   625 AM EDT   SUNSET   903 PM EDT


-  INDICATES NEGATIVE NUMBERS.
R  INDICATES RECORD WAS SET OR TIED.
MM INDICATES DATA IS MISSING.
T  INDICATES TRACE AMOUNT.




$$
