000
CDUS43 KGRR 290521
CLIJXN


CLIMATE REPORT
NATIONAL WEATHER SERVICE GRAND RAPIDS, MI
120 AM EDT THU SEP 29 2016


...................................

...THE JACKSON MI CLIMATE SUMMARY FOR SEPTEMBER 28 2016...

CLIMATE NORMAL PERIOD 1981 TO 2010
CLIMATE RECORD PERIOD 1944 TO 9999


WEATHER ITEM   OBSERVED TIME   NORMAL DEPARTURE LAST
                VALUE   (LST)  VALUE  FROM      YEAR
                                      NORMAL
......................................................
TEMPERATURE (F)
 YESTERDAY
  MAXIMUM         64   1100 AM  68     -4       78
  MINIMUM         49    518 AM  46      3       65
  AVERAGE         57            57      0       72

PRECIPITATION (IN)
  YESTERDAY        0.43          0.11   0.32      T
  MONTH TO DATE    2.19          3.26  -1.07     0.83
  SINCE SEP 1      2.19          3.26  -1.07     0.83
  SINCE JAN 1     28.50         24.18   4.32    24.52

DEGREE DAYS
 HEATING
  YESTERDAY        8             9     -1        0
  MONTH TO DATE   34           135   -101       68
  SINCE SEP 1     34           135   -101       68
  SINCE JUL 1     38           170   -132      106

 COOLING
  YESTERDAY        0             1     -1        7
  MONTH TO DATE   87            57     30      113
  SINCE SEP 1     87            57     30      113
  SINCE JAN 1    815           586    229      539
......................................................


WIND (MPH)
  RESULTANT WIND SPEED   6   RESULTANT WIND DIRECTION   E (70)
  HIGHEST WIND SPEED    16   HIGHEST WIND DIRECTION    NE (50)
  HIGHEST GUST SPEED    22   HIGHEST GUST DIRECTION     E (100)
  AVERAGE WIND SPEED     7.0


SKY COVER
  AVERAGE SKY COVER 0.5


WEATHER CONDITIONS
 THE FOLLOWING WEATHER WAS RECORDED YESTERDAY.
  RAIN
  LIGHT RAIN


RELATIVE HUMIDITY (PERCENT)
 HIGHEST   100           500 AM
 LOWEST     64          1200 PM
 AVERAGE    82

..........................................................


THE JACKSON MI CLIMATE NORMALS FOR TODAY
                         NORMAL
 MAXIMUM TEMPERATURE (F)   67
 MINIMUM TEMPERATURE (F)   45


SUNRISE AND SUNSET
SEPTEMBER 29 2016.....SUNRISE   733 AM EDT   SUNSET   722 PM EDT
SEPTEMBER 30 2016.....SUNRISE   734 AM EDT   SUNSET   720 PM EDT


-  INDICATES NEGATIVE NUMBERS.
R  INDICATES RECORD WAS SET OR TIED.
MM INDICATES DATA IS MISSING.
T  INDICATES TRACE AMOUNT.




$$
