000
CDUS43 KGRR 312139
CLIJXN


CLIMATE REPORT
NATIONAL WEATHER SERVICE GRAND RAPIDS, MI
539 PM EDT MON AUG 31 2015


...................................

...THE JACKSON MI CLIMATE SUMMARY FOR AUGUST 31 2015...
VALID TODAY AS OF 0500 PM LOCAL TIME.

CLIMATE NORMAL PERIOD 1981 TO 2010
CLIMATE RECORD PERIOD 1944 TO 9999


WEATHER ITEM   OBSERVED TIME   NORMAL DEPARTURE LAST
                VALUE   (LST)  VALUE  FROM      YEAR
                                      NORMAL
......................................................
TEMPERATURE (F)
 TODAY
  MAXIMUM         82    338 PM  78      4       84
  MINIMUM         59    444 AM  57      2       67
  AVERAGE         71            67      4       76

PRECIPITATION (IN)
  TODAY            0.00          0.12  -0.12     0.08
  MONTH TO DATE    3.23          3.47  -0.24     2.78
  SINCE JUN 1     13.06         10.32   2.74    10.68
  SINCE JAN 1     23.69         20.92   2.77    23.01

DEGREE DAYS
 HEATING
  TODAY            0             1     -1        0
  MONTH TO DATE   25            27     -2       12
  SINCE JUN 1     70            90    -20       73
  SINCE JUL 1     38            35      3       42

 COOLING
  TODAY            6             4      2       11
  MONTH TO DATE  132           164    -32      173
  SINCE JUN 1    371           492   -121      412
  SINCE JAN 1    426           529   -103      446
......................................................


WIND (MPH)
  RESULTANT WIND SPEED   4   RESULTANT WIND DIRECTION   W (260)
  HIGHEST WIND SPEED    10   HIGHEST WIND DIRECTION     W (250)
  HIGHEST GUST SPEED    14   HIGHEST GUST DIRECTION     W (280)
  AVERAGE WIND SPEED     4.2


SKY COVER
  AVERAGE SKY COVER 0.7


WEATHER CONDITIONS
 THE FOLLOWING WEATHER WAS RECORDED TODAY.
  FOG
  FOG W/VISIBILITY <= 1/4 MILE
  HAZE


RELATIVE HUMIDITY (PERCENT)
 HIGHEST   100           100 AM
 LOWEST     67           200 PM
 AVERAGE    84

..........................................................


THE JACKSON MI CLIMATE NORMALS FOR TOMORROW
                         NORMAL
 MAXIMUM TEMPERATURE (F)   78
 MINIMUM TEMPERATURE (F)   56


SUNRISE AND SUNSET
AUGUST 31 2015........SUNRISE   702 AM EDT   SUNSET   814 PM EDT
SEPTEMBER  1 2015.....SUNRISE   703 AM EDT   SUNSET   812 PM EDT


-  INDICATES NEGATIVE NUMBERS.
R  INDICATES RECORD WAS SET OR TIED.
MM INDICATES DATA IS MISSING.
T  INDICATES TRACE AMOUNT.




$$
