000
CDUS43 KGRR 010518
CLIJXN


CLIMATE REPORT
NATIONAL WEATHER SERVICE GRAND RAPIDS, MI
118 AM EDT WED JUL 1 2015


...................................

...THE JACKSON MI CLIMATE SUMMARY FOR JUNE 30 2015...

CLIMATE NORMAL PERIOD 1981 TO 2010
CLIMATE RECORD PERIOD 1944 TO 9999


WEATHER ITEM   OBSERVED TIME   NORMAL DEPARTURE LAST
                VALUE   (LST)  VALUE  FROM      YEAR
                                      NORMAL
......................................................
TEMPERATURE (F)
 YESTERDAY
  MAXIMUM         75    329 PM  82     -7       84
  MINIMUM         58    134 AM  60     -2       72
  AVERAGE         67            71     -4       78

PRECIPITATION (IN)
  YESTERDAY        0.30          0.11   0.19     0.00
  MONTH TO DATE    7.23          3.27   3.96     4.76
  SINCE JUN 1      7.23          3.27   3.96     4.76
  SINCE JAN 1     17.86         13.87   3.99    17.09

DEGREE DAYS
 HEATING
  YESTERDAY        0             1     -1        0
  MONTH TO DATE   32            56    -24       31
  SINCE JUN 1     32            55    -23       31
  SINCE JUL 1   7196          6657    539     7533

 COOLING
  YESTERDAY        2             6     -4       13
  MONTH TO DATE   87           126    -39      141
  SINCE JUN 1     87           126    -39      141
  SINCE JAN 1    142           163    -21      175
......................................................


WIND (MPH)
  RESULTANT WIND SPEED   2   RESULTANT WIND DIRECTION   W (260)
  HIGHEST WIND SPEED    13   HIGHEST WIND DIRECTION    NW (300)
  HIGHEST GUST SPEED    16   HIGHEST GUST DIRECTION    NW (300)
  AVERAGE WIND SPEED     4.6


SKY COVER
  AVERAGE SKY COVER 0.9


WEATHER CONDITIONS
 THE FOLLOWING WEATHER WAS RECORDED YESTERDAY.
  THUNDERSTORM
  HEAVY RAIN
  LIGHT RAIN
  FOG


RELATIVE HUMIDITY (PERCENT)
 HIGHEST    93          1000 PM
 LOWEST     68           200 PM
 AVERAGE    81

..........................................................


THE JACKSON MI CLIMATE NORMALS FOR TODAY
                         NORMAL
 MAXIMUM TEMPERATURE (F)   82
 MINIMUM TEMPERATURE (F)   60


SUNRISE AND SUNSET
JULY  1 2015..........SUNRISE   605 AM EDT   SUNSET   918 PM EDT
JULY  2 2015..........SUNRISE   606 AM EDT   SUNSET   918 PM EDT


-  INDICATES NEGATIVE NUMBERS.
R  INDICATES RECORD WAS SET OR TIED.
MM INDICATES DATA IS MISSING.
T  INDICATES TRACE AMOUNT.




$$
