000
CDUS43 KGRR 300518
CLIJXN


CLIMATE REPORT
NATIONAL WEATHER SERVICE GRAND RAPIDS, MI
117 AM EDT SAT AUG 30 2014


...................................

...THE JACKSON MI CLIMATE SUMMARY FOR AUGUST 29 2014...

CLIMATE NORMAL PERIOD 1981 TO 2010
CLIMATE RECORD PERIOD 9999 TO 9999


WEATHER ITEM   OBSERVED TIME   NORMAL DEPARTURE LAST
                VALUE   (LST)  VALUE  FROM      YEAR
                                      NORMAL
......................................................
TEMPERATURE (F)
 YESTERDAY
  MAXIMUM         81    438 PM  79      2       86
  MINIMUM         60    156 AM  57      3       61
  AVERAGE         71            68      3       74

PRECIPITATION (IN)
  YESTERDAY        0.00          0.11  -0.11     0.00
  MONTH TO DATE    2.12          3.24  -1.12     5.05
  SINCE JUN 1     10.02         10.09  -0.07    11.65
  SINCE JAN 1     22.35         20.69   1.66    24.27

DEGREE DAYS
 HEATING
  YESTERDAY        0             1     -1        0
  MONTH TO DATE   12            25    -13       27
  SINCE JUN 1     73            91    -18      105
  SINCE JUL 1     42            36      6       48

 COOLING
  YESTERDAY        6             4      2        9
  MONTH TO DATE  150           156     -6      120
  SINCE JUN 1    389           484    -95      452
  SINCE JAN 1    423           521    -98      519
......................................................


WIND (MPH)
  RESULTANT WIND SPEED   9   RESULTANT WIND DIRECTION  SE (150)
  HIGHEST WIND SPEED    15   HIGHEST WIND DIRECTION    SE (150)
  HIGHEST GUST SPEED    21   HIGHEST GUST DIRECTION    SE (150)
  AVERAGE WIND SPEED     9.0


SKY COVER
  AVERAGE SKY COVER 0.2


WEATHER CONDITIONS
 THE FOLLOWING WEATHER WAS RECORDED YESTERDAY.
  NO SIGNIFICANT WEATHER WAS OBSERVED.


RELATIVE HUMIDITY (PERCENT)
 HIGHEST    90          1200 AM
 LOWEST     58           900 AM
 AVERAGE    74

..........................................................


THE JACKSON MI CLIMATE NORMALS FOR TODAY
                         NORMAL
 MAXIMUM TEMPERATURE (F)   78
 MINIMUM TEMPERATURE (F)   57


SUNRISE AND SUNSET
AUGUST 30 2014........SUNRISE   701 AM EDT   SUNSET   815 PM EDT
AUGUST 31 2014........SUNRISE   702 AM EDT   SUNSET   813 PM EDT


-  INDICATES NEGATIVE NUMBERS.
R  INDICATES RECORD WAS SET OR TIED.
MM INDICATES DATA IS MISSING.
T  INDICATES TRACE AMOUNT.




$$
