000
CDUS43 KGRR 270520
CLIJXN


CLIMATE REPORT
NATIONAL WEATHER SERVICE GRAND RAPIDS, MI
1215 AM EST SAT DEC 27 2014


...................................

...THE JACKSON MI CLIMATE SUMMARY FOR DECEMBER 26 2014...

CLIMATE NORMAL PERIOD 1981 TO 2010
CLIMATE RECORD PERIOD 1944 TO 9999


WEATHER ITEM   OBSERVED TIME   NORMAL DEPARTURE LAST
                VALUE   (LST)  VALUE  FROM      YEAR
                                      NORMAL
......................................................
TEMPERATURE (F)
 YESTERDAY
  MAXIMUM         48    400 PM  32     16       29
  MINIMUM         33    815 AM  19     14       23
  AVERAGE         41            25     16       26

PRECIPITATION (IN)
  YESTERDAY        0.00          0.06  -0.06     0.06
  MONTH TO DATE    1.33          1.58  -0.25     1.87
  SINCE DEC 1      1.33          1.58  -0.25     1.87
  SINCE JAN 1     29.50         31.21  -1.71    32.87

DEGREE DAYS
 HEATING
  YESTERDAY       24            40    -16       39
  MONTH TO DATE  826           942   -116     1025
  SINCE DEC 1    826           942   -116     1025
  SINCE JUL 1   2437          2346     91     2496

 COOLING
  YESTERDAY        0             0      0        0
  MONTH TO DATE    0             0      0        0
  SINCE DEC 1      0             0      0        0
  SINCE JAN 1    496           592    -96      616
......................................................


WIND (MPH)
  RESULTANT WIND SPEED   9   RESULTANT WIND DIRECTION   S (200)
  HIGHEST WIND SPEED    16   HIGHEST WIND DIRECTION    SW (220)
  HIGHEST GUST SPEED    21   HIGHEST GUST DIRECTION    SW (220)
  AVERAGE WIND SPEED     9.6


SKY COVER
  AVERAGE SKY COVER 0.1


WEATHER CONDITIONS
 THE FOLLOWING WEATHER WAS RECORDED YESTERDAY.
  NO SIGNIFICANT WEATHER WAS OBSERVED.


RELATIVE HUMIDITY (PERCENT)
 HIGHEST    89           500 AM
 LOWEST     61           300 PM
 AVERAGE    75

..........................................................


THE JACKSON MI CLIMATE NORMALS FOR TODAY
                         NORMAL
 MAXIMUM TEMPERATURE (F)   32
 MINIMUM TEMPERATURE (F)   19


SUNRISE AND SUNSET
DECEMBER 27 2014......SUNRISE   806 AM EST   SUNSET   512 PM EST
DECEMBER 28 2014......SUNRISE   806 AM EST   SUNSET   513 PM EST


-  INDICATES NEGATIVE NUMBERS.
R  INDICATES RECORD WAS SET OR TIED.
MM INDICATES DATA IS MISSING.
T  INDICATES TRACE AMOUNT.




$$

63
