000
CDUS43 KIND 230532
CLILAF


CLIMATE REPORT
NATIONAL WEATHER SERVICE INDIANAPOLIS IN
131 AM EDT WED JUL 23 2014


...................................

...THE LAFAYETTE IN CLIMATE SUMMARY FOR JULY 22 2014...

CLIMATE NORMAL PERIOD 1981 TO 2010
CLIMATE RECORD PERIOD 9999 TO 9999


WEATHER ITEM   OBSERVED TIME   NORMAL DEPARTURE LAST
                VALUE   (LST)  VALUE  FROM      YEAR
                                      NORMAL
......................................................
TEMPERATURE (F)
 YESTERDAY
  MAXIMUM         86    338 PM  85      1       83
  MINIMUM         61    443 AM  64     -3       69
  AVERAGE         74            74      0       76

PRECIPITATION (IN)
  YESTERDAY        0.00          0.13  -0.13     1.34
  MONTH TO DATE    2.85          2.97  -0.12     2.42
  SINCE JUN 1      7.32          7.07   0.25     6.69
  SINCE JAN 1     20.15         21.09  -0.94    25.31

DEGREE DAYS
 HEATING
  YESTERDAY        0             0      0        0
  MONTH TO DATE   10             0     10        0
  SINCE JUN 1     16            22     -6       18
  SINCE JUL 1     10             0     10        0

 COOLING
  YESTERDAY        9             9      0       11
  MONTH TO DATE   99           218   -119      209
  SINCE JUN 1    324           435   -111      387
  SINCE JAN 1    421           512    -91      488
......................................................


WIND (MPH)
  HIGHEST WIND SPEED    14   HIGHEST WIND DIRECTION    SW (220)
  HIGHEST GUST SPEED    19   HIGHEST GUST DIRECTION    SW (220)
  AVERAGE WIND SPEED     4.7


SKY COVER
  AVERAGE SKY COVER 0.1


WEATHER CONDITIONS
 THE FOLLOWING WEATHER WAS RECORDED YESTERDAY.
  FOG
  FOG W/VISIBILITY <= 1/4 MILE
  HAZE


RELATIVE HUMIDITY (PERCENT)
 HIGHEST   100           200 AM
 LOWEST     58          1200 PM
 AVERAGE    79

..........................................................


THE LAFAYETTE IN CLIMATE NORMALS FOR TODAY
                         NORMAL
 MAXIMUM TEMPERATURE (F)   85
 MINIMUM TEMPERATURE (F)   64


SUNRISE AND SUNSET
JULY 23 2014..........SUNRISE   637 AM EDT   SUNSET   911 PM EDT
JULY 24 2014..........SUNRISE   638 AM EDT   SUNSET   910 PM EDT


-  INDICATES NEGATIVE NUMBERS.
R  INDICATES RECORD WAS SET OR TIED.
MM INDICATES DATA IS MISSING.
T  INDICATES TRACE AMOUNT.




$$
