603
CDUS43 KIND 290539
CLILAF


CLIMATE REPORT
NATIONAL WEATHER SERVICE INDIANAPOLIS IN
134 AM EDT MON MAY 29 2017


...................................

...THE LAFAYETTE IN CLIMATE SUMMARY FOR MAY 28 2017...

CLIMATE NORMAL PERIOD 1981 TO 2010
CLIMATE RECORD PERIOD 9999 TO 9999


WEATHER ITEM   OBSERVED TIME   NORMAL DEPARTURE LAST
                VALUE   (LST)  VALUE  FROM      YEAR
                                      NORMAL
......................................................
TEMPERATURE (F)
 YESTERDAY
  MAXIMUM         78    347 PM  77      1       83
  MINIMUM         58   1159 PM  55      3       68
  AVERAGE         68            66      2       76

PRECIPITATION (IN)
  YESTERDAY        0.33          0.13   0.20     0.00
  MONTH TO DATE    7.22          3.75   3.47     1.95
  SINCE MAR 1     15.49          9.96   5.53     9.38
  SINCE JAN 1     20.39         13.58   6.81    12.11

DEGREE DAYS
 HEATING
  YESTERDAY        0             3     -3        0
  MONTH TO DATE  205           153     52      208
  SINCE MAR 1   1210          1309    -99     1211
  SINCE JUL 1   4898          5643   -745     5019

 COOLING
  YESTERDAY        3             4     -1       11
  MONTH TO DATE   41            54    -13       42
  SINCE MAR 1     55            67    -12       44
  SINCE JAN 1     55            67    -12       44
......................................................


WIND (MPH)
  HIGHEST WIND SPEED    21   HIGHEST WIND DIRECTION     W (290)
  HIGHEST GUST SPEED    30   HIGHEST GUST DIRECTION     W (290)
  AVERAGE WIND SPEED     5.3


SKY COVER
  AVERAGE SKY COVER 0.4


WEATHER CONDITIONS
 THE FOLLOWING WEATHER WAS RECORDED YESTERDAY.
  THUNDERSTORM
  HEAVY RAIN
  LIGHT RAIN
  FOG


RELATIVE HUMIDITY (PERCENT)
 HIGHEST   100          1200 AM
 LOWEST     53           700 PM
 AVERAGE    77

..........................................................


THE LAFAYETTE IN CLIMATE NORMALS FOR TODAY
                         NORMAL
 MAXIMUM TEMPERATURE (F)   77
 MINIMUM TEMPERATURE (F)   55


SUNRISE AND SUNSET
MAY 29 2017...........SUNRISE   621 AM EDT   SUNSET   910 PM EDT
MAY 30 2017...........SUNRISE   621 AM EDT   SUNSET   911 PM EDT


-  INDICATES NEGATIVE NUMBERS.
R  INDICATES RECORD WAS SET OR TIED.
MM INDICATES DATA IS MISSING.
T  INDICATES TRACE AMOUNT.




$$
