000
CDUS43 KGRR 232125
CLILAN


CLIMATE REPORT
NATIONAL WEATHER SERVICE GRAND RAPIDS, MI
525 PM EDT THU OCT 23 2014


...................................

...THE LANSING MI CLIMATE SUMMARY FOR OCTOBER 23 2014...
VALID TODAY AS OF 0500 PM LOCAL TIME.

CLIMATE NORMAL PERIOD 1981 TO 2010
CLIMATE RECORD PERIOD 1864 TO 2014


WEATHER ITEM   OBSERVED TIME   RECORD YEAR NORMAL DEPARTURE LAST
                VALUE   (LST)  VALUE       VALUE  FROM      YEAR
                                                  NORMAL
..................................................................
TEMPERATURE (F)
 TODAY
  MAXIMUM         57    335 PM  84    1963  57      0       46
  MINIMUM         28    508 AM  11    1868  39    -11       31
  AVERAGE         43                        48     -5       39

PRECIPITATION (IN)
  TODAY            0.00          1.83 1951   0.07  -0.07     0.02
  MONTH TO DATE    3.28                      1.89   1.39     1.84
  SINCE SEP 1      5.82                      5.39   0.43     2.82
  SINCE JAN 1     33.04                     26.48   6.56    35.74

SNOWFALL (IN)
  TODAY            0.0           3.0  1863   0.0    0.0       T
  MONTH TO DATE    0.0                       0.2   -0.2       T
  SINCE SEP 1      0.0                       0.2   -0.2       T
  SINCE JUL 1      0.0                       0.2   -0.2       T
  SNOW DEPTH       0

DEGREE DAYS
 HEATING
  TODAY           22                        17      5       26
  MONTH TO DATE  333                       313     20      243
  SINCE SEP 1    493                       466     27      399
  SINCE JUL 1    533                       501     32      434

 COOLING
  TODAY            0                         0      0        0
  MONTH TO DATE    0                         4     -4       10
  SINCE SEP 1     43                        65    -22       73
  SINCE JAN 1    488                       622   -134      661
..................................................................


WIND (MPH)
  RESULTANT WIND SPEED   1   RESULTANT WIND DIRECTION  SW (240)
  HIGHEST WIND SPEED     9   HIGHEST WIND DIRECTION     W (250)
  HIGHEST GUST SPEED    12   HIGHEST GUST DIRECTION    SW (240)
  AVERAGE WIND SPEED     1.6


SKY COVER
  AVERAGE SKY COVER 0.2


WEATHER CONDITIONS
 THE FOLLOWING WEATHER WAS RECORDED TODAY.
  FOG
  FOG W/VISIBILITY <= 1/4 MILE


RELATIVE HUMIDITY (PERCENT)
 HIGHEST   100           100 AM
 LOWEST     43           300 PM
 AVERAGE    72

..........................................................


THE LANSING MI CLIMATE NORMALS FOR TOMORROW
                         NORMAL    RECORD    YEAR
 MAXIMUM TEMPERATURE (F)   57        84      1963
 MINIMUM TEMPERATURE (F)   39        15      1869


SUNRISE AND SUNSET
OCTOBER 23 2014.......SUNRISE   801 AM EDT   SUNSET   644 PM EDT
OCTOBER 24 2014.......SUNRISE   802 AM EDT   SUNSET   642 PM EDT


-  INDICATES NEGATIVE NUMBERS.
R  INDICATES RECORD WAS SET OR TIED.
MM INDICATES DATA IS MISSING.
T  INDICATES TRACE AMOUNT.




$$
