000
CDUS43 KGRR 010544
CLILAN


CLIMATE REPORT
NATIONAL WEATHER SERVICE GRAND RAPIDS, MI
1243 AM EST SUN FEB 1 2015


...................................

...THE LANSING MI CLIMATE SUMMARY FOR JANUARY 31 2015...

CLIMATE NORMAL PERIOD 1981 TO 2010
CLIMATE RECORD PERIOD 1864 TO 2015


WEATHER ITEM   OBSERVED TIME   RECORD YEAR NORMAL DEPARTURE LAST
                VALUE   (LST)  VALUE       VALUE  FROM      YEAR
                                                  NORMAL
..................................................................
TEMPERATURE (F)
 YESTERDAY
  MAXIMUM         33    612 PM  61    1989  30      3       31
  MINIMUM         16    207 AM -14    1899  17     -1       21
  AVERAGE         25                        24      1       26

PRECIPITATION (IN)
  YESTERDAY        0.00          1.07 1914   0.05  -0.05      T
  MONTH TO DATE    1.35                      1.65  -0.30     2.16
  SINCE DEC 1      2.91                      3.52  -0.61     4.04
  SINCE JAN 1      1.35                      1.65  -0.30     2.16

SNOWFALL (IN)
  YESTERDAY        0.0          10.5  1914   0.4   -0.4       T
  MONTH TO DATE   11.2                      13.8   -2.6     23.5
  SINCE DEC 1     12.7                      26.8  -14.1     39.3
  SINCE JUL 1     18.9                      30.6  -11.7     40.0
  SNOW DEPTH       3

DEGREE DAYS
 HEATING
  YESTERDAY       40                        41     -1       39
  MONTH TO DATE 1378                      1292     86     1529
  SINCE DEC 1   2407                      2426    -19     2746
  SINCE JUL 1   4003                      3840    163     4192

 COOLING
  YESTERDAY        0                         0      0        0
  MONTH TO DATE    0                         0      0        0
  SINCE DEC 1      0                         0      0        0
  SINCE JAN 1      0                         0      0        0
..................................................................


WIND (MPH)
  RESULTANT WIND SPEED   6   RESULTANT WIND DIRECTION  SW (230)
  HIGHEST WIND SPEED    16   HIGHEST WIND DIRECTION    SW (230)
  HIGHEST GUST SPEED    21   HIGHEST GUST DIRECTION    SW (240)
  AVERAGE WIND SPEED     7.2


SKY COVER
  AVERAGE SKY COVER 0.8


WEATHER CONDITIONS
 THE FOLLOWING WEATHER WAS RECORDED YESTERDAY.
  HAZE


RELATIVE HUMIDITY (PERCENT)
 HIGHEST    80           200 AM
 LOWEST     61           300 PM
 AVERAGE    71

..........................................................


THE LANSING MI CLIMATE NORMALS FOR TODAY
                         NORMAL    RECORD    YEAR
 MAXIMUM TEMPERATURE (F)   31        52      1968
 MINIMUM TEMPERATURE (F)   17       -16      1918


SUNRISE AND SUNSET
FEBRUARY  1 2015......SUNRISE   753 AM EST   SUNSET   551 PM EST
FEBRUARY  2 2015......SUNRISE   752 AM EST   SUNSET   553 PM EST


-  INDICATES NEGATIVE NUMBERS.
R  INDICATES RECORD WAS SET OR TIED.
MM INDICATES DATA IS MISSING.
T  INDICATES TRACE AMOUNT.




$$
