000
CDUS43 KGRR 260523
CLILAN


CLIMATE REPORT
NATIONAL WEATHER SERVICE GRAND RAPIDS, MI
1221 AM EST FRI DEC 26 2014


...................................

...THE LANSING MI CLIMATE SUMMARY FOR DECEMBER 25 2014...

CLIMATE NORMAL PERIOD 1981 TO 2010
CLIMATE RECORD PERIOD 1864 TO 2014


WEATHER ITEM   OBSERVED TIME   RECORD YEAR NORMAL DEPARTURE LAST
                VALUE   (LST)  VALUE       VALUE  FROM      YEAR
                                                  NORMAL
..................................................................
TEMPERATURE (F)
 YESTERDAY
  MAXIMUM         37   1107 AM  65    1982  32      5       24
  MINIMUM         33    942 PM -17    2000  20     13       10
  AVERAGE         35                        26      9       17

PRECIPITATION (IN)
  YESTERDAY        0.01          0.77 1982   0.06  -0.05     0.04
  MONTH TO DATE    1.51                      1.53  -0.02     1.75
  SINCE DEC 1      1.51                      1.53  -0.02     1.75
  SINCE JAN 1     37.43                     31.43   6.00    41.33

SNOWFALL (IN)
  YESTERDAY        T             7.0  1965   0.5   -0.5      0.7
  MONTH TO DATE    1.1                      10.2   -9.1     13.0
  SINCE DEC 1      1.1                      10.2   -9.1     13.0
  SINCE JUL 1      7.3                      14.0   -6.7     13.7
  SNOW DEPTH       0

DEGREE DAYS
 HEATING
  YESTERDAY       30                        39     -9       48
  MONTH TO DATE  812                       897    -85      982
  SINCE DEC 1    812                       897    -85      982
  SINCE JUL 1   2408                      2311     97     2428

 COOLING
  YESTERDAY        0                         0      0        0
  MONTH TO DATE    0                         0      0        0
  SINCE DEC 1      0                         0      0        0
  SINCE JAN 1    488                       625   -137      661
..................................................................


WIND (MPH)
  RESULTANT WIND SPEED  12   RESULTANT WIND DIRECTION  SW (240)
  HIGHEST WIND SPEED    25   HIGHEST WIND DIRECTION    SW (240)
  HIGHEST GUST SPEED    33   HIGHEST GUST DIRECTION    SW (240)
  AVERAGE WIND SPEED    12.8


SKY COVER
  AVERAGE SKY COVER 0.8


WEATHER CONDITIONS
 THE FOLLOWING WEATHER WAS RECORDED YESTERDAY.
  LIGHT RAIN
  LIGHT SNOW
  FOG


RELATIVE HUMIDITY (PERCENT)
 HIGHEST    96          1200 AM
 LOWEST     70          1000 AM
 AVERAGE    83

..........................................................


THE LANSING MI CLIMATE NORMALS FOR TODAY
                         NORMAL    RECORD    YEAR
 MAXIMUM TEMPERATURE (F)   32        52      1891
 MINIMUM TEMPERATURE (F)   19       -15      1914


SUNRISE AND SUNSET
DECEMBER 26 2014......SUNRISE   808 AM EST   SUNSET   510 PM EST
DECEMBER 27 2014......SUNRISE   808 AM EST   SUNSET   511 PM EST


-  INDICATES NEGATIVE NUMBERS.
R  INDICATES RECORD WAS SET OR TIED.
MM INDICATES DATA IS MISSING.
T  INDICATES TRACE AMOUNT.




$$

63
