000
CDUS43 KGRR 072127
CLILAN


CLIMATE REPORT
NATIONAL WEATHER SERVICE GRAND RAPIDS, MI
527 PM EDT TUE JUL 7 2015


...................................

...THE LANSING MI CLIMATE SUMMARY FOR JULY 7 2015...
VALID TODAY AS OF 0500 PM LOCAL TIME.

CLIMATE NORMAL PERIOD 1981 TO 2010
CLIMATE RECORD PERIOD 1864 TO 2015


WEATHER ITEM   OBSERVED TIME   RECORD YEAR NORMAL DEPARTURE LAST
                VALUE   (LST)  VALUE       VALUE  FROM      YEAR
                                                  NORMAL
..................................................................
TEMPERATURE (F)
 TODAY
  MAXIMUM         76    315 AM 100    1895  83     -7       83
  MINIMUM         60   1157 AM  38    1894  61     -1       68
  AVERAGE         68                        72     -4       76

PRECIPITATION (IN)
  TODAY            0.81          2.33 1923   0.09   0.72     1.89
  MONTH TO DATE    0.81                      0.65   0.16     2.73
  SINCE JUN 1      9.88                      4.10   5.78     9.13
  SINCE JAN 1     17.93                     15.67   2.26    20.34

SNOWFALL (IN)
  TODAY            0.0           0.0    MM   0.0    0.0      0.0
  MONTH TO DATE    0.0                       0.0    0.0      0.0
  SINCE JUN 1      0.0                       0.0    0.0      0.0
  SINCE JUL 1      0.0                       0.0    0.0      0.0
  SNOW DEPTH       0

DEGREE DAYS
 HEATING
  TODAY            0                         0      0        0
  MONTH TO DATE    4                         2      2        5
  SINCE JUN 1     40                        57    -17       29
  SINCE JUL 1      4                         2      2        5

 COOLING
  TODAY            3                         7     -4       11
  MONTH TO DATE   16                        49    -33       31
  SINCE JUN 1    103                       181    -78      178
  SINCE JAN 1    162                       222    -60      217
..................................................................


WIND (MPH)
  RESULTANT WIND SPEED   4   RESULTANT WIND DIRECTION  NW (300)
  HIGHEST WIND SPEED    20   HIGHEST WIND DIRECTION    NW (330)
  HIGHEST GUST SPEED    27   HIGHEST GUST DIRECTION     N (340)
  AVERAGE WIND SPEED     9.2


SKY COVER
  AVERAGE SKY COVER 0.8


WEATHER CONDITIONS
 THE FOLLOWING WEATHER WAS RECORDED TODAY.
  HEAVY RAIN
  RAIN
  LIGHT RAIN
  FOG
  HAZE


RELATIVE HUMIDITY (PERCENT)
 HIGHEST    97          1100 AM
 LOWEST     68           400 PM
 AVERAGE    83

..........................................................


THE LANSING MI CLIMATE NORMALS FOR TOMORROW
                         NORMAL    RECORD    YEAR
 MAXIMUM TEMPERATURE (F)   83       100      1897
 MINIMUM TEMPERATURE (F)   61        37      1894


SUNRISE AND SUNSET
JULY  7 2015..........SUNRISE   607 AM EDT   SUNSET   919 PM EDT
JULY  8 2015..........SUNRISE   608 AM EDT   SUNSET   919 PM EDT


-  INDICATES NEGATIVE NUMBERS.
R  INDICATES RECORD WAS SET OR TIED.
MM INDICATES DATA IS MISSING.
T  INDICATES TRACE AMOUNT.




$$
