000
CDUS43 KGRR 062226
CLILAN


CLIMATE REPORT
NATIONAL WEATHER SERVICE GRAND RAPIDS, MI
525 PM EST FRI MAR 6 2015


...................................

...THE LANSING MI CLIMATE SUMMARY FOR MARCH 6 2015...
VALID TODAY AS OF 0500 PM LOCAL TIME.

CLIMATE NORMAL PERIOD 1981 TO 2010
CLIMATE RECORD PERIOD 1864 TO 2015


WEATHER ITEM   OBSERVED TIME   RECORD YEAR NORMAL DEPARTURE LAST
                VALUE   (LST)  VALUE       VALUE  FROM      YEAR
                                                  NORMAL
..................................................................
TEMPERATURE (F)
 TODAY
  MAXIMUM         23    457 PM  65    2009  40    -17       29
                                      1973
                                      1961
  MINIMUM          2    217 AM  -6    1869  23    -21        0
  AVERAGE         13                        31    -18       15

PRECIPITATION (IN)
  TODAY            0.00          0.83 1956   0.07  -0.07     0.00
  MONTH TO DATE    0.25                      0.37  -0.12     0.36
  SINCE MAR 1      0.25                      0.37  -0.12     0.36
  SINCE JAN 1      2.50                      3.49  -0.99     4.28

SNOWFALL (IN)
  TODAY            0.0           5.6  1943   0.3   -0.3      0.0
  MONTH TO DATE    1.9                       1.8    0.1      3.9
  SINCE MAR 1      1.9                       1.8    0.1      3.9
  SINCE JUL 1     35.6                      44.0   -8.4     61.9
  SNOW DEPTH       8

DEGREE DAYS
 HEATING
  TODAY           52                        34     18       50
  MONTH TO DATE  280                       209     71      321
  SINCE MAR 1    280                       209     71      321
  SINCE JUL 1   5774                      5144    630     5862

 COOLING
  TODAY            0                         0      0        0
  MONTH TO DATE    0                         0      0        0
  SINCE MAR 1      0                         0      0        0
  SINCE JAN 1      0                         0      0        0
..................................................................


WIND (MPH)
  RESULTANT WIND SPEED  11   RESULTANT WIND DIRECTION  SW (210)
  HIGHEST WIND SPEED    23   HIGHEST WIND DIRECTION    SW (220)
  HIGHEST GUST SPEED    28   HIGHEST GUST DIRECTION    SW (210)
  AVERAGE WIND SPEED    10.9


SKY COVER
  AVERAGE SKY COVER 0.1


WEATHER CONDITIONS
 THE FOLLOWING WEATHER WAS RECORDED TODAY.
  NO SIGNIFICANT WEATHER WAS OBSERVED.


RELATIVE HUMIDITY (PERCENT)
 HIGHEST    86           400 AM
 LOWEST     41           300 PM
 AVERAGE    64

..........................................................


THE LANSING MI CLIMATE NORMALS FOR TOMORROW
                         NORMAL    RECORD    YEAR
 MAXIMUM TEMPERATURE (F)   40        74      2000
 MINIMUM TEMPERATURE (F)   23       -13      1999


SUNRISE AND SUNSET
MARCH  6 2015.........SUNRISE   706 AM EST   SUNSET   634 PM EST
MARCH  7 2015.........SUNRISE   705 AM EST   SUNSET   635 PM EST


-  INDICATES NEGATIVE NUMBERS.
R  INDICATES RECORD WAS SET OR TIED.
MM INDICATES DATA IS MISSING.
T  INDICATES TRACE AMOUNT.




$$

CAS
