983
CDUS43 KGRR 140523
CLILAN


CLIMATE REPORT
NATIONAL WEATHER SERVICE GRAND RAPIDS, MI
1222 AM EST SUN FEB 14 2016


...................................

...THE LANSING MI CLIMATE SUMMARY FOR FEBRUARY 13 2016...

CLIMATE NORMAL PERIOD 1981 TO 2010
CLIMATE RECORD PERIOD 1864 TO 2016


WEATHER ITEM   OBSERVED TIME   RECORD YEAR NORMAL DEPARTURE LAST
                VALUE   (LST)  VALUE       VALUE  FROM      YEAR
                                                  NORMAL
..................................................................
TEMPERATURE (F)
 YESTERDAY
  MAXIMUM         15    419 PM  59    1876  33    -18       20
  MINIMUM          2    322 AM -25    1875  18    -16       -3
  AVERAGE          9                        25    -16        9

PRECIPITATION (IN)
  YESTERDAY        T             1.97 1938   0.05  -0.05     0.02
  MONTH TO DATE    0.73                      0.61   0.12     0.75
  SINCE DEC 1      4.90                      4.13   0.77     3.66
  SINCE JAN 1      2.18                      2.26  -0.08     2.10

SNOWFALL (IN)
  YESTERDAY        T             5.9  1946   0.4   -0.4      0.5
  MONTH TO DATE    3.9                       5.6   -1.7     11.5
  SINCE DEC 1     13.6                      32.4  -18.8     24.2
  SINCE JUL 1     21.8                      36.2  -14.4     30.4
  SNOW DEPTH       2

DEGREE DAYS
 HEATING
  YESTERDAY       56                        40     16       56
  MONTH TO DATE  499                       528    -29      614
  SINCE DEC 1   2507                      2954   -447     3021
  SINCE JUL 1   3615                      4368   -753     4617

 COOLING
  YESTERDAY        0                         0      0        0
  MONTH TO DATE    0                         0      0        0
  SINCE DEC 1      0                         0      0        0
  SINCE JAN 1      0                         0      0        0
..................................................................


WIND (MPH)
  RESULTANT WIND SPEED  10   RESULTANT WIND DIRECTION  NW (300)
  HIGHEST WIND SPEED    22   HIGHEST WIND DIRECTION    NW (300)
  HIGHEST GUST SPEED    29   HIGHEST GUST DIRECTION    NW (300)
  AVERAGE WIND SPEED     9.5


SKY COVER
  AVERAGE SKY COVER 0.5


WEATHER CONDITIONS
 THE FOLLOWING WEATHER WAS RECORDED YESTERDAY.
  NO SIGNIFICANT WEATHER WAS OBSERVED.


RELATIVE HUMIDITY (PERCENT)
 HIGHEST    79           600 AM
 LOWEST     51           300 PM
 AVERAGE    65

..........................................................


THE LANSING MI CLIMATE NORMALS FOR TODAY
                         NORMAL    RECORD    YEAR
 MAXIMUM TEMPERATURE (F)   33        52      1918
 MINIMUM TEMPERATURE (F)   18       -21      1875


SUNRISE AND SUNSET
FEBRUARY 14 2016......SUNRISE   738 AM EST   SUNSET   608 PM EST
FEBRUARY 15 2016......SUNRISE   736 AM EST   SUNSET   609 PM EST


-  INDICATES NEGATIVE NUMBERS.
R  INDICATES RECORD WAS SET OR TIED.
MM INDICATES DATA IS MISSING.
T  INDICATES TRACE AMOUNT.




$$
