101
CDUS43 KGRR 271359
CLILAN


CLIMATE REPORT
NATIONAL WEATHER SERVICE GRAND RAPIDS, MI
959 AM EDT THU JUL 27 2017


...................................

...THE LANSING MI CLIMATE SUMMARY FOR JULY 27 2017...
VALID AS OF 0900 AM LOCAL TIME.

CLIMATE NORMAL PERIOD 1981 TO 2010
CLIMATE RECORD PERIOD 1864 TO 2017


WEATHER ITEM   OBSERVED TIME   RECORD YEAR NORMAL DEPARTURE LAST
                VALUE   (LST)  VALUE       VALUE  FROM      YEAR
                                                  NORMAL
..................................................................
TEMPERATURE (F)
 TODAY
  MAXIMUM         74    753 AM 100    1894  82     -8       89
  MINIMUM         70    701 AM  42    1977  61      9       64
  AVERAGE         72                        71      1       77

PRECIPITATION (IN)
  TODAY            0.00          2.15 2011   0.10  -0.10     0.00
  MONTH TO DATE    2.70                      2.46   0.24     3.16
  SINCE JUN 1      6.45                      5.91   0.54     3.75
  SINCE JAN 1     23.51                     17.48   6.03    16.66

SNOWFALL (IN)
  TODAY            0.0           0.0    MM   0.0    0.0      0.0
  MONTH TO DATE    0.0                       0.0    0.0      0.0
  SINCE JUN 1      0.0                       0.0    0.0      0.0
  SINCE JUL 1      0.0                       0.0    0.0      0.0
  SNOW DEPTH       0

DEGREE DAYS
 HEATING
  TODAY            0                         0      0        0
  MONTH TO DATE    0                         2     -2        3
  SINCE JUN 1     13                        57    -44       37
  SINCE JUL 1      0                         2     -2        3

 COOLING
  TODAY            7                         7      0       12
  MONTH TO DATE  244                       189     55      248
  SINCE JUN 1    449                       321    128      396
  SINCE JAN 1    484                       362    122      458
..................................................................


WIND (MPH)
  RESULTANT WIND SPEED   3   RESULTANT WIND DIRECTION   S (200)
  HIGHEST WIND SPEED    10   HIGHEST WIND DIRECTION    NW (330)
  HIGHEST GUST SPEED    14   HIGHEST GUST DIRECTION    NW (330)
  AVERAGE WIND SPEED     4.0


SKY COVER
  AVERAGE SKY COVER 0.2


WEATHER CONDITIONS
 THE FOLLOWING WEATHER WAS RECORDED TODAY.
  NO SIGNIFICANT WEATHER WAS OBSERVED.


RELATIVE HUMIDITY (PERCENT)
 HIGHEST    84           700 AM
 LOWEST     73          1200 AM
 AVERAGE    79

..........................................................


THE LANSING MI CLIMATE NORMALS FOR TOMORROW
                         NORMAL    RECORD    YEAR
 MAXIMUM TEMPERATURE (F)   82        97      1916
 MINIMUM TEMPERATURE (F)   61        43      1978
                                             1874


SUNRISE AND SUNSET
JULY 27 2017..........SUNRISE   625 AM EDT   SUNSET   904 PM EDT
JULY 28 2017..........SUNRISE   626 AM EDT   SUNSET   903 PM EDT


-  INDICATES NEGATIVE NUMBERS.
R  INDICATES RECORD WAS SET OR TIED.
MM INDICATES DATA IS MISSING.
T  INDICATES TRACE AMOUNT.




$$
