000
CDUS43 KGRR 120528
CLILAN


CLIMATE REPORT
NATIONAL WEATHER SERVICE GRAND RAPIDS, MI
125 AM EDT SAT JUL 12 2014


...................................

...THE LANSING MI CLIMATE SUMMARY FOR JULY 11 2014...

CLIMATE NORMAL PERIOD 1981 TO 2010
CLIMATE RECORD PERIOD 1864 TO 2014


WEATHER ITEM   OBSERVED TIME   RECORD YEAR NORMAL DEPARTURE LAST
                VALUE   (LST)  VALUE       VALUE  FROM      YEAR
                                                  NORMAL
..................................................................
TEMPERATURE (F)
 YESTERDAY
  MAXIMUM         79    448 PM  98    1868  83     -4       79
  MINIMUM         56    548 AM  40    1898  61     -5       56
  AVERAGE         68                        72     -4       68

PRECIPITATION (IN)
  YESTERDAY        0.00          3.19 1957   0.10  -0.10     0.00
  MONTH TO DATE    3.68                      1.02   2.66     0.54
  SINCE JUN 1     10.08                      4.47   5.61     8.94
  SINCE JAN 1     21.29                     16.04   5.25    26.94

SNOWFALL (IN)
  YESTERDAY        0.0           0.0    MM   0.0    0.0      0.0
  MONTH TO DATE    0.0                       0.0    0.0      0.0
  SINCE JUN 1      0.0                       0.0    0.0      0.0
  SINCE JUL 1      0.0                       0.0    0.0      0.0
  SNOW DEPTH       0

DEGREE DAYS
 HEATING
  YESTERDAY        0                         0      0        0
  MONTH TO DATE    6                         2      4        2
  SINCE JUN 1     30                        57    -27       52
  SINCE JUL 1      6                         2      4        2

 COOLING
  YESTERDAY        3                         7     -4        3
  MONTH TO DATE   39                        77    -38       74
  SINCE JUN 1    186                       209    -23      207
  SINCE JAN 1    225                       250    -25      280
..................................................................


WIND (MPH)
  RESULTANT WIND SPEED   3   RESULTANT WIND DIRECTION   S (180)
  HIGHEST WIND SPEED    14   HIGHEST WIND DIRECTION     S (170)
  HIGHEST GUST SPEED    19   HIGHEST GUST DIRECTION     S (190)
  AVERAGE WIND SPEED     3.9


SKY COVER
  AVERAGE SKY COVER 0.1


WEATHER CONDITIONS
 THE FOLLOWING WEATHER WAS RECORDED YESTERDAY.
  FOG


RELATIVE HUMIDITY (PERCENT)
 HIGHEST    93           500 AM
 LOWEST     45           200 PM
 AVERAGE    69

..........................................................


THE LANSING MI CLIMATE NORMALS FOR TODAY
                         NORMAL    RECORD    YEAR
 MAXIMUM TEMPERATURE (F)   83        99      1936
 MINIMUM TEMPERATURE (F)   61        36      1867


SUNRISE AND SUNSET
JULY 12 2014..........SUNRISE   611 AM EDT   SUNSET   917 PM EDT
JULY 13 2014..........SUNRISE   612 AM EDT   SUNSET   916 PM EDT


-  INDICATES NEGATIVE NUMBERS.
R  INDICATES RECORD WAS SET OR TIED.
MM INDICATES DATA IS MISSING.
T  INDICATES TRACE AMOUNT.




$$
