000
CDUS43 KGRR 212232
CLILAN


CLIMATE REPORT
NATIONAL WEATHER SERVICE GRAND RAPIDS, MI
528 PM EST SAT JAN 21 2017


...................................

...THE LANSING MI CLIMATE SUMMARY FOR JANUARY 21 2017...
VALID TODAY AS OF 0500 PM LOCAL TIME.

CLIMATE NORMAL PERIOD 1981 TO 2010
CLIMATE RECORD PERIOD 1864 TO 2017


WEATHER ITEM   OBSERVED TIME   RECORD YEAR NORMAL DEPARTURE LAST
                VALUE   (LST)  VALUE       VALUE  FROM      YEAR
                                                  NORMAL
..................................................................
TEMPERATURE (F)
 TODAY
  MAXIMUM         56    459 PM  60    1906  30     26       26
  MINIMUM         37   1213 AM -19    1883  16     21       12
  AVERAGE         47                        23     24       19

PRECIPITATION (IN)
  TODAY            0.00          0.58 1959   0.05  -0.05     0.01
  MONTH TO DATE    2.78                      1.19   1.59     1.16
  SINCE DEC 1      4.54                      3.06   1.48     3.88
  SINCE JAN 1      2.78                      1.19   1.59     1.16

SNOWFALL (IN)
  TODAY            0.0          10.0  1904   0.5   -0.5      0.1
  MONTH TO DATE    3.7                       9.5   -5.8      6.0
  SINCE DEC 1     19.8                      22.5   -2.7      7.9
  SINCE JUL 1     19.8                      26.3   -6.5     16.1
  SNOW DEPTH       0

DEGREE DAYS
 HEATING
  TODAY           18                        42    -24       46
  MONTH TO DATE  777                       873    -96      864
  SINCE DEC 1   1919                      2011    -92     1661
  SINCE JUL 1   2894                      3425   -531     2769

 COOLING
  TODAY            0                         0      0        0
  MONTH TO DATE    0                         0      0        0
  SINCE DEC 1      0                         0      0        0
  SINCE JAN 1      0                         0      0        0
..................................................................


WIND (MPH)
  RESULTANT WIND SPEED   7   RESULTANT WIND DIRECTION  SE (150)
  HIGHEST WIND SPEED    14   HIGHEST WIND DIRECTION    SE (150)
  HIGHEST GUST SPEED    16   HIGHEST GUST DIRECTION    SE (150)
  AVERAGE WIND SPEED     7.5


SKY COVER
  AVERAGE SKY COVER 0.7


WEATHER CONDITIONS
 THE FOLLOWING WEATHER WAS RECORDED TODAY.
  FOG
  FOG W/VISIBILITY <= 1/4 MILE


RELATIVE HUMIDITY (PERCENT)
 HIGHEST   100          1200 PM
 LOWEST     77           400 PM
 AVERAGE    89

..........................................................


THE LANSING MI CLIMATE NORMALS FOR TOMORROW
                         NORMAL    RECORD    YEAR
 MAXIMUM TEMPERATURE (F)   30        56      1906
 MINIMUM TEMPERATURE (F)   16       -15      2000


SUNRISE AND SUNSET
JANUARY 21 2017.......SUNRISE   802 AM EST   SUNSET   538 PM EST
JANUARY 22 2017.......SUNRISE   802 AM EST   SUNSET   539 PM EST


-  INDICATES NEGATIVE NUMBERS.
R  INDICATES RECORD WAS SET OR TIED.
MM INDICATES DATA IS MISSING.
T  INDICATES TRACE AMOUNT.




$$

63
