230
CDUS45 KCYS 260739
CLILAR


CLIMATE REPORT
NATIONAL WEATHER SERVICE CHEYENNE WY
139 AM MDT MON SEP 26 2016


...................................

...THE LARAMIE WY AIRPORT CLIMATE SUMMARY FOR SEPTEMBER 25 2016...

CLIMATE NORMAL PERIOD 1981 TO 2010
CLIMATE RECORD PERIOD 1948 TO 2016


WEATHER ITEM   OBSERVED TIME   RECORD YEAR NORMAL DEPARTURE LAST
                VALUE   (LST)  VALUE       VALUE  FROM      YEAR
                                                  NORMAL
..................................................................
TEMPERATURE (F)
 YESTERDAY
  MAXIMUM         59    415 PM  83    2014  64     -5       79
  MINIMUM         29    548 AM  17    1984  34     -5       37
  AVERAGE         44                        49     -5       58

PRECIPITATION (IN)
  YESTERDAY        0.00          0.59 1966   0.03  -0.03     0.00
  MONTH TO DATE    0.74                      0.94  -0.20     0.34
  SINCE JAN 1     10.79                      9.09   1.70    10.20

DEGREE DAYS
 HEATING
  YESTERDAY       21                        16      5        7
  MONTH TO DATE  223                       269    -46      165
  SINCE SEP 1    223                       269    -46      165
  SINCE JUL 1    389                       441    -52      314

 COOLING
  YESTERDAY        0                         0      0        0
  MONTH TO DATE    4                         0      4        0
  SINCE SEP 1      4                         0      4        0
  SINCE JAN 1    119                        66     53       65
..................................................................


WIND (MPH)
  HIGHEST WIND SPEED    16   HIGHEST WIND DIRECTION    NW (320)
  HIGHEST GUST SPEED    20   HIGHEST GUST DIRECTION    NW (320)
  AVERAGE WIND SPEED     5.7


SKY COVER
  AVERAGE SKY COVER 0.0


WEATHER CONDITIONS
 THE FOLLOWING WEATHER WAS RECORDED YESTERDAY.
  NO SIGNIFICANT WEATHER WAS OBSERVED.


RELATIVE HUMIDITY (PERCENT)
 HIGHEST    89           100 AM
 LOWEST     33           200 PM
 AVERAGE    61

..........................................................


THE LARAMIE WY AIRPORT CLIMATE NORMALS FOR TODAY
                         NORMAL    RECORD    YEAR
 MAXIMUM TEMPERATURE (F)   64        83      2015
                                             2014
                                             2010
 MINIMUM TEMPERATURE (F)   34        16      1984


SUNRISE AND SUNSET
SEPTEMBER 26 2016.....SUNRISE   655 AM MDT   SUNSET   652 PM MDT
SEPTEMBER 27 2016.....SUNRISE   656 AM MDT   SUNSET   650 PM MDT


-  INDICATES NEGATIVE NUMBERS.
R  INDICATES RECORD WAS SET OR TIED.
MM INDICATES DATA IS MISSING.
T  INDICATES TRACE AMOUNT.




$$
