000
CDUS45 KCYS 200435
CLILAR


CLIMATE REPORT
NATIONAL WEATHER SERVICE CHEYENNE WY
935 PM MST FRI DEC 19 2014


...................................

...THE LARAMIE WY AIRPORT CLIMATE SUMMARY FOR DECEMBER 19 2014...
VALID TODAY AS OF 0900 PM LOCAL TIME.

CLIMATE NORMAL PERIOD 1981 TO 2010
CLIMATE RECORD PERIOD 1948 TO 2014


WEATHER ITEM   OBSERVED TIME   RECORD YEAR NORMAL DEPARTURE LAST
                VALUE   (LST)  VALUE       VALUE  FROM      YEAR
                                                  NORMAL
..................................................................
TEMPERATURE (F)
 TODAY
  MAXIMUM         32    250 PM  49    1966  32      0       48
  MINIMUM         10   1249 AM -11    2012  10      0       10
  AVERAGE         21                        21      0       29

PRECIPITATION (IN)
  TODAY            0.00          0.16 1951   0.01  -0.01     0.00
  MONTH TO DATE    0.03                      0.21  -0.18     0.55
  SINCE JAN 1     13.73                     10.81   2.92    12.47

DEGREE DAYS
 HEATING
  TODAY           44                        44      0       36
  MONTH TO DATE  651                       828   -177      900
  SINCE DEC 1    651                       828   -177      900
  SINCE JUL 1   2779                      3140   -361     3022

 COOLING
  TODAY            0                         0      0        0
  MONTH TO DATE    0                         0      0        0
  SINCE DEC 1      0                         0      0        0
  SINCE JAN 1     67                        67      0      162
..................................................................


WIND (MPH)
  HIGHEST WIND SPEED    29   HIGHEST WIND DIRECTION     W (260)
  HIGHEST GUST SPEED    36   HIGHEST GUST DIRECTION     W (270)
  AVERAGE WIND SPEED    14.5


SKY COVER
  AVERAGE SKY COVER 0.0


WEATHER CONDITIONS
 THE FOLLOWING WEATHER WAS RECORDED TODAY.
  NO SIGNIFICANT WEATHER WAS OBSERVED.


RELATIVE HUMIDITY (PERCENT)
 HIGHEST    80           200 AM
 LOWEST     53          1200 PM
 AVERAGE    67

..........................................................


THE LARAMIE WY AIRPORT CLIMATE NORMALS FOR TOMORROW
                         NORMAL    RECORD    YEAR
 MAXIMUM TEMPERATURE (F)   32        51      1966
 MINIMUM TEMPERATURE (F)   10       -28      1983


SUNRISE AND SUNSET
DECEMBER 19 2014......SUNRISE   724 AM MST   SUNSET   436 PM MST
DECEMBER 20 2014......SUNRISE   725 AM MST   SUNSET   436 PM MST


-  INDICATES NEGATIVE NUMBERS.
R  INDICATES RECORD WAS SET OR TIED.
MM INDICATES DATA IS MISSING.
T  INDICATES TRACE AMOUNT.




$$
