000
CDUS45 KCYS 250726
CLILAR


CLIMATE REPORT
NATIONAL WEATHER SERVICE CHEYENNE WY
126 AM MDT MON JUL 25 2016


...................................

...THE LARAMIE WY AIRPORT CLIMATE SUMMARY FOR JULY 24 2016...

CLIMATE NORMAL PERIOD 1981 TO 2010
CLIMATE RECORD PERIOD 1948 TO 2016


WEATHER ITEM   OBSERVED TIME   RECORD YEAR NORMAL DEPARTURE LAST
                VALUE   (LST)  VALUE       VALUE  FROM      YEAR
                                                  NORMAL
..................................................................
TEMPERATURE (F)
 YESTERDAY
  MAXIMUM         83    514 PM  92    1959  81      2       86
  MINIMUM         51    317 AM  41    1962  49      2       46
  AVERAGE         67                        65      2       66

PRECIPITATION (IN)
  YESTERDAY        0.00          2.40 1977   0.05  -0.05     0.00
  MONTH TO DATE    0.40                      1.08  -0.68     2.37
  SINCE JAN 1      9.02                      6.57   2.45     8.54

DEGREE DAYS
 HEATING
  YESTERDAY        0                         2     -2        0
  MONTH TO DATE   39                        58    -19       64
  SINCE JUN 1    146                       299   -153      184
  SINCE JUL 1     39                        58    -19       64

 COOLING
  YESTERDAY        2                         2      0        1
  MONTH TO DATE   53                        30     23       15
  SINCE JUN 1     74                        37     37       29
  SINCE JAN 1     74                        37     37       29
..................................................................


WIND (MPH)
  HIGHEST WIND SPEED    31   HIGHEST WIND DIRECTION    SE (150)
  HIGHEST GUST SPEED    40   HIGHEST GUST DIRECTION    SE (140)
  AVERAGE WIND SPEED    10.8


SKY COVER
  AVERAGE SKY COVER 0.1


WEATHER CONDITIONS
 THE FOLLOWING WEATHER WAS RECORDED YESTERDAY.
  NO SIGNIFICANT WEATHER WAS OBSERVED.


RELATIVE HUMIDITY (PERCENT)
 HIGHEST    86          1000 PM
 LOWEST     15           500 PM
 AVERAGE    51

..........................................................


THE LARAMIE WY AIRPORT CLIMATE NORMALS FOR TODAY
                         NORMAL    RECORD    YEAR
 MAXIMUM TEMPERATURE (F)   81        91      1963
 MINIMUM TEMPERATURE (F)   49        38      2004


SUNRISE AND SUNSET
JULY 25 2016..........SUNRISE   552 AM MDT   SUNSET   826 PM MDT
JULY 26 2016..........SUNRISE   553 AM MDT   SUNSET   825 PM MDT


-  INDICATES NEGATIVE NUMBERS.
R  INDICATES RECORD WAS SET OR TIED.
MM INDICATES DATA IS MISSING.
T  INDICATES TRACE AMOUNT.




$$
