000
CDUS45 KVEF 190828
CLILAS


CLIMATE REPORT
NATIONAL WEATHER SERVICE LAS VEGAS, NV
1226 AM PST THU JAN 19 2017


...................................

...THE LAS VEGAS NV CLIMATE SUMMARY FOR JANUARY 18 2017...

CLIMATE NORMAL PERIOD 1981 TO 2010
CLIMATE RECORD PERIOD 1937 TO 2017


WEATHER ITEM   OBSERVED TIME   RECORD YEAR NORMAL DEPARTURE LAST
                VALUE   (LST)  VALUE       VALUE  FROM      YEAR
                                                  NORMAL
..................................................................
TEMPERATURE (F)
 YESTERDAY
  MAXIMUM         56    911 PM  72    1971  58     -2       63
  MINIMUM         37    715 AM  20    1949  40     -3       44
  AVERAGE         47                        49     -2       54

PRECIPITATION (IN)
  YESTERDAY        0.00          0.71 1952   0.01  -0.01     0.00
  MONTH TO DATE    0.10                      0.33  -0.23     0.26
  SINCE OCT 1      1.16                      1.46  -0.30     1.67
  SINCE JAN 1      0.10                      0.33  -0.23     0.26

SNOWFALL (IN)
  YESTERDAY        0.0           T    1990   0.0    0.0      0.0
  MONTH TO DATE    0.0                       0.0    0.0      0.0
  SINCE DEC 1      0.0                       0.2   -0.2       T
  SINCE JUL 1      0.0                       0.2   -0.2       T
  SNOW DEPTH       0

DEGREE DAYS
 HEATING
  YESTERDAY       18                        16      2       11
  MONTH TO DATE  252                       303    -51      324
  SINCE DEC 1    764                       841    -77      867
  SINCE JUL 1    931                      1150   -219     1191

 COOLING
  YESTERDAY        0                         0      0        0
  MONTH TO DATE    0                         0      0        0
  SINCE DEC 1      0                         0      0        0
  SINCE JAN 1      0                         0      0        0
..................................................................


WIND (MPH)
  RESULTANT WIND SPEED   1   RESULTANT WIND DIRECTION   S (170)
  HIGHEST WIND SPEED    18   HIGHEST WIND DIRECTION    SW (220)
  HIGHEST GUST SPEED    25   HIGHEST GUST DIRECTION    SW (220)
  AVERAGE WIND SPEED     4.0


SKY COVER
  POSSIBLE SUNSHINE  MM
  AVERAGE SKY COVER 0.5


WEATHER CONDITIONS
 THE FOLLOWING WEATHER WAS RECORDED YESTERDAY.
  NO SIGNIFICANT WEATHER WAS OBSERVED.


RELATIVE HUMIDITY (PERCENT)
 HIGHEST    59           300 AM
 LOWEST     26          1200 PM
 AVERAGE    43

..........................................................


THE LAS VEGAS NV CLIMATE NORMALS FOR TODAY
                         NORMAL    RECORD    YEAR
 MAXIMUM TEMPERATURE (F)   58        74      1971
 MINIMUM TEMPERATURE (F)   40        10      1943


SUNRISE AND SUNSET
JANUARY 19 2017.......SUNRISE   649 AM PST   SUNSET   454 PM PST
JANUARY 20 2017.......SUNRISE   649 AM PST   SUNSET   455 PM PST


-  INDICATES NEGATIVE NUMBERS.
R  INDICATES RECORD WAS SET OR TIED.
MM INDICATES DATA IS MISSING.
T  INDICATES TRACE AMOUNT.




$$
