000
CDUS45 KVEF 060829
CLILAS


CLIMATE REPORT
NATIONAL WEATHER SERVICE LAS VEGAS, NV
1228 AM PST SAT FEB 6 2016


...................................

...THE LAS VEGAS NV CLIMATE SUMMARY FOR FEBRUARY 5 2016...

CLIMATE NORMAL PERIOD 1981 TO 2010
CLIMATE RECORD PERIOD 1937 TO 2016


WEATHER ITEM   OBSERVED TIME   RECORD YEAR NORMAL DEPARTURE LAST
                VALUE   (LST)  VALUE       VALUE  FROM      YEAR
                                                  NORMAL
..................................................................
TEMPERATURE (F)
 YESTERDAY
  MAXIMUM         59    413 PM  78    1947  60     -1       71
  MINIMUM         38    651 AM  18    1939  41     -3       50
  AVERAGE         49                        51     -2       61

PRECIPITATION (IN)
  YESTERDAY        0.00          0.33 1948   0.03  -0.03     0.00
  MONTH TO DATE    0.09                      0.11  -0.02     0.00
  SINCE OCT 1      1.96                      1.78   0.18     1.17
  SINCE JAN 1      0.55                      0.65  -0.10     0.87

SNOWFALL (IN)
  YESTERDAY        0.0           0.1  1939   0.0    0.0      0.0
  MONTH TO DATE    0.0                       0.0    0.0      0.0
  SINCE DEC 1      T                         0.2   -0.2       T
  SINCE JUL 1      T                         0.2   -0.2       T
  SNOW DEPTH       0

DEGREE DAYS
 HEATING
  YESTERDAY       16                        14      2        4
  MONTH TO DATE  111                        72     39       35
  SINCE DEC 1   1155                      1115     40      827
  SINCE JUL 1   1479                      1424     55     1000

 COOLING
  YESTERDAY        0                         0      0        0
  MONTH TO DATE    0                         0      0        0
  SINCE DEC 1      0                         0      0        0
  SINCE JAN 1      0                         0      0        0
..................................................................


WIND (MPH)
  RESULTANT WIND SPEED   4   RESULTANT WIND DIRECTION  NE (30)
  HIGHEST WIND SPEED    16   HIGHEST WIND DIRECTION    NE (60)
  HIGHEST GUST SPEED    20   HIGHEST GUST DIRECTION    NE (60)
  AVERAGE WIND SPEED     5.8


SKY COVER
  POSSIBLE SUNSHINE  MM
  AVERAGE SKY COVER 0.2


WEATHER CONDITIONS
 THE FOLLOWING WEATHER WAS RECORDED YESTERDAY.
  NO SIGNIFICANT WEATHER WAS OBSERVED.


RELATIVE HUMIDITY (PERCENT)
 HIGHEST    54           500 AM
 LOWEST     21           300 PM
 AVERAGE    38

..........................................................


THE LAS VEGAS NV CLIMATE NORMALS FOR TODAY
                         NORMAL    RECORD    YEAR
 MAXIMUM TEMPERATURE (F)   61        78      1963
 MINIMUM TEMPERATURE (F)   42        19      1989
                                             1982
                                             1938


SUNRISE AND SUNSET
FEBRUARY  6 2016......SUNRISE   638 AM PST   SUNSET   512 PM PST
FEBRUARY  7 2016......SUNRISE   637 AM PST   SUNSET   513 PM PST


-  INDICATES NEGATIVE NUMBERS.
R  INDICATES RECORD WAS SET OR TIED.
MM INDICATES DATA IS MISSING.
T  INDICATES TRACE AMOUNT.




$$
