000
CDUS45 KVEF 250829
CLILAS


CLIMATE REPORT
NATIONAL WEATHER SERVICE LAS VEGAS, NV
128 AM PDT THU AUG 25 2016


...................................

...THE LAS VEGAS NV CLIMATE SUMMARY FOR AUGUST 24 2016...

CLIMATE NORMAL PERIOD 1981 TO 2010
CLIMATE RECORD PERIOD 1937 TO 2016


WEATHER ITEM   OBSERVED TIME   RECORD YEAR NORMAL DEPARTURE LAST
                VALUE   (LST)  VALUE       VALUE  FROM      YEAR
                                                  NORMAL
..................................................................
TEMPERATURE (F)
 YESTERDAY
  MAXIMUM        102    426 PM 112    2011 101      1      107
  MINIMUM         76    536 AM  56    1968  78     -2       82
  AVERAGE         89                        90     -1       95

PRECIPITATION (IN)
  YESTERDAY        0.00          0.53 1982   0.01  -0.01     0.00
  MONTH TO DATE    0.16                      0.27  -0.11     0.68
  SINCE OCT 1      5.11                      3.88   1.23     3.36
  SINCE JAN 1      3.70                      2.75   0.95     3.06

SNOWFALL (IN)
  YESTERDAY        0.0           0.0    MM   0.0    0.0      0.0
  MONTH TO DATE    0.0                       0.0    0.0      0.0
  SINCE JUN 1      0.0                       0.0    0.0      0.0
  SINCE JUL 1      0.0                       0.0    0.0      0.0
  SNOW DEPTH       0

DEGREE DAYS
 HEATING
  YESTERDAY        0                         0      0        0
  MONTH TO DATE    0                         0      0        0
  SINCE JUN 1      0                         1     -1        0
  SINCE JUL 1      0                         0      0        0

 COOLING
  YESTERDAY       24                        25     -1       30
  MONTH TO DATE  650                       629     21      678
  SINCE JUN 1   2441                      2133    308     2294
  SINCE JAN 1   2977                      2683    294     2897
..................................................................


WIND (MPH)
  RESULTANT WIND SPEED   2   RESULTANT WIND DIRECTION  SW (210)
  HIGHEST WIND SPEED    16   HIGHEST WIND DIRECTION     W (270)
  HIGHEST GUST SPEED    20   HIGHEST GUST DIRECTION     W (270)
  AVERAGE WIND SPEED     5.8


SKY COVER
  POSSIBLE SUNSHINE  MM
  AVERAGE SKY COVER 0.2


WEATHER CONDITIONS
 THE FOLLOWING WEATHER WAS RECORDED YESTERDAY.
  THUNDERSTORM


RELATIVE HUMIDITY (PERCENT)
 HIGHEST    46           500 AM
 LOWEST      8           600 PM
 AVERAGE    27

..........................................................


THE LAS VEGAS NV CLIMATE NORMALS FOR TODAY
                         NORMAL    RECORD    YEAR
 MAXIMUM TEMPERATURE (F)  101       111      2011
 MINIMUM TEMPERATURE (F)   78        59      1944
                                             1943
                                             1937


SUNRISE AND SUNSET
AUGUST 25 2016........SUNRISE   607 AM PDT   SUNSET   717 PM PDT
AUGUST 26 2016........SUNRISE   608 AM PDT   SUNSET   716 PM PDT


-  INDICATES NEGATIVE NUMBERS.
R  INDICATES RECORD WAS SET OR TIED.
MM INDICATES DATA IS MISSING.
T  INDICATES TRACE AMOUNT.




$$
