000
CDUS45 KVEF 060027
CLILAS


CLIMATE REPORT
NATIONAL WEATHER SERVICE LAS VEGAS, NV
426 PM PST THU MAR 5 2015


...................................

...THE LAS VEGAS NV CLIMATE SUMMARY FOR MARCH 5 2015...
VALID TODAY AS OF 0400 PM LOCAL TIME.

CLIMATE NORMAL PERIOD 1981 TO 2010
CLIMATE RECORD PERIOD 1937 TO 2015


WEATHER ITEM   OBSERVED TIME   RECORD YEAR NORMAL DEPARTURE LAST
                VALUE   (LST)  VALUE       VALUE  FROM      YEAR
                                                  NORMAL
..................................................................
TEMPERATURE (F)
 TODAY
  MAXIMUM         65    358 PM  84    1972  68     -3       73
  MINIMUM         41    610 AM  26    1948  48     -7       51
  AVERAGE         53                        58     -5       62

PRECIPITATION (IN)
  TODAY            0.00          0.79 1981   0.02  -0.02     0.00
  MONTH TO DATE    0.28                      0.11   0.17     0.00
  SINCE OCT 1      1.99                      2.54  -0.55     1.72
  SINCE JAN 1      1.69                      1.41   0.28     0.30

SNOWFALL (IN)
  TODAY            0.0           0.0  2014   0.0    0.0      0.0
  MONTH TO DATE    0.0                       0.0    0.0      0.0
  SINCE MAR 1      0.0                       0.0    0.0      0.0
  SINCE JUL 1      T                         0.3   -0.3      0.0
  SNOW DEPTH      MM

DEGREE DAYS
 HEATING
  TODAY           12                         8      4        3
  MONTH TO DATE   66                        42     24       30
  SINCE MAR 1     66                        42     24       30
  SINCE JUL 1   1173                      1733   -560     1416

 COOLING
  TODAY            0                         0      0        0
  MONTH TO DATE    0                         0      0        0
  SINCE MAR 1      0                         0      0        0
  SINCE JAN 1     10                         1      9        3
..................................................................


WIND (MPH)
  RESULTANT WIND SPEED   5   RESULTANT WIND DIRECTION   S (200)
  HIGHEST WIND SPEED    12   HIGHEST WIND DIRECTION    SW (210)
  HIGHEST GUST SPEED    13   HIGHEST GUST DIRECTION     S (200)
  AVERAGE WIND SPEED     5.9


SKY COVER
  POSSIBLE SUNSHINE  MM
  AVERAGE SKY COVER 0.0


WEATHER CONDITIONS
 THE FOLLOWING WEATHER WAS RECORDED TODAY.
  NO SIGNIFICANT WEATHER WAS OBSERVED.


RELATIVE HUMIDITY (PERCENT)
 HIGHEST    57           300 AM
 LOWEST     18           300 PM
 AVERAGE    38

..........................................................


THE LAS VEGAS NV CLIMATE NORMALS FOR TOMORROW
                         NORMAL    RECORD    YEAR
 MAXIMUM TEMPERATURE (F)   68        85      1972
 MINIMUM TEMPERATURE (F)   48        24      1939


SUNRISE AND SUNSET
MARCH  5 2015.........SUNRISE   606 AM PST   SUNSET   539 PM PST
MARCH  6 2015.........SUNRISE   604 AM PST   SUNSET   540 PM PST


-  INDICATES NEGATIVE NUMBERS.
R  INDICATES RECORD WAS SET OR TIED.
MM INDICATES DATA IS MISSING.
T  INDICATES TRACE AMOUNT.




$$
