000
CDUS45 KVEF 280826
CLILAS


CLIMATE REPORT
NATIONAL WEATHER SERVICE LAS VEGAS, NV
126 AM PDT THU AUG 28 2014


...................................

...THE LAS VEGAS NV CLIMATE SUMMARY FOR AUGUST 27 2014...

CLIMATE NORMAL PERIOD 1981 TO 2010
CLIMATE RECORD PERIOD 1937 TO 2014


WEATHER ITEM   OBSERVED TIME   RECORD YEAR NORMAL DEPARTURE LAST
                VALUE   (LST)  VALUE       VALUE  FROM      YEAR
                                                  NORMAL
..................................................................
TEMPERATURE (F)
 YESTERDAY
  MAXIMUM         96    503 PM 109    2001 100     -4       95
                                      1944
  MINIMUM         75    557 AM  60    1943  78     -3       70
  AVERAGE         86                        89     -3       83

PRECIPITATION (IN)
  YESTERDAY        0.00          0.58 2007   0.01  -0.01      T
  MONTH TO DATE    0.35                      0.29   0.06     0.23
  SINCE OCT 1      2.29                      3.90  -1.61     2.57
  SINCE JAN 1      0.87                      2.77  -1.90     1.14

SNOWFALL (IN)
  YESTERDAY        0.0           0.0    MM   0.0    0.0      0.0
  MONTH TO DATE    0.0                       0.0    0.0      0.0
  SINCE JUN 1      0.0                       0.0    0.0      0.0
  SINCE JUL 1      0.0                       0.0    0.0      0.0
  SNOW DEPTH       0

DEGREE DAYS
 HEATING
  YESTERDAY        0                         0      0        0
  MONTH TO DATE    0                         0      0        0
  SINCE JUN 1      0                         1     -1        0
  SINCE JUL 1      0                         0      0        0

 COOLING
  YESTERDAY       21                        24     -3       18
  MONTH TO DATE  622                       701    -79      674
  SINCE JUN 1   2261                      2205     56     2393
  SINCE JAN 1   2919                      2755    164     3083
..................................................................


WIND (MPH)
  RESULTANT WIND SPEED   3   RESULTANT WIND DIRECTION   S (160)
  HIGHEST WIND SPEED    12   HIGHEST WIND DIRECTION    SW (210)
  HIGHEST GUST SPEED    15   HIGHEST GUST DIRECTION     S (180)
  AVERAGE WIND SPEED     4.6


SKY COVER
  POSSIBLE SUNSHINE  MM
  AVERAGE SKY COVER 0.1


WEATHER CONDITIONS
 THE FOLLOWING WEATHER WAS RECORDED YESTERDAY.
  NO SIGNIFICANT WEATHER WAS OBSERVED.


RELATIVE HUMIDITY (PERCENT)
 HIGHEST    36           300 AM
 LOWEST     10           400 PM
 AVERAGE    23

..........................................................


THE LAS VEGAS NV CLIMATE NORMALS FOR TODAY
                         NORMAL    RECORD    YEAR
 MAXIMUM TEMPERATURE (F)  100       110      1944
 MINIMUM TEMPERATURE (F)   77        58      1945


SUNRISE AND SUNSET
AUGUST 28 2014........SUNRISE   609 AM PDT   SUNSET   714 PM PDT
AUGUST 29 2014........SUNRISE   610 AM PDT   SUNSET   712 PM PDT


-  INDICATES NEGATIVE NUMBERS.
R  INDICATES RECORD WAS SET OR TIED.
MM INDICATES DATA IS MISSING.
T  INDICATES TRACE AMOUNT.




$$
