000
CDUS45 KVEF 280830
CLILAS


CLIMATE REPORT
NATIONAL WEATHER SERVICE LAS VEGAS, NV
128 AM PDT SAT MAY 28 2016


...................................

...THE LAS VEGAS NV CLIMATE SUMMARY FOR MAY 27 2016...

CLIMATE NORMAL PERIOD 1981 TO 2010
CLIMATE RECORD PERIOD 1937 TO 2016


WEATHER ITEM   OBSERVED TIME   RECORD YEAR NORMAL DEPARTURE LAST
                VALUE   (LST)  VALUE       VALUE  FROM      YEAR
                                                  NORMAL
..................................................................
TEMPERATURE (F)
 YESTERDAY
  MAXIMUM         90    429 PM 108    1974  93     -3       93
  MINIMUM         68    600 AM  44    1953  69     -1       70
  AVERAGE         79                        81     -2       82

PRECIPITATION (IN)
  YESTERDAY        0.00          0.33 1981   0.00   0.00     0.00
  MONTH TO DATE    0.04                      0.10  -0.06     0.24
  SINCE OCT 1      4.26                      3.12   1.14     2.49
  SINCE JAN 1      2.85                      1.99   0.86     2.19

SNOWFALL (IN)
  YESTERDAY        0.0           0.0    MM   0.0    0.0      0.0
  MONTH TO DATE    0.0                       0.0    0.0      0.0
  SINCE MAR 1      0.0                       0.0    0.0      0.0
  SINCE JUL 1      T                         0.3   -0.3       T
  SNOW DEPTH       0

DEGREE DAYS
 HEATING
  YESTERDAY        0                         0      0        0
  MONTH TO DATE    3                         4     -1       12
  SINCE MAR 1    117                       256   -139      114
  SINCE JUL 1   1696                      1947   -251     1221

 COOLING
  YESTERDAY       14                        16     -2       17
  MONTH TO DATE  257                       324    -67      219
  SINCE MAR 1    454                       483    -29      504
  SINCE JAN 1    463                       484    -21      514
..................................................................


WIND (MPH)
  RESULTANT WIND SPEED   1   RESULTANT WIND DIRECTION  SW (240)
  HIGHEST WIND SPEED    13   HIGHEST WIND DIRECTION    SE (150)
  HIGHEST GUST SPEED    16   HIGHEST GUST DIRECTION     S (170)
  AVERAGE WIND SPEED     3.4


SKY COVER
  POSSIBLE SUNSHINE  MM
  AVERAGE SKY COVER 0.2


WEATHER CONDITIONS
 THE FOLLOWING WEATHER WAS RECORDED YESTERDAY.
  NO SIGNIFICANT WEATHER WAS OBSERVED.


RELATIVE HUMIDITY (PERCENT)
 HIGHEST    30           600 AM
 LOWEST     10           400 PM
 AVERAGE    20

..........................................................


THE LAS VEGAS NV CLIMATE NORMALS FOR TODAY
                         NORMAL    RECORD    YEAR
 MAXIMUM TEMPERATURE (F)   93       109      2003
 MINIMUM TEMPERATURE (F)   69        50      1971
                                             1964
                                             1946


SUNRISE AND SUNSET
MAY 28 2016...........SUNRISE   526 AM PDT   SUNSET   750 PM PDT
MAY 29 2016...........SUNRISE   526 AM PDT   SUNSET   751 PM PDT


-  INDICATES NEGATIVE NUMBERS.
R  INDICATES RECORD WAS SET OR TIED.
MM INDICATES DATA IS MISSING.
T  INDICATES TRACE AMOUNT.




$$
