000
CDUS45 KVEF 300827
CLILAS


CLIMATE REPORT
NATIONAL WEATHER SERVICE LAS VEGAS, NV
126 AM PDT TUE MAY 30 2017


...................................

...THE LAS VEGAS NV CLIMATE SUMMARY FOR MAY 29 2017...

CLIMATE NORMAL PERIOD 1981 TO 2010
CLIMATE RECORD PERIOD 1937 TO 2017


WEATHER ITEM   OBSERVED TIME   RECORD YEAR NORMAL DEPARTURE LAST
                VALUE   (LST)  VALUE       VALUE  FROM      YEAR
                                                  NORMAL
..................................................................
TEMPERATURE (F)
 YESTERDAY
  MAXIMUM         99    425 PM 108    1984  93      6       93
                                      1939
  MINIMUM         72    459 AM  46    1953  70      2       71
  AVERAGE         86                        81      5       82

PRECIPITATION (IN)
  YESTERDAY        0.00          0.21 1967   0.00   0.00     0.00
  MONTH TO DATE    0.08                      0.11  -0.03     0.04
  SINCE OCT 1      2.65                      3.13  -0.48     4.26
  SINCE JAN 1      1.59                      2.00  -0.41     2.85

SNOWFALL (IN)
  YESTERDAY        0.0           0.0    MM   0.0    0.0      0.0
  MONTH TO DATE    0.0                       0.0    0.0      0.0
  SINCE MAR 1      0.0                       0.0    0.0      0.0
  SINCE JUL 1      0.0                       0.3   -0.3       T
  SNOW DEPTH       0

DEGREE DAYS
 HEATING
  YESTERDAY        0                         0      0        0
  MONTH TO DATE    7                         4      3        3
  SINCE MAR 1     98                       256   -158      117
  SINCE JUL 1   1470                      1947   -477     1696

 COOLING
  YESTERDAY       21                        16      5       17
  MONTH TO DATE  355                       356     -1      290
  SINCE MAR 1    630                       515    115      487
  SINCE JAN 1    633                       516    117      496
..................................................................


WIND (MPH)
  RESULTANT WIND SPEED   1   RESULTANT WIND DIRECTION   E (90)
  HIGHEST WIND SPEED    15   HIGHEST WIND DIRECTION    NE (40)
  HIGHEST GUST SPEED    19   HIGHEST GUST DIRECTION    NE (40)
  AVERAGE WIND SPEED     4.5


SKY COVER
  POSSIBLE SUNSHINE  MM
  AVERAGE SKY COVER 0.4


WEATHER CONDITIONS
 THE FOLLOWING WEATHER WAS RECORDED YESTERDAY.
  NO SIGNIFICANT WEATHER WAS OBSERVED.


RELATIVE HUMIDITY (PERCENT)
 HIGHEST    14           300 AM
 LOWEST      4           100 PM
 AVERAGE     9

..........................................................


THE LAS VEGAS NV CLIMATE NORMALS FOR TODAY
                         NORMAL    RECORD    YEAR
 MAXIMUM TEMPERATURE (F)   94       106      2002
                                             1997
                                             1969
 MINIMUM TEMPERATURE (F)   70        48      1971
                                             1942


SUNRISE AND SUNSET
MAY 30 2017...........SUNRISE   526 AM PDT   SUNSET   751 PM PDT
MAY 31 2017...........SUNRISE   525 AM PDT   SUNSET   752 PM PDT


-  INDICATES NEGATIVE NUMBERS.
R  INDICATES RECORD WAS SET OR TIED.
MM INDICATES DATA IS MISSING.
T  INDICATES TRACE AMOUNT.




$$
