000
CDUS45 KVEF 230028
CLILAS


CLIMATE REPORT
NATIONAL WEATHER SERVICE LAS VEGAS, NV
527 PM PDT FRI MAY 22 2015


...................................

...THE LAS VEGAS NV CLIMATE SUMMARY FOR MAY 22 2015...
VALID TODAY AS OF 0500 PM LOCAL TIME.

CLIMATE NORMAL PERIOD 1981 TO 2010
CLIMATE RECORD PERIOD 1937 TO 2015


WEATHER ITEM   OBSERVED TIME   RECORD YEAR NORMAL DEPARTURE LAST
                VALUE   (LST)  VALUE       VALUE  FROM      YEAR
                                                  NORMAL
..................................................................
TEMPERATURE (F)
 TODAY
  MAXIMUM         74    227 PM 108    2000  91    -17       86
  MINIMUM         61    546 AM  45    1975  68     -7       63
  AVERAGE         68                        79    -11       75

PRECIPITATION (IN)
  TODAY            0.14R         T    2006   0.00   0.14     0.00
                                      1979
                                      1947
  MONTH TO DATE    0.23                      0.08   0.15      T
  SINCE OCT 1      2.48                      3.10  -0.62     1.72
  SINCE JAN 1      2.18                      1.97   0.21     0.30

SNOWFALL (IN)
  TODAY            0.0           0.0  2014   0.0    0.0      0.0
  MONTH TO DATE    0.0                       0.0    0.0      0.0
  SINCE MAR 1      0.0                       0.0    0.0      0.0
  SINCE JUL 1      T                         0.3   -0.3      0.0
  SNOW DEPTH       0

DEGREE DAYS
 HEATING
  TODAY            0                         0      0        0
  MONTH TO DATE   12                         4      8        1
  SINCE MAR 1    114                       256   -142      126
  SINCE JUL 1   1221                      1947   -726     1512

 COOLING
  TODAY            3                        14    -11       10
  MONTH TO DATE  161                       247    -86      241
  SINCE MAR 1    446                       406     40      465
  SINCE JAN 1    456                       407     49      468
..................................................................


WIND (MPH)
  RESULTANT WIND SPEED  12   RESULTANT WIND DIRECTION   S (180)
  HIGHEST WIND SPEED    29   HIGHEST WIND DIRECTION     S (190)
  HIGHEST GUST SPEED    38   HIGHEST GUST DIRECTION     S (190)
  AVERAGE WIND SPEED    12.8


SKY COVER
  POSSIBLE SUNSHINE  MM
  AVERAGE SKY COVER 0.8


WEATHER CONDITIONS
 THE FOLLOWING WEATHER WAS RECORDED TODAY.
  RAIN
  LIGHT RAIN


RELATIVE HUMIDITY (PERCENT)
 HIGHEST    43           300 AM
 LOWEST     27           200 PM
 AVERAGE    35

..........................................................


THE LAS VEGAS NV CLIMATE NORMALS FOR TOMORROW
                         NORMAL    RECORD    YEAR
 MAXIMUM TEMPERATURE (F)   91       107      2000
 MINIMUM TEMPERATURE (F)   68        48      1980


SUNRISE AND SUNSET
MAY 22 2015...........SUNRISE   530 AM PDT   SUNSET   745 PM PDT
MAY 23 2015...........SUNRISE   529 AM PDT   SUNSET   746 PM PDT


-  INDICATES NEGATIVE NUMBERS.
R  INDICATES RECORD WAS SET OR TIED.
MM INDICATES DATA IS MISSING.
T  INDICATES TRACE AMOUNT.




$$
