000
CDUS45 KVEF 270828
CLILAS


CLIMATE REPORT
NATIONAL WEATHER SERVICE LAS VEGAS, NV
127 AM PDT FRI MAR 27 2015


...................................

...THE LAS VEGAS NV CLIMATE SUMMARY FOR MARCH 26 2015...

CLIMATE NORMAL PERIOD 1981 TO 2010
CLIMATE RECORD PERIOD 1937 TO 2015


WEATHER ITEM   OBSERVED TIME   RECORD YEAR NORMAL DEPARTURE LAST
                VALUE   (LST)  VALUE       VALUE  FROM      YEAR
                                                  NORMAL
..................................................................
TEMPERATURE (F)
 YESTERDAY
  MAXIMUM         81    334 PM  87    1947  73      8       69
  MINIMUM         57    542 AM  34    1948  51      6       56
                                      1937
  AVERAGE         69                        62      7       63

PRECIPITATION (IN)
  YESTERDAY        0.00          0.13 1998   0.00   0.00     0.00
  MONTH TO DATE    0.28                      0.39  -0.11     0.00
  SINCE OCT 1      1.99                      2.82  -0.83     1.72
  SINCE JAN 1      1.69                      1.69   0.00     0.30

SNOWFALL (IN)
  YESTERDAY        0.0           0.0  2014   0.0    0.0      0.0
  MONTH TO DATE    0.0                       0.0    0.0      0.0
  SINCE MAR 1      0.0                       0.0    0.0      0.0
  SINCE JUL 1      T                         0.3   -0.3      0.0
  SNOW DEPTH       0

DEGREE DAYS
 HEATING
  YESTERDAY        0                         5     -5        2
  MONTH TO DATE   76                       169    -93       72
  SINCE MAR 1     76                       169    -93       72
  SINCE JUL 1   1183                      1860   -677     1458

 COOLING
  YESTERDAY        4                         1      3        0
  MONTH TO DATE   82                        18     64       27
  SINCE MAR 1     82                        18     64       27
  SINCE JAN 1     92                        19     73       30
..................................................................


WIND (MPH)
  RESULTANT WIND SPEED   2   RESULTANT WIND DIRECTION  SE (130)
  HIGHEST WIND SPEED    15   HIGHEST WIND DIRECTION     E (80)
  HIGHEST GUST SPEED    23   HIGHEST GUST DIRECTION     E (70)
  AVERAGE WIND SPEED     6.6


SKY COVER
  POSSIBLE SUNSHINE  MM
  AVERAGE SKY COVER 0.3


WEATHER CONDITIONS
 THE FOLLOWING WEATHER WAS RECORDED YESTERDAY.
  NO SIGNIFICANT WEATHER WAS OBSERVED.


RELATIVE HUMIDITY (PERCENT)
 HIGHEST    24          1100 PM
 LOWEST     11           300 PM
 AVERAGE    18

..........................................................


THE LAS VEGAS NV CLIMATE NORMALS FOR TODAY
                         NORMAL    RECORD    YEAR
 MAXIMUM TEMPERATURE (F)   73        88      1988
                                             1986
 MINIMUM TEMPERATURE (F)   51        33      1975


SUNRISE AND SUNSET
MARCH 27 2015.........SUNRISE   634 AM PDT   SUNSET   658 PM PDT
MARCH 28 2015.........SUNRISE   633 AM PDT   SUNSET   659 PM PDT


-  INDICATES NEGATIVE NUMBERS.
R  INDICATES RECORD WAS SET OR TIED.
MM INDICATES DATA IS MISSING.
T  INDICATES TRACE AMOUNT.




$$
