000
CDUS46 KLOX 300120
CLILAX


CLIMATE REPORT
NATIONAL WEATHER SERVICE LOS ANGELES/OXNARD CA
619 PM PDT MON MAY 29 2017


...................................

...THE LOS ANGELES AIRPORT CLIMATE SUMMARY FOR MAY 29 2017...
VALID TODAY AS OF 0600 PM LOCAL TIME.

CLIMATE NORMAL PERIOD 1981 TO 2010
CLIMATE RECORD PERIOD 1944 TO 2017


WEATHER ITEM   OBSERVED TIME   RECORD YEAR NORMAL DEPARTURE LAST
                VALUE   (LST)  VALUE       VALUE  FROM      YEAR
                                                  NORMAL
..................................................................
TEMPERATURE (F)
 TODAY
  MAXIMUM         68   1143 AM  95    1978  69     -1       69
  MINIMUM         59    548 AM  50    1953  59      0       59
                                      1945
  AVERAGE         64                        64      0       64

PRECIPITATION (IN)
  TODAY            0.00          0.01 1971   0.00   0.00      T
                                      1954
  MONTH TO DATE    0.13                      0.21  -0.08     0.59
  SINCE OCT 1     16.32                     12.44   3.88     7.25
  SINCE JAN 1     12.07                      8.72   3.35     6.01

SNOWFALL (IN)
  TODAY            0.0
  MONTH TO DATE    0.0
  SINCE MAR 1      0.0
  SINCE JUL 1      0.0

DEGREE DAYS
 HEATING
  TODAY            1                         2     -1        1
  MONTH TO DATE   66                        82    -16       62
  SINCE MAR 1    245                       461   -216      264
  SINCE JUL 1   1018                      1390   -372      960

 COOLING
  TODAY            0                         1     -1        0
  MONTH TO DATE   23                         5     18        1
  SINCE MAR 1     58                        22     36       36
  SINCE JAN 1     58                        31     27       93
..................................................................


WIND (MPH)
  HIGHEST WIND SPEED    15   HIGHEST WIND DIRECTION     W (260)
  HIGHEST GUST SPEED    19   HIGHEST GUST DIRECTION     W (250)
  AVERAGE WIND SPEED     7.6


SKY COVER
  POSSIBLE SUNSHINE  MM
  AVERAGE SKY COVER 0.8


WEATHER CONDITIONS
 THE FOLLOWING WEATHER WAS RECORDED TODAY.
  FOG


RELATIVE HUMIDITY (PERCENT)
 HIGHEST    90          1200 AM
 LOWEST     68           100 PM
 AVERAGE    79

..........................................................


THE LOS ANGELES AIRPORT CLIMATE NORMALS FOR TOMORROW
                         NORMAL    RECORD    YEAR
 MAXIMUM TEMPERATURE (F)   69        84      1972
 MINIMUM TEMPERATURE (F)   59        51      1953
                                             1948


SUNRISE AND SUNSET
MAY 29 2017...........SUNRISE   544 AM PDT   SUNSET   758 PM PDT
MAY 30 2017...........SUNRISE   544 AM PDT   SUNSET   759 PM PDT


-  INDICATES NEGATIVE NUMBERS.
R  INDICATES RECORD WAS SET OR TIED.
MM INDICATES DATA IS MISSING.
T  INDICATES TRACE AMOUNT.




$$
