000
CDUS46 KLOX 060909
CLILAX


CLIMATE REPORT
NATIONAL WEATHER SERVICE LOS ANGELES/OXNARD CA
209 AM PDT FRI MAY 6 2016


...................................

...THE LOS ANGELES INTL AIRPORT CA CLIMATE SUMMARY FOR MAY 5 2016...

CLIMATE NORMAL PERIOD 1981 TO 2010
CLIMATE RECORD PERIOD 1944 TO 2016


WEATHER ITEM   OBSERVED TIME   RECORD YEAR NORMAL DEPARTURE LAST
                VALUE   (LST)  VALUE       VALUE  FROM      YEAR
                                                  NORMAL
..................................................................
TEMPERATURE (F)
 YESTERDAY
  MAXIMUM         68    225 PM  86    1991  68      0       65
  MINIMUM         57   1159 PM  46    1964  56      1       57
  AVERAGE         63                        62      1       61

PRECIPITATION (IN)
  YESTERDAY        0.03          0.46 1998   0.01   0.02     0.00
  MONTH TO DATE    0.03                      0.06  -0.03     0.00
  SINCE OCT 1      6.69                     12.29  -5.60     6.82
  SINCE JAN 1      5.45                      8.57  -3.12     2.12

SNOWFALL (IN)
  YESTERDAY        0.0
  MONTH TO DATE    0.0
  SINCE MAR 1      0.0
  SINCE JUL 1      0.0

DEGREE DAYS
 HEATING
  YESTERDAY        2                         4     -2        4
  MONTH TO DATE   13                        20     -7       15
  SINCE MAR 1    215                       399   -184      182
  SINCE JUL 1    911                      1328   -417      715

 COOLING
  YESTERDAY        0                         0      0        0
  MONTH TO DATE    0                         4     -4        0
  SINCE MAR 1     35                        21     14       86
  SINCE JAN 1     92                        30     62      113
..................................................................


WIND (MPH)
  HIGHEST WIND SPEED    16   HIGHEST WIND DIRECTION    SW (240)
  HIGHEST GUST SPEED    21   HIGHEST GUST DIRECTION     W (250)
  AVERAGE WIND SPEED     7.4


SKY COVER
  POSSIBLE SUNSHINE  MM
  AVERAGE SKY COVER 0.8


WEATHER CONDITIONS
 THE FOLLOWING WEATHER WAS RECORDED YESTERDAY.
  LIGHT RAIN


RELATIVE HUMIDITY (PERCENT)
 HIGHEST    80           100 AM
 LOWEST     45           200 PM
 AVERAGE    63

..........................................................


THE LOS ANGELES INTL AIRPORT CA CLIMATE NORMALS FOR TODAY
                         NORMAL    RECORD    YEAR
 MAXIMUM TEMPERATURE (F)   68        84      1953
                                             1949
 MINIMUM TEMPERATURE (F)   56        48      1964


SUNRISE AND SUNSET
MAY  6 2016...........SUNRISE   559 AM PDT   SUNSET   742 PM PDT
MAY  7 2016...........SUNRISE   558 AM PDT   SUNSET   742 PM PDT


-  INDICATES NEGATIVE NUMBERS.
R  INDICATES RECORD WAS SET OR TIED.
MM INDICATES DATA IS MISSING.
T  INDICATES TRACE AMOUNT.




$$
