000
CDUS46 KLOX 210118
CLILAX


CLIMATE REPORT
NATIONAL WEATHER SERVICE LOS ANGELES/OXNARD CA
518 PM PST MON FEB 20 2017


...................................

...THE LOS ANGELES AIRPORT CLIMATE SUMMARY FOR FEBRUARY 20 2017...
VALID TODAY AS OF 0500 PM LOCAL TIME.

CLIMATE NORMAL PERIOD 1981 TO 2010
CLIMATE RECORD PERIOD 1944 TO 2017


WEATHER ITEM   OBSERVED TIME   RECORD YEAR NORMAL DEPARTURE LAST
                VALUE   (LST)  VALUE       VALUE  FROM      YEAR
                                                  NORMAL
..................................................................
TEMPERATURE (F)
 TODAY
  MAXIMUM         61    340 PM  90    1995  64     -3       66
  MINIMUM         53    843 AM  38    1945  50      3       51
  AVERAGE         57                        57      0       59

PRECIPITATION (IN)
  TODAY            0.07          1.90 1996   0.13  -0.06     0.00
  MONTH TO DATE    3.96                      2.34   1.62     0.73
  SINCE OCT 1     15.65                      8.77   6.88     4.91
  SINCE JAN 1     11.40                      5.05   6.35     3.67

SNOWFALL (IN)
  TODAY            0.0
  MONTH TO DATE    0.0
  SINCE DEC 1      0.0
  SINCE JUL 1      0.0

DEGREE DAYS
 HEATING
  TODAY            8                         8      0        6
  MONTH TO DATE  128                       160    -32       82
  SINCE DEC 1    611                       682    -71      561
  SINCE JUL 1    690                       864   -174      672

 COOLING
  TODAY            0                         0      0        0
  MONTH TO DATE    0                         0      0       45
  SINCE DEC 1      2                         5     -3       51
  SINCE JAN 1      0                         4     -4       45
..................................................................


WIND (MPH)
  HIGHEST WIND SPEED    15   HIGHEST WIND DIRECTION     E (110)
  HIGHEST GUST SPEED    26   HIGHEST GUST DIRECTION    SE (150)
  AVERAGE WIND SPEED     8.9


SKY COVER
  POSSIBLE SUNSHINE  MM
  AVERAGE SKY COVER 1.0


WEATHER CONDITIONS
 THE FOLLOWING WEATHER WAS RECORDED TODAY.
  LIGHT RAIN
  FOG
  HAZE


RELATIVE HUMIDITY (PERCENT)
 HIGHEST   100           400 AM
 LOWEST     78           200 PM
 AVERAGE    89

..........................................................


THE LOS ANGELES AIRPORT CLIMATE NORMALS FOR TOMORROW
                         NORMAL    RECORD    YEAR
 MAXIMUM TEMPERATURE (F)   64        89      2002
 MINIMUM TEMPERATURE (F)   50        40      1953
                                             1948


SUNRISE AND SUNSET
FEBRUARY 20 2017......SUNRISE   632 AM PST   SUNSET   543 PM PST
FEBRUARY 21 2017......SUNRISE   631 AM PST   SUNSET   543 PM PST


-  INDICATES NEGATIVE NUMBERS.
R  INDICATES RECORD WAS SET OR TIED.
MM INDICATES DATA IS MISSING.
T  INDICATES TRACE AMOUNT.




$$
