000
CDUS46 KLOX 170115
CLILAX


CLIMATE REPORT
NATIONAL WEATHER SERVICE LOS ANGELES/OXNARD CA
515 PM PST MON JAN 16 2017


...................................

...THE LOS ANGELES AIRPORT CLIMATE SUMMARY FOR JANUARY 16 2017...
VALID TODAY AS OF 0500 PM LOCAL TIME.

CLIMATE NORMAL PERIOD 1981 TO 2010
CLIMATE RECORD PERIOD 1944 TO 2017


WEATHER ITEM   OBSERVED TIME   RECORD YEAR NORMAL DEPARTURE LAST
                VALUE   (LST)  VALUE       VALUE  FROM      YEAR
                                                  NORMAL
..................................................................
TEMPERATURE (F)
 TODAY
  MAXIMUM         61    207 PM  88    1976  65     -4       63
  MINIMUM         52    638 AM  31    1947  49      3       54
  AVERAGE         57                        57      0       59

PRECIPITATION (IN)
  TODAY            0.00          1.70 1973   0.09  -0.09     0.00
  MONTH TO DATE    2.36                      1.44   0.92     2.73
  SINCE OCT 1      6.61                      5.16   1.45     3.97
  SINCE JAN 1      2.36                      1.44   0.92     2.73

SNOWFALL (IN)
  TODAY            0.0
  MONTH TO DATE    0.0
  SINCE DEC 1      0.0
  SINCE JUL 1      0.0

DEGREE DAYS
 HEATING
  TODAY            8                         8      0        6
  MONTH TO DATE  131                       139     -8      152
  SINCE DEC 1    336                       399    -63      390
  SINCE JUL 1    415                       581   -166      501

 COOLING
  TODAY            0                         0      0        0
  MONTH TO DATE    0                         0      0        0
  SINCE DEC 1      2                         1      1        6
  SINCE JAN 1      0                         0      0        0
..................................................................


WIND (MPH)
  HIGHEST WIND SPEED    17   HIGHEST WIND DIRECTION     W (270)
  HIGHEST GUST SPEED    21   HIGHEST GUST DIRECTION     W (290)
  AVERAGE WIND SPEED     6.5


SKY COVER
  POSSIBLE SUNSHINE  MM
  AVERAGE SKY COVER 0.5


WEATHER CONDITIONS
 THE FOLLOWING WEATHER WAS RECORDED TODAY.
  NO SIGNIFICANT WEATHER WAS OBSERVED.


RELATIVE HUMIDITY (PERCENT)
 HIGHEST    93           100 AM
 LOWEST     69          1100 AM
 AVERAGE    81

..........................................................


THE LOS ANGELES AIRPORT CLIMATE NORMALS FOR TOMORROW
                         NORMAL    RECORD    YEAR
 MAXIMUM TEMPERATURE (F)   65        88      1976
 MINIMUM TEMPERATURE (F)   49        33      1987


SUNRISE AND SUNSET
JANUARY 16 2017.......SUNRISE   658 AM PST   SUNSET   509 PM PST
JANUARY 17 2017.......SUNRISE   658 AM PST   SUNSET   510 PM PST


-  INDICATES NEGATIVE NUMBERS.
R  INDICATES RECORD WAS SET OR TIED.
MM INDICATES DATA IS MISSING.
T  INDICATES TRACE AMOUNT.




$$
