000
CDUS46 KLOX 240112
CLILAX


CLIMATE REPORT
NATIONAL WEATHER SERVICE LOS ANGELES/OXNARD CA
612 PM PDT THU OCT 23 2014


...................................

...THE LOS ANGELES AIRPORT CLIMATE SUMMARY FOR OCTOBER 23 2014...
VALID TODAY AS OF 0600 PM LOCAL TIME.

CLIMATE NORMAL PERIOD 1981 TO 2010
CLIMATE RECORD PERIOD 1944 TO 2014


WEATHER ITEM   OBSERVED TIME   RECORD YEAR NORMAL DEPARTURE LAST
                VALUE   (LST)  VALUE       VALUE  FROM      YEAR
                                                  NORMAL
..................................................................
TEMPERATURE (F)
 TODAY
  MAXIMUM         77   1225 PM  97    1965  72      5       66
  MINIMUM         61    541 AM  47    1949  58      3       61
  AVERAGE         69                        65      4       64

PRECIPITATION (IN)
  TODAY            0.00          1.44 1976   0.01  -0.01     0.00
  MONTH TO DATE    0.00                      0.35  -0.35     0.02
  SINCE JUL 1      0.19                      0.64  -0.45     0.05
  SINCE JAN 1      3.60                      9.45  -5.85     2.66

SNOWFALL (IN)
  TODAY            0.0
  MONTH TO DATE    0.0
  SINCE SEP 1      0.0
  SINCE JUL 1      0.0

DEGREE DAYS
 HEATING
  TODAY            0                         1     -1        1
  MONTH TO DATE    0                        20    -20       20
  SINCE SEP 1      0                        25    -25       20
  SINCE JUL 1      0                        29    -29       21

 COOLING
  TODAY            4                         2      2        0
  MONTH TO DATE  144                        53     91       71
  SINCE SEP 1    391                       175    216      232
  SINCE JAN 1   1109                       521    588      662
..................................................................


WIND (MPH)
  HIGHEST WIND SPEED    13   HIGHEST WIND DIRECTION     W (280)
  HIGHEST GUST SPEED    16   HIGHEST GUST DIRECTION     W (280)
  AVERAGE WIND SPEED     4.2


SKY COVER
  POSSIBLE SUNSHINE  MM
  AVERAGE SKY COVER 0.2


WEATHER CONDITIONS
 THE FOLLOWING WEATHER WAS RECORDED TODAY.
  NO SIGNIFICANT WEATHER WAS OBSERVED.


RELATIVE HUMIDITY (PERCENT)
 HIGHEST   100          1200 AM
 LOWEST     57           900 AM
 AVERAGE    79

..........................................................


THE LOS ANGELES AIRPORT CLIMATE NORMALS FOR TOMORROW
                         NORMAL    RECORD    YEAR
 MAXIMUM TEMPERATURE (F)   72        96      1965
 MINIMUM TEMPERATURE (F)   58        48      1953


SUNRISE AND SUNSET
OCTOBER 23 2014.......SUNRISE   705 AM PDT   SUNSET   610 PM PDT
OCTOBER 24 2014.......SUNRISE   706 AM PDT   SUNSET   609 PM PDT


-  INDICATES NEGATIVE NUMBERS.
R  INDICATES RECORD WAS SET OR TIED.
MM INDICATES DATA IS MISSING.
T  INDICATES TRACE AMOUNT.




$$
