000
CDUS46 KLOX 070905
CLILAX


CLIMATE REPORT
NATIONAL WEATHER SERVICE LOS ANGELES/OXNARD CA
205 AM PDT TUE JUL 7 2015


...................................

...THE LOS ANGELES INTL AIRPORT CA CLIMATE SUMMARY FOR JULY 6 2015...

CLIMATE NORMAL PERIOD 1981 TO 2010
CLIMATE RECORD PERIOD 1944 TO 2015


WEATHER ITEM   OBSERVED TIME   RECORD YEAR NORMAL DEPARTURE LAST
                VALUE   (LST)  VALUE       VALUE  FROM      YEAR
                                                  NORMAL
..................................................................
TEMPERATURE (F)
 YESTERDAY
  MAXIMUM         70   1254 PM  88    1957  73     -3       80
  MINIMUM         63    759 PM  52    1948  63      0       68
                                      1947
  AVERAGE         67                        68     -1       74

PRECIPITATION (IN)
  YESTERDAY        0.00          T    2010   0.00   0.00     0.00
                                      2001
  MONTH TO DATE    T                         0.00   0.00     0.00
  SINCE OCT 1      7.26                     12.53  -5.27     4.42
  SINCE JAN 1      2.56                      8.81  -6.25     3.41

SNOWFALL (IN)
  YESTERDAY        0.0
  MONTH TO DATE    0.0
  SINCE JUN 1      0.0
  SINCE JUL 1      0.0

DEGREE DAYS
 HEATING
  YESTERDAY        0                         0      0        0
  MONTH TO DATE    0                         0      0        0
  SINCE JUN 1     11                        25    -14        1
  SINCE JUL 1      0                         0      0        0

 COOLING
  YESTERDAY        2                         3     -1        9
  MONTH TO DATE   18                        18      0       43
  SINCE JUN 1     75                        60     15      130
  SINCE JAN 1    188                       100     88      341
..................................................................


WIND (MPH)
  HIGHEST WIND SPEED    15   HIGHEST WIND DIRECTION     W (270)
  HIGHEST GUST SPEED    22   HIGHEST GUST DIRECTION    SW (230)
  AVERAGE WIND SPEED     6.8


SKY COVER
  POSSIBLE SUNSHINE  MM
  AVERAGE SKY COVER 1.0


WEATHER CONDITIONS
 THE FOLLOWING WEATHER WAS RECORDED YESTERDAY.
  NO SIGNIFICANT WEATHER WAS OBSERVED.


RELATIVE HUMIDITY (PERCENT)
 HIGHEST    93           800 PM
 LOWEST     73           100 PM
 AVERAGE    83

..........................................................


THE LOS ANGELES INTL AIRPORT CA CLIMATE NORMALS FOR TODAY
                         NORMAL    RECORD    YEAR
 MAXIMUM TEMPERATURE (F)   73        85      1992
 MINIMUM TEMPERATURE (F)   63        53      1948


SUNRISE AND SUNSET
JULY  7 2015..........SUNRISE   549 AM PDT   SUNSET   808 PM PDT
JULY  8 2015..........SUNRISE   549 AM PDT   SUNSET   808 PM PDT


-  INDICATES NEGATIVE NUMBERS.
R  INDICATES RECORD WAS SET OR TIED.
MM INDICATES DATA IS MISSING.
T  INDICATES TRACE AMOUNT.




$$
