000
CDUS44 KLUB 180627
CLILBB


CLIMATE REPORT
NATIONAL WEATHER SERVICE LUBBOCK, TX
1226 AM CST THU DEC 18 2014


...................................

...THE LUBBOCK CLIMATE SUMMARY FOR DECEMBER 17 2014...

CLIMATE NORMAL PERIOD 1981 TO 2010
CLIMATE RECORD PERIOD 1911 TO 2014


WEATHER ITEM   OBSERVED TIME   RECORD YEAR NORMAL DEPARTURE LAST
                VALUE   (LST)  VALUE       VALUE  FROM      YEAR
                                                  NORMAL
..................................................................
TEMPERATURE (F)
 YESTERDAY
  MAXIMUM         56    359 PM  78    1980  53      3       69
  MINIMUM         37   1155 PM   5    1932  27     10       26
  AVERAGE         47                        40      7       48

PRECIPITATION (IN)
  YESTERDAY        0.00          0.45 1995   0.03  -0.03     0.00
  MONTH TO DATE    0.01                      0.44  -0.43     0.09
  SINCE DEC 1      0.01                      0.44  -0.43     0.09
  SINCE JAN 1     22.18                     18.80   3.38    12.10

SNOWFALL (IN)
  YESTERDAY        0.0           3.0  1931   0.0    0.0      0.0
  MONTH TO DATE    0.0                       1.1   -1.1      0.2
  SINCE DEC 1      0.0                       1.1   -1.1      0.2
  SINCE JUL 1      0.5                       2.0   -1.5      2.4
  SNOW DEPTH       0

DEGREE DAYS
 HEATING
  YESTERDAY       18                        25     -7       17
  MONTH TO DATE  287                       400   -113      448
  SINCE DEC 1    287                       400   -113      448
  SINCE JUL 1    962                      1042    -80     1101

 COOLING
  YESTERDAY        0                         0      0        0
  MONTH TO DATE    0                         0      0        0
  SINCE DEC 1      0                         0      0        0
  SINCE JAN 1   1917                      1804    113     2123
..................................................................


WIND (MPH)
  RESULTANT WIND SPEED  11   RESULTANT WIND DIRECTION  SE (130)
  HIGHEST WIND SPEED    18   HIGHEST WIND DIRECTION    SE (120)
  HIGHEST GUST SPEED    23   HIGHEST GUST DIRECTION    SE (120)
  AVERAGE WIND SPEED    11.4


SKY COVER
  AVERAGE SKY COVER 0.9


WEATHER CONDITIONS
 THE FOLLOWING WEATHER WAS RECORDED YESTERDAY.
  FOG


RELATIVE HUMIDITY (PERCENT)
 HIGHEST   100           900 PM
 LOWEST     49          1200 AM
 AVERAGE    75

..........................................................


THE LUBBOCK CLIMATE NORMALS FOR TODAY
                         NORMAL    RECORD    YEAR
 MAXIMUM TEMPERATURE (F)   53        77      1980
 MINIMUM TEMPERATURE (F)   27         6      1996


SUNRISE AND SUNSET
DECEMBER 18 2014......SUNRISE   746 AM CST   SUNSET   542 PM CST
DECEMBER 19 2014......SUNRISE   747 AM CST   SUNSET   542 PM CST


-  INDICATES NEGATIVE NUMBERS.
R  INDICATES RECORD WAS SET OR TIED.
MM INDICATES DATA IS MISSING.
T  INDICATES TRACE AMOUNT.




$$
