000
CDUS44 KLUB 240638
CLILBB


CLIMATE REPORT
NATIONAL WEATHER SERVICE LUBBOCK, TX
138 AM CDT SAT JUN 24 2017


...................................

...THE LUBBOCK CLIMATE SUMMARY FOR JUNE 23 2017...

CLIMATE NORMAL PERIOD 1981 TO 2010
CLIMATE RECORD PERIOD 1911 TO 2017


WEATHER ITEM   OBSERVED TIME   RECORD YEAR NORMAL DEPARTURE LAST
                VALUE   (LST)  VALUE       VALUE  FROM      YEAR
                                                  NORMAL
..................................................................
TEMPERATURE (F)
 YESTERDAY
  MAXIMUM         99    100 PM 107    1980  92      7       97
  MINIMUM         73   1155 PM  56    1964  66      7       68
                                      1927
  AVERAGE         86                        79      7       83

PRECIPITATION (IN)
  YESTERDAY        T             1.71 1932   0.09  -0.09     0.00
  MONTH TO DATE    0.78                      2.42  -1.64     1.00
  SINCE JUN 1      0.78                      2.42  -1.64     1.00
  SINCE JAN 1      6.27                      8.63  -2.36     6.27

SNOWFALL (IN)
  YESTERDAY        0.0           0.0  2002   0.0    0.0      0.0
  MONTH TO DATE    T                         0.0    0.0      0.0
  SINCE JUN 1      T                         0.0    0.0      0.0
  SINCE JUL 1      0.2                       8.2   -8.0     13.3
  SNOW DEPTH       0

DEGREE DAYS
 HEATING
  YESTERDAY        0                         0      0        0
  MONTH TO DATE    0                         0      0        3
  SINCE JUN 1      0                         0      0        3
  SINCE JUL 1   2468                      3377   -909     2857

 COOLING
  YESTERDAY       21                        14      7       18
  MONTH TO DATE  373                       275     98      314
  SINCE JUN 1    373                       275     98      314
  SINCE JAN 1    675                       521    154      541
..................................................................


WIND (MPH)
  RESULTANT WIND SPEED  16   RESULTANT WIND DIRECTION   E (70)
  HIGHEST WIND SPEED    30   HIGHEST WIND DIRECTION    NE (50)
  HIGHEST GUST SPEED    37   HIGHEST GUST DIRECTION    NE (50)
  AVERAGE WIND SPEED    15.9


SKY COVER
  AVERAGE SKY COVER 0.6


WEATHER CONDITIONS
 THE FOLLOWING WEATHER WAS RECORDED YESTERDAY.
  LIGHT RAIN
  HAZE
  SANDSTORM


RELATIVE HUMIDITY (PERCENT)
 HIGHEST    55           900 PM
 LOWEST     22          1200 PM
 AVERAGE    39

..........................................................


THE LUBBOCK CLIMATE NORMALS FOR TODAY
                         NORMAL    RECORD    YEAR
 MAXIMUM TEMPERATURE (F)   92       110      1990
 MINIMUM TEMPERATURE (F)   66        56      1957


SUNRISE AND SUNSET
JUNE 24 2017..........SUNRISE   638 AM CDT   SUNSET   901 PM CDT
JUNE 25 2017..........SUNRISE   639 AM CDT   SUNSET   901 PM CDT


-  INDICATES NEGATIVE NUMBERS.
R  INDICATES RECORD WAS SET OR TIED.
MM INDICATES DATA IS MISSING.
T  INDICATES TRACE AMOUNT.




$$
