000
CDUS44 KLUB 190631
CLILBB


CLIMATE REPORT
NATIONAL WEATHER SERVICE LUBBOCK, TX
130 AM CDT FRI SEP 19 2014


...................................

...THE LUBBOCK CLIMATE SUMMARY FOR SEPTEMBER 18 2014...

CLIMATE NORMAL PERIOD 1981 TO 2010
CLIMATE RECORD PERIOD 1911 TO 2014


WEATHER ITEM   OBSERVED TIME   RECORD YEAR NORMAL DEPARTURE LAST
                VALUE   (LST)  VALUE       VALUE  FROM      YEAR
                                                  NORMAL
..................................................................
TEMPERATURE (F)
 YESTERDAY
  MAXIMUM         74    356 PM  98    1997  84    -10       88
  MINIMUM         64    955 AM  43    1971  58      6       67
  AVERAGE         69                        71     -2       78

PRECIPITATION (IN)
  YESTERDAY        0.09          2.68 1965   0.08   0.01     0.00
  MONTH TO DATE    2.97                      1.55   1.42     0.05
  SINCE SEP 1      2.97                      1.55   1.42     0.05
  SINCE JAN 1     14.87                     14.62   0.25     9.83

SNOWFALL (IN)
  YESTERDAY        0.0           0.0  2002   0.0    0.0      0.0
  MONTH TO DATE    0.0                       0.0    0.0      0.0
  SINCE SEP 1      0.0                       0.0    0.0      0.0
  SINCE JUL 1      0.0                       0.0    0.0      0.0
  SNOW DEPTH       0

DEGREE DAYS
 HEATING
  YESTERDAY        0                         1     -1        0
  MONTH TO DATE   25                         5     20        0
  SINCE SEP 1     25                         5     20        0
  SINCE JUL 1     25                         5     20        0

 COOLING
  YESTERDAY        4                         7     -3       13
  MONTH TO DATE  162                       162      0      240
  SINCE SEP 1    162                       162      0      240
  SINCE JAN 1   1791                      1688    103     1968
..................................................................


WIND (MPH)
  RESULTANT WIND SPEED   7   RESULTANT WIND DIRECTION  SE (120)
  HIGHEST WIND SPEED    22   HIGHEST WIND DIRECTION     E (110)
  HIGHEST GUST SPEED    26   HIGHEST GUST DIRECTION     E (110)
  AVERAGE WIND SPEED    10.5


SKY COVER
  AVERAGE SKY COVER 1.0


WEATHER CONDITIONS
 THE FOLLOWING WEATHER WAS RECORDED YESTERDAY.
  THUNDERSTORM
  RAIN
  LIGHT RAIN
  FOG


RELATIVE HUMIDITY (PERCENT)
 HIGHEST    93          1200 AM
 LOWEST     73           400 PM
 AVERAGE    83

..........................................................


THE LUBBOCK CLIMATE NORMALS FOR TODAY
                         NORMAL    RECORD    YEAR
 MAXIMUM TEMPERATURE (F)   83       105      1930
 MINIMUM TEMPERATURE (F)   58        42      1991


SUNRISE AND SUNSET
SEPTEMBER 19 2014.....SUNRISE   733 AM CDT   SUNSET   748 PM CDT
SEPTEMBER 20 2014.....SUNRISE   734 AM CDT   SUNSET   747 PM CDT


-  INDICATES NEGATIVE NUMBERS.
R  INDICATES RECORD WAS SET OR TIED.
MM INDICATES DATA IS MISSING.
T  INDICATES TRACE AMOUNT.




$$
