000
CDUS44 KLUB 140627
CLILBB


CLIMATE REPORT
NATIONAL WEATHER SERVICE LUBBOCK, TX
1227 AM CST THU DEC 14 2017


...................................

...THE LUBBOCK CLIMATE SUMMARY FOR DECEMBER 13 2017...

CLIMATE NORMAL PERIOD 1981 TO 2010
CLIMATE RECORD PERIOD 1911 TO 2017


WEATHER ITEM   OBSERVED TIME   RECORD YEAR NORMAL DEPARTURE LAST
                VALUE   (LST)  VALUE       VALUE  FROM      YEAR
                                                  NORMAL
..................................................................
TEMPERATURE (F)
 YESTERDAY
  MAXIMUM         67    355 PM  79    1921  54     13       52
  MINIMUM         26    744 AM   5    1917  27     -1       31
  AVERAGE         47                        41      6       42

PRECIPITATION (IN)
  YESTERDAY        0.00          0.65 1979   0.03  -0.03     0.00
  MONTH TO DATE    T                         0.33  -0.33     0.43
  SINCE DEC 1      T                         0.33  -0.33     0.43
  SINCE JAN 1     21.95                     18.69   3.26    13.41

SNOWFALL (IN)
  YESTERDAY        0.0           3.5  1979   0.1   -0.1      0.0
  MONTH TO DATE    T                         0.8   -0.8       T
  SINCE DEC 1      T                         0.8   -0.8       T
  SINCE JUL 1      T                         1.7   -1.7       T
  SNOW DEPTH       0

DEGREE DAYS
 HEATING
  YESTERDAY       18                        24     -6       23
  MONTH TO DATE  242                       300    -58      315
  SINCE DEC 1    242                       300    -58      315
  SINCE JUL 1    748                       942   -194      679

 COOLING
  YESTERDAY        0                         0      0        0
  MONTH TO DATE    0                         0      0        0
  SINCE DEC 1      0                         0      0        0
  SINCE JAN 1   1991                      1804    187     2114
..................................................................


WIND (MPH)
  RESULTANT WIND SPEED   4   RESULTANT WIND DIRECTION  NW (330)
  HIGHEST WIND SPEED    20   HIGHEST WIND DIRECTION     W (290)
  HIGHEST GUST SPEED    24   HIGHEST GUST DIRECTION    NW (300)
  AVERAGE WIND SPEED     9.9


SKY COVER
  AVERAGE SKY COVER 0.0


WEATHER CONDITIONS
 THE FOLLOWING WEATHER WAS RECORDED YESTERDAY.
  NO SIGNIFICANT WEATHER WAS OBSERVED.


RELATIVE HUMIDITY (PERCENT)
 HIGHEST    50           800 AM
 LOWEST     12           300 PM
 AVERAGE    31

..........................................................


THE LUBBOCK CLIMATE NORMALS FOR TODAY
                         NORMAL    RECORD    YEAR
 MAXIMUM TEMPERATURE (F)   54        82      2010
 MINIMUM TEMPERATURE (F)   27         8      1987
                                             1919


SUNRISE AND SUNSET
DECEMBER 14 2017......SUNRISE   744 AM CST   SUNSET   540 PM CST
DECEMBER 15 2017......SUNRISE   745 AM CST   SUNSET   541 PM CST


-  INDICATES NEGATIVE NUMBERS.
R  INDICATES RECORD WAS SET OR TIED.
MM INDICATES DATA IS MISSING.
T  INDICATES TRACE AMOUNT.




$$
