245
CDUS44 KLUB 230626
CLILBB


CLIMATE REPORT
NATIONAL WEATHER SERVICE LUBBOCK, TX
126 AM CDT TUE MAY 23 2017


...................................

...THE LUBBOCK CLIMATE SUMMARY FOR MAY 22 2017...

CLIMATE NORMAL PERIOD 1981 TO 2010
CLIMATE RECORD PERIOD 1911 TO 2017


WEATHER ITEM   OBSERVED TIME   RECORD YEAR NORMAL DEPARTURE LAST
                VALUE   (LST)  VALUE       VALUE  FROM      YEAR
                                                  NORMAL
..................................................................
TEMPERATURE (F)
 YESTERDAY
  MAXIMUM         80    348 PM 105    1996  85     -5       87
  MINIMUM         53    439 AM  40    1931  58     -5       67
  AVERAGE         67                        72     -5       77

PRECIPITATION (IN)
  YESTERDAY        T             1.47 1985   0.09  -0.09     0.01
  MONTH TO DATE    0.47                      1.47  -1.00     3.28
  SINCE MAR 1      2.46                      3.98  -1.52     4.50
  SINCE JAN 1      5.38                      5.38   0.00     4.89

SNOWFALL (IN)
  YESTERDAY        0.0           0.0  2002   0.0    0.0      0.0
  MONTH TO DATE    0.0                       0.0    0.0      0.0
  SINCE MAR 1      T                         0.8   -0.8       T
  SINCE JUL 1      0.2                       8.2   -8.0     13.3
  SNOW DEPTH       0

DEGREE DAYS
 HEATING
  YESTERDAY        0                         1     -1        0
  MONTH TO DATE   19                        35    -16       83
  SINCE MAR 1    380                       633   -253      454
  SINCE JUL 1   2464                      3372   -908     2854

 COOLING
  YESTERDAY        2                         7     -5       12
  MONTH TO DATE  100                       113    -13       91
  SINCE MAR 1    225                       169     56      138
  SINCE JAN 1    229                       169     60      142
..................................................................


WIND (MPH)
  RESULTANT WIND SPEED   4   RESULTANT WIND DIRECTION  SE (150)
  HIGHEST WIND SPEED    32   HIGHEST WIND DIRECTION     S (160)
  HIGHEST GUST SPEED    37   HIGHEST GUST DIRECTION     S (160)
  AVERAGE WIND SPEED     8.9


SKY COVER
  AVERAGE SKY COVER 0.6


WEATHER CONDITIONS
 THE FOLLOWING WEATHER WAS RECORDED YESTERDAY.
  LIGHT RAIN
  HAZE


RELATIVE HUMIDITY (PERCENT)
 HIGHEST    89           500 AM
 LOWEST     42           400 PM
 AVERAGE    66

..........................................................


THE LUBBOCK CLIMATE NORMALS FOR TODAY
                         NORMAL    RECORD    YEAR
 MAXIMUM TEMPERATURE (F)   86       105      2000
 MINIMUM TEMPERATURE (F)   58        45      1917


SUNRISE AND SUNSET
MAY 23 2017...........SUNRISE   641 AM CDT   SUNSET   847 PM CDT
MAY 24 2017...........SUNRISE   641 AM CDT   SUNSET   848 PM CDT


-  INDICATES NEGATIVE NUMBERS.
R  INDICATES RECORD WAS SET OR TIED.
MM INDICATES DATA IS MISSING.
T  INDICATES TRACE AMOUNT.




$$
