000
CDUS44 KLUB 130637
CLILBB


CLIMATE REPORT
NATIONAL WEATHER SERVICE LUBBOCK, TX
137 AM CDT SUN JUL 13 2014


...................................

...THE LUBBOCK CLIMATE SUMMARY FOR JULY 12 2014...

CLIMATE NORMAL PERIOD 1981 TO 2010
CLIMATE RECORD PERIOD 1911 TO 2014


WEATHER ITEM   OBSERVED TIME   RECORD YEAR NORMAL DEPARTURE LAST
                VALUE   (LST)  VALUE       VALUE  FROM      YEAR
                                                  NORMAL
..................................................................
TEMPERATURE (F)
 YESTERDAY
  MAXIMUM         91    408 PM 105    1933  93     -2       98
  MINIMUM         70    358 AM  57    1999  68      2       74
  AVERAGE         81                        80      1       86

PRECIPITATION (IN)
  YESTERDAY        0.00          1.39 1976   0.06  -0.06      T
  MONTH TO DATE    2.16                      0.84   1.32     0.09
  SINCE JUN 1      4.75                      3.88   0.87     1.76
  SINCE JAN 1     10.88                     10.09   0.79     5.18

SNOWFALL (IN)
  YESTERDAY        0.0           T    1952   0.0    0.0      0.0
  MONTH TO DATE    0.0                       0.0    0.0      0.0
  SINCE JUN 1      0.0                       0.0    0.0      0.0
  SINCE JUL 1      0.0                       0.0    0.0      0.0
  SNOW DEPTH       0

DEGREE DAYS
 HEATING
  YESTERDAY        0                         0      0        0
  MONTH TO DATE    0                         0      0        0
  SINCE JUN 1      0                         2     -2        0
  SINCE JUL 1      0                         0      0        0

 COOLING
  YESTERDAY       16                        15      1       21
  MONTH TO DATE  162                       180    -18      195
  SINCE JUN 1    569                       554     15      669
  SINCE JAN 1    848                       800     48      984
..................................................................


WIND (MPH)
  RESULTANT WIND SPEED  14   RESULTANT WIND DIRECTION   S (180)
  HIGHEST WIND SPEED    22   HIGHEST WIND DIRECTION     S (180)
  HIGHEST GUST SPEED    31   HIGHEST GUST DIRECTION     S (190)
  AVERAGE WIND SPEED    13.6


SKY COVER
  AVERAGE SKY COVER 0.5


WEATHER CONDITIONS
 THE FOLLOWING WEATHER WAS RECORDED YESTERDAY.
  HAZE


RELATIVE HUMIDITY (PERCENT)
 HIGHEST    73           400 AM
 LOWEST     34           600 PM
 AVERAGE    54

..........................................................


THE LUBBOCK CLIMATE NORMALS FOR TODAY
                         NORMAL    RECORD    YEAR
 MAXIMUM TEMPERATURE (F)   93       107      1933
 MINIMUM TEMPERATURE (F)   68        54      1953


SUNRISE AND SUNSET
JULY 13 2014..........SUNRISE   647 AM CDT   SUNSET   859 PM CDT
JULY 14 2014..........SUNRISE   647 AM CDT   SUNSET   859 PM CDT


-  INDICATES NEGATIVE NUMBERS.
R  INDICATES RECORD WAS SET OR TIED.
MM INDICATES DATA IS MISSING.
T  INDICATES TRACE AMOUNT.




$$
