000
CDUS44 KLUB 290630
CLILBB


CLIMATE REPORT
NATIONAL WEATHER SERVICE LUBBOCK, TX
129 AM CDT FRI APR 29 2016


...................................

...THE LUBBOCK CLIMATE SUMMARY FOR APRIL 28 2016...

CLIMATE NORMAL PERIOD 1981 TO 2010
CLIMATE RECORD PERIOD 1911 TO 2016


WEATHER ITEM   OBSERVED TIME   RECORD YEAR NORMAL DEPARTURE LAST
                VALUE   (LST)  VALUE       VALUE  FROM      YEAR
                                                  NORMAL
..................................................................
TEMPERATURE (F)
 YESTERDAY
  MAXIMUM         85    535 PM  94    1992  79      6       62
  MINIMUM         48    628 AM  35    1994  50     -2       42
                                      1921
  AVERAGE         67                        64      3       52

PRECIPITATION (IN)
  YESTERDAY        T             0.75 1999   0.06  -0.06      T
                                      1932
  MONTH TO DATE    1.02                      1.29  -0.27     1.24
  SINCE MAR 1      1.22                      2.39  -1.17     1.54
  SINCE JAN 1      1.61                      3.79  -2.18     3.81

SNOWFALL (IN)
  YESTERDAY       MM             T    1999   0.0   MM        0.0
  MONTH TO DATE    T                         0.2   -0.2      0.0
  SINCE MAR 1      T                         0.8   -0.8      1.1
  SINCE JUL 1     13.3                       8.2    5.1     14.7
  SNOW DEPTH       0

DEGREE DAYS
 HEATING
  YESTERDAY        0                         3     -3       13
  MONTH TO DATE  116                       176    -60      120
  SINCE MAR 1    365                       591   -226      500
  SINCE JUL 1   2765                      3330   -565     3219

 COOLING
  YESTERDAY        2                         3     -1        0
  MONTH TO DATE   34                        44    -10       52
  SINCE MAR 1     46                        51     -5       55
  SINCE JAN 1     50                        51     -1       55
..................................................................


WIND (MPH)
  RESULTANT WIND SPEED  17   RESULTANT WIND DIRECTION  SE (150)
  HIGHEST WIND SPEED    33   HIGHEST WIND DIRECTION     S (170)
  HIGHEST GUST SPEED    44   HIGHEST GUST DIRECTION     S (170)
  AVERAGE WIND SPEED    18.1


SKY COVER
  AVERAGE SKY COVER 0.3


WEATHER CONDITIONS
 THE FOLLOWING WEATHER WAS RECORDED YESTERDAY.
  LIGHT RAIN
  HAZE


RELATIVE HUMIDITY (PERCENT)
 HIGHEST    80           600 AM
 LOWEST     27           600 PM
 AVERAGE    54

..........................................................


THE LUBBOCK CLIMATE NORMALS FOR TODAY
                         NORMAL    RECORD    YEAR
 MAXIMUM TEMPERATURE (F)   79        97      2011
 MINIMUM TEMPERATURE (F)   50        31      1968


SUNRISE AND SUNSET
APRIL 29 2016.........SUNRISE   700 AM CDT   SUNSET   829 PM CDT
APRIL 30 2016.........SUNRISE   659 AM CDT   SUNSET   830 PM CDT


-  INDICATES NEGATIVE NUMBERS.
R  INDICATES RECORD WAS SET OR TIED.
MM INDICATES DATA IS MISSING.
T  INDICATES TRACE AMOUNT.




$$
