000
CDUS44 KLUB 300628
CLILBB


CLIMATE REPORT
NATIONAL WEATHER SERVICE LUBBOCK, TX
127 AM CDT MON MAY 30 2016


...................................

...THE LUBBOCK CLIMATE SUMMARY FOR MAY 29 2016...

CLIMATE NORMAL PERIOD 1981 TO 2010
CLIMATE RECORD PERIOD 1911 TO 2016


WEATHER ITEM   OBSERVED TIME   RECORD YEAR NORMAL DEPARTURE LAST
                VALUE   (LST)  VALUE       VALUE  FROM      YEAR
                                                  NORMAL
..................................................................
TEMPERATURE (F)
 YESTERDAY
  MAXIMUM         87    335 PM 104    2011  87      0       83
                                      1938
  MINIMUM         57   1159 PM  38    1947  60     -3       56
  AVERAGE         72                        74     -2       70

PRECIPITATION (IN)
  YESTERDAY        0.26          0.94 1926   0.10   0.16     0.48
  MONTH TO DATE    3.54                      2.11   1.43    12.12
  SINCE MAR 1      4.76                      4.62   0.14    13.66
  SINCE JAN 1      5.15                      6.02  -0.87    15.93

SNOWFALL (IN)
  YESTERDAY        0.0           0.0  2002   0.0    0.0      0.0
  MONTH TO DATE    0.0                       0.0    0.0      0.0
  SINCE MAR 1      T                         0.8   -0.8      1.1
  SINCE JUL 1     13.3                       8.2    5.1     14.7
  SNOW DEPTH       0

DEGREE DAYS
 HEATING
  YESTERDAY        0                         0      0        0
  MONTH TO DATE   83                        39     44       44
  SINCE MAR 1    454                       637   -183      556
  SINCE JUL 1   2854                      3376   -522     3275

 COOLING
  YESTERDAY        7                         9     -2        5
  MONTH TO DATE  165                       171     -6       81
  SINCE MAR 1    212                       227    -15      136
  SINCE JAN 1    216                       227    -11      136
..................................................................


WIND (MPH)
  RESULTANT WIND SPEED  11   RESULTANT WIND DIRECTION  SE (150)
  HIGHEST WIND SPEED    48   HIGHEST WIND DIRECTION     N (20)
  HIGHEST GUST SPEED    58   HIGHEST GUST DIRECTION     N (20)
  AVERAGE WIND SPEED    18.4


SKY COVER
  AVERAGE SKY COVER 0.6


WEATHER CONDITIONS
 THE FOLLOWING WEATHER WAS RECORDED YESTERDAY.
  THUNDERSTORM
  HEAVY RAIN
  RAIN
  LIGHT RAIN
  FOG
  HAZE
  SANDSTORM
  HABOOB


RELATIVE HUMIDITY (PERCENT)
 HIGHEST    87           900 PM
 LOWEST     43           600 PM
 AVERAGE    65

..........................................................


THE LUBBOCK CLIMATE NORMALS FOR TODAY
                         NORMAL    RECORD    YEAR
 MAXIMUM TEMPERATURE (F)   87       103      1998
 MINIMUM TEMPERATURE (F)   60        45      1983
                                             1947


SUNRISE AND SUNSET
MAY 30 2016...........SUNRISE   638 AM CDT   SUNSET   852 PM CDT
MAY 31 2016...........SUNRISE   638 AM CDT   SUNSET   852 PM CDT


-  INDICATES NEGATIVE NUMBERS.
R  INDICATES RECORD WAS SET OR TIED.
MM INDICATES DATA IS MISSING.
T  INDICATES TRACE AMOUNT.




$$
