000
CDUS44 KLUB 100625
CLILBB


CLIMATE REPORT
NATIONAL WEATHER SERVICE LUBBOCK, TX
1225 AM CST SAT DEC 10 2016


...................................

...THE LUBBOCK CLIMATE SUMMARY FOR DECEMBER 9 2016...

CLIMATE NORMAL PERIOD 1981 TO 2010
CLIMATE RECORD PERIOD 1911 TO 2016


WEATHER ITEM   OBSERVED TIME   RECORD YEAR NORMAL DEPARTURE LAST
                VALUE   (LST)  VALUE       VALUE  FROM      YEAR
                                                  NORMAL
..................................................................
TEMPERATURE (F)
 YESTERDAY
  MAXIMUM         42    409 PM  80    1939  55    -13       71
  MINIMUM         23    427 AM   5    1978  28     -5       33
  AVERAGE         33                        41     -8       52

PRECIPITATION (IN)
  YESTERDAY        T             0.65 1999   0.02  -0.02     0.00
  MONTH TO DATE    0.43                      0.22   0.21     0.00
  SINCE DEC 1      0.43                      0.22   0.21     0.00
  SINCE JAN 1     13.41                     18.58  -5.17    27.88

SNOWFALL (IN)
  YESTERDAY        T             7.0  1999   0.1   -0.1      0.0
  MONTH TO DATE    T                         0.5   -0.5      0.0
  SINCE DEC 1      T                         0.5   -0.5      0.0
  SINCE JUL 1      T                         1.4   -1.4       T
  SNOW DEPTH       0

DEGREE DAYS
 HEATING
  YESTERDAY       32                        24      8       13
  MONTH TO DATE  240                       204     36      165
  SINCE DEC 1    240                       204     36      165
  SINCE JUL 1    604                       846   -242      684

 COOLING
  YESTERDAY        0                         0      0        0
  MONTH TO DATE    0                         0      0        0
  SINCE DEC 1      0                         0      0        0
  SINCE JAN 1   2114                      1804    310     1922
..................................................................


WIND (MPH)
  RESULTANT WIND SPEED  12   RESULTANT WIND DIRECTION   S (190)
  HIGHEST WIND SPEED    24   HIGHEST WIND DIRECTION    SW (220)
  HIGHEST GUST SPEED    29   HIGHEST GUST DIRECTION    SW (220)
  AVERAGE WIND SPEED    12.4


SKY COVER
  AVERAGE SKY COVER 0.7


WEATHER CONDITIONS
 THE FOLLOWING WEATHER WAS RECORDED YESTERDAY.
  LIGHT SNOW


RELATIVE HUMIDITY (PERCENT)
 HIGHEST    85           900 PM
 LOWEST     57           400 PM
 AVERAGE    71

..........................................................


THE LUBBOCK CLIMATE NORMALS FOR TODAY
                         NORMAL    RECORD    YEAR
 MAXIMUM TEMPERATURE (F)   55        81      1933
 MINIMUM TEMPERATURE (F)   28         5      1917


SUNRISE AND SUNSET
DECEMBER 10 2016......SUNRISE   741 AM CST   SUNSET   539 PM CST
DECEMBER 11 2016......SUNRISE   742 AM CST   SUNSET   540 PM CST


-  INDICATES NEGATIVE NUMBERS.
R  INDICATES RECORD WAS SET OR TIED.
MM INDICATES DATA IS MISSING.
T  INDICATES TRACE AMOUNT.




$$
