000
CDUS44 KLUB 170630
CLILBB


CLIMATE REPORT
NATIONAL WEATHER SERVICE LUBBOCK, TX
130 AM CDT THU AUG 17 2017


...................................

...THE LUBBOCK CLIMATE SUMMARY FOR AUGUST 16 2017...

CLIMATE NORMAL PERIOD 1981 TO 2010
CLIMATE RECORD PERIOD 1911 TO 2017


WEATHER ITEM   OBSERVED TIME   RECORD YEAR NORMAL DEPARTURE LAST
                VALUE   (LST)  VALUE       VALUE  FROM      YEAR
                                                  NORMAL
..................................................................
TEMPERATURE (F)
 YESTERDAY
  MAXIMUM         91    522 PM 104    1943  92     -1       92
  MINIMUM         68    608 AM  55    1931  67      1       62
  AVERAGE         80                        79      1       77

PRECIPITATION (IN)
  YESTERDAY        0.00          2.45 2008   0.06  -0.06     0.00
  MONTH TO DATE    2.66                      0.97   1.69     0.71
  SINCE JUN 1     10.28                      5.92   4.36     2.33
  SINCE JAN 1     15.77                     12.13   3.64     7.60

SNOWFALL (IN)
  YESTERDAY        0.0           0.0  2002   0.0    0.0      0.0
  MONTH TO DATE    0.0                       0.0    0.0      0.0
  SINCE JUN 1      T                         0.0    0.0      0.0
  SINCE JUL 1      0.0                       0.0    0.0      0.0
  SNOW DEPTH       0

DEGREE DAYS
 HEATING
  YESTERDAY        0                         0      0        0
  MONTH TO DATE    0                         0      0        0
  SINCE JUN 1      0                         2     -2        3
  SINCE JUL 1      0                         0      0        0

 COOLING
  YESTERDAY       15                        14      1       12
  MONTH TO DATE  198                       237    -39      273
  SINCE JUN 1   1180                      1084     96     1341
  SINCE JAN 1   1482                      1330    152     1568
..................................................................


WIND (MPH)
  RESULTANT WIND SPEED   3   RESULTANT WIND DIRECTION  SW (230)
  HIGHEST WIND SPEED    14   HIGHEST WIND DIRECTION    SW (210)
  HIGHEST GUST SPEED    20   HIGHEST GUST DIRECTION    SW (210)
  AVERAGE WIND SPEED     6.2


SKY COVER
  AVERAGE SKY COVER 0.4


WEATHER CONDITIONS
 THE FOLLOWING WEATHER WAS RECORDED YESTERDAY.
  NO SIGNIFICANT WEATHER WAS OBSERVED.


RELATIVE HUMIDITY (PERCENT)
 HIGHEST    90           500 AM
 LOWEST     34           400 PM
 AVERAGE    62

..........................................................


THE LUBBOCK CLIMATE NORMALS FOR TODAY
                         NORMAL    RECORD    YEAR
 MAXIMUM TEMPERATURE (F)   92       103      1978
 MINIMUM TEMPERATURE (F)   67        56      1931


SUNRISE AND SUNSET
AUGUST 17 2017........SUNRISE   711 AM CDT   SUNSET   831 PM CDT
AUGUST 18 2017........SUNRISE   712 AM CDT   SUNSET   830 PM CDT


-  INDICATES NEGATIVE NUMBERS.
R  INDICATES RECORD WAS SET OR TIED.
MM INDICATES DATA IS MISSING.
T  INDICATES TRACE AMOUNT.




$$
