000
CDUS44 KLUB 260626
CLILBB


CLIMATE REPORT
NATIONAL WEATHER SERVICE LUBBOCK, TX
1226 AM CST MON JAN 26 2015


...................................

...THE LUBBOCK CLIMATE SUMMARY FOR JANUARY 25 2015...

CLIMATE NORMAL PERIOD 1981 TO 2010
CLIMATE RECORD PERIOD 1911 TO 2015


WEATHER ITEM   OBSERVED TIME   RECORD YEAR NORMAL DEPARTURE LAST
                VALUE   (LST)  VALUE       VALUE  FROM      YEAR
                                                  NORMAL
..................................................................
TEMPERATURE (F)
 YESTERDAY
  MAXIMUM         59    409 PM  79    1952  55      4       64
  MINIMUM         31    807 AM   7    1940  27      4       21
                                      1929
  AVERAGE         45                        41      4       43

PRECIPITATION (IN)
  YESTERDAY        0.00          0.54 1949   0.03  -0.03     0.00
  MONTH TO DATE    1.03                      0.50   0.53     0.00
  SINCE DEC 1      1.42                      1.26   0.16     0.60
  SINCE JAN 1      1.03                      0.50   0.53     0.00

SNOWFALL (IN)
  YESTERDAY        0.0           1.8  1973   0.1   -0.1      0.0
  MONTH TO DATE    4.2                       2.0    2.2      0.0
  SINCE DEC 1      6.6                       4.3    2.3      0.2
  SINCE JUL 1      7.1                       5.2    1.9      2.4
  SNOW DEPTH       0

DEGREE DAYS
 HEATING
  YESTERDAY       20                        24     -4       22
  MONTH TO DATE  700                       624     76      621
  SINCE DEC 1   1359                      1380    -21     1425
  SINCE JUL 1   2034                      2022     12     2078

 COOLING
  YESTERDAY        0                         0      0        0
  MONTH TO DATE    0                         0      0        0
  SINCE DEC 1      0                         0      0        0
  SINCE JAN 1      0                         0      0        0
..................................................................


WIND (MPH)
  RESULTANT WIND SPEED   8   RESULTANT WIND DIRECTION  NW (330)
  HIGHEST WIND SPEED    20   HIGHEST WIND DIRECTION     N (360)
  HIGHEST GUST SPEED    24   HIGHEST GUST DIRECTION     N (350)
  AVERAGE WIND SPEED     9.3


SKY COVER
  AVERAGE SKY COVER 0.1


WEATHER CONDITIONS
 THE FOLLOWING WEATHER WAS RECORDED YESTERDAY.
  NO SIGNIFICANT WEATHER WAS OBSERVED.


RELATIVE HUMIDITY (PERCENT)
 HIGHEST    85           700 AM
 LOWEST     30           100 PM
 AVERAGE    58

..........................................................


THE LUBBOCK CLIMATE NORMALS FOR TODAY
                         NORMAL    RECORD    YEAR
 MAXIMUM TEMPERATURE (F)   55        78      1975
                                             1953
 MINIMUM TEMPERATURE (F)   27         7      1966


SUNRISE AND SUNSET
JANUARY 26 2015.......SUNRISE   748 AM CST   SUNSET   612 PM CST
JANUARY 27 2015.......SUNRISE   747 AM CST   SUNSET   613 PM CST


-  INDICATES NEGATIVE NUMBERS.
R  INDICATES RECORD WAS SET OR TIED.
MM INDICATES DATA IS MISSING.
T  INDICATES TRACE AMOUNT.




$$
