000
CDUS43 KLBF 181041
CLILBF


CLIMATE REPORT
NATIONAL WEATHER SERVICE NORTH PLATTE
440 AM CST MON DEC 18 2017


...................................

...THE NORTH PLATTE NE CLIMATE SUMMARY FOR DECEMBER 17 2017...

CLIMATE NORMAL PERIOD 1981 TO 2010
CLIMATE RECORD PERIOD 1874 TO 2017


WEATHER ITEM   OBSERVED TIME   RECORD YEAR NORMAL DEPARTURE LAST
                VALUE   (LST)  VALUE       VALUE  FROM      YEAR
                                                  NORMAL
..................................................................
TEMPERATURE (F)
 YESTERDAY
  MAXIMUM         40    434 PM  75    1980  38      2        7
  MINIMUM         24    739 PM -17    2016  11     13      -17
  AVERAGE         32                        25      7       -5

PRECIPITATION (IN)
  YESTERDAY        T             0.25 1936   0.01  -0.01     0.03
  MONTH TO DATE    T                         0.23  -0.23     0.05
  SINCE DEC 1      T                         0.23  -0.23     0.05
  SINCE JAN 1     25.69                     20.05   5.64    22.48

SNOWFALL (IN)
  YESTERDAY        0.0           3.3  1936   0.1   -0.1      0.5
  MONTH TO DATE    T                         2.4   -2.4      0.8
  SINCE DEC 1      T                         2.4   -2.4      0.8
  SINCE JUL 1      1.0                       8.6   -7.6      5.8
  SNOW DEPTH       0

DEGREE DAYS
 HEATING
  YESTERDAY       33                        40     -7       70
  MONTH TO DATE  522                       659   -137      731
  SINCE DEC 1    522                       659   -137      731
  SINCE JUL 1   1813                      2210   -397     1772

 COOLING
  YESTERDAY        0                         0      0        0
  MONTH TO DATE    0                         0      0        0
  SINCE DEC 1      0                         0      0        0
  SINCE JAN 1    954                       768    186      911
..................................................................


WIND (MPH)
  HIGHEST WIND SPEED    18   HIGHEST WIND DIRECTION    NE (30)
  HIGHEST GUST SPEED    23   HIGHEST GUST DIRECTION     N (20)
  AVERAGE WIND SPEED     5.1


SKY COVER
  POSSIBLE SUNSHINE  MM
  AVERAGE SKY COVER 0.7


WEATHER CONDITIONS
 THE FOLLOWING WEATHER WAS RECORDED YESTERDAY.
  NO SIGNIFICANT WEATHER WAS OBSERVED.


RELATIVE HUMIDITY (PERCENT)
 HIGHEST   100           700 PM
 LOWEST     76           300 PM
 AVERAGE    88

..........................................................


THE NORTH PLATTE NE CLIMATE NORMALS FOR TODAY
                         NORMAL    RECORD    YEAR
 MAXIMUM TEMPERATURE (F)   38        68      2013
 MINIMUM TEMPERATURE (F)   11       -19      1983


SUNRISE AND SUNSET
DECEMBER 18 2017......SUNRISE   803 AM CST   SUNSET   516 PM CST
DECEMBER 19 2017......SUNRISE   804 AM CST   SUNSET   516 PM CST


-  INDICATES NEGATIVE NUMBERS.
R  INDICATES RECORD WAS SET OR TIED.
MM INDICATES DATA IS MISSING.
T  INDICATES TRACE AMOUNT.




$$
