000
CDUS43 KLBF 300900
CLILBF

CLIMATE REPORT
NATIONAL WEATHER SERVICE NORTH PLATTE
359 AM CDT THU OCT 30 2014


...................................

...THE NORTH PLATTE NE CLIMATE SUMMARY FOR OCTOBER 29 2014...

CLIMATE NORMAL PERIOD 1981 TO 2010
CLIMATE RECORD PERIOD 1874 TO 2014


WEATHER ITEM   OBSERVED TIME   RECORD YEAR NORMAL DEPARTURE LAST
                VALUE   (LST)  VALUE       VALUE  FROM      YEAR
                                                  NORMAL
..................................................................
TEMPERATURE (F)
 YESTERDAY
  MAXIMUM         71    347 PM  85    2003  59     12       38
                                      1950
  MINIMUM         20    725 AM   4    1913  29     -9       33
  AVERAGE         46                        44      2       36

PRECIPITATION (IN)
  YESTERDAY        0.00          1.27 1956   0.04  -0.04     0.05
  MONTH TO DATE    0.73                      1.48  -0.75     1.66
  SINCE SEP 1      2.12                      2.89  -0.77     6.74
  SINCE JAN 1     20.40                     19.11   1.29    21.10

SNOWFALL (IN)
  YESTERDAY        0.0          11.5  1896   0.1   -0.1      0.0
  MONTH TO DATE    0.0                       1.9   -1.9      0.0
  SINCE SEP 1      T                         2.1   -2.1      0.0
  SINCE JUL 1      T                         2.1   -2.1      0.0
  SNOW DEPTH       0

DEGREE DAYS
 HEATING
  YESTERDAY       19                        21     -2       29
  MONTH TO DATE  346                       454   -108      482
  SINCE SEP 1    469                       605   -136      552
  SINCE JUL 1    486                       625   -139      565

 COOLING
  YESTERDAY        0                         0      0        0
  MONTH TO DATE    0                         0      0        0
  SINCE SEP 1     75                        70      5      161
  SINCE JAN 1    744                       765    -21      998
..................................................................


WIND (MPH)
  HIGHEST WIND SPEED    16   HIGHEST WIND DIRECTION     N (360)
  HIGHEST GUST SPEED    23   HIGHEST GUST DIRECTION    SW (230)
  AVERAGE WIND SPEED     5.6


SKY COVER
  POSSIBLE SUNSHINE  MM
  AVERAGE SKY COVER 0.0


WEATHER CONDITIONS
 THE FOLLOWING WEATHER WAS RECORDED YESTERDAY.
  NO SIGNIFICANT WEATHER WAS OBSERVED.


RELATIVE HUMIDITY (PERCENT)
 HIGHEST    88           300 AM
 LOWEST     15           200 PM
 AVERAGE    52

..........................................................


THE NORTH PLATTE NE CLIMATE NORMALS FOR TODAY
                         NORMAL    RECORD    YEAR
 MAXIMUM TEMPERATURE (F)   59        91      1950
 MINIMUM TEMPERATURE (F)   28         8      1925


SUNRISE AND SUNSET
OCTOBER 30 2014.......SUNRISE   811 AM CDT   SUNSET   641 PM CDT
OCTOBER 31 2014.......SUNRISE   813 AM CDT   SUNSET   639 PM CDT


-  INDICATES NEGATIVE NUMBERS.
R  INDICATES RECORD WAS SET OR TIED.
MM INDICATES DATA IS MISSING.
T  INDICATES TRACE AMOUNT.

$$
