507
CDUS43 KLBF 162235
CLILBF


CLIMATE REPORT
NATIONAL WEATHER SERVICE NORTH PLATTE
434 PM CST MON JAN 16 2017


...................................

...THE NORTH PLATTE NE CLIMATE SUMMARY FOR JANUARY 16 2017...
VALID TODAY AS OF 0400 PM LOCAL TIME.

CLIMATE NORMAL PERIOD 1981 TO 2010
CLIMATE RECORD PERIOD 1874 TO 2017


WEATHER ITEM   OBSERVED TIME   RECORD YEAR NORMAL DEPARTURE LAST
                VALUE   (LST)  VALUE       VALUE  FROM      YEAR
                                                  NORMAL
..................................................................
TEMPERATURE (F)
 TODAY
  MAXIMUM         39    410 PM  65    1951  39      0       33
  MINIMUM         31    204 AM -19    1930  11     20       13
  AVERAGE         35                        25     10       23

PRECIPITATION (IN)
  TODAY            0.06          0.32 1889   0.01   0.05     0.01
  MONTH TO DATE    0.56                      0.18   0.38     0.07
  SINCE DEC 1      1.18                      0.59   0.59     0.35
  SINCE JAN 1      0.56                      0.18   0.38     0.07

SNOWFALL (IN)
  TODAY            T             3.5  1889   0.1   -0.1      0.2
  MONTH TO DATE    7.2                       2.5    4.7      0.9
  SINCE DEC 1      8.0                       7.1    0.9      4.3
  SINCE JUL 1     13.0                      13.3   -0.3      8.9
  SNOW DEPTH       T

DEGREE DAYS
 HEATING
  TODAY           30                        40    -10       42
  MONTH TO DATE  762                       645    117      602
  SINCE DEC 1   1988                      1874    114     1684
  SINCE JUL 1   3029                      3425   -396     2870

 COOLING
  TODAY            0                         0      0        0
  MONTH TO DATE    0                         0      0        0
  SINCE DEC 1      0                         0      0        0
  SINCE JAN 1      0                         0      0        0
..................................................................


WIND (MPH)
  HIGHEST WIND SPEED    20   HIGHEST WIND DIRECTION     N (10)
  HIGHEST GUST SPEED    15   HIGHEST GUST DIRECTION     N (360)
  AVERAGE WIND SPEED     6.3


SKY COVER
  POSSIBLE SUNSHINE  MM
  AVERAGE SKY COVER 1.0


WEATHER CONDITIONS
 THE FOLLOWING WEATHER WAS RECORDED TODAY.
  LIGHT RAIN
  FOG


RELATIVE HUMIDITY (PERCENT)
 HIGHEST   100          1200 AM
 LOWEST     76           400 PM
 AVERAGE    88

..........................................................


THE NORTH PLATTE NE CLIMATE NORMALS FOR TOMORROW
                         NORMAL    RECORD    YEAR
 MAXIMUM TEMPERATURE (F)   39        65      1923
 MINIMUM TEMPERATURE (F)   11       -26      1930


SUNRISE AND SUNSET
JANUARY 16 2017.......SUNRISE   805 AM CST   SUNSET   540 PM CST
JANUARY 17 2017.......SUNRISE   805 AM CST   SUNSET   542 PM CST


-  INDICATES NEGATIVE NUMBERS.
R  INDICATES RECORD WAS SET OR TIED.
MM INDICATES DATA IS MISSING.
T  INDICATES TRACE AMOUNT.




$$
