000
CDUS43 KLBF 272240
CLILBF


CLIMATE REPORT
NATIONAL WEATHER SERVICE NORTH PLATTE
539 PM CDT WED JUL 27 2016


...................................

...THE NORTH PLATTE NE CLIMATE SUMMARY FOR JULY 27 2016...
VALID TODAY AS OF 0500 PM LOCAL TIME.

CLIMATE NORMAL PERIOD 1981 TO 2010
CLIMATE RECORD PERIOD 1874 TO 2016


WEATHER ITEM   OBSERVED TIME   RECORD YEAR NORMAL DEPARTURE LAST
                VALUE   (LST)  VALUE       VALUE  FROM      YEAR
                                                  NORMAL
..................................................................
TEMPERATURE (F)
 TODAY
  MAXIMUM         88    400 PM 106    1952  88      0       91
                                      1910
  MINIMUM         60    606 AM  43    2005  61     -1       62
  AVERAGE         74                        75     -1       77

PRECIPITATION (IN)
  TODAY            T             2.90 1892   0.10  -0.10     0.00
  MONTH TO DATE    2.75                      2.66   0.09     2.55
  SINCE JUN 1      6.01                      6.08  -0.07     5.28
  SINCE JAN 1     17.19                     13.52   3.67    13.38

SNOWFALL (IN)
  TODAY            0.0           0.0  2002   0.0    0.0      0.0
                                      2001
  MONTH TO DATE    0.0                       0.0    0.0      0.0
  SINCE JUN 1      0.0                       0.0    0.0      0.0
  SINCE JUL 1      0.0                       0.0    0.0      0.0
  SNOW DEPTH       0

DEGREE DAYS
 HEATING
  TODAY            0                         0      0        0
  MONTH TO DATE    6                         0      6        6
  SINCE JUN 1     16                        51    -35       11
  SINCE JUL 1      6                         0      6        6

 COOLING
  TODAY            9                        10     -1       12
  MONTH TO DATE  274                       256     18      270
  SINCE JUN 1    522                       394    128      448
  SINCE JAN 1    532                       422    110      450
..................................................................


WIND (MPH)
  HIGHEST WIND SPEED    20   HIGHEST WIND DIRECTION     E (100)
  HIGHEST GUST SPEED    26   HIGHEST GUST DIRECTION     E (110)
  AVERAGE WIND SPEED     8.1


SKY COVER
  POSSIBLE SUNSHINE  MM
  AVERAGE SKY COVER 0.0


WEATHER CONDITIONS
 THE FOLLOWING WEATHER WAS RECORDED TODAY.
  LIGHT RAIN


RELATIVE HUMIDITY (PERCENT)
 HIGHEST   100           300 AM
 LOWEST     40           300 PM
 AVERAGE    70

..........................................................


THE NORTH PLATTE NE CLIMATE NORMALS FOR TOMORROW
                         NORMAL    RECORD    YEAR
 MAXIMUM TEMPERATURE (F)   88       104      1933
                                             1917
 MINIMUM TEMPERATURE (F)   61        47      1892


SUNRISE AND SUNSET
JULY 27 2016..........SUNRISE   634 AM CDT   SUNSET   904 PM CDT
JULY 28 2016..........SUNRISE   635 AM CDT   SUNSET   903 PM CDT


-  INDICATES NEGATIVE NUMBERS.
R  INDICATES RECORD WAS SET OR TIED.
MM INDICATES DATA IS MISSING.
T  INDICATES TRACE AMOUNT.




$$
