000
CDUS43 KLBF 222238
CLILBF

CLIMATE REPORT
NATIONAL WEATHER SERVICE NORTH PLATTE
538 PM CDT TUE JUL 22 2014


...................................

...THE NORTH PLATTE NE CLIMATE SUMMARY FOR JULY 22 2014...
VALID TODAY AS OF 0500 PM LOCAL TIME.

CLIMATE NORMAL PERIOD 1981 TO 2010
CLIMATE RECORD PERIOD 1874 TO 2014


WEATHER ITEM   OBSERVED TIME   RECORD YEAR NORMAL DEPARTURE LAST
                VALUE   (LST)  VALUE       VALUE  FROM      YEAR
                                                  NORMAL
..................................................................
TEMPERATURE (F)
 TODAY
  MAXIMUM         92    426 PM 108    2012  89      3       91
  MINIMUM         71    306 AM  46    1990  61     10       63
  AVERAGE         82                        75      7       77

PRECIPITATION (IN)
  TODAY            0.00          2.23 1907   0.10  -0.10     0.15
  MONTH TO DATE    0.11                      2.15  -2.04     0.84
  SINCE JUN 1      8.86                      5.57   3.29     2.79
  SINCE JAN 1     13.15                     13.01   0.14     8.95

SNOWFALL (IN)
  TODAY            0.0           0.0  2002   0.0    0.0      0.0
                                      2001
  MONTH TO DATE    0.0                       0.0    0.0      0.0
  SINCE JUN 1      T                         0.0    0.0       T
  SINCE JUL 1      0.0                       0.0    0.0      0.0
  SNOW DEPTH       0

DEGREE DAYS
 HEATING
  TODAY            0                         0      0        0
  MONTH TO DATE   17                         0     17        4
  SINCE JUN 1     56                        51      5       51
  SINCE JUL 1     17                         0     17        4

 COOLING
  TODAY           17                        10      7       12
  MONTH TO DATE  159                       206    -47      257
  SINCE JUN 1    290                       344    -54      436
  SINCE JAN 1    339                       372    -33      484
..................................................................


WIND (MPH)
  HIGHEST WIND SPEED    24   HIGHEST WIND DIRECTION    SW (230)
  HIGHEST GUST SPEED    31   HIGHEST GUST DIRECTION    SW (230)
  AVERAGE WIND SPEED    10.8


SKY COVER
  POSSIBLE SUNSHINE  MM
  AVERAGE SKY COVER 0.0


WEATHER CONDITIONS
 THE FOLLOWING WEATHER WAS RECORDED TODAY.
  NO SIGNIFICANT WEATHER WAS OBSERVED.


RELATIVE HUMIDITY (PERCENT)
 HIGHEST    64           400 AM
 LOWEST     36           200 PM
 AVERAGE    50

..........................................................


THE NORTH PLATTE NE CLIMATE NORMALS FOR TOMORROW
                         NORMAL    RECORD    YEAR
 MAXIMUM TEMPERATURE (F)   89       104      2012
                                             2005
                                             1940
 MINIMUM TEMPERATURE (F)   61        49      1990
                                             1989
                                             1978


SUNRISE AND SUNSET
JULY 22 2014..........SUNRISE   629 AM CDT   SUNSET   909 PM CDT
JULY 23 2014..........SUNRISE   630 AM CDT   SUNSET   908 PM CDT


-  INDICATES NEGATIVE NUMBERS.
R  INDICATES RECORD WAS SET OR TIED.
MM INDICATES DATA IS MISSING.
T  INDICATES TRACE AMOUNT.

$$
