000
CDUS43 KLBF 302235
CLILBF

CLIMATE REPORT
NATIONAL WEATHER SERVICE NORTH PLATTE
535 PM CDT SAT AUG 30 2014


...................................

...THE NORTH PLATTE NE CLIMATE SUMMARY FOR AUGUST 30 2014...
VALID TODAY AS OF 0500 PM LOCAL TIME.

CLIMATE NORMAL PERIOD 1981 TO 2010
CLIMATE RECORD PERIOD 1874 TO 2014


WEATHER ITEM   OBSERVED TIME   RECORD YEAR NORMAL DEPARTURE LAST
                VALUE   (LST)  VALUE       VALUE  FROM      YEAR
                                                  NORMAL
..................................................................
TEMPERATURE (F)
 TODAY
  MAXIMUM         85    428 PM 102    2012  84      1       97
                                      1990
                                      1877
  MINIMUM         53    502 AM  41    1964  54     -1       65
  AVERAGE         69                        69      0       81

PRECIPITATION (IN)
  TODAY            0.00          1.10 1934   0.05  -0.05     0.03
  MONTH TO DATE    5.10                      2.24   2.86     3.36
  SINCE JUN 1     13.99                      8.73   5.26     8.05
  SINCE JAN 1     18.28                     16.17   2.11    14.21

SNOWFALL (IN)
  TODAY            0.0           0.0  2002   0.0    0.0      0.0
                                      2001
  MONTH TO DATE    0.0                       0.0    0.0      0.0
  SINCE JUN 1      T                         0.0    0.0       T
  SINCE JUL 1      0.0                       0.0    0.0      0.0
  SNOW DEPTH       0

DEGREE DAYS
 HEATING
  TODAY            0                         1     -1        0
  MONTH TO DATE    0                         9     -9        0
  SINCE JUN 1     56                        65     -9       60
  SINCE JUL 1     17                        14      3       13

 COOLING
  TODAY            4                         5     -1       16
  MONTH TO DATE  254                       230     24      296
  SINCE JUN 1    620                       661    -41      777
  SINCE JAN 1    669                       689    -20      825
..................................................................


WIND (MPH)
  HIGHEST WIND SPEED    16   HIGHEST WIND DIRECTION     S (180)
  HIGHEST GUST SPEED    22   HIGHEST GUST DIRECTION     S (190)
  AVERAGE WIND SPEED     5.2


SKY COVER
  POSSIBLE SUNSHINE  MM
  AVERAGE SKY COVER 0.0


WEATHER CONDITIONS
 THE FOLLOWING WEATHER WAS RECORDED TODAY.
  NO SIGNIFICANT WEATHER WAS OBSERVED.


RELATIVE HUMIDITY (PERCENT)
 HIGHEST   100           300 AM
 LOWEST     44           400 PM
 AVERAGE    72

..........................................................


THE NORTH PLATTE NE CLIMATE NORMALS FOR TOMORROW
                         NORMAL    RECORD    YEAR
 MAXIMUM TEMPERATURE (F)   84       102      1922
 MINIMUM TEMPERATURE (F)   54        38      1993


SUNRISE AND SUNSET
AUGUST 30 2014........SUNRISE   707 AM CDT   SUNSET   819 PM CDT
AUGUST 31 2014........SUNRISE   708 AM CDT   SUNSET   817 PM CDT


-  INDICATES NEGATIVE NUMBERS.
R  INDICATES RECORD WAS SET OR TIED.
MM INDICATES DATA IS MISSING.
T  INDICATES TRACE AMOUNT.

$$
