000
CDUS43 KLBF 251015
CLILBF

CLIMATE REPORT
NATIONAL WEATHER SERVICE NORTH PLATTE
414 AM CST THU DEC 25 2014


...................................

...THE NORTH PLATTE NE CLIMATE SUMMARY FOR DECEMBER 24 2014...

CLIMATE NORMAL PERIOD 1981 TO 2010
CLIMATE RECORD PERIOD 1874 TO 2014


WEATHER ITEM   OBSERVED TIME   RECORD YEAR NORMAL DEPARTURE LAST
                VALUE   (LST)  VALUE       VALUE  FROM      YEAR
                                                  NORMAL
..................................................................
TEMPERATURE (F)
 YESTERDAY
  MAXIMUM         43    224 PM  62    1922  38      5       41
  MINIMUM         13    820 AM -27    1879  11      2        5
  AVERAGE         28                        24      4       23

PRECIPITATION (IN)
  YESTERDAY        0.00          0.37 1973   0.01  -0.01     0.00
  MONTH TO DATE    0.72                      0.32   0.40     0.16
  SINCE DEC 1      0.72                      0.32   0.40     0.16
  SINCE JAN 1     21.20                     20.14   1.06    21.77

SNOWFALL (IN)
  YESTERDAY        0.0           5.8  1973   0.1   -0.1      0.0
  MONTH TO DATE    2.4                       3.5   -1.1      3.6
  SINCE DEC 1      2.4                       3.5   -1.1      3.6
  SINCE JUL 1      2.8                       9.7   -6.9      6.7
  SNOW DEPTH       T

DEGREE DAYS
 HEATING
  YESTERDAY       37                        41     -4       42
  MONTH TO DATE  789                       945   -156     1027
  SINCE DEC 1    789                       945   -156     1027
  SINCE JUL 1   2309                      2496   -187     2512

 COOLING
  YESTERDAY        0                         0      0        0
  MONTH TO DATE    0                         0      0        0
  SINCE DEC 1      0                         0      0        0
  SINCE JAN 1    744                       768    -24      998
..................................................................


WIND (MPH)
  HIGHEST WIND SPEED    16   HIGHEST WIND DIRECTION     W (250)
  HIGHEST GUST SPEED    20   HIGHEST GUST DIRECTION     W (250)
  AVERAGE WIND SPEED     7.5


SKY COVER
  POSSIBLE SUNSHINE  MM
  AVERAGE SKY COVER 0.0


WEATHER CONDITIONS
 THE FOLLOWING WEATHER WAS RECORDED YESTERDAY.
  NO SIGNIFICANT WEATHER WAS OBSERVED.


RELATIVE HUMIDITY (PERCENT)
 HIGHEST    92           200 AM
 LOWEST     38           200 PM
 AVERAGE    65

..........................................................


THE NORTH PLATTE NE CLIMATE NORMALS FOR TODAY
                         NORMAL    RECORD    YEAR
 MAXIMUM TEMPERATURE (F)   38        65      1999
 MINIMUM TEMPERATURE (F)   11       -25      1879


SUNRISE AND SUNSET
DECEMBER 25 2014......SUNRISE   806 AM CST   SUNSET   519 PM CST
DECEMBER 26 2014......SUNRISE   807 AM CST   SUNSET   520 PM CST


-  INDICATES NEGATIVE NUMBERS.
R  INDICATES RECORD WAS SET OR TIED.
MM INDICATES DATA IS MISSING.
T  INDICATES TRACE AMOUNT.

$$
