068
CDUS43 KLBF 280937
CLILBF

CLIMATE REPORT
NATIONAL WEATHER SERVICE NORTH PLATTE
436 AM CDT WED JUN 28 2017


...................................

...THE NORTH PLATTE NE CLIMATE SUMMARY FOR JUNE 27 2017...

CLIMATE NORMAL PERIOD 1981 TO 2010
CLIMATE RECORD PERIOD 1874 TO 2017


WEATHER ITEM   OBSERVED TIME   RECORD YEAR NORMAL DEPARTURE LAST
                VALUE   (LST)  VALUE       VALUE  FROM      YEAR
                                                  NORMAL
..................................................................
TEMPERATURE (F)
 YESTERDAY
  MAXIMUM         91    528 PM 101    1963  86      5       84
                                      1931
  MINIMUM         54    233 AM  38    1985  57     -3       62
  AVERAGE         73                        72      1       73

PRECIPITATION (IN)
  YESTERDAY        0.23          3.61 1955   0.11   0.12     0.12
  MONTH TO DATE    0.40                      3.13  -2.73     2.33
  SINCE JUN 1      0.40                      3.13  -2.73     2.33
  SINCE JAN 1      8.94                     10.57  -1.63    13.51

SNOWFALL (IN)
  YESTERDAY        0.0           0.0    MM   0.0    0.0      0.0
  MONTH TO DATE    0.0                       0.0    0.0      0.0
  SINCE JUN 1      0.0                       0.0    0.0      0.0
  SINCE JUL 1     21.3                      28.5   -7.2     32.4
  SNOW DEPTH       0

DEGREE DAYS
 HEATING
  YESTERDAY        0                         1     -1        0
  MONTH TO DATE    7                        52    -45       10
  SINCE JUN 1      7                        52    -45       10
  SINCE JUL 1   5672                      6687  -1015     5716

 COOLING
  YESTERDAY        8                         7      1        8
  MONTH TO DATE  193                       115     78      227
  SINCE JUN 1    193                       115     78      227
  SINCE JAN 1    210                       143     67      237
..................................................................


WIND (MPH)
  HIGHEST WIND SPEED    45   HIGHEST WIND DIRECTION    NW (310)
  HIGHEST GUST SPEED    64   HIGHEST GUST DIRECTION    NW (300)
  AVERAGE WIND SPEED    12.6


SKY COVER
  POSSIBLE SUNSHINE  MM
  AVERAGE SKY COVER 0.3


WEATHER CONDITIONS
 THE FOLLOWING WEATHER WAS RECORDED YESTERDAY.
  THUNDERSTORM
  HEAVY RAIN
  RAIN
  LIGHT RAIN
  FOG
  HAZE


RELATIVE HUMIDITY (PERCENT)
 HIGHEST    90           300 AM
 LOWEST     44           500 PM
 AVERAGE    67

..........................................................


THE NORTH PLATTE NE CLIMATE NORMALS FOR TODAY
                         NORMAL    RECORD    YEAR
 MAXIMUM TEMPERATURE (F)   86       104      1963
 MINIMUM TEMPERATURE (F)   58        39      2004


SUNRISE AND SUNSET
JUNE 28 2017..........SUNRISE   613 AM CDT   SUNSET   919 PM CDT
JUNE 29 2017..........SUNRISE   613 AM CDT   SUNSET   919 PM CDT


-  INDICATES NEGATIVE NUMBERS.
R  INDICATES RECORD WAS SET OR TIED.
MM INDICATES DATA IS MISSING.
T  INDICATES TRACE AMOUNT.




$$
