000
CDUS42 KILM 290844
CLILBT


CLIMATE REPORT
NATIONAL WEATHER SERVICE WILMINGTON NC
443 AM EDT THU SEP 29 2016


...................................

...THE LUMBERTON NC CLIMATE SUMMARY FOR SEPTEMBER 28 2016...

CLIMATE NORMAL PERIOD 1981 TO 2010
CLIMATE RECORD PERIOD 9999 TO 9999


WEATHER ITEM   OBSERVED TIME   NORMAL DEPARTURE LAST
                VALUE   (LST)  VALUE  FROM      YEAR
                                      NORMAL
......................................................
TEMPERATURE (F)
 YESTERDAY
  MAXIMUM         87    336 PM  81      6       84
  MINIMUM         68    629 AM  58     10       72
  AVERAGE         78            69      9       78

PRECIPITATION (IN)
  YESTERDAY        0.00          0.16  -0.16     0.15
  MONTH TO DATE    6.28          4.49   1.79     1.87
  SINCE SEP 1      6.28          4.49   1.79     1.87
  SINCE JAN 1     38.79         34.88   3.91    30.85

DEGREE DAYS
 HEATING
  YESTERDAY        0             1     -1        0
  MONTH TO DATE    0             6     -6        0
  SINCE SEP 1      0             6     -6        0
  SINCE JUL 1      0             6     -6        0

 COOLING
  YESTERDAY       13             5      8       13
  MONTH TO DATE  358           237    121      331
  SINCE SEP 1    358           237    121      331
  SINCE JAN 1   2257          1809    448     2273
......................................................


WIND (MPH)
  HIGHEST WIND SPEED    15   HIGHEST WIND DIRECTION     S (170)
  HIGHEST GUST SPEED    21   HIGHEST GUST DIRECTION    SE (150)
  AVERAGE WIND SPEED     6.3


SKY COVER
  POSSIBLE SUNSHINE  MM
  AVERAGE SKY COVER 0.2


WEATHER CONDITIONS
 THE FOLLOWING WEATHER WAS RECORDED YESTERDAY.
  THUNDERSTORM
  FOG


RELATIVE HUMIDITY (PERCENT)
 HIGHEST   100           100 AM
 LOWEST     59           200 PM
 AVERAGE    80

..........................................................


THE LUMBERTON NC CLIMATE NORMALS FOR TODAY
                         NORMAL
 MAXIMUM TEMPERATURE (F)   80
 MINIMUM TEMPERATURE (F)   58


SUNRISE AND SUNSET
SEPTEMBER 29 2016.....SUNRISE   710 AM EDT   SUNSET   702 PM EDT
SEPTEMBER 30 2016.....SUNRISE   711 AM EDT   SUNSET   701 PM EDT


-  INDICATES NEGATIVE NUMBERS.
R  INDICATES RECORD WAS SET OR TIED.
MM INDICATES DATA IS MISSING.
T  INDICATES TRACE AMOUNT.




$$
