000
CDUS42 KILM 300842
CLILBT


CLIMATE REPORT
NATIONAL WEATHER SERVICE WILMINGTON NC
442 AM EDT TUE SEP 30 2014


...................................

...THE LUMBERTON NC CLIMATE SUMMARY FOR SEPTEMBER 29 2014...

CLIMATE NORMAL PERIOD 1981 TO 2010
CLIMATE RECORD PERIOD 9999 TO 9999


WEATHER ITEM   OBSERVED TIME   NORMAL DEPARTURE LAST
                VALUE   (LST)  VALUE  FROM      YEAR
                                      NORMAL
......................................................
TEMPERATURE (F)
 YESTERDAY
  MAXIMUM         69    242 PM  80    -11       77
  MINIMUM         60   1153 PM  58      2       53
  AVERAGE         65            69     -4       65

PRECIPITATION (IN)
  YESTERDAY        0.24          0.16   0.08     0.00
  MONTH TO DATE    3.92          4.65  -0.73     1.40
  SINCE SEP 1      3.92          4.65  -0.73     1.40
  SINCE JAN 1     36.08         35.04   1.04    37.38

DEGREE DAYS
 HEATING
  YESTERDAY        0             1     -1        0
  MONTH TO DATE    6             7     -1        0
  SINCE SEP 1      6             7     -1        0
  SINCE JUL 1      6             7     -1        0

 COOLING
  YESTERDAY        0             5     -5        0
  MONTH TO DATE  293           242     51      255
  SINCE SEP 1    293           242     51      255
  SINCE JAN 1   1950          1814    136     1766
......................................................


WIND (MPH)
  HIGHEST WIND SPEED     8   HIGHEST WIND DIRECTION     N (20)
  HIGHEST GUST SPEED    18   HIGHEST GUST DIRECTION     S (200)
  AVERAGE WIND SPEED     2.1


SKY COVER
  POSSIBLE SUNSHINE  MM
  AVERAGE SKY COVER 0.6


WEATHER CONDITIONS
 THE FOLLOWING WEATHER WAS RECORDED YESTERDAY.
  LIGHT RAIN
  FOG


RELATIVE HUMIDITY (PERCENT)
 HIGHEST   100           100 AM
 LOWEST     87           200 PM
 AVERAGE    94

..........................................................


THE LUMBERTON NC CLIMATE NORMALS FOR TODAY
                         NORMAL
 MAXIMUM TEMPERATURE (F)   80
 MINIMUM TEMPERATURE (F)   57


SUNRISE AND SUNSET
SEPTEMBER 30 2014.....SUNRISE   710 AM EDT   SUNSET   702 PM EDT
OCTOBER  1 2014.......SUNRISE   711 AM EDT   SUNSET   700 PM EDT


-  INDICATES NEGATIVE NUMBERS.
R  INDICATES RECORD WAS SET OR TIED.
MM INDICATES DATA IS MISSING.
T  INDICATES TRACE AMOUNT.




$$
