000
CDUS44 KLCH 200913
CLILCH


CLIMATE REPORT
NATIONAL WEATHER SERVICE LAKE CHARLES, LA
312 AM CST SAT JAN 20 2018


...................................

...THE LAKE CHARLES CLIMATE SUMMARY FOR JANUARY 19 2018...

CLIMATE NORMAL PERIOD 1981 TO 2010
CLIMATE RECORD PERIOD 1895 TO 2018


WEATHER ITEM   OBSERVED TIME   RECORD YEAR NORMAL DEPARTURE LAST
                VALUE   (LST)  VALUE       VALUE  FROM      YEAR
                                                  NORMAL
..................................................................
TEMPERATURE (F)
 YESTERDAY
  MAXIMUM         54    405 PM  86    1914  61     -7       71
  MINIMUM         33    252 AM  14    1940  42     -9       61
  AVERAGE         44                        52     -8       66

PRECIPITATION (IN)
  YESTERDAY        0.00          4.00 1898   0.17  -0.17     1.72
  MONTH TO DATE    2.38                      3.33  -0.95     3.22
  SINCE DEC 1      7.28                      8.01  -0.73    15.27
  SINCE JAN 1      2.38                      3.33  -0.95     3.22

SNOWFALL (IN)
  YESTERDAY        0.0           1.0  1978   0.0    0.0      0.0
  MONTH TO DATE    0.1                       0.0    0.1       T
  SINCE DEC 1      2.2                       T      2.2       T
  SINCE JUL 1      2.2                       T      2.2       T
  SNOW DEPTH       0

DEGREE DAYS
 HEATING
  YESTERDAY       21                        14      7        0
  MONTH TO DATE  418                       266    152      136
  SINCE DEC 1    785                       633    152      389
  SINCE JUL 1    933                       840     93      483

 COOLING
  YESTERDAY        0                         0      0        1
  MONTH TO DATE    0                         0      0       49
  SINCE DEC 1     24                        20      4      105
  SINCE JAN 1      0                         0      0       49
..................................................................


WIND (MPH)
  HIGHEST WIND SPEED    15   HIGHEST WIND DIRECTION    SE (120)
  HIGHEST GUST SPEED    18   HIGHEST GUST DIRECTION    SE (130)
  AVERAGE WIND SPEED     6.3


SKY COVER
  POSSIBLE SUNSHINE  MM
  AVERAGE SKY COVER 0.6


WEATHER CONDITIONS
 THE FOLLOWING WEATHER WAS RECORDED YESTERDAY.
  NO SIGNIFICANT WEATHER WAS OBSERVED.


RELATIVE HUMIDITY (PERCENT)
 HIGHEST    82           200 AM
 LOWEST     42          1200 PM
 AVERAGE    62

..........................................................


THE LAKE CHARLES CLIMATE NORMALS FOR TODAY
                         NORMAL    RECORD    YEAR
 MAXIMUM TEMPERATURE (F)   61        85      1914
 MINIMUM TEMPERATURE (F)   42        19      1940


SUNRISE AND SUNSET
JANUARY 20 2018.......SUNRISE   709 AM CST   SUNSET   540 PM CST
JANUARY 21 2018.......SUNRISE   708 AM CST   SUNSET   540 PM CST


-  INDICATES NEGATIVE NUMBERS.
R  INDICATES RECORD WAS SET OR TIED.
MM INDICATES DATA IS MISSING.
T  INDICATES TRACE AMOUNT.




$$
