000
CDUS44 KLCH 282208
CLILCH


CLIMATE REPORT
NATIONAL WEATHER SERVICE LAKE CHARLES, LA
508 PM CDT SAT MAR 28 2015


...................................

...THE LAKE CHARLES CLIMATE SUMMARY FOR MARCH 28 2015...
VALID TODAY AS OF 0500 PM LOCAL TIME.

CLIMATE NORMAL PERIOD 1981 TO 2010
CLIMATE RECORD PERIOD 1895 TO 2015


WEATHER ITEM   OBSERVED TIME   RECORD YEAR NORMAL DEPARTURE LAST
                VALUE   (LST)  VALUE       VALUE  FROM      YEAR
                                                  NORMAL
..................................................................
TEMPERATURE (F)
 TODAY
  MAXIMUM         73    247 PM  87    1910  74     -1       80
  MINIMUM         46    436 AM  30    1913  54     -8       59
  AVERAGE         60                        64     -4       70

PRECIPITATION (IN)
  TODAY            0.00          2.72 1992   0.12  -0.12     0.14
  MONTH TO DATE    6.21                      3.32   2.89     2.07
  SINCE MAR 1      6.21                      3.32   2.89     2.07
  SINCE JAN 1     14.69                     12.01   2.68     8.86

SNOWFALL (IN)
  TODAY            0.0           0.0    MM   0.0    0.0      0.0
  MONTH TO DATE    T                         0.0    0.0      0.0
  SINCE MAR 1      T                         0.0    0.0      0.0
  SINCE JUL 1      T                         0.1   -0.1      0.1
  SNOW DEPTH       0

DEGREE DAYS
 HEATING
  TODAY            5                         3      2        0
  MONTH TO DATE  101                       153    -52      239
  SINCE MAR 1    101                       153    -52      239
  SINCE JUL 1   1539                      1435    104     1890

 COOLING
  TODAY            0                         2     -2        5
  MONTH TO DATE   47                        43      4       12
  SINCE MAR 1     47                        43      4       12
  SINCE JAN 1     53                        66    -13       27
..................................................................


WIND (MPH)
  HIGHEST WIND SPEED    14   HIGHEST WIND DIRECTION     S (170)
  HIGHEST GUST SPEED    19   HIGHEST GUST DIRECTION    SW (210)
  AVERAGE WIND SPEED     6.1


SKY COVER
  POSSIBLE SUNSHINE  MM
  AVERAGE SKY COVER 0.0


WEATHER CONDITIONS
 THE FOLLOWING WEATHER WAS RECORDED TODAY.
  NO SIGNIFICANT WEATHER WAS OBSERVED.


RELATIVE HUMIDITY (PERCENT)
 HIGHEST    86           400 AM
 LOWEST     47          1200 PM
 AVERAGE    67

..........................................................


THE LAKE CHARLES CLIMATE NORMALS FOR TOMORROW
                         NORMAL    RECORD    YEAR
 MAXIMUM TEMPERATURE (F)   74        89      1909
 MINIMUM TEMPERATURE (F)   54        34      1930


SUNRISE AND SUNSET
MARCH 28 2015.........SUNRISE   707 AM CDT   SUNSET   729 PM CDT
MARCH 29 2015.........SUNRISE   706 AM CDT   SUNSET   730 PM CDT


-  INDICATES NEGATIVE NUMBERS.
R  INDICATES RECORD WAS SET OR TIED.
MM INDICATES DATA IS MISSING.
T  INDICATES TRACE AMOUNT.




$$
