000
CDUS44 KLCH 270818
CLILCH


CLIMATE REPORT
NATIONAL WEATHER SERVICE LAKE CHARLES, LA
318 AM CDT WED AUG 27 2014


...................................

...THE LAKE CHARLES CLIMATE SUMMARY FOR AUGUST 26 2014...

CLIMATE NORMAL PERIOD 1981 TO 2010
CLIMATE RECORD PERIOD 1895 TO 2014


WEATHER ITEM   OBSERVED TIME   RECORD YEAR NORMAL DEPARTURE LAST
                VALUE   (LST)  VALUE       VALUE  FROM      YEAR
                                                  NORMAL
..................................................................
TEMPERATURE (F)
 YESTERDAY
  MAXIMUM         91    216 PM 102    1902  92     -1       84
  MINIMUM         74    620 AM  61    1917  74      0       74
  AVERAGE         83                        83      0       79

PRECIPITATION (IN)
  YESTERDAY        0.00          2.70 1948   0.15  -0.15     0.82
  MONTH TO DATE    7.69                      4.06   3.63     3.71
  SINCE JUN 1     28.85                     16.54  12.31     9.48
  SINCE JAN 1     44.02                     37.42   6.60    39.00

SNOWFALL (IN)
  YESTERDAY        0.0           0.0    MM   0.0    0.0      0.0
  MONTH TO DATE    0.0                       0.0    0.0      0.0
  SINCE JUN 1      0.0                       0.0    0.0      0.0
  SINCE JUL 1      0.0                       0.0    0.0      0.0
  SNOW DEPTH       0

DEGREE DAYS
 HEATING
  YESTERDAY        0                         0      0        0
  MONTH TO DATE    0                         0      0        0
  SINCE JUN 1      0                         0      0        0
  SINCE JUL 1      0                         0      0        0

 COOLING
  YESTERDAY       18                        18      0       14
  MONTH TO DATE  482                       468     14      509
  SINCE JUN 1   1494                      1501     -7     1628
  SINCE JAN 1   1933                      2039   -106     2113
..................................................................


WIND (MPH)
  HIGHEST WIND SPEED    17   HIGHEST WIND DIRECTION     E (80)
  HIGHEST GUST SPEED    20   HIGHEST GUST DIRECTION     E (70)
  AVERAGE WIND SPEED     7.8


SKY COVER
  POSSIBLE SUNSHINE  MM
  AVERAGE SKY COVER 0.2


WEATHER CONDITIONS
 THE FOLLOWING WEATHER WAS RECORDED YESTERDAY.
  FOG


RELATIVE HUMIDITY (PERCENT)
 HIGHEST   100           500 AM
 LOWEST     56           200 PM
 AVERAGE    78

..........................................................


THE LAKE CHARLES CLIMATE NORMALS FOR TODAY
                         NORMAL    RECORD    YEAR
 MAXIMUM TEMPERATURE (F)   92       103      1924
 MINIMUM TEMPERATURE (F)   74        61      1917


SUNRISE AND SUNSET
AUGUST 27 2014........SUNRISE   647 AM CDT   SUNSET   741 PM CDT
AUGUST 28 2014........SUNRISE   648 AM CDT   SUNSET   740 PM CDT


-  INDICATES NEGATIVE NUMBERS.
R  INDICATES RECORD WAS SET OR TIED.
MM INDICATES DATA IS MISSING.
T  INDICATES TRACE AMOUNT.




$$
