000
CDUS44 KLCH 242213
CLILCH


CLIMATE REPORT
NATIONAL WEATHER SERVICE LAKE CHARLES, LA
413 PM CST WED DEC 24 2014


...................................

...THE LAKE CHARLES CLIMATE SUMMARY FOR DECEMBER 24 2014...
VALID TODAY AS OF 0400 PM LOCAL TIME.

CLIMATE NORMAL PERIOD 1981 TO 2010
CLIMATE RECORD PERIOD 1895 TO 2014


WEATHER ITEM   OBSERVED TIME   RECORD YEAR NORMAL DEPARTURE LAST
                VALUE   (LST)  VALUE       VALUE  FROM      YEAR
                                                  NORMAL
..................................................................
TEMPERATURE (F)
 TODAY
  MAXIMUM         50    359 PM  79    1933  62    -12       53
                                      1922
                                      1917
  MINIMUM         43    747 AM  12    1989  43      0       30
  AVERAGE         47                        52     -5       42

PRECIPITATION (IN)
  TODAY            0.00          1.88 1926   0.16  -0.16     0.00
  MONTH TO DATE    1.53                      3.53  -2.00     2.05
  SINCE DEC 1      1.53                      3.53  -2.00     2.05
  SINCE JAN 1     68.13                     56.34  11.79    57.46

SNOWFALL (IN)
  TODAY            0.0           0.0    MM   0.0    0.0      0.0
  MONTH TO DATE    0.0                       0.0    0.0      0.0
  SINCE DEC 1      0.0                       0.0    0.0      0.0
  SINCE JUL 1      0.0                       0.0    0.0      0.0
  SNOW DEPTH       0

DEGREE DAYS
 HEATING
  TODAY           18                        13      5       23
  MONTH TO DATE  185                       273    -88      316
  SINCE DEC 1    185                       273    -88      316
  SINCE JUL 1    461                       480    -19      590

 COOLING
  TODAY            0                         1     -1        0
  MONTH TO DATE   17                        24     -7       25
  SINCE DEC 1     17                        24     -7       25
  SINCE JAN 1   2704                      2813   -109     2972
..................................................................


WIND (MPH)
  HIGHEST WIND SPEED    17   HIGHEST WIND DIRECTION    NW (320)
  HIGHEST GUST SPEED    24   HIGHEST GUST DIRECTION    NW (330)
  AVERAGE WIND SPEED    10.8


SKY COVER
  POSSIBLE SUNSHINE  MM
  AVERAGE SKY COVER 0.3


WEATHER CONDITIONS
 THE FOLLOWING WEATHER WAS RECORDED TODAY.
  NO SIGNIFICANT WEATHER WAS OBSERVED.


RELATIVE HUMIDITY (PERCENT)
 HIGHEST    86          1200 AM
 LOWEST     56          1000 AM
 AVERAGE    71

..........................................................


THE LAKE CHARLES CLIMATE NORMALS FOR TOMORROW
                         NORMAL    RECORD    YEAR
 MAXIMUM TEMPERATURE (F)   62        79      1982
 MINIMUM TEMPERATURE (F)   43        13      1983


SUNRISE AND SUNSET
DECEMBER 24 2014......SUNRISE   706 AM CST   SUNSET   519 PM CST
DECEMBER 25 2014......SUNRISE   707 AM CST   SUNSET   519 PM CST


-  INDICATES NEGATIVE NUMBERS.
R  INDICATES RECORD WAS SET OR TIED.
MM INDICATES DATA IS MISSING.
T  INDICATES TRACE AMOUNT.




$$
