000
CDUS44 KLCH 270803
CLILCH


CLIMATE REPORT
NATIONAL WEATHER SERVICE LAKE CHARLES, LA
303 AM CDT FRI MAY 27 2016


...................................

...THE LAKE CHARLES CLIMATE SUMMARY FOR MAY 26 2016...

CLIMATE NORMAL PERIOD 1981 TO 2010
CLIMATE RECORD PERIOD 1895 TO 2016


WEATHER ITEM   OBSERVED TIME   RECORD YEAR NORMAL DEPARTURE LAST
                VALUE   (LST)  VALUE       VALUE  FROM      YEAR
                                                  NORMAL
..................................................................
TEMPERATURE (F)
 YESTERDAY
  MAXIMUM         87   1124 AM  96    2010  87      0       86
  MINIMUM         76    959 PM  50    1913  69      7       65
                                      1901
  AVERAGE         82                        78      4       76

PRECIPITATION (IN)
  YESTERDAY        0.04          1.30 1933   0.18  -0.14     0.24
  MONTH TO DATE    8.95                      4.23   4.72     4.71
  SINCE MAR 1     22.28                     11.22  11.06    24.10
  SINCE JAN 1     27.45                     19.91   7.54    32.58

SNOWFALL (IN)
  YESTERDAY        0.0           0.0    MM   0.0    0.0      0.0
  MONTH TO DATE    0.0                       0.0    0.0      0.0
  SINCE MAR 1      0.0                       0.0    0.0       T
  SINCE JUL 1      0.0                       0.1   -0.1       T
  SNOW DEPTH       0

DEGREE DAYS
 HEATING
  YESTERDAY        0                         0      0        0
  MONTH TO DATE    0                         0      0        0
  SINCE MAR 1     85                       207   -122      105
  SINCE JUL 1   1034                      1489   -455     1543

 COOLING
  YESTERDAY       17                        13      4       11
  MONTH TO DATE  260                       263     -3      314
  SINCE MAR 1    534                       448     86      567
  SINCE JAN 1    549                       471     78      573
..................................................................


WIND (MPH)
  HIGHEST WIND SPEED    18   HIGHEST WIND DIRECTION     S (160)
  HIGHEST GUST SPEED    24   HIGHEST GUST DIRECTION    SE (150)
  AVERAGE WIND SPEED     9.5


SKY COVER
  POSSIBLE SUNSHINE  MM
  AVERAGE SKY COVER 0.4


WEATHER CONDITIONS
 THE FOLLOWING WEATHER WAS RECORDED YESTERDAY.
  LIGHT RAIN
  FOG


RELATIVE HUMIDITY (PERCENT)
 HIGHEST   100          1000 PM
 LOWEST     65          1100 AM
 AVERAGE    83

..........................................................


THE LAKE CHARLES CLIMATE NORMALS FOR TODAY
                         NORMAL    RECORD    YEAR
 MAXIMUM TEMPERATURE (F)   87        95      2010
                                             1916
                                             1906
 MINIMUM TEMPERATURE (F)   69        49      1901


SUNRISE AND SUNSET
MAY 27 2016...........SUNRISE   613 AM CDT   SUNSET   807 PM CDT
MAY 28 2016...........SUNRISE   613 AM CDT   SUNSET   808 PM CDT


-  INDICATES NEGATIVE NUMBERS.
R  INDICATES RECORD WAS SET OR TIED.
MM INDICATES DATA IS MISSING.
T  INDICATES TRACE AMOUNT.




$$
