000
CDUS44 KLCH 312207
CLILCH


CLIMATE REPORT
NATIONAL WEATHER SERVICE LAKE CHARLES, LA
407 PM CST SAT JAN 31 2015


...................................

...THE LAKE CHARLES CLIMATE SUMMARY FOR JANUARY 31 2015...
VALID TODAY AS OF 0400 PM LOCAL TIME.

CLIMATE NORMAL PERIOD 1981 TO 2010
CLIMATE RECORD PERIOD 1895 TO 2015


WEATHER ITEM   OBSERVED TIME   RECORD YEAR NORMAL DEPARTURE LAST
                VALUE   (LST)  VALUE       VALUE  FROM      YEAR
                                                  NORMAL
..................................................................
TEMPERATURE (F)
 TODAY
  MAXIMUM         64    356 PM  80    2002  62      2       68
                                      1950
  MINIMUM         39    719 AM  19    1949  43     -4       47
  AVERAGE         52                        53     -1       58

PRECIPITATION (IN)
  TODAY            0.00          2.55 2005   0.15  -0.15     0.00
  MONTH TO DATE    6.90                      5.23   1.67     2.29
  SINCE DEC 1      8.93                      9.91  -0.98     4.34
  SINCE JAN 1      6.90                      5.23   1.67     2.29

SNOWFALL (IN)
  TODAY            0.0           0.5  1951   0.0    0.0      0.0
  MONTH TO DATE    0.0                       T      0.0      0.1
  SINCE DEC 1      0.0                       T      0.0      0.1
  SINCE JUL 1      0.0                       T      0.0      0.1
  SNOW DEPTH       0

DEGREE DAYS
 HEATING
  TODAY           13                        13      0        7
  MONTH TO DATE  491                       423     68      573
  SINCE DEC 1    774                       784    -10     1016
  SINCE JUL 1   1050                       991     59     1290

 COOLING
  TODAY            0                         0      0        0
  MONTH TO DATE    0                        10    -10        0
  SINCE DEC 1     17                        30    -13       25
  SINCE JAN 1      0                        10    -10        0
..................................................................


WIND (MPH)
  HIGHEST WIND SPEED    20   HIGHEST WIND DIRECTION    SE (130)
  HIGHEST GUST SPEED    23   HIGHEST GUST DIRECTION    SE (130)
  AVERAGE WIND SPEED     9.3


SKY COVER
  POSSIBLE SUNSHINE  MM
  AVERAGE SKY COVER 0.0


WEATHER CONDITIONS
 THE FOLLOWING WEATHER WAS RECORDED TODAY.
  HAZE


RELATIVE HUMIDITY (PERCENT)
 HIGHEST    85           500 AM
 LOWEST     60           100 PM
 AVERAGE    73

..........................................................


THE LAKE CHARLES CLIMATE NORMALS FOR TOMORROW
                         NORMAL    RECORD    YEAR
 MAXIMUM TEMPERATURE (F)   62        80      1950
 MINIMUM TEMPERATURE (F)   43        15      1951


SUNRISE AND SUNSET
JANUARY 31 2015.......SUNRISE   704 AM CST   SUNSET   549 PM CST
FEBRUARY  1 2015......SUNRISE   703 AM CST   SUNSET   550 PM CST


-  INDICATES NEGATIVE NUMBERS.
R  INDICATES RECORD WAS SET OR TIED.
MM INDICATES DATA IS MISSING.
T  INDICATES TRACE AMOUNT.




$$
