958
CDUS44 KLCH 122220
CLILCH


CLIMATE REPORT
NATIONAL WEATHER SERVICE LAKE CHARLES, LA
420 PM CST FRI FEB 12 2016


...................................

...THE LAKE CHARLES CLIMATE SUMMARY FOR FEBRUARY 12 2016...
VALID TODAY AS OF 0400 PM LOCAL TIME.

CLIMATE NORMAL PERIOD 1981 TO 2010
CLIMATE RECORD PERIOD 1895 TO 2016


WEATHER ITEM   OBSERVED TIME   RECORD YEAR NORMAL DEPARTURE LAST
                VALUE   (LST)  VALUE       VALUE  FROM      YEAR
                                                  NORMAL
..................................................................
TEMPERATURE (F)
 TODAY
  MAXIMUM         78    330 PM  79    1932  64     14       65
                                      1922
  MINIMUM         47    504 AM   3    1899  45      2       44
  AVERAGE         63                        54      9       55

PRECIPITATION (IN)
  TODAY            0.00          3.39 1997   0.13  -0.13     0.00
  MONTH TO DATE    0.07                      1.55  -1.48     0.38
  SINCE DEC 1      7.41                     11.46  -4.05     9.31
  SINCE JAN 1      4.17                      6.78  -2.61     7.28

SNOWFALL (IN)
  TODAY            0.0           4.0  1960   0.0    0.0      0.0
  MONTH TO DATE    0.0                       0.1   -0.1      0.0
  SINCE DEC 1      0.0                       0.1   -0.1      0.0
  SINCE JUL 1      0.0                       0.1   -0.1      0.0
  SNOW DEPTH       0

DEGREE DAYS
 HEATING
  TODAY            2                        11     -9       10
  MONTH TO DATE  142                       142      0      136
  SINCE DEC 1    773                       926   -153      910
  SINCE JUL 1    849                      1133   -284     1186

 COOLING
  TODAY            0                         0      0        0
  MONTH TO DATE    5                         0      5        3
  SINCE DEC 1     65                        30     35       20
  SINCE JAN 1      8                        10     -2        3
..................................................................


WIND (MPH)
  HIGHEST WIND SPEED    17   HIGHEST WIND DIRECTION     W (250)
  HIGHEST GUST SPEED    24   HIGHEST GUST DIRECTION     W (270)
  AVERAGE WIND SPEED     4.0


SKY COVER
  POSSIBLE SUNSHINE  MM
  AVERAGE SKY COVER 0.6


WEATHER CONDITIONS
 THE FOLLOWING WEATHER WAS RECORDED TODAY.
  FOG
  FOG W/VISIBILITY <= 1/4 MILE


RELATIVE HUMIDITY (PERCENT)
 HIGHEST   100          1200 AM
 LOWEST     47           400 PM
 AVERAGE    74

..........................................................


THE LAKE CHARLES CLIMATE NORMALS FOR TOMORROW
                         NORMAL    RECORD    YEAR
 MAXIMUM TEMPERATURE (F)   64        82      1923
 MINIMUM TEMPERATURE (F)   45        11      1899


SUNRISE AND SUNSET
FEBRUARY 12 2016......SUNRISE   656 AM CST   SUNSET   559 PM CST
FEBRUARY 13 2016......SUNRISE   655 AM CST   SUNSET   600 PM CST


-  INDICATES NEGATIVE NUMBERS.
R  INDICATES RECORD WAS SET OR TIED.
MM INDICATES DATA IS MISSING.
T  INDICATES TRACE AMOUNT.




$$
