000
CDUS43 KLMK 220626
CLILEX


CLIMATE REPORT
NATIONAL WEATHER SERVICE LOUISVILLE KY
126 AM EST MON DEC 22 2014


...................................

...THE LEXINGTON KY CLIMATE SUMMARY FOR DECEMBER 21 2014...

CLIMATE NORMAL PERIOD 1981 TO 2010
CLIMATE RECORD PERIOD 1872 TO 2014


WEATHER ITEM   OBSERVED TIME   RECORD YEAR NORMAL DEPARTURE LAST
                VALUE   (LST)  VALUE       VALUE  FROM      YEAR
                                                  NORMAL
..................................................................
TEMPERATURE (F)
 YESTERDAY
  MAXIMUM         42    407 PM  72    2013  42      0       72
  MINIMUM         20    620 AM -10    1989  27     -7       57
  AVERAGE         31                        34     -3       65

PRECIPITATION (IN)
  YESTERDAY        0.00          2.07 1970   0.13  -0.13     1.29
  MONTH TO DATE    2.65                      2.71  -0.06     4.36
  SINCE DEC 1      2.65                      2.71  -0.06     4.36
  SINCE JAN 1     53.56                     43.95   9.61    58.31

SNOWFALL (IN)
  YESTERDAY        0.0           1.3  1981   0.1   -0.1      0.0
  MONTH TO DATE    T                         1.4   -1.4      0.6
  SINCE DEC 1      T                         1.4   -1.4      0.6
  SINCE JUL 1      1.6                       1.7   -0.1      2.0
  SNOW DEPTH       0

DEGREE DAYS
 HEATING
  YESTERDAY       34                        30      4        0
  MONTH TO DATE  563                       587    -24      532
  SINCE DEC 1    563                       587    -24      532
  SINCE JUL 1   1570                      1474     96     1459

 COOLING
  YESTERDAY        0                         0      0        0
  MONTH TO DATE    0                         0      0        0
  SINCE DEC 1      0                         0      0        0
  SINCE JAN 1   1274                      1190     84     1245
..................................................................


WIND (MPH)
  HIGHEST WIND SPEED    12   HIGHEST WIND DIRECTION     E (80)
  HIGHEST GUST SPEED    14   HIGHEST GUST DIRECTION     E (90)
  AVERAGE WIND SPEED     5.9


SKY COVER
  POSSIBLE SUNSHINE  MM
  AVERAGE SKY COVER 0.0


WEATHER CONDITIONS
 THE FOLLOWING WEATHER WAS RECORDED YESTERDAY.
  FOG


RELATIVE HUMIDITY (PERCENT)
 HIGHEST    96           100 AM
 LOWEST     57           300 PM
 AVERAGE    77

..........................................................


THE LEXINGTON KY CLIMATE NORMALS FOR TODAY
                         NORMAL    RECORD    YEAR
 MAXIMUM TEMPERATURE (F)   42        64      1941
 MINIMUM TEMPERATURE (F)   27       -19      1989


SUNRISE AND SUNSET
DECEMBER 22 2014......SUNRISE   751 AM EST   SUNSET   523 PM EST
DECEMBER 23 2014......SUNRISE   752 AM EST   SUNSET   523 PM EST


-  INDICATES NEGATIVE NUMBERS.
R  INDICATES RECORD WAS SET OR TIED.
MM INDICATES DATA IS MISSING.
T  INDICATES TRACE AMOUNT.




$$
