000
CDUS43 KLMK 240628
CLILEX


CLIMATE REPORT
NATIONAL WEATHER SERVICE LOUISVILLE KY
228 AM EDT WED MAY 24 2017


...................................

...THE LEXINGTON KY CLIMATE SUMMARY FOR MAY 23 2017...

CLIMATE NORMAL PERIOD 1981 TO 2010
CLIMATE RECORD PERIOD 1872 TO 2017


WEATHER ITEM   OBSERVED TIME   RECORD YEAR NORMAL DEPARTURE LAST
                VALUE   (LST)  VALUE       VALUE  FROM      YEAR
                                                  NORMAL
..................................................................
TEMPERATURE (F)
 YESTERDAY
  MAXIMUM         75    157 PM  91    1939  76     -1       76
                                      1936
  MINIMUM         55    553 AM  39    1963  56     -1       46
                                      1917
  AVERAGE         65                        66     -1       61

PRECIPITATION (IN)
  YESTERDAY        0.06          1.41 2011   0.17  -0.11     0.00
  MONTH TO DATE    4.30                      3.87   0.43     5.60
  SINCE MAR 1      9.42                     11.54  -2.12    11.70
  SINCE JAN 1     17.52                     17.94  -0.42    17.40

SNOWFALL (IN)
  YESTERDAY        0.0          MM      MM   0.0    0.0      0.0
  MONTH TO DATE    0.0                       0.0    0.0      0.0
  SINCE MAR 1      T                         1.7   -1.7      0.7
  SINCE JUL 1      3.4                      13.0   -9.6     15.3
  SNOW DEPTH       0

DEGREE DAYS
 HEATING
  YESTERDAY        0                         3     -3        4
  MONTH TO DATE   93                        97     -4      137
  SINCE MAR 1    755                      1015   -260      793
  SINCE JUL 1   3465                      4586  -1121     3764

 COOLING
  YESTERDAY        0                         4     -4        0
  MONTH TO DATE   87                        49     38       21
  SINCE MAR 1    158                        71     87       49
  SINCE JAN 1    162                        71     91       49
..................................................................


WIND (MPH)
  HIGHEST WIND SPEED    14   HIGHEST WIND DIRECTION     S (180)
  HIGHEST GUST SPEED    17   HIGHEST GUST DIRECTION     S (170)
  AVERAGE WIND SPEED     5.3


SKY COVER
  POSSIBLE SUNSHINE  MM
  AVERAGE SKY COVER 0.4


WEATHER CONDITIONS
 THE FOLLOWING WEATHER WAS RECORDED YESTERDAY.
  THUNDERSTORM
  RAIN
  LIGHT RAIN
  FOG


RELATIVE HUMIDITY (PERCENT)
 HIGHEST    84          1100 PM
 LOWEST     57          1200 PM
 AVERAGE    71

..........................................................


THE LEXINGTON KY CLIMATE NORMALS FOR TODAY
                         NORMAL    RECORD    YEAR
 MAXIMUM TEMPERATURE (F)   77        93      1939
 MINIMUM TEMPERATURE (F)   56        37      1925


SUNRISE AND SUNSET
MAY 24 2017...........SUNRISE   621 AM EDT   SUNSET   850 PM EDT
MAY 25 2017...........SUNRISE   621 AM EDT   SUNSET   851 PM EDT


-  INDICATES NEGATIVE NUMBERS.
R  INDICATES RECORD WAS SET OR TIED.
MM INDICATES DATA IS MISSING.
T  INDICATES TRACE AMOUNT.




$$
