991
CDUS43 KLMK 250627
CLILEX


CLIMATE REPORT
NATIONAL WEATHER SERVICE LOUISVILLE KY
226 AM EDT SUN JUN 25 2017


...................................

...THE LEXINGTON KY CLIMATE SUMMARY FOR JUNE 24 2017...

CLIMATE NORMAL PERIOD 1981 TO 2010
CLIMATE RECORD PERIOD 1872 TO 2017


WEATHER ITEM   OBSERVED TIME   RECORD YEAR NORMAL DEPARTURE LAST
                VALUE   (LST)  VALUE       VALUE  FROM      YEAR
                                                  NORMAL
..................................................................
TEMPERATURE (F)
 YESTERDAY
  MAXIMUM         81    231 PM  97    1914  85     -4       87
  MINIMUM         64   1159 PM  50    1974  65     -1       68
  AVERAGE         73                        75     -2       78

PRECIPITATION (IN)
  YESTERDAY        0.02          2.30 1897   0.14  -0.12     0.00
  MONTH TO DATE    5.65                      3.66   1.99     4.56
  SINCE JUN 1      5.65                      3.66   1.99     4.56
  SINCE JAN 1     24.51                     22.99   1.52    22.85

SNOWFALL (IN)
  YESTERDAY        0.0          MM      MM   0.0    0.0      0.0
  MONTH TO DATE    0.0                       0.0    0.0      0.0
  SINCE JUN 1      0.0                       0.0    0.0      0.0
  SINCE JUL 1      3.4                      13.0   -9.6     15.3
  SNOW DEPTH       0

DEGREE DAYS
 HEATING
  YESTERDAY        0                         0      0        0
  MONTH TO DATE    5                         8     -3        1
  SINCE JUN 1      5                         8     -3        1
  SINCE JUL 1   3476                      4608  -1132     3765

 COOLING
  YESTERDAY        8                        10     -2       13
  MONTH TO DATE  211                       180     31      248
  SINCE JUN 1    211                       180     31      248
  SINCE JAN 1    408                       287    121      362
..................................................................


WIND (MPH)
  HIGHEST WIND SPEED    15   HIGHEST WIND DIRECTION     W (270)
  HIGHEST GUST SPEED    20   HIGHEST GUST DIRECTION     W (270)
  AVERAGE WIND SPEED     6.3


SKY COVER
  POSSIBLE SUNSHINE  MM
  AVERAGE SKY COVER 0.3


WEATHER CONDITIONS
 THE FOLLOWING WEATHER WAS RECORDED YESTERDAY.
  LIGHT RAIN
  FOG
  FOG W/VISIBILITY <= 1/4 MILE


RELATIVE HUMIDITY (PERCENT)
 HIGHEST   100           700 AM
 LOWEST     45           200 PM
 AVERAGE    73

..........................................................


THE LEXINGTON KY CLIMATE NORMALS FOR TODAY
                         NORMAL    RECORD    YEAR
 MAXIMUM TEMPERATURE (F)   85       101      1988
 MINIMUM TEMPERATURE (F)   65        45      1979


SUNRISE AND SUNSET
JUNE 25 2017..........SUNRISE   617 AM EDT   SUNSET   905 PM EDT
JUNE 26 2017..........SUNRISE   617 AM EDT   SUNSET   905 PM EDT


-  INDICATES NEGATIVE NUMBERS.
R  INDICATES RECORD WAS SET OR TIED.
MM INDICATES DATA IS MISSING.
T  INDICATES TRACE AMOUNT.




$$
