000
CDUS44 KSHV 142249
CLILFK


CLIMATE REPORT
NATIONAL WEATHER SERVICE SHREVEPORT, LA
448 PM CST THU DEC 14 2017


...................................

...THE LUFKIN CLIMATE SUMMARY FOR DECEMBER 14 2017...
VALID TODAY AS OF 0400 PM LOCAL TIME.

CLIMATE NORMAL PERIOD 1981 TO 2010
CLIMATE RECORD PERIOD 1906 TO 2017


WEATHER ITEM   OBSERVED TIME   RECORD YEAR NORMAL DEPARTURE LAST
                VALUE   (LST)  VALUE       VALUE  FROM      YEAR
                                                  NORMAL
..................................................................
TEMPERATURE (F)
 TODAY
  MAXIMUM         61    100 PM  82    1975  61      0       61
  MINIMUM         36    251 AM  19    1985  39     -3       48
  AVERAGE         49                        50     -1       55

PRECIPITATION (IN)
  TODAY            0.00          1.93 1992   0.14  -0.14     0.00
  MONTH TO DATE    1.24                      2.09  -0.85     4.79
  SINCE DEC 1      1.24                      2.09  -0.85     4.79
  SINCE JAN 1     53.29                     46.60   6.69    50.12

SNOWFALL (IN)
  TODAY            0.0
  MONTH TO DATE    1.0
  SINCE DEC 1      1.0
  SINCE JUL 1      1.0
  SNOW DEPTH       0

DEGREE DAYS
 HEATING
  TODAY           16                        15      1       10
  MONTH TO DATE  203                       195      8      195
  SINCE DEC 1    203                       195      8      195
  SINCE JUL 1    454                       502    -48      343

 COOLING
  TODAY            0                         0      0        0
  MONTH TO DATE    5                         4      1        0
  SINCE DEC 1      5                         4      1        0
  SINCE JAN 1   2661                      2587     74     2809
..................................................................


WIND (MPH)
  HIGHEST WIND SPEED     7   HIGHEST WIND DIRECTION    NE (30)
  HIGHEST GUST SPEED    10   HIGHEST GUST DIRECTION     W (290)
  AVERAGE WIND SPEED     1.2


SKY COVER
  POSSIBLE SUNSHINE  MM
  AVERAGE SKY COVER 0.0


WEATHER CONDITIONS
 THE FOLLOWING WEATHER WAS RECORDED TODAY.
  NO SIGNIFICANT WEATHER WAS OBSERVED.


RELATIVE HUMIDITY (PERCENT)
 HIGHEST    93           600 AM
 LOWEST     46           100 PM
 AVERAGE    70

..........................................................


THE LUFKIN CLIMATE NORMALS FOR TOMORROW
                         NORMAL    RECORD    YEAR
 MAXIMUM TEMPERATURE (F)   61        83      1933
 MINIMUM TEMPERATURE (F)   39        20      1914


SUNRISE AND SUNSET
DECEMBER 14 2017......SUNRISE   710 AM CST   SUNSET   518 PM CST
DECEMBER 15 2017......SUNRISE   710 AM CST   SUNSET   518 PM CST


-  INDICATES NEGATIVE NUMBERS.
R  INDICATES RECORD WAS SET OR TIED.
MM INDICATES DATA IS MISSING.
T  INDICATES TRACE AMOUNT.




$$
