366
CDUS44 KSHV 290735
CLILFK


CLIMATE REPORT
NATIONAL WEATHER SERVICE SHREVEPORT, LA
235 AM CDT SAT APR 29 2017


...................................

...THE LUFKIN CLIMATE SUMMARY FOR APRIL 28 2017...

CLIMATE NORMAL PERIOD 1981 TO 2010
CLIMATE RECORD PERIOD 1906 TO 2017


WEATHER ITEM   OBSERVED TIME   RECORD YEAR NORMAL DEPARTURE LAST
                VALUE   (LST)  VALUE       VALUE  FROM      YEAR
                                                  NORMAL
..................................................................
TEMPERATURE (F)
 YESTERDAY
  MAXIMUM         89    321 PM  93    1987  81      8       88
  MINIMUM         64   1205 AM  44    1928  59      5       61
  AVERAGE         77                        70      7       75

PRECIPITATION (IN)
  YESTERDAY        0.00          4.18 1953   0.11  -0.11     0.00
  MONTH TO DATE    5.62                      2.83   2.79     5.52
  SINCE DEC 1     20.50                     19.10   1.40    21.45
  SINCE JAN 1     15.59                     14.66   0.93    17.40

SNOWFALL (IN)
  YESTERDAY        0.0
  MONTH TO DATE    0.0
  SINCE MAR 1      0.0
  SINCE JUL 1      T
  SNOW DEPTH       0

DEGREE DAYS
 HEATING
  YESTERDAY        0                         1     -1        0
  MONTH TO DATE   35                        68    -33       39
  SINCE MAR 1    158                       278   -120      148
  SINCE JUL 1   1134                      1912   -778     1470

 COOLING
  YESTERDAY       12                         5      7       10
  MONTH TO DATE  119                       105     14      104
  SINCE MAR 1    213                       146     67      162
  SINCE JAN 1    295                       165    130      176
..................................................................


WIND (MPH)
  HIGHEST WIND SPEED    24   HIGHEST WIND DIRECTION    SE (150)
  HIGHEST GUST SPEED    32   HIGHEST GUST DIRECTION    SE (150)
  AVERAGE WIND SPEED    13.0


SKY COVER
  POSSIBLE SUNSHINE  MM
  AVERAGE SKY COVER 0.8


WEATHER CONDITIONS
 THE FOLLOWING WEATHER WAS RECORDED YESTERDAY.
  FOG
  HAZE


RELATIVE HUMIDITY (PERCENT)
 HIGHEST    93           700 AM
 LOWEST     59          1200 PM
 AVERAGE    76

..........................................................


THE LUFKIN CLIMATE NORMALS FOR TODAY
                         NORMAL    RECORD    YEAR
 MAXIMUM TEMPERATURE (F)   81        91      1990
 MINIMUM TEMPERATURE (F)   59        43      1916


SUNRISE AND SUNSET
APRIL 29 2017.........SUNRISE   636 AM CDT   SUNSET   757 PM CDT
APRIL 30 2017.........SUNRISE   635 AM CDT   SUNSET   758 PM CDT


-  INDICATES NEGATIVE NUMBERS.
R  INDICATES RECORD WAS SET OR TIED.
MM INDICATES DATA IS MISSING.
T  INDICATES TRACE AMOUNT.




$$
