744
CDUS44 KSHV 270731
CLILFK


CLIMATE REPORT
NATIONAL WEATHER SERVICE SHREVEPORT, LA
231 AM CDT TUE JUN 27 2017


...................................

...THE LUFKIN CLIMATE SUMMARY FOR JUNE 26 2017...

CLIMATE NORMAL PERIOD 1981 TO 2010
CLIMATE RECORD PERIOD 1906 TO 2017


WEATHER ITEM   OBSERVED TIME   RECORD YEAR NORMAL DEPARTURE LAST
                VALUE   (LST)  VALUE       VALUE  FROM      YEAR
                                                  NORMAL
..................................................................
TEMPERATURE (F)
 YESTERDAY
  MAXIMUM         89    348 PM 103    2012  92     -3       95
                                      1918
  MINIMUM         69    548 AM  58    1974  71     -2       73
  AVERAGE         79                        81     -2       84

PRECIPITATION (IN)
  YESTERDAY        0.00          1.34 2002   0.15  -0.15     0.00
  MONTH TO DATE    5.14                      4.11   1.03     1.96
  SINCE DEC 1     32.57                     28.07   4.50    35.08
  SINCE JAN 1     27.66                     23.63   4.03    31.03

SNOWFALL (IN)
  YESTERDAY        0.0
  MONTH TO DATE    0.0
  SINCE JUN 1      0.0
  SINCE JUL 1      T
  SNOW DEPTH       0

DEGREE DAYS
 HEATING
  YESTERDAY        0                         0      0        0
  MONTH TO DATE    0                         0      0        0
  SINCE JUN 1      0                         0      0        0
  SINCE JUL 1   1145                      1917   -772     1472

 COOLING
  YESTERDAY       14                        16     -2       19
  MONTH TO DATE  377                       385     -8      403
  SINCE JUN 1    377                       385     -8      403
  SINCE JAN 1    902                       854     48      849
..................................................................


WIND (MPH)
  HIGHEST WIND SPEED    13   HIGHEST WIND DIRECTION     E (100)
  HIGHEST GUST SPEED    16   HIGHEST GUST DIRECTION    NE (30)
  AVERAGE WIND SPEED     4.7


SKY COVER
  POSSIBLE SUNSHINE  MM
  AVERAGE SKY COVER 0.3


WEATHER CONDITIONS
 THE FOLLOWING WEATHER WAS RECORDED YESTERDAY.
  NO SIGNIFICANT WEATHER WAS OBSERVED.


RELATIVE HUMIDITY (PERCENT)
 HIGHEST    97           200 AM
 LOWEST     55           300 PM
 AVERAGE    76

..........................................................


THE LUFKIN CLIMATE NORMALS FOR TODAY
                         NORMAL    RECORD    YEAR
 MAXIMUM TEMPERATURE (F)   92       104      1918
 MINIMUM TEMPERATURE (F)   71        56      1974


SUNRISE AND SUNSET
JUNE 27 2017..........SUNRISE   617 AM CDT   SUNSET   827 PM CDT
JUNE 28 2017..........SUNRISE   617 AM CDT   SUNSET   827 PM CDT


-  INDICATES NEGATIVE NUMBERS.
R  INDICATES RECORD WAS SET OR TIED.
MM INDICATES DATA IS MISSING.
T  INDICATES TRACE AMOUNT.




$$
