000
CDUS44 KSHV 070838
CLILFK


CLIMATE REPORT
NATIONAL WEATHER SERVICE SHREVEPORT, LA
237 AM CST SUN FEB 7 2016


...................................

...THE LUFKIN CLIMATE SUMMARY FOR FEBRUARY 6 2016...

CLIMATE NORMAL PERIOD 1981 TO 2010
CLIMATE RECORD PERIOD 1906 TO 2016


WEATHER ITEM   OBSERVED TIME   RECORD YEAR NORMAL DEPARTURE LAST
                VALUE   (LST)  VALUE       VALUE  FROM      YEAR
                                                  NORMAL
..................................................................
TEMPERATURE (F)
 YESTERDAY
  MAXIMUM         55    226 PM  79    1969  62     -7       57
  MINIMUM         32   1128 PM  22    1984  40     -8       41
  AVERAGE         44                        51     -7       49

PRECIPITATION (IN)
  YESTERDAY        0.16          1.11 1979   0.14   0.02     0.00
  MONTH TO DATE    0.16                      0.82  -0.66     0.11
  SINCE DEC 1      6.68                      9.44  -2.76     9.52
  SINCE JAN 1      2.63                      5.00  -2.37     7.47

SNOWFALL (IN)
  YESTERDAY       MM
  MONTH TO DATE    0.0
  SINCE DEC 1      0.0
  SINCE JUL 1      0.0
  SNOW DEPTH       0

DEGREE DAYS
 HEATING
  YESTERDAY       21                        14      7       16
  MONTH TO DATE   91                        88      3       98
  SINCE DEC 1    924                      1061   -137      927
  SINCE JUL 1   1109                      1368   -259     1223

 COOLING
  YESTERDAY        0                         0      0        0
  MONTH TO DATE    3                         0      3        0
  SINCE DEC 1     39                        21     18       13
  SINCE JAN 1      6                         8     -2        1
..................................................................


WIND (MPH)
  HIGHEST WIND SPEED    16   HIGHEST WIND DIRECTION     W (280)
  HIGHEST GUST SPEED    21   HIGHEST GUST DIRECTION     W (290)
  AVERAGE WIND SPEED     4.7


SKY COVER
  POSSIBLE SUNSHINE  MM
  AVERAGE SKY COVER 0.5


WEATHER CONDITIONS
 THE FOLLOWING WEATHER WAS RECORDED YESTERDAY.
  THUNDERSTORM
  HEAVY RAIN
  RAIN
  LIGHT RAIN
  FOG


RELATIVE HUMIDITY (PERCENT)
 HIGHEST   100          1000 PM
 LOWEST     50           400 PM
 AVERAGE    75

..........................................................


THE LUFKIN CLIMATE NORMALS FOR TODAY
                         NORMAL    RECORD    YEAR
 MAXIMUM TEMPERATURE (F)   62        82      1999
 MINIMUM TEMPERATURE (F)   40        19      1967


SUNRISE AND SUNSET
FEBRUARY  7 2016......SUNRISE   707 AM CST   SUNSET   559 PM CST
FEBRUARY  8 2016......SUNRISE   707 AM CST   SUNSET   600 PM CST


-  INDICATES NEGATIVE NUMBERS.
R  INDICATES RECORD WAS SET OR TIED.
MM INDICATES DATA IS MISSING.
T  INDICATES TRACE AMOUNT.




$$
