000
CDUS44 KSHV 240746
CLILFK


CLIMATE REPORT
NATIONAL WEATHER SERVICE SHREVEPORT, LA
246 AM CDT THU APR 24 2014


...................................

...THE LUFKIN CLIMATE SUMMARY FOR APRIL 23 2014...

CLIMATE NORMAL PERIOD 1981 TO 2010
CLIMATE RECORD PERIOD 1906 TO 2014


WEATHER ITEM   OBSERVED TIME   RECORD YEAR NORMAL DEPARTURE LAST
                VALUE   (LST)  VALUE       VALUE  FROM      YEAR
                                                  NORMAL
..................................................................
TEMPERATURE (F)
 YESTERDAY
  MAXIMUM         88    356 PM  91    2011  80      8       83
                                      1999
  MINIMUM         58    612 AM  40    1907  57      1       56
  AVERAGE         73                        68      5       70

PRECIPITATION (IN)
  YESTERDAY        0.00          1.51 1948   0.11  -0.11     0.00
  MONTH TO DATE    2.76                      2.29   0.47     2.19
  SINCE DEC 1     10.34                     18.56  -8.22    15.85
  SINCE JAN 1      8.13                     14.12  -5.99    11.54

SNOWFALL (IN)
  YESTERDAY        0.0
  MONTH TO DATE    0.0
  SINCE MAR 1      0.0
  SINCE JUL 1      3.2
  SNOW DEPTH       0

DEGREE DAYS
 HEATING
  YESTERDAY        0                         1     -1        0
  MONTH TO DATE   56                        63     -7       84
  SINCE MAR 1    306                       273     33      315
  SINCE JUL 1   2109                      1907    202     1581

 COOLING
  YESTERDAY        8                         5      3        5
  MONTH TO DATE   96                        80     16       89
  SINCE MAR 1    113                       121     -8      134
  SINCE JAN 1    131                       140     -9      156
..................................................................


WIND (MPH)
  HIGHEST WIND SPEED    16   HIGHEST WIND DIRECTION    SE (140)
  HIGHEST GUST SPEED    21   HIGHEST GUST DIRECTION    SE (140)
  AVERAGE WIND SPEED     6.5


SKY COVER
  POSSIBLE SUNSHINE  MM
  AVERAGE SKY COVER 0.1


WEATHER CONDITIONS
 THE FOLLOWING WEATHER WAS RECORDED YESTERDAY.
  FOG
  FOG W/VISIBILITY <= 1/4 MILE
  HAZE


RELATIVE HUMIDITY (PERCENT)
 HIGHEST    93           600 AM
 LOWEST     36           300 PM
 AVERAGE    65

..........................................................


THE LUFKIN CLIMATE NORMALS FOR TODAY
                         NORMAL    RECORD    YEAR
 MAXIMUM TEMPERATURE (F)   80        90      2011
                                             1932
 MINIMUM TEMPERATURE (F)   57        41      2005


SUNRISE AND SUNSET
APRIL 24 2014.........SUNRISE   641 AM CDT   SUNSET   754 PM CDT
APRIL 25 2014.........SUNRISE   640 AM CDT   SUNSET   754 PM CDT


-  INDICATES NEGATIVE NUMBERS.
R  INDICATES RECORD WAS SET OR TIED.
MM INDICATES DATA IS MISSING.
T  INDICATES TRACE AMOUNT.




$$
