000
CDUS44 KSHV 022213
CLILFK


CLIMATE REPORT
NATIONAL WEATHER SERVICE SHREVEPORT, LA
512 PM CDT TUE SEP 2 2014


...................................

...THE LUFKIN CLIMATE SUMMARY FOR SEPTEMBER 2 2014...
VALID TODAY AS OF 0500 PM LOCAL TIME.

CLIMATE NORMAL PERIOD 1981 TO 2010
CLIMATE RECORD PERIOD 1906 TO 2014


WEATHER ITEM   OBSERVED TIME   RECORD YEAR NORMAL DEPARTURE LAST
                VALUE   (LST)  VALUE       VALUE  FROM      YEAR
                                                  NORMAL
..................................................................
TEMPERATURE (F)
 TODAY
  MAXIMUM         92   1113 AM 108    2000  92      0       98
  MINIMUM         78    110 PM  56    1919  70      8       72
  AVERAGE         85                        81      4       85

PRECIPITATION (IN)
  TODAY            0.42          2.00 1913   0.14   0.28     0.00
  MONTH TO DATE    0.42                      0.28   0.14     0.00
  SINCE DEC 1     34.55                     35.31  -0.76    30.21
  SINCE JAN 1     32.34                     30.87   1.47    25.90

DEGREE DAYS
 HEATING
  TODAY            0                         0      0        0
  MONTH TO DATE    0                         0      0        0
  SINCE SEP 1      0                         0      0        0
  SINCE JUL 1      0                         0      0        0

 COOLING
  TODAY           20                        16      4       20
  MONTH TO DATE   41                        32      9       39
  SINCE SEP 1     41                        32      9       39
  SINCE JAN 1   2275                      2055    220     2206
..................................................................


WIND (MPH)
  HIGHEST WIND SPEED    18   HIGHEST WIND DIRECTION     S (160)
  HIGHEST GUST SPEED    23   HIGHEST GUST DIRECTION    SE (150)
  AVERAGE WIND SPEED     5.4


SKY COVER
  POSSIBLE SUNSHINE  MM
  AVERAGE SKY COVER 0.6


WEATHER CONDITIONS
 THE FOLLOWING WEATHER WAS RECORDED TODAY.
  THUNDERSTORM
  HEAVY RAIN
  RAIN
  LIGHT RAIN
  FOG


RELATIVE HUMIDITY (PERCENT)
 HIGHEST    91           100 AM
 LOWEST     59          1100 AM
 AVERAGE    75

..........................................................


THE LUFKIN CLIMATE NORMALS FOR TOMORROW
                         NORMAL    RECORD    YEAR
 MAXIMUM TEMPERATURE (F)   92       109      2000
 MINIMUM TEMPERATURE (F)   70        55      1955


SUNRISE AND SUNSET
SEPTEMBER  2 2014.....SUNRISE   656 AM CDT   SUNSET   741 PM CDT
SEPTEMBER  3 2014.....SUNRISE   656 AM CDT   SUNSET   740 PM CDT


-  INDICATES NEGATIVE NUMBERS.
R  INDICATES RECORD WAS SET OR TIED.
MM INDICATES DATA IS MISSING.
T  INDICATES TRACE AMOUNT.




$$
