000
CDUS44 KSHV 192243
CLILFK


CLIMATE REPORT
NATIONAL WEATHER SERVICE SHREVEPORT, LA
441 PM CST SUN FEB 19 2017


...................................

...THE LUFKIN CLIMATE SUMMARY FOR FEBRUARY 19 2017...
VALID TODAY AS OF 0400 PM LOCAL TIME.

CLIMATE NORMAL PERIOD 1981 TO 2010
CLIMATE RECORD PERIOD 1906 TO 2017


WEATHER ITEM   OBSERVED TIME   RECORD YEAR NORMAL DEPARTURE LAST
                VALUE   (LST)  VALUE       VALUE  FROM      YEAR
                                                  NORMAL
..................................................................
TEMPERATURE (F)
 TODAY
  MAXIMUM         75    341 PM  86    1986  65     10       78
  MINIMUM         61   1230 AM  16    1936  43     18       55
  AVERAGE         68                        54     14       67

PRECIPITATION (IN)
  TODAY            0.00          2.60 1932   0.14  -0.14     0.00
  MONTH TO DATE    1.41                      2.66  -1.25     0.16
  SINCE DEC 1     11.97                     11.28   0.69     6.68
  SINCE JAN 1      7.06                      6.84   0.22     2.63

SNOWFALL (IN)
  TODAY            0.0
  MONTH TO DATE    0.0
  SINCE DEC 1      T
  SINCE JUL 1      T
  SNOW DEPTH       0

DEGREE DAYS
 HEATING
  TODAY            0                        12    -12        0
  MONTH TO DATE  115                       257   -142      217
  SINCE DEC 1    801                      1230   -429     1050
  SINCE JUL 1    949                      1537   -588     1235

 COOLING
  TODAY            3                         0      3        2
  MONTH TO DATE   35                         0     35        5
  SINCE DEC 1     91                        21     70       41
  SINCE JAN 1     60                         8     52        8
..................................................................


WIND (MPH)
  HIGHEST WIND SPEED    17   HIGHEST WIND DIRECTION    SE (150)
  HIGHEST GUST SPEED    22   HIGHEST GUST DIRECTION    SE (140)
  AVERAGE WIND SPEED     9.3


SKY COVER
  POSSIBLE SUNSHINE  MM
  AVERAGE SKY COVER 0.9


WEATHER CONDITIONS
 THE FOLLOWING WEATHER WAS RECORDED TODAY.
  FOG
  HAZE


RELATIVE HUMIDITY (PERCENT)
 HIGHEST   100           300 AM
 LOWEST     79          1200 PM
 AVERAGE    90

..........................................................


THE LUFKIN CLIMATE NORMALS FOR TOMORROW
                         NORMAL    RECORD    YEAR
 MAXIMUM TEMPERATURE (F)   65        92      1986
 MINIMUM TEMPERATURE (F)   43        24      1908


SUNRISE AND SUNSET
FEBRUARY 19 2017......SUNRISE   656 AM CST   SUNSET   610 PM CST
FEBRUARY 20 2017......SUNRISE   655 AM CST   SUNSET   611 PM CST


-  INDICATES NEGATIVE NUMBERS.
R  INDICATES RECORD WAS SET OR TIED.
MM INDICATES DATA IS MISSING.
T  INDICATES TRACE AMOUNT.




$$
