000
CDUS44 KSHV 200735
CLILFK


CLIMATE REPORT
NATIONAL WEATHER SERVICE SHREVEPORT, LA
235 AM CDT MON OCT 20 2014


...................................

...THE LUFKIN CLIMATE SUMMARY FOR OCTOBER 19 2014...

CLIMATE NORMAL PERIOD 1981 TO 2010
CLIMATE RECORD PERIOD 1906 TO 2014


WEATHER ITEM   OBSERVED TIME   RECORD YEAR NORMAL DEPARTURE LAST
                VALUE   (LST)  VALUE       VALUE  FROM      YEAR
                                                  NORMAL
..................................................................
TEMPERATURE (F)
 YESTERDAY
  MAXIMUM         80    323 PM  96    1920  79      1       70
  MINIMUM         60   1159 PM  28    1948  55      5       45
  AVERAGE         70                        67      3       58

PRECIPITATION (IN)
  YESTERDAY        0.00          2.61 1998   0.17  -0.17     0.00
  MONTH TO DATE    3.12                      2.70   0.42     1.93
  SINCE DEC 1     40.33                     41.81  -1.48    36.49
  SINCE JAN 1     38.12                     37.37   0.75    32.18

SNOWFALL (IN)
  YESTERDAY        0.0
  MONTH TO DATE    0.0
  SINCE SEP 1      0.0
  SINCE JUL 1      0.0
  SNOW DEPTH       0

DEGREE DAYS
 HEATING
  YESTERDAY        0                         2     -2        7
  MONTH TO DATE    0                        24    -24        9
  SINCE SEP 1      0                        28    -28        9
  SINCE JUL 1      0                        28    -28        9

 COOLING
  YESTERDAY        5                         4      1        0
  MONTH TO DATE  171                       109     62      154
  SINCE SEP 1    667                       483    184      620
  SINCE JAN 1   2901                      2506    395     2787
..................................................................


WIND (MPH)
  HIGHEST WIND SPEED    12   HIGHEST WIND DIRECTION     E (110)
  HIGHEST GUST SPEED    15   HIGHEST GUST DIRECTION     E (70)
  AVERAGE WIND SPEED     4.6


SKY COVER
  POSSIBLE SUNSHINE  MM
  AVERAGE SKY COVER 0.2


WEATHER CONDITIONS
 THE FOLLOWING WEATHER WAS RECORDED YESTERDAY.
  NO SIGNIFICANT WEATHER WAS OBSERVED.


RELATIVE HUMIDITY (PERCENT)
 HIGHEST    84           300 AM
 LOWEST     39           200 PM
 AVERAGE    62

..........................................................


THE LUFKIN CLIMATE NORMALS FOR TODAY
                         NORMAL    RECORD    YEAR
 MAXIMUM TEMPERATURE (F)   79        98      1920
 MINIMUM TEMPERATURE (F)   54        26      1989


SUNRISE AND SUNSET
OCTOBER 20 2014.......SUNRISE   725 AM CDT   SUNSET   642 PM CDT
OCTOBER 21 2014.......SUNRISE   726 AM CDT   SUNSET   641 PM CDT


-  INDICATES NEGATIVE NUMBERS.
R  INDICATES RECORD WAS SET OR TIED.
MM INDICATES DATA IS MISSING.
T  INDICATES TRACE AMOUNT.




$$
