174
CDUS44 KLCH 211109
CLILFT


CLIMATE REPORT
NATIONAL WEATHER SERVICE LAKE CHARLES, LA
509 AM CST TUE NOV 21 2017


...................................

...THE LAFAYETTE CLIMATE SUMMARY FOR NOVEMBER 20 2017...

CLIMATE NORMAL PERIOD 1981 TO 2010
CLIMATE RECORD PERIOD 1893 TO 2017


WEATHER ITEM   OBSERVED TIME   RECORD YEAR NORMAL DEPARTURE LAST
                VALUE   (LST)  VALUE       VALUE  FROM      YEAR
                                                  NORMAL
..................................................................
TEMPERATURE (F)
 YESTERDAY
  MAXIMUM         62    222 PM  84    1933  71     -9       66
                                      1930
                                      1906
  MINIMUM         38    209 AM  26    1903  50    -12       35
  AVERAGE         50                        60    -10       51

PRECIPITATION (IN)
  YESTERDAY        0.00          3.57 1934   0.14  -0.14     0.00
  MONTH TO DATE    5.88                      2.88   3.00     0.73
  SINCE SEP 1      9.89                     12.83  -2.94     4.71
  SINCE JAN 1     62.73                     53.45   9.28    69.80

SNOWFALL (IN)
  YESTERDAY        0.0           0.0    MM   0.0    0.0      0.0
  MONTH TO DATE    0.0                       0.0    0.0      0.0
  SINCE SEP 1      0.0                       0.0    0.0      0.0
  SINCE JUL 1      0.0                       0.0    0.0      0.0
  SNOW DEPTH       0

DEGREE DAYS
 HEATING
  YESTERDAY       15                         6      9       14
  MONTH TO DATE   51                        88    -37       44
  SINCE SEP 1     93                       124    -31       51
  SINCE JUL 1     93                       124    -31       51
..................................................................


WIND (MPH)
  HIGHEST WIND SPEED     9   HIGHEST WIND DIRECTION     S (200)
  HIGHEST GUST SPEED    11   HIGHEST GUST DIRECTION     S (180)
  AVERAGE WIND SPEED     2.6


SKY COVER
  POSSIBLE SUNSHINE  MM
  AVERAGE SKY COVER 0.0


WEATHER CONDITIONS
 THE FOLLOWING WEATHER WAS RECORDED YESTERDAY.
  NO SIGNIFICANT WEATHER WAS OBSERVED.


RELATIVE HUMIDITY (PERCENT)
 HIGHEST    93          1100 PM
 LOWEST     32           300 PM
 AVERAGE    63

..........................................................


THE LAFAYETTE CLIMATE NORMALS FOR TODAY
                         NORMAL    RECORD    YEAR
 MAXIMUM TEMPERATURE (F)   71        85      1915
 MINIMUM TEMPERATURE (F)   50        26      1937


SUNRISE AND SUNSET
NOVEMBER 21 2017......SUNRISE   639 AM CST   SUNSET   509 PM CST
NOVEMBER 22 2017......SUNRISE   639 AM CST   SUNSET   509 PM CST


-  INDICATES NEGATIVE NUMBERS.
R  INDICATES RECORD WAS SET OR TIED.
MM INDICATES DATA IS MISSING.
T  INDICATES TRACE AMOUNT.




$$
