925
CDUS44 KLCH 072245
CLILFT


CLIMATE REPORT
NATIONAL WEATHER SERVICE LAKE CHARLES, LA
445 PM CST SUN FEB 7 2016


...................................

...THE LAFAYETTE CLIMATE SUMMARY FOR FEBRUARY 7 2016...
VALID TODAY AS OF 0400 PM LOCAL TIME.

CLIMATE NORMAL PERIOD 1981 TO 2010
CLIMATE RECORD PERIOD 1893 TO 2016


WEATHER ITEM   OBSERVED TIME   RECORD YEAR NORMAL DEPARTURE LAST
                VALUE   (LST)  VALUE       VALUE  FROM      YEAR
                                                  NORMAL
..................................................................
TEMPERATURE (F)
 TODAY
  MAXIMUM         60    341 PM  87    1957  64     -4       68
  MINIMUM         34    719 AM  18    1895  45    -11       37
  AVERAGE         47                        54     -7       53

PRECIPITATION (IN)
  TODAY            0.00          1.96 1896   0.16  -0.16     0.00
  MONTH TO DATE    2.92                      1.19   1.73     0.73
  SINCE DEC 1     11.45                     12.44  -0.99     8.84
  SINCE JAN 1      7.59                      6.86   0.73     5.34

SNOWFALL (IN)
  TODAY            0.0           0.5  1988   0.0    0.0      0.0
  MONTH TO DATE    0.0                       0.0    0.0      0.0
  SINCE DEC 1      0.0                       0.0    0.0      0.0
  SINCE JUL 1      0.0                       0.0    0.0      0.0
  SNOW DEPTH       0

DEGREE DAYS
 HEATING
  TODAY           18                        11      7       12
  MONTH TO DATE   83                        82      1      113
  SINCE DEC 1    676                       839   -163      844
  SINCE JUL 1    764                      1038   -274     1145
..................................................................


WIND (MPH)
  HIGHEST WIND SPEED    14   HIGHEST WIND DIRECTION    SW (240)
  HIGHEST GUST SPEED    18   HIGHEST GUST DIRECTION    SW (240)
  AVERAGE WIND SPEED     4.1


SKY COVER
  POSSIBLE SUNSHINE  MM
  AVERAGE SKY COVER 0.0


WEATHER CONDITIONS
 THE FOLLOWING WEATHER WAS RECORDED TODAY.
  NO SIGNIFICANT WEATHER WAS OBSERVED.


RELATIVE HUMIDITY (PERCENT)
 HIGHEST    92           600 AM
 LOWEST     26           200 PM
 AVERAGE    59

..........................................................


THE LAFAYETTE CLIMATE NORMALS FOR TOMORROW
                         NORMAL    RECORD    YEAR
 MAXIMUM TEMPERATURE (F)   64        84      1957
 MINIMUM TEMPERATURE (F)   45        13      1895


SUNRISE AND SUNSET
FEBRUARY  7 2016......SUNRISE   655 AM CST   SUNSET   550 PM CST
FEBRUARY  8 2016......SUNRISE   654 AM CST   SUNSET   551 PM CST


-  INDICATES NEGATIVE NUMBERS.
R  INDICATES RECORD WAS SET OR TIED.
MM INDICATES DATA IS MISSING.
T  INDICATES TRACE AMOUNT.




$$
