000
CDUS44 KLCH 270937
CLILFT


CLIMATE REPORT
NATIONAL WEATHER SERVICE LAKE CHARLES, LA
337 AM CST TUE JAN 27 2015


...................................

...THE LAFAYETTE CLIMATE SUMMARY FOR JANUARY 26 2015...

CLIMATE NORMAL PERIOD 1981 TO 2010
CLIMATE RECORD PERIOD 1893 TO 2015


WEATHER ITEM   OBSERVED TIME   RECORD YEAR NORMAL DEPARTURE LAST
                VALUE   (LST)  VALUE       VALUE  FROM      YEAR
                                                  NORMAL
..................................................................
TEMPERATURE (F)
 YESTERDAY
  MAXIMUM         62    412 PM  81    1952  62      0       64
                                      1941
  MINIMUM         44    704 AM  18    1940  43      1       38
  AVERAGE         53                        53      0       51

PRECIPITATION (IN)
  YESTERDAY        0.00          2.02 1962   0.18  -0.18     0.00
  MONTH TO DATE    4.61                      4.77  -0.16     1.39
  SINCE DEC 1      8.11                     10.35  -2.24     4.18
  SINCE JAN 1      4.61                      4.77  -0.16     1.39

SNOWFALL (IN)
  YESTERDAY        0.0           T    1994   0.0    0.0      0.0
  MONTH TO DATE    0.0                       0.0    0.0      0.5
  SINCE DEC 1      0.0                       0.0    0.0      0.5
  SINCE JUL 1      0.0                       0.0    0.0      0.5
  SNOW DEPTH       0

DEGREE DAYS
 HEATING
  YESTERDAY       12                        13     -1       14
  MONTH TO DATE  419                       338     81      477
  SINCE DEC 1    691                       693     -2      924
  SINCE JUL 1    992                       892    100     1193
..................................................................


WIND (MPH)
  HIGHEST WIND SPEED    22   HIGHEST WIND DIRECTION     N (20)
  HIGHEST GUST SPEED    27   HIGHEST GUST DIRECTION     N (20)
  AVERAGE WIND SPEED     9.2


SKY COVER
  POSSIBLE SUNSHINE  MM
  AVERAGE SKY COVER 0.0


WEATHER CONDITIONS
 THE FOLLOWING WEATHER WAS RECORDED YESTERDAY.
  NO SIGNIFICANT WEATHER WAS OBSERVED.


RELATIVE HUMIDITY (PERCENT)
 HIGHEST    92          1100 PM
 LOWEST     36           200 PM
 AVERAGE    64

..........................................................


THE LAFAYETTE CLIMATE NORMALS FOR TODAY
                         NORMAL    RECORD    YEAR
 MAXIMUM TEMPERATURE (F)   63        82      1957
 MINIMUM TEMPERATURE (F)   43        16      1940


SUNRISE AND SUNSET
JANUARY 27 2015.......SUNRISE   701 AM CST   SUNSET   540 PM CST
JANUARY 28 2015.......SUNRISE   701 AM CST   SUNSET   541 PM CST


-  INDICATES NEGATIVE NUMBERS.
R  INDICATES RECORD WAS SET OR TIED.
MM INDICATES DATA IS MISSING.
T  INDICATES TRACE AMOUNT.




$$
