000
CDUS44 KLCH 221245
CLILFT


CLIMATE REPORT
NATIONAL WEATHER SERVICE LAKE CHARLES, LA
645 AM CST WED FEB 22 2017


...................................

...THE LAFAYETTE CLIMATE SUMMARY FOR FEBRUARY 21 2017...

CLIMATE NORMAL PERIOD 1981 TO 2010
CLIMATE RECORD PERIOD 1893 TO 2017


WEATHER ITEM   OBSERVED TIME   RECORD YEAR NORMAL DEPARTURE LAST
                VALUE   (LST)  VALUE       VALUE  FROM      YEAR
                                                  NORMAL
..................................................................
TEMPERATURE (F)
 YESTERDAY
  MAXIMUM         71   1206 PM  81    1917  67      4       76
  MINIMUM         60   1108 PM  29    1942  48     12       62
                                      1908
  AVERAGE         66                        57      9       69

PRECIPITATION (IN)
  YESTERDAY        0.06          2.65 1894   0.15  -0.09     0.00
  MONTH TO DATE    0.12                      3.43  -3.31     3.42
  SINCE DEC 1     12.58                     14.68  -2.10    11.95
  SINCE JAN 1      3.49                      9.10  -5.61     8.09

SNOWFALL (IN)
  YESTERDAY        0.0           T    1963   0.0    0.0      0.0
                                      1959
  MONTH TO DATE    0.0                       0.0    0.0      0.0
  SINCE DEC 1      0.0                       0.0    0.0      0.0
  SINCE JUL 1      0.0                       0.0    0.0      0.0
  SNOW DEPTH       0

DEGREE DAYS
 HEATING
  YESTERDAY        0                         9     -9        0
  MONTH TO DATE   59                       221   -162      175
  SINCE DEC 1    483                       978   -495      768
  SINCE JUL 1    569                      1177   -608      856
..................................................................


WIND (MPH)
  HIGHEST WIND SPEED    18   HIGHEST WIND DIRECTION    NW (310)
  HIGHEST GUST SPEED    23   HIGHEST GUST DIRECTION    NW (320)
  AVERAGE WIND SPEED     4.0


SKY COVER
  POSSIBLE SUNSHINE  MM
  AVERAGE SKY COVER 0.5


WEATHER CONDITIONS
 THE FOLLOWING WEATHER WAS RECORDED YESTERDAY.
  THUNDERSTORM
  HEAVY RAIN
  RAIN
  LIGHT RAIN
  FOG


RELATIVE HUMIDITY (PERCENT)
 HIGHEST    97           500 AM
 LOWEST     57           500 PM
 AVERAGE    77

..........................................................


THE LAFAYETTE CLIMATE NORMALS FOR TODAY
                         NORMAL    RECORD    YEAR
 MAXIMUM TEMPERATURE (F)   67        84      1898
 MINIMUM TEMPERATURE (F)   48        26      1978


SUNRISE AND SUNSET
FEBRUARY 22 2017......SUNRISE   641 AM CST   SUNSET   602 PM CST
FEBRUARY 23 2017......SUNRISE   640 AM CST   SUNSET   603 PM CST


-  INDICATES NEGATIVE NUMBERS.
R  INDICATES RECORD WAS SET OR TIED.
MM INDICATES DATA IS MISSING.
T  INDICATES TRACE AMOUNT.




$$
