000
CDUS44 KLCH 280822
CLILFT


CLIMATE REPORT
NATIONAL WEATHER SERVICE LAKE CHARLES, LA
321 AM CDT FRI APR 28 2017


...................................

...THE LAFAYETTE CLIMATE SUMMARY FOR APRIL 27 2017...

CLIMATE NORMAL PERIOD 1981 TO 2010
CLIMATE RECORD PERIOD 1893 TO 2017


WEATHER ITEM   OBSERVED TIME   RECORD YEAR NORMAL DEPARTURE LAST
                VALUE   (LST)  VALUE       VALUE  FROM      YEAR
                                                  NORMAL
..................................................................
TEMPERATURE (F)
 YESTERDAY
  MAXIMUM         86    454 PM  92    1933  82      4       86
  MINIMUM         61    701 AM  44    1898  62     -1       67
  AVERAGE         74                        72      2       77

PRECIPITATION (IN)
  YESTERDAY        0.00          3.52 1997   0.13  -0.13     0.66
  MONTH TO DATE    4.86                      3.49   1.37     5.70
  SINCE MAR 1      6.64                      7.28  -0.64    11.11
  SINCE JAN 1     10.16                     17.40  -7.24    20.24

SNOWFALL (IN)
  YESTERDAY        0.0           0.0    MM   0.0    0.0      0.0
  MONTH TO DATE    0.0                       0.0    0.0      0.0
  SINCE MAR 1      0.0                       0.0    0.0      0.0
  SINCE JUL 1      0.0                       T      0.0      0.0
  SNOW DEPTH       0

DEGREE DAYS
 HEATING
  YESTERDAY        0                         0      0        0
  MONTH TO DATE    0                        38    -38       10
  SINCE MAR 1     60                       188   -128       71
  SINCE JUL 1    637                      1418   -781      989

 COOLING
  YESTERDAY        9                         7      2       12
  MONTH TO DATE  235                       136     99      149
  SINCE MAR 1    394                       199    195      262
  SINCE JAN 1    578                       231    347      272
..................................................................


WIND (MPH)
  HIGHEST WIND SPEED    15   HIGHEST WIND DIRECTION     N (10)
  HIGHEST GUST SPEED    19   HIGHEST GUST DIRECTION    NW (320)
  AVERAGE WIND SPEED     6.0


SKY COVER
  POSSIBLE SUNSHINE  MM
  AVERAGE SKY COVER 0.4


WEATHER CONDITIONS
 THE FOLLOWING WEATHER WAS RECORDED YESTERDAY.
  NO SIGNIFICANT WEATHER WAS OBSERVED.


RELATIVE HUMIDITY (PERCENT)
 HIGHEST    79          1100 PM
 LOWEST     37           400 PM
 AVERAGE    58

..........................................................


THE LAFAYETTE CLIMATE NORMALS FOR TODAY
                         NORMAL    RECORD    YEAR
 MAXIMUM TEMPERATURE (F)   82        93      1987
                                             1933
 MINIMUM TEMPERATURE (F)   62        39      1928


SUNRISE AND SUNSET
APRIL 28 2017.........SUNRISE   627 AM CDT   SUNSET   744 PM CDT
APRIL 29 2017.........SUNRISE   626 AM CDT   SUNSET   745 PM CDT


-  INDICATES NEGATIVE NUMBERS.
R  INDICATES RECORD WAS SET OR TIED.
MM INDICATES DATA IS MISSING.
T  INDICATES TRACE AMOUNT.




$$
