000
CDUS44 KLCH 270837
CLILFT


CLIMATE REPORT
NATIONAL WEATHER SERVICE LAKE CHARLES, LA
336 AM CDT FRI MAR 27 2015


...................................

...THE LAFAYETTE CLIMATE SUMMARY FOR MARCH 26 2015...

CLIMATE NORMAL PERIOD 1981 TO 2010
CLIMATE RECORD PERIOD 1893 TO 2015


WEATHER ITEM   OBSERVED TIME   RECORD YEAR NORMAL DEPARTURE LAST
                VALUE   (LST)  VALUE       VALUE  FROM      YEAR
                                                  NORMAL
..................................................................
TEMPERATURE (F)
 YESTERDAY
  MAXIMUM         75   1011 AM  88    1907  75      0       60
  MINIMUM         56   1159 PM  34    1955  54      2       43
                                      1930
                                      1894
  AVERAGE         66                        64      2       52

PRECIPITATION (IN)
  YESTERDAY        0.14          2.06 1967   0.12   0.02     0.02
  MONTH TO DATE    3.92                      3.21   0.71     1.86
  SINCE MAR 1      3.92                      3.21   0.71     1.86
  SINCE JAN 1     11.02                     13.33  -2.31     9.11

SNOWFALL (IN)
  YESTERDAY        0.0           0.0    MM   0.0    0.0     MM
  MONTH TO DATE    T                         0.0    0.0      0.0
  SINCE MAR 1      T                         0.0    0.0      0.0
  SINCE JUL 1      T                         T      0.0      0.8
  SNOW DEPTH       0

DEGREE DAYS
 HEATING
  YESTERDAY        0                         3     -3       13
  MONTH TO DATE   74                       135    -61      215
  SINCE MAR 1     74                       135    -61      215
  SINCE JUL 1   1517                      1365    152     1875

 COOLING
  YESTERDAY        1                         3     -2        0
  MONTH TO DATE   75                        48     27       17
  SINCE MAR 1     75                        48     27       17
  SINCE JAN 1     80                        80      0       31
..................................................................


WIND (MPH)
  HIGHEST WIND SPEED    23   HIGHEST WIND DIRECTION     N (360)
  HIGHEST GUST SPEED    30   HIGHEST GUST DIRECTION     N (360)
  AVERAGE WIND SPEED     6.7


SKY COVER
  POSSIBLE SUNSHINE  MM
  AVERAGE SKY COVER 0.8


WEATHER CONDITIONS
 THE FOLLOWING WEATHER WAS RECORDED YESTERDAY.
  THUNDERSTORM
  LIGHT RAIN
  FOG


RELATIVE HUMIDITY (PERCENT)
 HIGHEST    93           300 AM
 LOWEST     72          1100 PM
 AVERAGE    83

..........................................................


THE LAFAYETTE CLIMATE NORMALS FOR TODAY
                         NORMAL    RECORD    YEAR
 MAXIMUM TEMPERATURE (F)   75        87      1910
                                             1907
 MINIMUM TEMPERATURE (F)   54        29      1955


SUNRISE AND SUNSET
MARCH 27 2015.........SUNRISE   704 AM CDT   SUNSET   724 PM CDT
MARCH 28 2015.........SUNRISE   702 AM CDT   SUNSET   724 PM CDT


-  INDICATES NEGATIVE NUMBERS.
R  INDICATES RECORD WAS SET OR TIED.
MM INDICATES DATA IS MISSING.
T  INDICATES TRACE AMOUNT.




$$
