000
CDUS44 KLCH 010849
CLILFT


CLIMATE REPORT
NATIONAL WEATHER SERVICE LAKE CHARLES, LA
349 AM CDT WED OCT 1 2014


...................................

...THE LAFAYETTE CLIMATE SUMMARY FOR SEPTEMBER 30 2014...

CLIMATE NORMAL PERIOD 1981 TO 2010
CLIMATE RECORD PERIOD 1893 TO 2014


WEATHER ITEM   OBSERVED TIME   RECORD YEAR NORMAL DEPARTURE LAST
                VALUE   (LST)  VALUE       VALUE  FROM      YEAR
                                                  NORMAL
..................................................................
TEMPERATURE (F)
 YESTERDAY
  MAXIMUM         89    310 PM  97    1928  85      4       83
  MINIMUM         71    549 AM  45    1967  65      6       72
                                      1920
                                      1916
  AVERAGE         80                        75      5       78

PRECIPITATION (IN)
  YESTERDAY        0.00          4.10 1898   0.15  -0.15     0.01
  MONTH TO DATE    5.63                      4.72   0.91     3.69
  SINCE SEP 1      5.63                      4.72   0.91     3.69
  SINCE JAN 1     51.72                     45.34   6.38    46.57

DEGREE DAYS
 HEATING
  YESTERDAY        0                         0      0        0
  MONTH TO DATE    0                         0      0        0
  SINCE SEP 1      0                         1     -1        0
  SINCE JUL 1      0                         1     -1        0

 COOLING
  YESTERDAY       15                        10      5       13
  MONTH TO DATE  442                       427     15      503
  SINCE SEP 1    442                       427     15      503
  SINCE JAN 1   2499                      2688   -189     2605
..................................................................


WIND (MPH)
  HIGHEST WIND SPEED     9   HIGHEST WIND DIRECTION     S (200)
  HIGHEST GUST SPEED    12   HIGHEST GUST DIRECTION     S (190)
  AVERAGE WIND SPEED     2.2


SKY COVER
  POSSIBLE SUNSHINE  MM
  AVERAGE SKY COVER 0.1


WEATHER CONDITIONS
 THE FOLLOWING WEATHER WAS RECORDED YESTERDAY.
  FOG


RELATIVE HUMIDITY (PERCENT)
 HIGHEST   100           100 AM
 LOWEST     52           100 PM
 AVERAGE    76

..........................................................


THE LAFAYETTE CLIMATE NORMALS FOR TODAY
                         NORMAL    RECORD    YEAR
 MAXIMUM TEMPERATURE (F)   85        96      1938
                                             1900
 MINIMUM TEMPERATURE (F)   65        39      1924
                                             1920


SUNRISE AND SUNSET
OCTOBER  1 2014.......SUNRISE   701 AM CDT   SUNSET   653 PM CDT
OCTOBER  2 2014.......SUNRISE   702 AM CDT   SUNSET   652 PM CDT


-  INDICATES NEGATIVE NUMBERS.
R  INDICATES RECORD WAS SET OR TIED.
MM INDICATES DATA IS MISSING.
T  INDICATES TRACE AMOUNT.




$$
