000
CDUS41 KOKX 010618
CLILGA


CLIMATE REPORT
NATIONAL WEATHER SERVICE NEW YORK NY
218 AM EDT MON SEP 1 2014


...................................

...THE LAGUARDIA NY CLIMATE SUMMARY FOR AUGUST 31 2014...

CLIMATE NORMAL PERIOD 1981 TO 2010
CLIMATE RECORD PERIOD 1945 TO 2014


WEATHER ITEM   OBSERVED TIME   RECORD YEAR NORMAL DEPARTURE LAST
                VALUE   (LST)  VALUE       VALUE  FROM      YEAR
                                                  NORMAL
..................................................................
TEMPERATURE (F)
 YESTERDAY
  MAXIMUM         92    214 PM 100    1953  81     11       86
  MINIMUM         73    151 AM  52    1976  67      6       73
  AVERAGE         83                        74      9       80

PRECIPITATION (IN)
  YESTERDAY        0.79          1.60 1954   0.11   0.68     0.00
  MONTH TO DATE    3.50                      4.12  -0.62     1.97
  SINCE JUN 1     11.18                     12.56  -1.38    12.93
  SINCE JAN 1     35.06                     30.25   4.81    27.34

SNOWFALL (IN)
  YESTERDAY        0.0          MM      MM   0.0    0.0      0.0
  MONTH TO DATE    0.0                       0.0    0.0      0.0
  SINCE OCT 1     52.4                      26.9   25.5     22.2
  SINCE JUL 1      0.0                       0.0    0.0      0.0
  SNOW DEPTH       0

DEGREE DAYS
 HEATING
  YESTERDAY        0                         0      0        0
  MONTH TO DATE    0                         0      0        0
  SINCE JUN 1      0                        17    -17        4
  SINCE JUL 1      0                         1     -1        0

 COOLING
  YESTERDAY       18                         9      9       15
  MONTH TO DATE  323                       351    -28      341
  SINCE JUN 1    937                       967    -30     1131
  SINCE JAN 1    987                      1033    -46     1219
..................................................................


WIND (MPH)
  HIGHEST WIND SPEED    10   HIGHEST WIND DIRECTION    SW (220)
  HIGHEST GUST SPEED    14   HIGHEST GUST DIRECTION    SW (220)
  AVERAGE WIND SPEED     9.6


SKY COVER
  AVERAGE SKY COVER 0.8


WEATHER CONDITIONS
 THE FOLLOWING WEATHER WAS RECORDED YESTERDAY.
  THUNDERSTORM
  HEAVY RAIN
  LIGHT RAIN
  FOG


RELATIVE HUMIDITY (PERCENT)
 HIGHEST    87           500 PM
 LOWEST     55           100 PM
 AVERAGE    71

..........................................................


THE LAGUARDIA NY CLIMATE NORMALS FOR TODAY
                         NORMAL    RECORD    YEAR
 MAXIMUM TEMPERATURE (F)   81        96      2010
 MINIMUM TEMPERATURE (F)   67        55      1967
                                             1942


SUNRISE AND SUNSET
SEPTEMBER  1 2014.....SUNRISE   622 AM EDT   SUNSET   728 PM EDT
SEPTEMBER  2 2014.....SUNRISE   623 AM EDT   SUNSET   726 PM EDT


-  INDICATES NEGATIVE NUMBERS.
R  INDICATES RECORD WAS SET OR TIED.
MM INDICATES DATA IS MISSING.
T  INDICATES TRACE AMOUNT.




$$
