970
CDUS41 KOKX 260635
CLILGA


CLIMATE REPORT
NATIONAL WEATHER SERVICE NEW YORK NY
127 AM EST SUN FEB 26 2017


...................................

...THE LAGUARDIA NY CLIMATE SUMMARY FOR FEBRUARY 25 2017...

CLIMATE NORMAL PERIOD 1981 TO 2010
CLIMATE RECORD PERIOD 1939 TO 2017


WEATHER ITEM   OBSERVED TIME   RECORD YEAR NORMAL DEPARTURE LAST
                VALUE   (LST)  VALUE       VALUE  FROM      YEAR
                                                  NORMAL
..................................................................
TEMPERATURE (F)
 YESTERDAY
  MAXIMUM         65    259 PM  68    1976  44     21       61
  MINIMUM         47   1159 PM  12    1990  30     17       39
  AVERAGE         56                        37     19       50

PRECIPITATION (IN)
  YESTERDAY        0.32          1.49 2010   0.11   0.21     0.02
  MONTH TO DATE    1.87                      2.44  -0.57     4.29
  SINCE DEC 1      8.95                      9.17  -0.22    12.79
  SINCE JAN 1      6.00                      5.61   0.39     8.46

SNOWFALL (IN)
  YESTERDAY        0.0           3.7  2010   0.3   -0.3      0.0
  MONTH TO DATE   10.3                       8.3    2.0      5.6
  SINCE OCT 1     23.4                      21.2    2.2     34.4
  SINCE JUL 1     23.4                      21.2    2.2     34.4
  SNOW DEPTH       0

DEGREE DAYS
 HEATING
  YESTERDAY        9                        28    -19       15
  MONTH TO DATE  558                       748   -190      677
  SINCE DEC 1   2094                      2572   -478     2012
  SINCE JUL 1   2632                      3347   -715     2574

 COOLING
  YESTERDAY        0                         0      0        0
  MONTH TO DATE    0                         0      0        0
  SINCE DEC 1      0                         0      0        1
  SINCE JAN 1      0                         0      0        0
..................................................................


WIND (MPH)
  HIGHEST WIND SPEED    31   HIGHEST WIND DIRECTION     W (290)
  HIGHEST GUST SPEED    41   HIGHEST GUST DIRECTION     W (290)
  AVERAGE WIND SPEED    11.9


SKY COVER
  AVERAGE SKY COVER 0.9


WEATHER CONDITIONS
 THE FOLLOWING WEATHER WAS RECORDED YESTERDAY.
  THUNDERSTORM
  HEAVY RAIN
  RAIN
  LIGHT RAIN
  FOG
  FOG W/VISIBILITY <= 1/4 MILE
  HAZE


RELATIVE HUMIDITY (PERCENT)
 HIGHEST   100           800 AM
 LOWEST     71          1100 PM
 AVERAGE    86

..........................................................


THE LAGUARDIA NY CLIMATE NORMALS FOR TODAY
                         NORMAL    RECORD    YEAR
 MAXIMUM TEMPERATURE (F)   45        62      1976
 MINIMUM TEMPERATURE (F)   30         9      1990


SUNRISE AND SUNSET
FEBRUARY 26 2017......SUNRISE   634 AM EST   SUNSET   544 PM EST
FEBRUARY 27 2017......SUNRISE   632 AM EST   SUNSET   545 PM EST


-  INDICATES NEGATIVE NUMBERS.
R  INDICATES RECORD WAS SET OR TIED.
MM INDICATES DATA IS MISSING.
T  INDICATES TRACE AMOUNT.




$$
