000
CDUS41 KOKX 290617
CLILGA


CLIMATE REPORT
NATIONAL WEATHER SERVICE NEW YORK NY
217 AM EDT THU SEP 29 2016


...................................

...THE LAGUARDIA NY CLIMATE SUMMARY FOR SEPTEMBER 28 2016...

CLIMATE NORMAL PERIOD 1981 TO 2010
CLIMATE RECORD PERIOD 1939 TO 2016


WEATHER ITEM   OBSERVED TIME   RECORD YEAR NORMAL DEPARTURE LAST
                VALUE   (LST)  VALUE       VALUE  FROM      YEAR
                                                  NORMAL
..................................................................
TEMPERATURE (F)
 YESTERDAY
  MAXIMUM         71    147 PM  86    1943  72     -1       79
  MINIMUM         60   1159 PM  42    1947  57      3       65
  AVERAGE         66                        65      1       72

PRECIPITATION (IN)
  YESTERDAY        T             3.27 2004   0.14  -0.14      T
  MONTH TO DATE    2.14                      3.45  -1.31     1.40
  SINCE SEP 1      2.14                      3.45  -1.31     1.40
  SINCE JAN 1     25.86                     33.70  -7.84    26.67

SNOWFALL (IN)
  YESTERDAY        0.0          MM      MM   0.0    0.0      0.0
  MONTH TO DATE    0.0                       0.0    0.0      0.0
  SINCE OCT 1     36.2                      26.9    9.3     53.8
  SINCE JUL 1      0.0                       0.0    0.0      0.0
  SNOW DEPTH       0

DEGREE DAYS
 HEATING
  YESTERDAY        0                         3     -3        0
  MONTH TO DATE    0                        26    -26        2
  SINCE SEP 1      0                        26    -26        2
  SINCE JUL 1      0                        27    -27        2

 COOLING
  YESTERDAY        1                         2     -1        7
  MONTH TO DATE  276                       155    121      269
  SINCE SEP 1    276                       155    121      269
  SINCE JAN 1   1693                      1188    505     1518
..................................................................


WIND (MPH)
  HIGHEST WIND SPEED    25   HIGHEST WIND DIRECTION    NE (50)
  HIGHEST GUST SPEED    32   HIGHEST GUST DIRECTION    NE (60)
  AVERAGE WIND SPEED    16.6


SKY COVER
  AVERAGE SKY COVER 0.8


WEATHER CONDITIONS
 THE FOLLOWING WEATHER WAS RECORDED YESTERDAY.
  LIGHT RAIN
  FOG
  HAZE


RELATIVE HUMIDITY (PERCENT)
 HIGHEST    87           100 AM
 LOWEST     63           300 PM
 AVERAGE    75

..........................................................


THE LAGUARDIA NY CLIMATE NORMALS FOR TODAY
                         NORMAL    RECORD    YEAR
 MAXIMUM TEMPERATURE (F)   71        86      1945
 MINIMUM TEMPERATURE (F)   57        43      1942


SUNRISE AND SUNSET
SEPTEMBER 29 2016.....SUNRISE   651 AM EDT   SUNSET   640 PM EDT
SEPTEMBER 30 2016.....SUNRISE   652 AM EDT   SUNSET   639 PM EDT


-  INDICATES NEGATIVE NUMBERS.
R  INDICATES RECORD WAS SET OR TIED.
MM INDICATES DATA IS MISSING.
T  INDICATES TRACE AMOUNT.




$$
