000
CDUS41 KOKX 210618
CLILGA


CLIMATE REPORT
NATIONAL WEATHER SERVICE NEW YORK NY
117 AM EST SAT JAN 21 2017


...................................

...THE LAGUARDIA NY CLIMATE SUMMARY FOR JANUARY 20 2017...

CLIMATE NORMAL PERIOD 1981 TO 2010
CLIMATE RECORD PERIOD 1939 TO 2017


WEATHER ITEM   OBSERVED TIME   RECORD YEAR NORMAL DEPARTURE LAST
                VALUE   (LST)  VALUE       VALUE  FROM      YEAR
                                                  NORMAL
..................................................................
TEMPERATURE (F)
 YESTERDAY
  MAXIMUM         46    156 PM  61    2006  39      7       38
                                      1951
  MINIMUM         41   1159 PM   0    1994  26     15       30
  AVERAGE         44                        33     11       34

PRECIPITATION (IN)
  YESTERDAY        0.07          1.41 1995   0.10  -0.03     0.00
  MONTH TO DATE    2.12                      2.08   0.04     1.73
  SINCE DEC 1      5.07                      5.64  -0.57     6.06
  SINCE JAN 1      2.12                      2.08   0.04     1.73

SNOWFALL (IN)
  YESTERDAY        0.0           9.8  1978   0.3   -0.3      0.0
  MONTH TO DATE    8.9                       4.8    4.1      0.6
  SINCE OCT 1     11.9                      10.3    1.6      0.6
  SINCE JUL 1     11.9                      10.3    1.6      0.6
  SNOW DEPTH       0

DEGREE DAYS
 HEATING
  YESTERDAY       21                        32    -11       31
  MONTH TO DATE  523                       636   -113      576
  SINCE DEC 1   1281                      1467   -186     1009
  SINCE JUL 1   1819                      2242   -423     1571

 COOLING
  YESTERDAY        0                         0      0        0
  MONTH TO DATE    0                         0      0        0
  SINCE DEC 1      0                         0      0        1
  SINCE JAN 1      0                         0      0        0
..................................................................


WIND (MPH)
  HIGHEST WIND SPEED    12   HIGHEST WIND DIRECTION    NE (60)
  HIGHEST GUST SPEED    18   HIGHEST GUST DIRECTION     E (70)
  AVERAGE WIND SPEED     6.8


SKY COVER
  AVERAGE SKY COVER 1.0


WEATHER CONDITIONS
 THE FOLLOWING WEATHER WAS RECORDED YESTERDAY.
  LIGHT RAIN
  FOG
  HAZE


RELATIVE HUMIDITY (PERCENT)
 HIGHEST    82           700 PM
 LOWEST     60           200 PM
 AVERAGE    71

..........................................................


THE LAGUARDIA NY CLIMATE NORMALS FOR TODAY
                         NORMAL    RECORD    YEAR
 MAXIMUM TEMPERATURE (F)   39        64      2006
 MINIMUM TEMPERATURE (F)   26        -3      1985


SUNRISE AND SUNSET
JANUARY 21 2017.......SUNRISE   714 AM EST   SUNSET   500 PM EST
JANUARY 22 2017.......SUNRISE   714 AM EST   SUNSET   501 PM EST


-  INDICATES NEGATIVE NUMBERS.
R  INDICATES RECORD WAS SET OR TIED.
MM INDICATES DATA IS MISSING.
T  INDICATES TRACE AMOUNT.




$$
