000
CDUS41 KOKX 240616
CLILGA


CLIMATE REPORT
NATIONAL WEATHER SERVICE NEW YORK NY
216 AM EDT WED MAY 24 2017


...................................

...THE LAGUARDIA NY CLIMATE SUMMARY FOR MAY 23 2017...

CLIMATE NORMAL PERIOD 1981 TO 2010
CLIMATE RECORD PERIOD 1939 TO 2017


WEATHER ITEM   OBSERVED TIME   RECORD YEAR NORMAL DEPARTURE LAST
                VALUE   (LST)  VALUE       VALUE  FROM      YEAR
                                                  NORMAL
..................................................................
TEMPERATURE (F)
 YESTERDAY
  MAXIMUM         70    514 PM  94    1964  73     -3       77
  MINIMUM         59    535 AM  45    1963  56      3       56
  AVERAGE         65                        65      0       67

PRECIPITATION (IN)
  YESTERDAY        0.00          1.72 1979   0.14  -0.14      T
  MONTH TO DATE    4.73                      2.70   2.03     2.11
  SINCE MAR 1     13.51                     10.67   2.84     5.03
  SINCE JAN 1     19.51                     16.60   2.91    13.56

SNOWFALL (IN)
  YESTERDAY        0.0          MM      MM   0.0    0.0      0.0
  MONTH TO DATE    0.0                       0.0    0.0      0.0
  SINCE OCT 1     33.2                      26.9    6.3     36.2
  SINCE JUL 1     33.2                      26.9    6.3     36.2
  SNOW DEPTH       0

DEGREE DAYS
 HEATING
  YESTERDAY        0                         3     -3        0
  MONTH TO DATE  102                       116    -14      141
  SINCE MAR 1   1083                      1201   -118      990
  SINCE JUL 1   3770                      4630   -860     3652

 COOLING
  YESTERDAY        0                         3     -3        2
  MONTH TO DATE   67                        32     35        8
  SINCE MAR 1     98                        40     58       21
  SINCE JAN 1     98                        40     58       21
..................................................................


WIND (MPH)
  HIGHEST WIND SPEED    14   HIGHEST WIND DIRECTION    NW (330)
  HIGHEST GUST SPEED    16   HIGHEST GUST DIRECTION    NW (320)
  AVERAGE WIND SPEED     5.6


SKY COVER
  AVERAGE SKY COVER 0.9


WEATHER CONDITIONS
 THE FOLLOWING WEATHER WAS RECORDED YESTERDAY.
  NO SIGNIFICANT WEATHER WAS OBSERVED.


RELATIVE HUMIDITY (PERCENT)
 HIGHEST    90          1200 AM
 LOWEST     37           500 PM
 AVERAGE    64

..........................................................


THE LAGUARDIA NY CLIMATE NORMALS FOR TODAY
                         NORMAL    RECORD    YEAR
 MAXIMUM TEMPERATURE (F)   74        91      1964
 MINIMUM TEMPERATURE (F)   56        41      1963


SUNRISE AND SUNSET
MAY 24 2017...........SUNRISE   531 AM EDT   SUNSET   815 PM EDT
MAY 25 2017...........SUNRISE   530 AM EDT   SUNSET   815 PM EDT


-  INDICATES NEGATIVE NUMBERS.
R  INDICATES RECORD WAS SET OR TIED.
MM INDICATES DATA IS MISSING.
T  INDICATES TRACE AMOUNT.




$$
