000
CDUS46 KLOX 210858
CLILGB


CLIMATE REPORT
NATIONAL WEATHER SERVICE LOS ANGELES/OXNARD CA
157 AM PDT THU SEP 21 2017


...................................

...THE LONG BEACH AIRPORT CA CLIMATE SUMMARY FOR SEPTEMBER 20 2017...

CLIMATE NORMAL PERIOD 1981 TO 2010
CLIMATE RECORD PERIOD 1958 TO 2017


WEATHER ITEM   OBSERVED TIME   RECORD YEAR NORMAL DEPARTURE LAST
                VALUE   (LST)  VALUE       VALUE  FROM      YEAR
                                                  NORMAL
..................................................................
TEMPERATURE (F)
 YESTERDAY
  MAXIMUM         75   1236 PM 100    2015  81     -6       82
  MINIMUM         64    607 AM  53    1978  63      1       70
  AVERAGE         70                        72     -2       76

PRECIPITATION (IN)
  YESTERDAY        0.00          0.32 2005   0.01  -0.01     0.00
  MONTH TO DATE    0.07                      0.08  -0.01      T
  SINCE OCT 1     20.05                     12.16   7.89     4.99
  SINCE JAN 1     14.85                      8.58   6.27     3.99

SNOWFALL (IN)
  YESTERDAY        0.0
  MONTH TO DATE    0.0
  SINCE SEP 1      0.0
  SINCE JUL 1      0.0

DEGREE DAYS
 HEATING
  YESTERDAY        0                         0      0        0
  MONTH TO DATE    0                         0      0        0
  SINCE SEP 1      0                         0      0        0
  SINCE JUL 1      0                         0      0        0

 COOLING
  YESTERDAY        5                         7     -2       11
  MONTH TO DATE  208                       167     41      131
  SINCE SEP 1    208                       167     41      131
  SINCE JAN 1   1174                       935    239     1075
..................................................................


WIND (MPH)
  HIGHEST WIND SPEED    13   HIGHEST WIND DIRECTION     S (200)
  HIGHEST GUST SPEED    19   HIGHEST GUST DIRECTION    SE (150)
  AVERAGE WIND SPEED     5.5


SKY COVER
  POSSIBLE SUNSHINE  MM
  AVERAGE SKY COVER 0.3


WEATHER CONDITIONS
 THE FOLLOWING WEATHER WAS RECORDED YESTERDAY.
  NO SIGNIFICANT WEATHER WAS OBSERVED.


RELATIVE HUMIDITY (PERCENT)
 HIGHEST    87           200 AM
 LOWEST     64          1000 AM
 AVERAGE    76

..........................................................


THE LONG BEACH AIRPORT CA CLIMATE NORMALS FOR TODAY
                         NORMAL    RECORD    YEAR
 MAXIMUM TEMPERATURE (F)   81        97      1989
 MINIMUM TEMPERATURE (F)   63        53      1965


SUNRISE AND SUNSET
SEPTEMBER 21 2017.....SUNRISE   640 AM PDT   SUNSET   650 PM PDT
SEPTEMBER 22 2017.....SUNRISE   641 AM PDT   SUNSET   649 PM PDT


-  INDICATES NEGATIVE NUMBERS.
R  INDICATES RECORD WAS SET OR TIED.
MM INDICATES DATA IS MISSING.
T  INDICATES TRACE AMOUNT.




$$
