000
CDUS46 KLOX 080913
CLILGB


CLIMATE REPORT
NATIONAL WEATHER SERVICE LOS ANGELES/OXNARD CA
112 AM PST MON FEB 8 2016


...................................

...THE LONG BEACH AIRPORT CA CLIMATE SUMMARY FOR FEBRUARY 7 2016...

CLIMATE NORMAL PERIOD 1981 TO 2010
CLIMATE RECORD PERIOD 1958 TO 2016


WEATHER ITEM   OBSERVED TIME   RECORD YEAR NORMAL DEPARTURE LAST
                VALUE   (LST)  VALUE       VALUE  FROM      YEAR
                                                  NORMAL
..................................................................
TEMPERATURE (F)
 YESTERDAY
  MAXIMUM         86    247 PM  88    1996  67     19       71
  MINIMUM         50    510 AM  37    1974  47      3       52
  AVERAGE         68                        57     11       62

PRECIPITATION (IN)
  YESTERDAY        0.00          1.62 1994   0.10  -0.10      T
  MONTH TO DATE    0.00                      0.68  -0.68      T
  SINCE OCT 1      3.29                      6.86  -3.57     6.13
  SINCE JAN 1      2.29                      3.28  -0.99     0.87

SNOWFALL (IN)
  YESTERDAY        0.0
  MONTH TO DATE    0.0
  SINCE DEC 1      0.0
  SINCE JUL 1      0.0

DEGREE DAYS
 HEATING
  YESTERDAY        0                         8     -8        3
  MONTH TO DATE   54                        56     -2       18
  SINCE DEC 1    520                       586    -66      332
  SINCE JUL 1    612                       735   -123      368

 COOLING
  YESTERDAY        3                         0      3        0
  MONTH TO DATE    3                         0      3        0
  SINCE DEC 1      9                         4      5       13
  SINCE JAN 1      3                         3      0        8
..................................................................


WIND (MPH)
  HIGHEST WIND SPEED    12   HIGHEST WIND DIRECTION     W (290)
  HIGHEST GUST SPEED    13   HIGHEST GUST DIRECTION    NW (300)
  AVERAGE WIND SPEED     4.4


SKY COVER
  POSSIBLE SUNSHINE  MM
  AVERAGE SKY COVER 0.0


WEATHER CONDITIONS
 THE FOLLOWING WEATHER WAS RECORDED YESTERDAY.
  NO SIGNIFICANT WEATHER WAS OBSERVED.


RELATIVE HUMIDITY (PERCENT)
 HIGHEST    50           500 AM
 LOWEST     13           100 PM
 AVERAGE    32

..........................................................


THE LONG BEACH AIRPORT CA CLIMATE NORMALS FOR TODAY
                         NORMAL    RECORD    YEAR
 MAXIMUM TEMPERATURE (F)   67        89      2006
 MINIMUM TEMPERATURE (F)   47        35      2001


SUNRISE AND SUNSET
FEBRUARY  8 2016......SUNRISE   644 AM PST   SUNSET   530 PM PST
FEBRUARY  9 2016......SUNRISE   643 AM PST   SUNSET   531 PM PST


-  INDICATES NEGATIVE NUMBERS.
R  INDICATES RECORD WAS SET OR TIED.
MM INDICATES DATA IS MISSING.
T  INDICATES TRACE AMOUNT.




$$
