000
CDUS46 KLOX 250902
CLILGB


CLIMATE REPORT
NATIONAL WEATHER SERVICE LOS ANGELES/OXNARD CA
102 AM PST SAT FEB 25 2017


...................................

...THE LONG BEACH AIRPORT CA CLIMATE SUMMARY FOR FEBRUARY 24 2017...

CLIMATE NORMAL PERIOD 1981 TO 2010
CLIMATE RECORD PERIOD 1958 TO 2017


WEATHER ITEM   OBSERVED TIME   RECORD YEAR NORMAL DEPARTURE LAST
                VALUE   (LST)  VALUE       VALUE  FROM      YEAR
                                                  NORMAL
..................................................................
TEMPERATURE (F)
 YESTERDAY
  MAXIMUM         61    406 PM  91    1986  67     -6       83
  MINIMUM         41    536 AM  40    2007  49     -8       54
                                      1987
  AVERAGE         51                        58     -7       69

PRECIPITATION (IN)
  YESTERDAY        0.00          0.87 2008   0.11  -0.11     0.00
                                      1998
  MONTH TO DATE    4.66                      2.66   2.00     0.61
  SINCE OCT 1     19.19                      8.84  10.35     3.90
  SINCE JAN 1     13.99                      5.26   8.73     2.90

SNOWFALL (IN)
  YESTERDAY        0.0
  MONTH TO DATE    0.0
  SINCE DEC 1      0.0
  SINCE JUL 1      0.0

DEGREE DAYS
 HEATING
  YESTERDAY       14                         7      7        0
  MONTH TO DATE  142                       185    -43       80
  SINCE DEC 1    650                       715    -65      546
  SINCE JUL 1    730                       864   -134      638

 COOLING
  YESTERDAY        0                         0      0        4
  MONTH TO DATE    1                         0      1       47
  SINCE DEC 1      2                         4     -2       53
  SINCE JAN 1      1                         3     -2       47
..................................................................


WIND (MPH)
  HIGHEST WIND SPEED    13   HIGHEST WIND DIRECTION    NW (300)
  HIGHEST GUST SPEED    16   HIGHEST GUST DIRECTION    SW (210)
  AVERAGE WIND SPEED     4.8


SKY COVER
  POSSIBLE SUNSHINE  MM
  AVERAGE SKY COVER 0.0


WEATHER CONDITIONS
 THE FOLLOWING WEATHER WAS RECORDED YESTERDAY.
  NO SIGNIFICANT WEATHER WAS OBSERVED.


RELATIVE HUMIDITY (PERCENT)
 HIGHEST    71          1100 PM
 LOWEST     24          1200 AM
 AVERAGE    48

..........................................................


THE LONG BEACH AIRPORT CA CLIMATE NORMALS FOR TODAY
                         NORMAL    RECORD    YEAR
 MAXIMUM TEMPERATURE (F)   67        89      1992
 MINIMUM TEMPERATURE (F)   49        37      1977
                                             1962


SUNRISE AND SUNSET
FEBRUARY 25 2017......SUNRISE   626 AM PST   SUNSET   546 PM PST
FEBRUARY 26 2017......SUNRISE   624 AM PST   SUNSET   547 PM PST


-  INDICATES NEGATIVE NUMBERS.
R  INDICATES RECORD WAS SET OR TIED.
MM INDICATES DATA IS MISSING.
T  INDICATES TRACE AMOUNT.




$$
